66.249.73.97 - - [21/Apr/2026:19:36:18 +0000] "GET /?p=8358814495705 HTTP/1.1" 404 22835 "-" "Mozilla/5.0 (Linux; Android 6.0.1; Nexus 5X Build/MMB29P) AppleWebKit/537.36 (KHTML, like Gecko) Chrome/146.0.7680.177 Mobile Safari/537.36 (compatible; Googlebot/2.1; +http://www.google.com/bot.html)"
66.249.73.194 - - [21/Apr/2026:19:36:58 +0000] "GET /?z=eik5t98t9t8uk6p HTTP/1.1" 301 0 "-" "Mozilla/5.0 (Linux; Android 6.0.1; Nexus 5X Build/MMB29P) AppleWebKit/537.36 (KHTML, like Gecko) Chrome/146.0.7680.177 Mobile Safari/537.36 (compatible; Googlebot/2.1; +http://www.google.com/bot.html)"
66.249.73.96 - - [21/Apr/2026:19:40:19 +0000] "GET /?p=3212007826799 HTTP/1.1" 404 22833 "-" "Mozilla/5.0 (Linux; Android 6.0.1; Nexus 5X Build/MMB29P) AppleWebKit/537.36 (KHTML, like Gecko) Chrome/146.0.7680.177 Mobile Safari/537.36 (compatible; Googlebot/2.1; +http://www.google.com/bot.html)"
66.249.73.97 - - [21/Apr/2026:19:41:52 +0000] "GET /content.php?e=59843288759461 HTTP/1.1" 404 22840 "-" "Mozilla/5.0 (Linux; Android 6.0.1; Nexus 5X Build/MMB29P) AppleWebKit/537.36 (KHTML, like Gecko) Chrome/146.0.7680.177 Mobile Safari/537.36 (compatible; Googlebot/2.1; +http://www.google.com/bot.html)"
66.249.73.98 - - [21/Apr/2026:19:44:54 +0000] "GET /?p=7889264250400 HTTP/1.1" 404 22835 "-" "Mozilla/5.0 (Linux; Android 6.0.1; Nexus 5X Build/MMB29P) AppleWebKit/537.36 (KHTML, like Gecko) Chrome/146.0.7680.177 Mobile Safari/537.36 (compatible; Googlebot/2.1; +http://www.google.com/bot.html)"
66.249.73.97 - - [21/Apr/2026:19:45:35 +0000] "GET /?p=1432278365064 HTTP/1.1" 404 22835 "-" "Mozilla/5.0 (Linux; Android 6.0.1; Nexus 5X Build/MMB29P) AppleWebKit/537.36 (KHTML, like Gecko) Chrome/146.0.7680.177 Mobile Safari/537.36 (compatible; Googlebot/2.1; +http://www.google.com/bot.html)"
49.51.245.241 - - [21/Apr/2026:19:46:32 +0000] "GET /@construction_live HTTP/1.1" 404 22836 "-" "Mozilla/5.0 (iPhone; CPU iPhone OS 13_2_3 like Mac OS X) AppleWebKit/605.1.15 (KHTML, like Gecko) Version/13.0.3 Mobile/15E148 Safari/604.1"
144.76.32.189 - - [21/Apr/2026:19:50:41 +0000] "GET /?z=es2cbrqsrbqc5o7 HTTP/1.1" 200 22945 "-" "Mozilla/5.0 (compatible; SERankingBacklinksBot/1.0; +https://seranking.com/backlinks-crawler)"
66.249.73.98 - - [21/Apr/2026:18:42:52 +0000] "GET /?z=fxnxwcbbce31ipk_gkind14523986 HTTP/1.1" 200 23000 "-" "Mozilla/5.0 (Linux; Android 6.0.1; Nexus 5X Build/MMB29P) AppleWebKit/537.36 (KHTML, like Gecko) Chrome/146.0.7680.177 Mobile Safari/537.36 (compatible; Googlebot/2.1; +http://www.google.com/bot.html)"
138.197.165.12 - - [21/Apr/2026:18:43:01 +0000] "POST /wp-login.php HTTP/1.1" 200 11157 "-" "Mozilla/5.0"
66.249.73.96 - - [21/Apr/2026:18:54:31 +0000] "GET /?z=ezpymqd72adnhnu_gkind14524030 HTTP/1.1" 200 23001 "-" "Mozilla/5.0 (Linux; Android 6.0.1; Nexus 5X Build/MMB29P) AppleWebKit/537.36 (KHTML, like Gecko) Chrome/146.0.7680.177 Mobile Safari/537.36 (compatible; Googlebot/2.1; +http://www.google.com/bot.html)"
213.180.203.119 - - [21/Apr/2026:19:05:19 +0000] "GET /?z=fxov91cbpbs2s29 HTTP/1.1" 200 22945 "-" "Mozilla/5.0 (compatible; YandexBot/3.0; +http://yandex.com/bots)"
66.249.73.98 - - [21/Apr/2026:19:07:54 +0000] "GET /?z=fg58eutbuwlj472_gkind14524010 HTTP/1.1" 200 23000 "-" "Mozilla/5.0 (Linux; Android 6.0.1; Nexus 5X Build/MMB29P) AppleWebKit/537.36 (KHTML, like Gecko) Chrome/146.0.7680.177 Mobile Safari/537.36 (compatible; Googlebot/2.1; +http://www.google.com/bot.html)"
209.38.18.212 - - [21/Apr/2026:19:10:06 +0000] "POST /wp-login.php HTTP/1.1" 200 11157 "-" "Mozilla/5.0"
138.197.165.12 - - [21/Apr/2026:19:32:30 +0000] "POST /wp-login.php HTTP/1.1" 200 11157 "-" "Mozilla/5.0"
5.231.64.125 - - [21/Apr/2026:19:34:28 +0000] "POST /33c6wp/index.php HTTP/2" 200 19700 "-" "Mozilla/5.0 (Windows NT 10.0; Win64; x64) AppleWebKit/537.36 (KHTML, like Gecko) Chrome/127.0.0.0 Safari/537.36"
66.249.73.97 - - [21/Apr/2026:19:40:39 +0000] "GET /?p=29515300747053 HTTP/1.1" 404 22837 "-" "Mozilla/5.0 (Linux; Android 6.0.1; Nexus 5X Build/MMB29P) AppleWebKit/537.36 (KHTML, like Gecko) Chrome/146.0.7680.177 Mobile Safari/537.36 (compatible; Googlebot/2.1; +http://www.google.com/bot.html)"
66.249.73.96 - - [21/Apr/2026:19:40:48 +0000] "GET /?z=fve7n32b34usjgb HTTP/1.1" 200 23000 "-" "Mozilla/5.0 (Linux; Android 6.0.1; Nexus 5X Build/MMB29P) AppleWebKit/537.36 (KHTML, like Gecko) Chrome/146.0.7680.177 Mobile Safari/537.36 (compatible; Googlebot/2.1; +http://www.google.com/bot.html)"
14.227.177.85 - - [21/Apr/2026:19:40:57 +0000] "GET /?z=eczo8onno8n9tl4 HTTP/1.1" 200 22945 "-" "Mozilla/5.0 (Macintosh; Intel Mac OS X 10_15_7) AppleWebKit/537.36 (KHTML, like Gecko) Chrome/119.0.0.0 Safari/537.36"
66.249.73.96 - - [21/Apr/2026:19:41:50 +0000] "GET /?p=98642955785851 HTTP/1.1" 404 22834 "-" "Mozilla/5.0 (Linux; Android 6.0.1; Nexus 5X Build/MMB29P) AppleWebKit/537.36 (KHTML, like Gecko) Chrome/146.0.7680.177 Mobile Safari/537.36 (compatible; Googlebot/2.1; +http://www.google.com/bot.html)"
213.180.203.93 - - [21/Apr/2026:19:42:38 +0000] "GET /?z=ekg5dh4tt14eoel HTTP/1.1" 200 22944 "-" "Mozilla/5.0 (compatible; YandexBot/3.0; +http://yandex.com/bots)"
138.197.165.12 - - [21/Apr/2026:19:44:59 +0000] "POST /wp-login.php HTTP/1.1" 200 11157 "-" "Mozilla/5.0"
144.76.32.189 - - [21/Apr/2026:19:51:31 +0000] "GET /?z=fjl16y9bmtpzbz6 HTTP/1.1" 200 22944 "-" "Mozilla/5.0 (compatible; SERankingBacklinksBot/1.0; +https://seranking.com/backlinks-crawler)"
144.76.32.189 - - [21/Apr/2026:19:51:36 +0000] "GET /?z=es2hbrqirbqcvo7 HTTP/1.1" 200 22943 "-" "Mozilla/5.0 (compatible; SERankingBacklinksBot/1.0; +https://seranking.com/backlinks-crawler)"
144.76.32.189 - - [21/Apr/2026:19:51:40 +0000] "GET /?z=fjl16y9bmvpzhz6 HTTP/1.1" 200 22940 "-" "Mozilla/5.0 (compatible; SERankingBacklinksBot/1.0; +https://seranking.com/backlinks-crawler)"
144.76.32.189 - - [21/Apr/2026:19:51:44 +0000] "GET /?z=es2jbrq2rbqcfo7 HTTP/1.1" 200 22939 "-" "Mozilla/5.0 (compatible; SERankingBacklinksBot/1.0; +https://seranking.com/backlinks-crawler)"
144.76.32.189 - - [21/Apr/2026:19:51:49 +0000] "GET /?z=fjl26y9bmopz2z6 HTTP/1.1" 200 22942 "-" "Mozilla/5.0 (compatible; SERankingBacklinksBot/1.0; +https://seranking.com/backlinks-crawler)"
144.76.32.189 - - [21/Apr/2026:19:50:45 +0000] "GET /?z=fjkyt98b9w0ypmh HTTP/1.1" 200 22942 "-" "Mozilla/5.0 (compatible; SERankingBacklinksBot/1.0; +https://seranking.com/backlinks-crawler)"
144.76.32.189 - - [21/Apr/2026:19:51:17 +0000] "GET /?z=fjl16y9bmcpzez6 HTTP/1.1" 200 22943 "-" "Mozilla/5.0 (compatible; SERankingBacklinksBot/1.0; +https://seranking.com/backlinks-crawler)"
144.76.32.189 - - [21/Apr/2026:19:51:21 +0000] "GET /?z=es2gbrq3rbqcso7 HTTP/1.1" 200 22945 "-" "Mozilla/5.0 (compatible; SERankingBacklinksBot/1.0; +https://seranking.com/backlinks-crawler)"
144.76.32.189 - - [21/Apr/2026:19:51:27 +0000] "GET /?z=fjl16y9bmspzqz6 HTTP/1.1" 200 22942 "-" "Mozilla/5.0 (compatible; SERankingBacklinksBot/1.0; +https://seranking.com/backlinks-crawler)"
144.76.32.189 - - [21/Apr/2026:19:52:05 +0000] "GET /?z=es2lbrqkrbqc9o7 HTTP/1.1" 200 22944 "-" "Mozilla/5.0 (compatible; SERankingBacklinksBot/1.0; +https://seranking.com/backlinks-crawler)"
144.76.32.189 - - [21/Apr/2026:19:52:10 +0000] "GET /?z=fjl36y9bm3pzhz6 HTTP/1.1" 200 22946 "-" "Mozilla/5.0 (compatible; SERankingBacklinksBot/1.0; +https://seranking.com/backlinks-crawler)"
144.76.32.189 - - [21/Apr/2026:19:52:14 +0000] "GET /?z=es2nbrqkrbqclo7 HTTP/1.1" 200 22946 "-" "Mozilla/5.0 (compatible; SERankingBacklinksBot/1.0; +https://seranking.com/backlinks-crawler)"
144.76.32.189 - - [21/Apr/2026:19:52:18 +0000] "GET /?z=fjl36y9bm9pzzz6 HTTP/1.1" 200 22944 "-" "Mozilla/5.0 (compatible; SERankingBacklinksBot/1.0; +https://seranking.com/backlinks-crawler)"
144.76.32.189 - - [21/Apr/2026:19:52:23 +0000] "GET /?z=fjl36y9bmmpzkz6 HTTP/1.1" 200 22943 "-" "Mozilla/5.0 (compatible; SERankingBacklinksBot/1.0; +https://seranking.com/backlinks-crawler)"
144.76.32.189 - - [21/Apr/2026:19:52:27 +0000] "GET /?z=fjl46y9bm3pz5z6 HTTP/1.1" 200 22945 "-" "Mozilla/5.0 (compatible; SERankingBacklinksBot/1.0; +https://seranking.com/backlinks-crawler)"
144.76.32.189 - - [21/Apr/2026:19:52:31 +0000] "GET /?z=fjl46y9bmkpz2z6 HTTP/1.1" 200 22946 "-" "Mozilla/5.0 (compatible; SERankingBacklinksBot/1.0; +https://seranking.com/backlinks-crawler)"
144.76.32.189 - - [21/Apr/2026:19:52:35 +0000] "GET /?z=es2qbrqzrbqc0o7 HTTP/1.1" 200 22943 "-" "Mozilla/5.0 (compatible; SERankingBacklinksBot/1.0; +https://seranking.com/backlinks-crawler)"
144.76.32.189 - - [21/Apr/2026:19:52:39 +0000] "GET /?z=fjl56y9bm2pz8z6 HTTP/1.1" 200 22945 "-" "Mozilla/5.0 (compatible; SERankingBacklinksBot/1.0; +https://seranking.com/backlinks-crawler)"
144.76.32.189 - - [21/Apr/2026:19:52:43 +0000] "GET /?z=es2rbrq0rbqc1o7 HTTP/1.1" 200 22945 "-" "Mozilla/5.0 (compatible; SERankingBacklinksBot/1.0; +https://seranking.com/backlinks-crawler)"
144.76.32.189 - - [21/Apr/2026:19:52:48 +0000] "GET /?z=es2rbrq4rbqcho7 HTTP/1.1" 200 22945 "-" "Mozilla/5.0 (compatible; SERankingBacklinksBot/1.0; +https://seranking.com/backlinks-crawler)"
144.76.32.189 - - [21/Apr/2026:19:52:51 +0000] "GET /?z=fjl56y9bmspzez6 HTTP/1.1" 200 22944 "-" "Mozilla/5.0 (compatible; SERankingBacklinksBot/1.0; +https://seranking.com/backlinks-crawler)"
144.76.32.189 - - [21/Apr/2026:19:52:56 +0000] "GET /?z=es2rbrqurbqcvo7 HTTP/1.1" 200 22941 "-" "Mozilla/5.0 (compatible; SERankingBacklinksBot/1.0; +https://seranking.com/backlinks-crawler)"
144.76.32.189 - - [21/Apr/2026:19:53:00 +0000] "GET /?z=fjl56y9bmypzwz6 HTTP/1.1" 200 22945 "-" "Mozilla/5.0 (compatible; SERankingBacklinksBot/1.0; +https://seranking.com/backlinks-crawler)"
144.76.32.189 - - [21/Apr/2026:19:53:04 +0000] "GET /?z=fjl66y9bm9pzzz6 HTTP/1.1" 200 22946 "-" "Mozilla/5.0 (compatible; SERankingBacklinksBot/1.0; +https://seranking.com/backlinks-crawler)"
144.76.32.189 - - [21/Apr/2026:19:53:09 +0000] "GET /?z=fjl66y9bmqpzwz6 HTTP/1.1" 200 22944 "-" "Mozilla/5.0 (compatible; SERankingBacklinksBot/1.0; +https://seranking.com/backlinks-crawler)"
144.76.32.189 - - [21/Apr/2026:19:53:12 +0000] "GET /?z=es2tbrqwrbqcxo7 HTTP/1.1" 200 22945 "-" "Mozilla/5.0 (compatible; SERankingBacklinksBot/1.0; +https://seranking.com/backlinks-crawler)"
14.234.224.136 - - [21/Apr/2026:19:51:53 +0000] "GET /comments/feed/ HTTP/1.1" 200 582 "-" "Mozilla/5.0 (Macintosh; PPC Mac OS X 10_9_6; rv:1.9.6.20) Gecko/5164-03-17 20:34:22.294800 Firefox/3.8"
144.76.32.189 - - [21/Apr/2026:19:51:53 +0000] "GET /?z=es2jbrq8rbqclo7 HTTP/1.1" 200 22946 "-" "Mozilla/5.0 (compatible; SERankingBacklinksBot/1.0; +https://seranking.com/backlinks-crawler)"
66.249.73.193 - - [21/Apr/2026:19:51:55 +0000] "GET /?z=ffk0t98b9s0ylmh HTTP/1.1" 301 0 "-" "Mozilla/5.0 (Linux; Android 6.0.1; Nexus 5X Build/MMB29P) AppleWebKit/537.36 (KHTML, like Gecko) Chrome/146.0.7680.177 Mobile Safari/537.36 (compatible; Googlebot/2.1; +http://www.google.com/bot.html)"
144.76.32.189 - - [21/Apr/2026:19:52:01 +0000] "GET /?z=fjl26y9bmypzwz6 HTTP/1.1" 200 22945 "-" "Mozilla/5.0 (compatible; SERankingBacklinksBot/1.0; +https://seranking.com/backlinks-crawler)"
51.89.12.179 - - [21/Apr/2026:19:52:42 +0000] "GET /wp-includes/.cache_key HTTP/2" 301 0 "-" "Mozilla/5.0 (Macintosh; Intel Mac OS X 10_15_7) AppleWebKit/537.36 (KHTML, like Gecko) Chrome/147.0.0.0 Safari/537.36"
51.89.12.179 - - [21/Apr/2026:19:52:44 +0000] "GET /wp-includes/.cache_key HTTP/2" 404 97124 "-" "Mozilla/5.0 (Macintosh; Intel Mac OS X 10_15_7) AppleWebKit/537.36 (KHTML, like Gecko) Chrome/147.0.0.0 Safari/537.36"
209.38.18.212 - - [21/Apr/2026:19:53:21 +0000] "POST /wp-login.php HTTP/1.1" 200 11157 "-" "Mozilla/5.0"
144.76.32.189 - - [21/Apr/2026:19:53:33 +0000] "GET /?z=es2xbrqorbqcpo7 HTTP/1.1" 200 22945 "-" "Mozilla/5.0 (compatible; SERankingBacklinksBot/1.0; +https://seranking.com/backlinks-crawler)"
144.76.32.189 - - [21/Apr/2026:19:53:49 +0000] "GET /?z=es2ybrq7rbqc8o7 HTTP/1.1" 200 22942 "-" "Mozilla/5.0 (compatible; SERankingBacklinksBot/1.0; +https://seranking.com/backlinks-crawler)"
144.76.32.189 - - [21/Apr/2026:19:54:02 +0000] "GET /?z=fjla6y9cm0pzrz6 HTTP/1.1" 200 22939 "-" "Mozilla/5.0 (compatible; SERankingBacklinksBot/1.0; +https://seranking.com/backlinks-crawler)"
40.77.167.126 - - [21/Apr/2026:19:54:18 +0000] "GET /?p=6412715380297 HTTP/2" 404 22777 "-" "Mozilla/5.0 AppleWebKit/537.36 (KHTML, like Gecko; compatible; bingbot/2.0; +http://www.bing.com/bingbot.htm) Chrome/116.0.1938.76 Safari/537.36"
144.76.32.189 - - [21/Apr/2026:19:54:24 +0000] "GET /?z=es32ogr540rpjd8 HTTP/1.1" 200 22946 "-" "Mozilla/5.0 (compatible; SERankingBacklinksBot/1.0; +https://seranking.com/backlinks-crawler)"
144.76.32.189 - - [21/Apr/2026:19:54:56 +0000] "GET /?z=fjlc6y9bmdpzbz6 HTTP/1.1" 200 22941 "-" "Mozilla/5.0 (compatible; SERankingBacklinksBot/1.0; +https://seranking.com/backlinks-crawler)"
144.76.32.189 - - [21/Apr/2026:19:55:00 +0000] "GET /?z=es37ogr140rpfd8 HTTP/1.1" 200 22941 "-" "Mozilla/5.0 (compatible; SERankingBacklinksBot/1.0; +https://seranking.com/backlinks-crawler)"
144.76.32.189 - - [21/Apr/2026:19:55:21 +0000] "GET /?z=fjlh6y9bm4pzez6 HTTP/1.1" 200 22944 "-" "Mozilla/5.0 (compatible; SERankingBacklinksBot/1.0; +https://seranking.com/backlinks-crawler)"
144.76.32.189 - - [21/Apr/2026:19:55:25 +0000] "GET /?z=es3aogr840rpyd8 HTTP/1.1" 200 22944 "-" "Mozilla/5.0 (compatible; SERankingBacklinksBot/1.0; +https://seranking.com/backlinks-crawler)"
144.76.32.189 - - [21/Apr/2026:19:55:29 +0000] "GET /?z=fjlh6y9bmbpzhz6 HTTP/1.1" 200 22944 "-" "Mozilla/5.0 (compatible; SERankingBacklinksBot/1.0; +https://seranking.com/backlinks-crawler)"
144.76.32.189 - - [21/Apr/2026:19:55:32 +0000] "GET /?z=es3aogrf40rphd8 HTTP/1.1" 200 22942 "-" "Mozilla/5.0 (compatible; SERankingBacklinksBot/1.0; +https://seranking.com/backlinks-crawler)"
144.76.32.189 - - [21/Apr/2026:19:55:37 +0000] "GET /?z=fjli6y9bm9pzzz6 HTTP/1.1" 200 22944 "-" "Mozilla/5.0 (compatible; SERankingBacklinksBot/1.0; +https://seranking.com/backlinks-crawler)"
144.76.32.189 - - [21/Apr/2026:19:55:41 +0000] "GET /?z=es3bogr940rpzd8 HTTP/1.1" 200 22944 "-" "Mozilla/5.0 (compatible; SERankingBacklinksBot/1.0; +https://seranking.com/backlinks-crawler)"
144.76.32.189 - - [21/Apr/2026:19:53:16 +0000] "GET /?z=fjl76y9bmepzkz6 HTTP/1.1" 200 22944 "-" "Mozilla/5.0 (compatible; SERankingBacklinksBot/1.0; +https://seranking.com/backlinks-crawler)"
144.76.32.189 - - [21/Apr/2026:19:53:20 +0000] "GET /?z=es2vbrqqrbqc3o7 HTTP/1.1" 200 22945 "-" "Mozilla/5.0 (compatible; SERankingBacklinksBot/1.0; +https://seranking.com/backlinks-crawler)"
144.76.32.189 - - [21/Apr/2026:19:53:25 +0000] "GET /?z=fjl86y9bmppznz6 HTTP/1.1" 200 22944 "-" "Mozilla/5.0 (compatible; SERankingBacklinksBot/1.0; +https://seranking.com/backlinks-crawler)"
144.76.32.189 - - [21/Apr/2026:19:53:37 +0000] "GET /?z=fjl96y9bm3pzhz6 HTTP/1.1" 200 22944 "-" "Mozilla/5.0 (compatible; SERankingBacklinksBot/1.0; +https://seranking.com/backlinks-crawler)"
144.76.32.189 - - [21/Apr/2026:19:53:45 +0000] "GET /?z=fjl96y9bm7pztz6 HTTP/1.1" 200 22945 "-" "Mozilla/5.0 (compatible; SERankingBacklinksBot/1.0; +https://seranking.com/backlinks-crawler)"
144.76.32.189 - - [21/Apr/2026:19:53:53 +0000] "GET /?z=fjl96y9bmapzkz6 HTTP/1.1" 200 22943 "-" "Mozilla/5.0 (compatible; SERankingBacklinksBot/1.0; +https://seranking.com/backlinks-crawler)"
144.76.32.189 - - [21/Apr/2026:19:54:06 +0000] "GET /?z=es30ogrs40rpid8 HTTP/1.1" 200 22945 "-" "Mozilla/5.0 (compatible; SERankingBacklinksBot/1.0; +https://seranking.com/backlinks-crawler)"
144.76.32.189 - - [21/Apr/2026:19:54:11 +0000] "GET /?z=fjla6y9cmcpzrz6 HTTP/1.1" 200 22942 "-" "Mozilla/5.0 (compatible; SERankingBacklinksBot/1.0; +https://seranking.com/backlinks-crawler)"
144.76.32.189 - - [21/Apr/2026:19:54:15 +0000] "GET /?z=es31ogrz40rppd8 HTTP/1.1" 200 22945 "-" "Mozilla/5.0 (compatible; SERankingBacklinksBot/1.0; +https://seranking.com/backlinks-crawler)"
144.76.32.189 - - [21/Apr/2026:19:54:19 +0000] "GET /?z=fjla6y9cmhpzoz6 HTTP/1.1" 200 22945 "-" "Mozilla/5.0 (compatible; SERankingBacklinksBot/1.0; +https://seranking.com/backlinks-crawler)"
144.76.32.189 - - [21/Apr/2026:19:54:28 +0000] "GET /?z=fjla6y9cmjpzuz6 HTTP/1.1" 200 22943 "-" "Mozilla/5.0 (compatible; SERankingBacklinksBot/1.0; +https://seranking.com/backlinks-crawler)"
144.76.32.189 - - [21/Apr/2026:19:54:32 +0000] "GET /?z=es33ogr240rp4d8 HTTP/1.1" 200 22946 "-" "Mozilla/5.0 (compatible; SERankingBacklinksBot/1.0; +https://seranking.com/backlinks-crawler)"
144.76.32.189 - - [21/Apr/2026:19:54:36 +0000] "GET /?z=fjla6y9cmopzrz6 HTTP/1.1" 200 22945 "-" "Mozilla/5.0 (compatible; SERankingBacklinksBot/1.0; +https://seranking.com/backlinks-crawler)"
144.76.32.189 - - [21/Apr/2026:19:54:40 +0000] "GET /?z=es33ogrt40rpvd8 HTTP/1.1" 200 22943 "-" "Mozilla/5.0 (compatible; SERankingBacklinksBot/1.0; +https://seranking.com/backlinks-crawler)"
144.76.32.189 - - [21/Apr/2026:19:54:44 +0000] "GET /?z=fjlb6y9cm7pziz6 HTTP/1.1" 200 22944 "-" "Mozilla/5.0 (compatible; SERankingBacklinksBot/1.0; +https://seranking.com/backlinks-crawler)"
144.76.32.189 - - [21/Apr/2026:19:54:52 +0000] "GET /?z=es37ogr040rp2d8 HTTP/1.1" 200 22943 "-" "Mozilla/5.0 (compatible; SERankingBacklinksBot/1.0; +https://seranking.com/backlinks-crawler)"
144.76.32.189 - - [21/Apr/2026:19:55:04 +0000] "GET /?z=fjle6y9bm6pzkz6 HTTP/1.1" 200 22944 "-" "Mozilla/5.0 (compatible; SERankingBacklinksBot/1.0; +https://seranking.com/backlinks-crawler)"
144.76.32.189 - - [21/Apr/2026:19:55:08 +0000] "GET /?z=es38ogru40rpkd8 HTTP/1.1" 200 22944 "-" "Mozilla/5.0 (compatible; SERankingBacklinksBot/1.0; +https://seranking.com/backlinks-crawler)"
144.76.32.189 - - [21/Apr/2026:19:56:47 +0000] "GET /?z=es3logru40rp8d8 HTTP/1.1" 200 22944 "-" "Mozilla/5.0 (compatible; SERankingBacklinksBot/1.0; +https://seranking.com/backlinks-crawler)"
144.76.32.189 - - [21/Apr/2026:19:56:51 +0000] "GET /?z=fjlp6y9bmqpzkz6 HTTP/1.1" 200 22943 "-" "Mozilla/5.0 (compatible; SERankingBacklinksBot/1.0; +https://seranking.com/backlinks-crawler)"
144.76.32.189 - - [21/Apr/2026:19:57:00 +0000] "GET /?z=fjlq6y9bmhpzzz6 HTTP/1.1" 200 22943 "-" "Mozilla/5.0 (compatible; SERankingBacklinksBot/1.0; +https://seranking.com/backlinks-crawler)"
5.255.231.43 - - [21/Apr/2026:19:28:22 +0000] "GET /?z=floi91cbpys2729 HTTP/1.1" 200 22942 "-" "Mozilla/5.0 (compatible; YandexBot/3.0; +http://yandex.com/bots)"
51.89.12.179 - - [21/Apr/2026:19:28:22 +0000] "GET /wp-json/wp/v3/ HTTP/2" 404 331 "-" "Mozilla/5.0 (Windows NT 10.0; Win64; x64) AppleWebKit/537.36 (KHTML, like Gecko) Chrome/147.0.0.0 Safari/537.36"
80.244.28.135 - - [21/Apr/2026:19:29:21 +0000] "GET /?z=eczo8onno8n9tl4 HTTP/1.1" 200 22940 "-" "Mozilla/5.0 (Windows NT 10.0; Win64; x64) AppleWebKit/537.36 (KHTML, like Gecko) Chrome/116.0.0.0 Safari/537.36"
87.250.224.24 - - [21/Apr/2026:19:33:36 +0000] "GET /?p=75384391200919 HTTP/1.1" 404 22779 "-" "Mozilla/5.0 (compatible; YandexBot/3.0; +http://yandex.com/bots)"
173.211.88.127 - - [21/Apr/2026:19:34:30 +0000] "POST /33c6wp/.914877980338441.php?to=xynikylort@deltajohnsons.com HTTP/2" 200 8 "-" "Mozilla/5.0 (Windows NT 10.0; Win64; x64) AppleWebKit/537.36 (KHTML, like Gecko) Chrome/127.0.0.0 Safari/537.36"
43.166.7.113 - - [21/Apr/2026:19:35:23 +0000] "GET /wp-json/wp/v2/pages/3487 HTTP/1.1" 200 659 "-" "Mozilla/5.0 (iPhone; CPU iPhone OS 13_2_3 like Mac OS X) AppleWebKit/605.1.15 (KHTML, like Gecko) Version/13.0.3 Mobile/15E148 Safari/604.1"
144.76.32.189 - - [21/Apr/2026:19:50:16 +0000] "GET /?z=fjkxt98b940ypmh HTTP/1.1" 200 22943 "-" "Mozilla/5.0 (compatible; SERankingBacklinksBot/1.0; +https://seranking.com/backlinks-crawler)"
144.76.32.189 - - [21/Apr/2026:19:50:23 +0000] "GET /?z=es2cbrq8rbqcxo7 HTTP/1.1" 200 22942 "-" "Mozilla/5.0 (compatible; SERankingBacklinksBot/1.0; +https://seranking.com/backlinks-crawler)"
144.76.32.189 - - [21/Apr/2026:19:50:27 +0000] "GET /?z=fjkyt98b9n0ygmh HTTP/1.1" 200 22944 "-" "Mozilla/5.0 (compatible; SERankingBacklinksBot/1.0; +https://seranking.com/backlinks-crawler)"
144.76.32.189 - - [21/Apr/2026:19:50:31 +0000] "GET /?z=es2cbrqorbqcpo7 HTTP/1.1" 200 22944 "-" "Mozilla/5.0 (compatible; SERankingBacklinksBot/1.0; +https://seranking.com/backlinks-crawler)"
144.76.32.189 - - [21/Apr/2026:19:50:36 +0000] "GET /?z=fjkyt98b9o0y1mh HTTP/1.1" 200 22941 "-" "Mozilla/5.0 (compatible; SERankingBacklinksBot/1.0; +https://seranking.com/backlinks-crawler)"
144.76.32.189 - - [21/Apr/2026:19:51:08 +0000] "GET /?z=fjl16y9bm8pz2z6 HTTP/1.1" 200 22946 "-" "Mozilla/5.0 (compatible; SERankingBacklinksBot/1.0; +https://seranking.com/backlinks-crawler)"
144.76.32.189 - - [21/Apr/2026:19:51:57 +0000] "GET /?z=es2kbrqzrbqc0o7 HTTP/1.1" 200 22943 "-" "Mozilla/5.0 (compatible; SERankingBacklinksBot/1.0; +https://seranking.com/backlinks-crawler)"
157.55.39.7 - - [21/Apr/2026:19:52:08 +0000] "GET /shop/e/e009001044001/ HTTP/2" 404 22801 "-" "Mozilla/5.0 AppleWebKit/537.36 (KHTML, like Gecko; compatible; bingbot/2.0; +http://www.bing.com/bingbot.htm) Chrome/116.0.1938.76 Safari/537.36"
51.89.12.179 - - [21/Apr/2026:19:52:43 +0000] "GET /wp-includes/.lc_messages HTTP/2" 404 97126 "-" "Mozilla/5.0 (Windows NT 10.0; Win64; x64) AppleWebKit/537.36 (KHTML, like Gecko) Chrome/147.0.0.0 Safari/537.36"
144.76.32.189 - - [21/Apr/2026:19:53:29 +0000] "GET /?z=fjl86y9bmxpzbz6 HTTP/1.1" 200 22941 "-" "Mozilla/5.0 (compatible; SERankingBacklinksBot/1.0; +https://seranking.com/backlinks-crawler)"
144.76.32.189 - - [21/Apr/2026:19:53:58 +0000] "GET /?z=es30ogr240rp4d8 HTTP/1.1" 200 22945 "-" "Mozilla/5.0 (compatible; SERankingBacklinksBot/1.0; +https://seranking.com/backlinks-crawler)"
144.76.32.189 - - [21/Apr/2026:19:54:48 +0000] "GET /?z=es34ogrd40rprd8 HTTP/1.1" 200 22944 "-" "Mozilla/5.0 (compatible; SERankingBacklinksBot/1.0; +https://seranking.com/backlinks-crawler)"
144.76.32.189 - - [21/Apr/2026:19:55:12 +0000] "GET /?z=fjlf6y9bmqpzwz6 HTTP/1.1" 200 22945 "-" "Mozilla/5.0 (compatible; SERankingBacklinksBot/1.0; +https://seranking.com/backlinks-crawler)"
144.76.32.189 - - [21/Apr/2026:19:55:16 +0000] "GET /?z=es39ogrq40rpsd8 HTTP/1.1" 200 22943 "-" "Mozilla/5.0 (compatible; SERankingBacklinksBot/1.0; +https://seranking.com/backlinks-crawler)"
144.76.32.189 - - [21/Apr/2026:19:55:45 +0000] "GET /?z=fjli6y9bmhpznz6 HTTP/1.1" 200 22944 "-" "Mozilla/5.0 (compatible; SERankingBacklinksBot/1.0; +https://seranking.com/backlinks-crawler)"
144.76.32.189 - - [21/Apr/2026:19:55:49 +0000] "GET /?z=es3cogr140rprd8 HTTP/1.1" 200 22946 "-" "Mozilla/5.0 (compatible; SERankingBacklinksBot/1.0; +https://seranking.com/backlinks-crawler)"
144.76.32.189 - - [21/Apr/2026:19:55:53 +0000] "GET /?z=fjli6y9bmqpzwz6 HTTP/1.1" 200 22943 "-" "Mozilla/5.0 (compatible; SERankingBacklinksBot/1.0; +https://seranking.com/backlinks-crawler)"
144.76.32.189 - - [21/Apr/2026:19:55:57 +0000] "GET /?z=es3dogrr40rptd8 HTTP/1.1" 200 22944 "-" "Mozilla/5.0 (compatible; SERankingBacklinksBot/1.0; +https://seranking.com/backlinks-crawler)"
144.76.32.189 - - [21/Apr/2026:19:56:01 +0000] "GET /?z=fjlj6y9bmapz8z6 HTTP/1.1" 200 22945 "-" "Mozilla/5.0 (compatible; SERankingBacklinksBot/1.0; +https://seranking.com/backlinks-crawler)"
144.76.32.189 - - [21/Apr/2026:19:56:06 +0000] "GET /?z=es3eogrx40rpnd8 HTTP/1.1" 200 22945 "-" "Mozilla/5.0 (compatible; SERankingBacklinksBot/1.0; +https://seranking.com/backlinks-crawler)"
144.76.32.189 - - [21/Apr/2026:19:56:10 +0000] "GET /?z=fjlj6y9bmnpztz6 HTTP/1.1" 200 22942 "-" "Mozilla/5.0 (compatible; SERankingBacklinksBot/1.0; +https://seranking.com/backlinks-crawler)"
144.76.32.189 - - [21/Apr/2026:19:56:15 +0000] "GET /?z=es3hogrh40rpvd8 HTTP/1.1" 200 22944 "-" "Mozilla/5.0 (compatible; SERankingBacklinksBot/1.0; +https://seranking.com/backlinks-crawler)"
144.76.32.189 - - [21/Apr/2026:19:56:19 +0000] "GET /?z=fjlk6y9bmkpzqz6 HTTP/1.1" 200 22941 "-" "Mozilla/5.0 (compatible; SERankingBacklinksBot/1.0; +https://seranking.com/backlinks-crawler)"
144.76.32.189 - - [21/Apr/2026:19:56:23 +0000] "GET /?z=es3iogr140rprd8 HTTP/1.1" 200 22944 "-" "Mozilla/5.0 (compatible; SERankingBacklinksBot/1.0; +https://seranking.com/backlinks-crawler)"
144.76.32.189 - - [21/Apr/2026:19:56:27 +0000] "GET /?z=fjlk6y9bmtpzzz6 HTTP/1.1" 200 22943 "-" "Mozilla/5.0 (compatible; SERankingBacklinksBot/1.0; +https://seranking.com/backlinks-crawler)"
144.76.32.189 - - [21/Apr/2026:19:56:31 +0000] "GET /?z=es3iogr340rphd8 HTTP/1.1" 200 22944 "-" "Mozilla/5.0 (compatible; SERankingBacklinksBot/1.0; +https://seranking.com/backlinks-crawler)"
144.76.32.189 - - [21/Apr/2026:19:56:35 +0000] "GET /?z=fjln6y9bm6pzkz6 HTTP/1.1" 200 22941 "-" "Mozilla/5.0 (compatible; SERankingBacklinksBot/1.0; +https://seranking.com/backlinks-crawler)"
144.76.32.189 - - [21/Apr/2026:19:56:39 +0000] "GET /?z=fjln6y9bmlpzbz6 HTTP/1.1" 200 22943 "-" "Mozilla/5.0 (compatible; SERankingBacklinksBot/1.0; +https://seranking.com/backlinks-crawler)"
144.76.32.189 - - [21/Apr/2026:19:56:43 +0000] "GET /?z=es3jogrs40rp6d8 HTTP/1.1" 200 22945 "-" "Mozilla/5.0 (compatible; SERankingBacklinksBot/1.0; +https://seranking.com/backlinks-crawler)"
144.76.32.189 - - [21/Apr/2026:19:56:55 +0000] "GET /?z=es3mogr640rp8d8 HTTP/1.1" 200 22944 "-" "Mozilla/5.0 (compatible; SERankingBacklinksBot/1.0; +https://seranking.com/backlinks-crawler)"
144.76.32.189 - - [21/Apr/2026:19:57:28 +0000] "GET /?z=fjlt6y9bmapzwz6 HTTP/1.1" 200 22946 "-" "Mozilla/5.0 (compatible; SERankingBacklinksBot/1.0; +https://seranking.com/backlinks-crawler)"
144.76.32.189 - - [21/Apr/2026:19:57:32 +0000] "GET /?z=es3sogrx40rpzd8 HTTP/1.1" 200 22944 "-" "Mozilla/5.0 (compatible; SERankingBacklinksBot/1.0; +https://seranking.com/backlinks-crawler)"
144.76.32.189 - - [21/Apr/2026:19:57:36 +0000] "GET /?z=fjlu6y9bm3pzhz6 HTTP/1.1" 200 22944 "-" "Mozilla/5.0 (compatible; SERankingBacklinksBot/1.0; +https://seranking.com/backlinks-crawler)"
144.76.32.189 - - [21/Apr/2026:19:57:40 +0000] "GET /?z=es3uogrd40rp3d8 HTTP/1.1" 200 22943 "-" "Mozilla/5.0 (compatible; SERankingBacklinksBot/1.0; +https://seranking.com/backlinks-crawler)"
144.76.32.189 - - [21/Apr/2026:19:57:44 +0000] "GET /?z=fjlu6y9bmhpznz6 HTTP/1.1" 200 22945 "-" "Mozilla/5.0 (compatible; SERankingBacklinksBot/1.0; +https://seranking.com/backlinks-crawler)"
5.230.153.45 - - [21/Apr/2026:19:26:02 +0000] "POST /33c6wp/index.php HTTP/2" 200 18688 "-" "Mozilla/5.0 (Windows NT 10.0; Win64; x64) AppleWebKit/537.36 (KHTML, like Gecko) Chrome/127.0.0.0 Safari/537.36"
209.38.18.212 - - [21/Apr/2026:19:31:13 +0000] "POST /wp-login.php HTTP/1.1" 200 11157 "-" "Mozilla/5.0"
66.249.73.96 - - [21/Apr/2026:19:36:59 +0000] "GET /?z=eik5t98t9t8uk6p HTTP/1.1" 200 23001 "-" "Mozilla/5.0 (Linux; Android 6.0.1; Nexus 5X Build/MMB29P) AppleWebKit/537.36 (KHTML, like Gecko) Chrome/146.0.7680.177 Mobile Safari/537.36 (compatible; Googlebot/2.1; +http://www.google.com/bot.html)"
209.38.18.212 - - [21/Apr/2026:19:42:15 +0000] "POST /wp-login.php HTTP/1.1" 200 11157 "-" "Mozilla/5.0"
5.255.231.194 - - [21/Apr/2026:19:42:39 +0000] "GET /?z=ft4w15sbh7wisud HTTP/1.1" 200 22945 "-" "Mozilla/5.0 (compatible; YandexBot/3.0; +http://yandex.com/bots)"
144.76.32.189 - - [21/Apr/2026:19:50:49 +0000] "GET /?z=es2dbrqdrbqceo7 HTTP/1.1" 200 22944 "-" "Mozilla/5.0 (compatible; SERankingBacklinksBot/1.0; +https://seranking.com/backlinks-crawler)"
144.76.32.189 - - [21/Apr/2026:19:50:53 +0000] "GET /?z=fjl06y9bmbpz5z6 HTTP/1.1" 200 22944 "-" "Mozilla/5.0 (compatible; SERankingBacklinksBot/1.0; +https://seranking.com/backlinks-crawler)"
144.76.32.189 - - [21/Apr/2026:19:50:57 +0000] "GET /?z=fjl16y9bm7pzhz6 HTTP/1.1" 200 22941 "-" "Mozilla/5.0 (compatible; SERankingBacklinksBot/1.0; +https://seranking.com/backlinks-crawler)"
144.76.32.189 - - [21/Apr/2026:19:51:01 +0000] "GET /?z=es2ebrq0rbqcdo7 HTTP/1.1" 200 22944 "-" "Mozilla/5.0 (compatible; SERankingBacklinksBot/1.0; +https://seranking.com/backlinks-crawler)"
144.76.32.189 - - [21/Apr/2026:19:51:12 +0000] "GET /?z=es2ebrqkrbqclo7 HTTP/1.1" 200 22944 "-" "Mozilla/5.0 (compatible; SERankingBacklinksBot/1.0; +https://seranking.com/backlinks-crawler)"
66.249.73.96 - - [21/Apr/2026:19:51:56 +0000] "GET /?z=ffk0t98b9s0ylmh HTTP/1.1" 200 23000 "-" "Mozilla/5.0 (Linux; Android 6.0.1; Nexus 5X Build/MMB29P) AppleWebKit/537.36 (KHTML, like Gecko) Chrome/146.0.7680.177 Mobile Safari/537.36 (compatible; Googlebot/2.1; +http://www.google.com/bot.html)"
51.89.12.179 - - [21/Apr/2026:19:52:41 +0000] "GET /wp-includes/.lc_messages HTTP/2" 301 0 "-" "Mozilla/5.0 (Windows NT 10.0; Win64; x64) AppleWebKit/537.36 (KHTML, like Gecko) Chrome/147.0.0.0 Safari/537.36"
144.76.32.189 - - [21/Apr/2026:19:53:41 +0000] "GET /?z=es2xbrqsrbqc5o7 HTTP/1.1" 200 22943 "-" "Mozilla/5.0 (compatible; SERankingBacklinksBot/1.0; +https://seranking.com/backlinks-crawler)"
14.162.61.112 - - [21/Apr/2026:19:54:14 +0000] "GET /?z=eczo8onno8n9tl4 HTTP/1.1" 200 22944 "-" "Mozilla/5.0 (Macintosh; Intel Mac OS X 10_15_7) AppleWebKit/537.36 (KHTML, like Gecko) Chrome/119.0.0.0 Safari/537.36"
158.94.208.25 - - [21/Apr/2026:19:55:13 +0000] "GET /login HTTP/1.1" 301 0 "-" "Mozilla/5.0 (Windows NT 10.0; Win64; x64) AppleWebKit/537.36 (KHTML, like Gecko) Edg/124.0.0.0"
144.76.32.189 - - [21/Apr/2026:19:57:16 +0000] "GET /?z=es3oogrk40rpmd8 HTTP/1.1" 200 22944 "-" "Mozilla/5.0 (compatible; SERankingBacklinksBot/1.0; +https://seranking.com/backlinks-crawler)"
144.76.32.189 - - [21/Apr/2026:19:57:20 +0000] "GET /?z=fjlt6y9bm7pz5z6 HTTP/1.1" 200 22942 "-" "Mozilla/5.0 (compatible; SERankingBacklinksBot/1.0; +https://seranking.com/backlinks-crawler)"
144.76.32.189 - - [21/Apr/2026:19:58:01 +0000] "GET /?z=fjlw6y9bmqpz8z6 HTTP/1.1" 200 22944 "-" "Mozilla/5.0 (compatible; SERankingBacklinksBot/1.0; +https://seranking.com/backlinks-crawler)"
144.76.32.189 - - [21/Apr/2026:19:58:05 +0000] "GET /?z=es3yogr940rpbd8 HTTP/1.1" 200 22943 "-" "Mozilla/5.0 (compatible; SERankingBacklinksBot/1.0; +https://seranking.com/backlinks-crawler)"
144.76.32.189 - - [21/Apr/2026:19:58:09 +0000] "GET /?z=es3zogri40rp8d8 HTTP/1.1" 200 22944 "-" "Mozilla/5.0 (compatible; SERankingBacklinksBot/1.0; +https://seranking.com/backlinks-crawler)"
144.76.32.189 - - [21/Apr/2026:19:58:13 +0000] "GET /?z=fjlx6y9bmzpz5z6 HTTP/1.1" 200 22940 "-" "Mozilla/5.0 (compatible; SERankingBacklinksBot/1.0; +https://seranking.com/backlinks-crawler)"
144.76.32.189 - - [21/Apr/2026:19:57:48 +0000] "GET /?z=es3uogrp40rpfd8 HTTP/1.1" 200 22943 "-" "Mozilla/5.0 (compatible; SERankingBacklinksBot/1.0; +https://seranking.com/backlinks-crawler)"
144.76.32.189 - - [21/Apr/2026:19:57:52 +0000] "GET /?z=fjlu6y9bmppzbz6 HTTP/1.1" 200 22943 "-" "Mozilla/5.0 (compatible; SERankingBacklinksBot/1.0; +https://seranking.com/backlinks-crawler)"
144.76.32.189 - - [21/Apr/2026:19:57:56 +0000] "GET /?z=es3vogrv40rp9d8 HTTP/1.1" 200 22944 "-" "Mozilla/5.0 (compatible; SERankingBacklinksBot/1.0; +https://seranking.com/backlinks-crawler)"
66.249.73.98 - - [21/Apr/2026:19:57:58 +0000] "GET /content.php?products/8610306 HTTP/1.1" 404 22845 "-" "Mozilla/5.0 (Linux; Android 6.0.1; Nexus 5X Build/MMB29P) AppleWebKit/537.36 (KHTML, like Gecko) Chrome/146.0.7680.177 Mobile Safari/537.36 (compatible; Googlebot/2.1; +http://www.google.com/bot.html)"
144.76.32.189 - - [21/Apr/2026:19:58:40 +0000] "GET /?z=fjm4jnabzbe06cv HTTP/1.1" 200 22945 "-" "Mozilla/5.0 (compatible; SERankingBacklinksBot/1.0; +https://seranking.com/backlinks-crawler)"
144.76.32.189 - - [21/Apr/2026:19:58:44 +0000] "GET /?z=es4515sqhps2h29 HTTP/1.1" 200 22945 "-" "Mozilla/5.0 (compatible; SERankingBacklinksBot/1.0; +https://seranking.com/backlinks-crawler)"
144.76.32.189 - - [21/Apr/2026:19:58:49 +0000] "GET /?z=es4515swhps2n29 HTTP/1.1" 200 22944 "-" "Mozilla/5.0 (compatible; SERankingBacklinksBot/1.0; +https://seranking.com/backlinks-crawler)"
196.206.209.76 - - [21/Apr/2026:19:58:50 +0000] "GET /%d8%a7%d9%84%d8%a7%d8%b3%d8%aa%d9%8a%d8%b1%d8%a7%d8%af-%d9%88%d8%a7%d9%84%d8%aa%d8%b5%d8%af%d9%8a%d8%b1/ HTTP/1.1" 200 24195 "-" "Mozilla/5.0 (X11; Linux i686; rv:1.9.7.20) Gecko/6048-02-24 13:15:21.437546 Firefox/3.6.15"
144.76.32.189 - - [21/Apr/2026:19:58:53 +0000] "GET /?z=fjm4jnabzze06cv HTTP/1.1" 200 22945 "-" "Mozilla/5.0 (compatible; SERankingBacklinksBot/1.0; +https://seranking.com/backlinks-crawler)"
144.76.32.189 - - [21/Apr/2026:19:58:57 +0000] "GET /?z=es4915s1hps2429 HTTP/1.1" 200 22942 "-" "Mozilla/5.0 (compatible; SERankingBacklinksBot/1.0; +https://seranking.com/backlinks-crawler)"
144.76.32.189 - - [21/Apr/2026:19:59:02 +0000] "GET /?z=fjm5jnabzke03cv HTTP/1.1" 200 22943 "-" "Mozilla/5.0 (compatible; SERankingBacklinksBot/1.0; +https://seranking.com/backlinks-crawler)"
144.76.32.189 - - [21/Apr/2026:19:59:11 +0000] "GET /?z=fjm5jnabzxe0ocv HTTP/1.1" 200 22945 "-" "Mozilla/5.0 (compatible; SERankingBacklinksBot/1.0; +https://seranking.com/backlinks-crawler)"
144.76.32.189 - - [21/Apr/2026:19:59:28 +0000] "GET /?z=fjm7jnabzne06cv HTTP/1.1" 200 22944 "-" "Mozilla/5.0 (compatible; SERankingBacklinksBot/1.0; +https://seranking.com/backlinks-crawler)"
144.76.32.189 - - [21/Apr/2026:19:59:48 +0000] "GET /?z=fjm8jnabzqe0lcv HTTP/1.1" 200 22941 "-" "Mozilla/5.0 (compatible; SERankingBacklinksBot/1.0; +https://seranking.com/backlinks-crawler)"
144.76.32.189 - - [21/Apr/2026:19:59:52 +0000] "GET /?z=es4f15sjhps2m29 HTTP/1.1" 200 22942 "-" "Mozilla/5.0 (compatible; SERankingBacklinksBot/1.0; +https://seranking.com/backlinks-crawler)"
144.76.32.189 - - [21/Apr/2026:19:59:56 +0000] "GET /?z=fjm8jnabzxe0ocv HTTP/1.1" 200 22945 "-" "Mozilla/5.0 (compatible; SERankingBacklinksBot/1.0; +https://seranking.com/backlinks-crawler)"
144.76.32.189 - - [21/Apr/2026:20:00:00 +0000] "GET /?z=es4f15suhps2l29 HTTP/1.1" 200 22944 "-" "Mozilla/5.0 (compatible; SERankingBacklinksBot/1.0; +https://seranking.com/backlinks-crawler)"
144.76.32.189 - - [21/Apr/2026:20:00:08 +0000] "GET /?z=fjm9jnabzne0icv HTTP/1.1" 200 22944 "-" "Mozilla/5.0 (compatible; SERankingBacklinksBot/1.0; +https://seranking.com/backlinks-crawler)"
144.76.32.189 - - [21/Apr/2026:20:00:13 +0000] "GET /?z=fjm9jnabzte00cv HTTP/1.1" 200 22941 "-" "Mozilla/5.0 (compatible; SERankingBacklinksBot/1.0; +https://seranking.com/backlinks-crawler)"
144.76.32.189 - - [21/Apr/2026:20:00:17 +0000] "GET /?z=es4g15srhps2629 HTTP/1.1" 200 22944 "-" "Mozilla/5.0 (compatible; SERankingBacklinksBot/1.0; +https://seranking.com/backlinks-crawler)"
144.76.32.189 - - [21/Apr/2026:19:57:08 +0000] "GET /?z=fjlq6y9bmtpzzz6 HTTP/1.1" 200 22944 "-" "Mozilla/5.0 (compatible; SERankingBacklinksBot/1.0; +https://seranking.com/backlinks-crawler)"
144.76.32.189 - - [21/Apr/2026:19:57:12 +0000] "GET /?z=fjls6y9bm1pzzz6 HTTP/1.1" 200 22943 "-" "Mozilla/5.0 (compatible; SERankingBacklinksBot/1.0; +https://seranking.com/backlinks-crawler)"
138.197.165.12 - - [21/Apr/2026:19:57:32 +0000] "POST /wp-login.php HTTP/1.1" 200 11157 "-" "Mozilla/5.0"
144.76.32.189 - - [21/Apr/2026:19:59:19 +0000] "GET /?z=fjm7jnabz0e0rcv HTTP/1.1" 200 22940 "-" "Mozilla/5.0 (compatible; SERankingBacklinksBot/1.0; +https://seranking.com/backlinks-crawler)"
144.76.32.189 - - [21/Apr/2026:19:59:23 +0000] "GET /?z=es4b15shhps2829 HTTP/1.1" 200 22944 "-" "Mozilla/5.0 (compatible; SERankingBacklinksBot/1.0; +https://seranking.com/backlinks-crawler)"
144.76.32.189 - - [21/Apr/2026:19:59:31 +0000] "GET /?z=es4e15s4hps2j29 HTTP/1.1" 200 22941 "-" "Mozilla/5.0 (compatible; SERankingBacklinksBot/1.0; +https://seranking.com/backlinks-crawler)"
144.76.32.189 - - [21/Apr/2026:20:00:39 +0000] "GET /?z=fjmbjnabzbe0ucv HTTP/1.1" 200 22943 "-" "Mozilla/5.0 (compatible; SERankingBacklinksBot/1.0; +https://seranking.com/backlinks-crawler)"
144.76.32.189 - - [21/Apr/2026:20:00:55 +0000] "GET /?z=es4k15slhps2o29 HTTP/1.1" 200 22943 "-" "Mozilla/5.0 (compatible; SERankingBacklinksBot/1.0; +https://seranking.com/backlinks-crawler)"
66.249.73.98 - - [21/Apr/2026:20:01:00 +0000] "GET /?p=5193658839340 HTTP/1.1" 404 22836 "-" "Mozilla/5.0 (Linux; Android 6.0.1; Nexus 5X Build/MMB29P) AppleWebKit/537.36 (KHTML, like Gecko) Chrome/146.0.7680.177 Mobile Safari/537.36 (compatible; Googlebot/2.1; +http://www.google.com/bot.html)"
144.76.32.189 - - [21/Apr/2026:20:01:29 +0000] "GET /?z=es4o15sjhps2m29 HTTP/1.1" 200 22944 "-" "Mozilla/5.0 (compatible; SERankingBacklinksBot/1.0; +https://seranking.com/backlinks-crawler)"
144.76.32.189 - - [21/Apr/2026:20:01:33 +0000] "GET /?z=fjmgjnabzhe0ocv HTTP/1.1" 200 22944 "-" "Mozilla/5.0 (compatible; SERankingBacklinksBot/1.0; +https://seranking.com/backlinks-crawler)"
144.76.32.189 - - [21/Apr/2026:20:01:42 +0000] "GET /?z=es4p15s0hps2f29 HTTP/1.1" 200 22945 "-" "Mozilla/5.0 (compatible; SERankingBacklinksBot/1.0; +https://seranking.com/backlinks-crawler)"
144.76.32.189 - - [21/Apr/2026:20:01:46 +0000] "GET /?z=fjmgjnabzoe0rcv HTTP/1.1" 200 22943 "-" "Mozilla/5.0 (compatible; SERankingBacklinksBot/1.0; +https://seranking.com/backlinks-crawler)"
144.76.32.189 - - [21/Apr/2026:20:01:54 +0000] "GET /?z=fjmgjnabzwe0fcv HTTP/1.1" 200 22942 "-" "Mozilla/5.0 (compatible; SERankingBacklinksBot/1.0; +https://seranking.com/backlinks-crawler)"
144.76.32.189 - - [21/Apr/2026:20:02:00 +0000] "GET /?z=es4p15s6hps2l29 HTTP/1.1" 200 22945 "-" "Mozilla/5.0 (compatible; SERankingBacklinksBot/1.0; +https://seranking.com/backlinks-crawler)"
144.76.32.189 - - [21/Apr/2026:20:02:11 +0000] "GET /?z=es4p15sihps2x29 HTTP/1.1" 200 22944 "-" "Mozilla/5.0 (compatible; SERankingBacklinksBot/1.0; +https://seranking.com/backlinks-crawler)"
144.76.32.189 - - [21/Apr/2026:20:02:16 +0000] "GET /?z=fjmijnabz8e0rcv HTTP/1.1" 200 22944 "-" "Mozilla/5.0 (compatible; SERankingBacklinksBot/1.0; +https://seranking.com/backlinks-crawler)"
144.76.32.189 - - [21/Apr/2026:20:02:20 +0000] "GET /?z=es4p15srhps2629 HTTP/1.1" 200 22942 "-" "Mozilla/5.0 (compatible; SERankingBacklinksBot/1.0; +https://seranking.com/backlinks-crawler)"
144.76.32.189 - - [21/Apr/2026:20:02:25 +0000] "GET /?z=fjmijnabz9e0ccv HTTP/1.1" 200 22944 "-" "Mozilla/5.0 (compatible; SERankingBacklinksBot/1.0; +https://seranking.com/backlinks-crawler)"
144.76.32.189 - - [21/Apr/2026:20:02:29 +0000] "GET /?z=es4q15szhps2q29 HTTP/1.1" 200 22943 "-" "Mozilla/5.0 (compatible; SERankingBacklinksBot/1.0; +https://seranking.com/backlinks-crawler)"
144.76.32.189 - - [21/Apr/2026:20:02:33 +0000] "GET /?z=fjmmjnabz5e0ocv HTTP/1.1" 200 22943 "-" "Mozilla/5.0 (compatible; SERankingBacklinksBot/1.0; +https://seranking.com/backlinks-crawler)"
144.76.32.189 - - [21/Apr/2026:19:58:18 +0000] "GET /?z=fjly6y9bmhpzbz6 HTTP/1.1" 200 22943 "-" "Mozilla/5.0 (compatible; SERankingBacklinksBot/1.0; +https://seranking.com/backlinks-crawler)"
144.76.32.189 - - [21/Apr/2026:19:58:22 +0000] "GET /?z=es4115srhps2629 HTTP/1.1" 200 22947 "-" "Mozilla/5.0 (compatible; SERankingBacklinksBot/1.0; +https://seranking.com/backlinks-crawler)"
144.76.32.189 - - [21/Apr/2026:19:58:26 +0000] "GET /?z=fjm0jnabz6e0lcv HTTP/1.1" 200 22943 "-" "Mozilla/5.0 (compatible; SERankingBacklinksBot/1.0; +https://seranking.com/backlinks-crawler)"
144.76.32.189 - - [21/Apr/2026:19:58:30 +0000] "GET /?z=fjm1jnabzme0lcv HTTP/1.1" 200 22943 "-" "Mozilla/5.0 (compatible; SERankingBacklinksBot/1.0; +https://seranking.com/backlinks-crawler)"
144.76.32.189 - - [21/Apr/2026:19:58:35 +0000] "GET /?z=es4515s1hps2g29 HTTP/1.1" 200 22941 "-" "Mozilla/5.0 (compatible; SERankingBacklinksBot/1.0; +https://seranking.com/backlinks-crawler)"
144.76.32.189 - - [21/Apr/2026:20:00:27 +0000] "GET /?z=es4h15s0hps2329 HTTP/1.1" 200 22945 "-" "Mozilla/5.0 (compatible; SERankingBacklinksBot/1.0; +https://seranking.com/backlinks-crawler)"
144.76.32.189 - - [21/Apr/2026:20:00:31 +0000] "GET /?z=fjmajnacz2e0acv HTTP/1.1" 200 22944 "-" "Mozilla/5.0 (compatible; SERankingBacklinksBot/1.0; +https://seranking.com/backlinks-crawler)"
144.76.32.189 - - [21/Apr/2026:20:00:51 +0000] "GET /?z=es4k15schps2f29 HTTP/1.1" 200 22944 "-" "Mozilla/5.0 (compatible; SERankingBacklinksBot/1.0; +https://seranking.com/backlinks-crawler)"
144.76.32.189 - - [21/Apr/2026:20:01:04 +0000] "GET /?z=fjmdjnabzbe06cv HTTP/1.1" 200 22946 "-" "Mozilla/5.0 (compatible; SERankingBacklinksBot/1.0; +https://seranking.com/backlinks-crawler)"
144.76.32.189 - - [21/Apr/2026:20:01:08 +0000] "GET /?z=es4n15sbhps2229 HTTP/1.1" 200 22943 "-" "Mozilla/5.0 (compatible; SERankingBacklinksBot/1.0; +https://seranking.com/backlinks-crawler)"
144.76.32.189 - - [21/Apr/2026:20:01:12 +0000] "GET /?z=fjmejnabzne0ucv HTTP/1.1" 200 22942 "-" "Mozilla/5.0 (compatible; SERankingBacklinksBot/1.0; +https://seranking.com/backlinks-crawler)"
144.76.32.189 - - [21/Apr/2026:20:01:16 +0000] "GET /?z=fjmfjnabz7e06cv HTTP/1.1" 200 22943 "-" "Mozilla/5.0 (compatible; SERankingBacklinksBot/1.0; +https://seranking.com/backlinks-crawler)"
144.76.32.189 - - [21/Apr/2026:20:01:25 +0000] "GET /?z=fjmfjnabzoe03cv HTTP/1.1" 200 22944 "-" "Mozilla/5.0 (compatible; SERankingBacklinksBot/1.0; +https://seranking.com/backlinks-crawler)"
144.76.32.189 - - [21/Apr/2026:20:01:37 +0000] "GET /?z=fjmgjnabzje0ucv HTTP/1.1" 200 22944 "-" "Mozilla/5.0 (compatible; SERankingBacklinksBot/1.0; +https://seranking.com/backlinks-crawler)"
144.76.32.189 - - [21/Apr/2026:20:02:05 +0000] "GET /?z=fjmhjnabzge0rcv HTTP/1.1" 200 22943 "-" "Mozilla/5.0 (compatible; SERankingBacklinksBot/1.0; +https://seranking.com/backlinks-crawler)"
172.202.75.66 - - [21/Apr/2026:20:02:32 +0000] "GET /wp-admin/about.php HTTP/1.1" 302 0 "-" "-"
144.76.32.189 - - [21/Apr/2026:20:02:44 +0000] "GET /?z=fjmmjnabzre0icv HTTP/1.1" 200 22945 "-" "Mozilla/5.0 (compatible; SERankingBacklinksBot/1.0; +https://seranking.com/backlinks-crawler)"
144.76.32.189 - - [21/Apr/2026:20:02:50 +0000] "GET /?z=es4s15s5hps2829 HTTP/1.1" 200 22945 "-" "Mozilla/5.0 (compatible; SERankingBacklinksBot/1.0; +https://seranking.com/backlinks-crawler)"
144.76.32.189 - - [21/Apr/2026:20:03:14 +0000] "GET /?z=fjmnjnabzze0ucv HTTP/1.1" 200 22944 "-" "Mozilla/5.0 (compatible; SERankingBacklinksBot/1.0; +https://seranking.com/backlinks-crawler)"
144.76.32.189 - - [21/Apr/2026:20:03:22 +0000] "GET /?z=es4t15s9hps2c29 HTTP/1.1" 200 22945 "-" "Mozilla/5.0 (compatible; SERankingBacklinksBot/1.0; +https://seranking.com/backlinks-crawler)"
144.76.32.189 - - [21/Apr/2026:20:03:28 +0000] "GET /?z=fjmojnabzde0ocv HTTP/1.1" 200 22942 "-" "Mozilla/5.0 (compatible; SERankingBacklinksBot/1.0; +https://seranking.com/backlinks-crawler)"
144.76.32.189 - - [21/Apr/2026:19:57:04 +0000] "GET /?z=es3nogrm40rpod8 HTTP/1.1" 200 22943 "-" "Mozilla/5.0 (compatible; SERankingBacklinksBot/1.0; +https://seranking.com/backlinks-crawler)"
144.76.32.189 - - [21/Apr/2026:19:57:25 +0000] "GET /?z=es3qogri40rp8d8 HTTP/1.1" 200 22944 "-" "Mozilla/5.0 (compatible; SERankingBacklinksBot/1.0; +https://seranking.com/backlinks-crawler)"
144.76.32.189 - - [21/Apr/2026:19:59:07 +0000] "GET /?z=es4915sbhps2q29 HTTP/1.1" 200 22946 "-" "Mozilla/5.0 (compatible; SERankingBacklinksBot/1.0; +https://seranking.com/backlinks-crawler)"
144.76.32.189 - - [21/Apr/2026:19:59:15 +0000] "GET /?z=es4b15s8hps2z29 HTTP/1.1" 200 22945 "-" "Mozilla/5.0 (compatible; SERankingBacklinksBot/1.0; +https://seranking.com/backlinks-crawler)"
144.76.32.189 - - [21/Apr/2026:19:59:36 +0000] "GET /?z=fjm8jnabz3e06cv HTTP/1.1" 200 22942 "-" "Mozilla/5.0 (compatible; SERankingBacklinksBot/1.0; +https://seranking.com/backlinks-crawler)"
144.76.32.189 - - [21/Apr/2026:19:59:40 +0000] "GET /?z=es4f15sbhps2q29 HTTP/1.1" 200 22945 "-" "Mozilla/5.0 (compatible; SERankingBacklinksBot/1.0; +https://seranking.com/backlinks-crawler)"
144.76.32.189 - - [21/Apr/2026:19:59:44 +0000] "GET /?z=fjm8jnabz8e03cv HTTP/1.1" 200 22943 "-" "Mozilla/5.0 (compatible; SERankingBacklinksBot/1.0; +https://seranking.com/backlinks-crawler)"
144.76.32.189 - - [21/Apr/2026:20:00:23 +0000] "GET /?z=fjmajnabzte0ocv HTTP/1.1" 200 22944 "-" "Mozilla/5.0 (compatible; SERankingBacklinksBot/1.0; +https://seranking.com/backlinks-crawler)"
144.76.32.189 - - [21/Apr/2026:20:00:59 +0000] "GET /?z=fjmdjnabz3e0icv HTTP/1.1" 200 22943 "-" "Mozilla/5.0 (compatible; SERankingBacklinksBot/1.0; +https://seranking.com/backlinks-crawler)"
144.76.32.189 - - [21/Apr/2026:20:01:50 +0000] "GET /?z=es4p15s4hps2v29 HTTP/1.1" 200 22945 "-" "Mozilla/5.0 (compatible; SERankingBacklinksBot/1.0; +https://seranking.com/backlinks-crawler)"
172.202.75.66 - - [21/Apr/2026:20:02:54 +0000] "GET / HTTP/1.1" 200 97813 "-" "-"
144.76.32.189 - - [21/Apr/2026:20:02:55 +0000] "GET /?z=fjmmjnabzze06cv HTTP/1.1" 200 22944 "-" "Mozilla/5.0 (compatible; SERankingBacklinksBot/1.0; +https://seranking.com/backlinks-crawler)"
144.76.32.189 - - [21/Apr/2026:20:02:59 +0000] "GET /?z=es4s15s8hps2b29 HTTP/1.1" 200 22946 "-" "Mozilla/5.0 (compatible; SERankingBacklinksBot/1.0; +https://seranking.com/backlinks-crawler)"
144.76.32.189 - - [21/Apr/2026:20:03:04 +0000] "GET /?z=fjmnjnabzwe03cv HTTP/1.1" 200 22945 "-" "Mozilla/5.0 (compatible; SERankingBacklinksBot/1.0; +https://seranking.com/backlinks-crawler)"
144.76.32.189 - - [21/Apr/2026:20:03:09 +0000] "GET /?z=es4s15sjhps2a29 HTTP/1.1" 200 22943 "-" "Mozilla/5.0 (compatible; SERankingBacklinksBot/1.0; +https://seranking.com/backlinks-crawler)"
144.76.32.189 - - [21/Apr/2026:20:03:18 +0000] "GET /?z=fjmojnabz6e0lcv HTTP/1.1" 200 22942 "-" "Mozilla/5.0 (compatible; SERankingBacklinksBot/1.0; +https://seranking.com/backlinks-crawler)"
144.76.32.189 - - [21/Apr/2026:20:04:01 +0000] "GET /?z=fjmvjnabzge03cv HTTP/1.1" 200 22946 "-" "Mozilla/5.0 (compatible; SERankingBacklinksBot/1.0; +https://seranking.com/backlinks-crawler)"
144.76.32.189 - - [21/Apr/2026:20:04:06 +0000] "GET /?z=es4z15s9hps2c29 HTTP/1.1" 200 22944 "-" "Mozilla/5.0 (compatible; SERankingBacklinksBot/1.0; +https://seranking.com/backlinks-crawler)"
144.76.32.189 - - [21/Apr/2026:20:04:21 +0000] "GET /?z=es50eut4uetfkra HTTP/1.1" 200 22942 "-" "Mozilla/5.0 (compatible; SERankingBacklinksBot/1.0; +https://seranking.com/backlinks-crawler)"
144.76.32.189 - - [21/Apr/2026:20:04:40 +0000] "GET /?z=fjmzjnabzge0rcv HTTP/1.1" 200 22944 "-" "Mozilla/5.0 (compatible; SERankingBacklinksBot/1.0; +https://seranking.com/backlinks-crawler)"
144.76.32.189 - - [21/Apr/2026:20:04:52 +0000] "GET /?z=es54eutsuetfwra HTTP/1.1" 200 22944 "-" "Mozilla/5.0 (compatible; SERankingBacklinksBot/1.0; +https://seranking.com/backlinks-crawler)"
144.76.32.189 - - [21/Apr/2026:20:00:35 +0000] "GET /?z=fjmajnaczde0pcv HTTP/1.1" 200 22942 "-" "Mozilla/5.0 (compatible; SERankingBacklinksBot/1.0; +https://seranking.com/backlinks-crawler)"
144.76.32.189 - - [21/Apr/2026:20:00:43 +0000] "GET /?z=es4i15syhps2129 HTTP/1.1" 200 22946 "-" "Mozilla/5.0 (compatible; SERankingBacklinksBot/1.0; +https://seranking.com/backlinks-crawler)"
144.76.32.189 - - [21/Apr/2026:20:00:47 +0000] "GET /?z=fjmbjnabzoe0fcv HTTP/1.1" 200 22944 "-" "Mozilla/5.0 (compatible; SERankingBacklinksBot/1.0; +https://seranking.com/backlinks-crawler)"
144.76.32.189 - - [21/Apr/2026:20:01:20 +0000] "GET /?z=es4o15s6hps2x29 HTTP/1.1" 200 22944 "-" "Mozilla/5.0 (compatible; SERankingBacklinksBot/1.0; +https://seranking.com/backlinks-crawler)"
172.202.75.66 - - [21/Apr/2026:20:02:34 +0000] "GET /wp-login.php?redirect_to=https%3A%2F%2Fsmilepack.net%2Fwp-admin%2Fabout.php&reauth=1 HTTP/1.1" 200 10781 "-" "-"
144.76.32.189 - - [21/Apr/2026:20:03:32 +0000] "GET /?z=es4t15smhps2129 HTTP/1.1" 200 22945 "-" "Mozilla/5.0 (compatible; SERankingBacklinksBot/1.0; +https://seranking.com/backlinks-crawler)"
144.76.32.189 - - [21/Apr/2026:20:03:36 +0000] "GET /?z=es4v15s4hps2v29 HTTP/1.1" 200 22942 "-" "Mozilla/5.0 (compatible; SERankingBacklinksBot/1.0; +https://seranking.com/backlinks-crawler)"
144.76.32.189 - - [21/Apr/2026:20:03:40 +0000] "GET /?z=fjmrjnabzne0icv HTTP/1.1" 200 22942 "-" "Mozilla/5.0 (compatible; SERankingBacklinksBot/1.0; +https://seranking.com/backlinks-crawler)"
41.75.64.82 - - [21/Apr/2026:20:03:47 +0000] "GET /?z=eczo8onno8n9tl4 HTTP/1.1" 200 22945 "-" "Mozilla/5.0 (Macintosh; Intel Mac OS X 10_15_7) AppleWebKit/537.36 (KHTML, like Gecko) Chrome/119.0.0.0 Safari/537.36"
144.76.32.189 - - [21/Apr/2026:20:03:53 +0000] "GET /?z=fjmtjnabzfe06cv HTTP/1.1" 200 22944 "-" "Mozilla/5.0 (compatible; SERankingBacklinksBot/1.0; +https://seranking.com/backlinks-crawler)"
144.76.32.189 - - [21/Apr/2026:20:04:11 +0000] "GET /?z=fjmwjnabzae09cv HTTP/1.1" 200 22942 "-" "Mozilla/5.0 (compatible; SERankingBacklinksBot/1.0; +https://seranking.com/backlinks-crawler)"
209.38.18.212 - - [21/Apr/2026:20:04:24 +0000] "POST /wp-login.php HTTP/1.1" 200 11157 "-" "Mozilla/5.0"
144.76.32.189 - - [21/Apr/2026:20:04:26 +0000] "GET /?z=fjmxjnabz8e0rcv HTTP/1.1" 200 22944 "-" "Mozilla/5.0 (compatible; SERankingBacklinksBot/1.0; +https://seranking.com/backlinks-crawler)"
144.76.32.189 - - [21/Apr/2026:20:04:30 +0000] "GET /?z=es51eut8uetfora HTTP/1.1" 200 22946 "-" "Mozilla/5.0 (compatible; SERankingBacklinksBot/1.0; +https://seranking.com/backlinks-crawler)"
144.76.32.189 - - [21/Apr/2026:20:04:35 +0000] "GET /?z=es53eutluetfpra HTTP/1.1" 200 22944 "-" "Mozilla/5.0 (compatible; SERankingBacklinksBot/1.0; +https://seranking.com/backlinks-crawler)"
144.76.32.189 - - [21/Apr/2026:20:04:48 +0000] "GET /?z=fjn0wcbbci31ypk HTTP/1.1" 200 22945 "-" "Mozilla/5.0 (compatible; SERankingBacklinksBot/1.0; +https://seranking.com/backlinks-crawler)"
144.76.32.189 - - [21/Apr/2026:20:05:37 +0000] "GET /?z=fjn4wcbbca31ypk HTTP/1.1" 200 22945 "-" "Mozilla/5.0 (compatible; SERankingBacklinksBot/1.0; +https://seranking.com/backlinks-crawler)"
144.76.32.189 - - [21/Apr/2026:20:06:02 +0000] "GET /?z=es5ceutpuetf5ra HTTP/1.1" 200 22945 "-" "Mozilla/5.0 (compatible; SERankingBacklinksBot/1.0; +https://seranking.com/backlinks-crawler)"
144.76.32.189 - - [21/Apr/2026:20:06:07 +0000] "GET /?z=es5deuteuetfura HTTP/1.1" 200 22944 "-" "Mozilla/5.0 (compatible; SERankingBacklinksBot/1.0; +https://seranking.com/backlinks-crawler)"
144.76.32.189 - - [21/Apr/2026:20:06:11 +0000] "GET /?z=fjn8wcbbc331jpk HTTP/1.1" 200 22944 "-" "Mozilla/5.0 (compatible; SERankingBacklinksBot/1.0; +https://seranking.com/backlinks-crawler)"
