66.249.73.194 - - [21/Apr/2026:16:39:18 +0000] "GET /?z=esxwial1yuljx72 HTTP/1.1" 301 0 "-" "Mozilla/5.0 (Linux; Android 6.0.1; Nexus 5X Build/MMB29P) AppleWebKit/537.36 (KHTML, like Gecko) Chrome/146.0.7680.177 Mobile Safari/537.36 (compatible; Googlebot/2.1; +http://www.google.com/bot.html)"
66.249.73.97 - - [21/Apr/2026:16:39:34 +0000] "GET /content.php?e=3453039516238 HTTP/1.1" 404 22843 "-" "Mozilla/5.0 (Linux; Android 6.0.1; Nexus 5X Build/MMB29P) AppleWebKit/537.36 (KHTML, like Gecko) Chrome/146.0.7680.177 Mobile Safari/537.36 (compatible; Googlebot/2.1; +http://www.google.com/bot.html)"
209.38.18.212 - - [21/Apr/2026:16:39:47 +0000] "POST /wp-login.php HTTP/1.1" 200 11157 "-" "Mozilla/5.0"
66.249.73.98 - - [21/Apr/2026:16:41:47 +0000] "GET /content.php?e=3127019726215 HTTP/1.1" 404 22844 "-" "Mozilla/5.0 (Linux; Android 6.0.1; Nexus 5X Build/MMB29P) AppleWebKit/537.36 (KHTML, like Gecko) Chrome/146.0.7680.177 Mobile Safari/537.36 (compatible; Googlebot/2.1; +http://www.google.com/bot.html)"
201.40.254.44 - - [21/Apr/2026:16:44:31 +0000] "POST /xmlrpc.php HTTP/1.1" 200 443 "-" "Mozilla/5.0 (Macintosh; Intel Mac OS X 10_15_7; arm64) AppleWebKit/537.36 (KHTML, like Gecko) Opera/68.0.0.0 Safari/537.36"
66.249.73.96 - - [21/Apr/2026:16:44:46 +0000] "GET /content.php?e=65186600037890 HTTP/1.1" 404 22840 "-" "Mozilla/5.0 (Linux; Android 6.0.1; Nexus 5X Build/MMB29P) AppleWebKit/537.36 (KHTML, like Gecko) Chrome/146.0.7680.177 Mobile Safari/537.36 (compatible; Googlebot/2.1; +http://www.google.com/bot.html)"
201.40.254.44 - - [21/Apr/2026:16:42:04 +0000] "POST /xmlrpc.php HTTP/1.1" 200 443 "-" "Mozilla/5.0 (Macintosh; Intel Mac OS X 10_15_7; x86) AppleWebKit/537.36 (KHTML, like Gecko) Edge/92.0.0.0 Safari/537.36"
35.224.62.15 - - [21/Apr/2026:16:42:01 +0000] "POST //xmlrpc.php HTTP/1.1" 200 441 "-" "Mozilla/5.0 (Windows NT 10.0; Win64; x64) AppleWebKit/537.36 (KHTML, like Gecko) Chrome/78.0.3904.108 Safari/537.36"
35.224.62.15 - - [21/Apr/2026:16:42:16 +0000] "POST //xmlrpc.php HTTP/1.1" 200 441 "-" "Mozilla/5.0 (Windows NT 10.0; Win64; x64) AppleWebKit/537.36 (KHTML, like Gecko) Chrome/78.0.3904.108 Safari/537.36"
201.40.254.44 - - [21/Apr/2026:16:42:41 +0000] "POST /xmlrpc.php HTTP/1.1" 200 443 "-" "Mozilla/5.0 (Linux; Android 10; x64) AppleWebKit/537.36 (KHTML, like Gecko) Edge/96.0.0.0 Safari/537.36"
35.224.62.15 - - [21/Apr/2026:16:42:31 +0000] "POST //xmlrpc.php HTTP/1.1" 200 441 "-" "Mozilla/5.0 (Windows NT 10.0; Win64; x64) AppleWebKit/537.36 (KHTML, like Gecko) Chrome/78.0.3904.108 Safari/537.36"
35.224.62.15 - - [21/Apr/2026:16:42:46 +0000] "POST //xmlrpc.php HTTP/1.1" 200 441 "-" "Mozilla/5.0 (Windows NT 10.0; Win64; x64) AppleWebKit/537.36 (KHTML, like Gecko) Chrome/78.0.3904.108 Safari/537.36"
35.224.62.15 - - [21/Apr/2026:16:43:01 +0000] "POST //xmlrpc.php HTTP/1.1" 200 441 "-" "Mozilla/5.0 (Windows NT 10.0; Win64; x64) AppleWebKit/537.36 (KHTML, like Gecko) Chrome/78.0.3904.108 Safari/537.36"
201.40.254.44 - - [21/Apr/2026:16:43:27 +0000] "POST /xmlrpc.php HTTP/1.1" 200 443 "-" "Mozilla/5.0 (X11; Ubuntu; Linux x86_64; x86) AppleWebKit/537.36 (KHTML, like Gecko) Chrome/92.0.0.0 Safari/537.36"
52.167.144.183 - - [21/Apr/2026:16:43:28 +0000] "GET /?p=39892505648198 HTTP/2" 404 22780 "-" "Mozilla/5.0 AppleWebKit/537.36 (KHTML, like Gecko; compatible; bingbot/2.0; +http://www.bing.com/bingbot.htm) Chrome/116.0.1938.76 Safari/537.36"
35.224.62.15 - - [21/Apr/2026:16:43:16 +0000] "POST //xmlrpc.php HTTP/1.1" 200 441 "-" "Mozilla/5.0 (Windows NT 10.0; Win64; x64) AppleWebKit/537.36 (KHTML, like Gecko) Chrome/78.0.3904.108 Safari/537.36"
35.224.62.15 - - [21/Apr/2026:16:43:31 +0000] "POST //xmlrpc.php HTTP/1.1" 200 441 "-" "Mozilla/5.0 (Windows NT 10.0; Win64; x64) AppleWebKit/537.36 (KHTML, like Gecko) Chrome/78.0.3904.108 Safari/537.36"
35.224.62.15 - - [21/Apr/2026:16:43:46 +0000] "POST //xmlrpc.php HTTP/1.1" 200 441 "-" "Mozilla/5.0 (Windows NT 10.0; Win64; x64) AppleWebKit/537.36 (KHTML, like Gecko) Chrome/78.0.3904.108 Safari/537.36"
35.224.62.15 - - [21/Apr/2026:16:44:01 +0000] "POST //xmlrpc.php HTTP/1.1" 200 441 "-" "Mozilla/5.0 (Windows NT 10.0; Win64; x64) AppleWebKit/537.36 (KHTML, like Gecko) Chrome/78.0.3904.108 Safari/537.36"
35.224.62.15 - - [21/Apr/2026:16:44:16 +0000] "POST //xmlrpc.php HTTP/1.1" 200 441 "-" "Mozilla/5.0 (Windows NT 10.0; Win64; x64) AppleWebKit/537.36 (KHTML, like Gecko) Chrome/78.0.3904.108 Safari/537.36"
35.224.62.15 - - [21/Apr/2026:16:44:31 +0000] "POST //xmlrpc.php HTTP/1.1" 200 441 "-" "Mozilla/5.0 (Windows NT 10.0; Win64; x64) AppleWebKit/537.36 (KHTML, like Gecko) Chrome/78.0.3904.108 Safari/537.36"
201.40.254.44 - - [21/Apr/2026:16:44:54 +0000] "POST /xmlrpc.php HTTP/1.1" 200 443 "-" "Mozilla/5.0 (Windows NT 10.0; x86) AppleWebKit/537.36 (KHTML, like Gecko) Firefox/99.0.0.0 Safari/537.36"
35.224.62.15 - - [21/Apr/2026:16:44:46 +0000] "POST //xmlrpc.php HTTP/1.1" 200 441 "-" "Mozilla/5.0 (Windows NT 10.0; Win64; x64) AppleWebKit/537.36 (KHTML, like Gecko) Chrome/78.0.3904.108 Safari/537.36"
35.224.62.15 - - [21/Apr/2026:16:45:01 +0000] "POST //xmlrpc.php HTTP/1.1" 200 441 "-" "Mozilla/5.0 (Windows NT 10.0; Win64; x64) AppleWebKit/537.36 (KHTML, like Gecko) Chrome/78.0.3904.108 Safari/537.36"
35.224.62.15 - - [21/Apr/2026:16:45:16 +0000] "POST //xmlrpc.php HTTP/1.1" 200 441 "-" "Mozilla/5.0 (Windows NT 10.0; Win64; x64) AppleWebKit/537.36 (KHTML, like Gecko) Chrome/78.0.3904.108 Safari/537.36"
201.40.254.44 - - [21/Apr/2026:16:45:36 +0000] "POST /xmlrpc.php HTTP/1.1" 200 443 "-" "Mozilla/5.0 (Windows NT 6.3; x64) AppleWebKit/537.36 (KHTML, like Gecko) Chrome/111.0.0.0 Safari/537.36"
35.224.62.15 - - [21/Apr/2026:16:45:31 +0000] "POST //xmlrpc.php HTTP/1.1" 200 441 "-" "Mozilla/5.0 (Windows NT 10.0; Win64; x64) AppleWebKit/537.36 (KHTML, like Gecko) Chrome/78.0.3904.108 Safari/537.36"
35.224.62.15 - - [21/Apr/2026:16:45:46 +0000] "POST //xmlrpc.php HTTP/1.1" 200 441 "-" "Mozilla/5.0 (Windows NT 10.0; Win64; x64) AppleWebKit/537.36 (KHTML, like Gecko) Chrome/78.0.3904.108 Safari/537.36"
35.224.62.15 - - [21/Apr/2026:16:46:01 +0000] "POST //xmlrpc.php HTTP/1.1" 200 441 "-" "Mozilla/5.0 (Windows NT 10.0; Win64; x64) AppleWebKit/537.36 (KHTML, like Gecko) Chrome/78.0.3904.108 Safari/537.36"
201.40.254.44 - - [21/Apr/2026:16:46:19 +0000] "POST /xmlrpc.php HTTP/1.1" 200 443 "-" "Mozilla/5.0 (Windows NT 6.2; arm64) AppleWebKit/537.36 (KHTML, like Gecko) Chrome/83.0.0.0 Safari/537.36"
35.224.62.15 - - [21/Apr/2026:16:46:16 +0000] "POST //xmlrpc.php HTTP/1.1" 200 441 "-" "Mozilla/5.0 (Windows NT 10.0; Win64; x64) AppleWebKit/537.36 (KHTML, like Gecko) Chrome/78.0.3904.108 Safari/537.36"
35.224.62.15 - - [21/Apr/2026:16:46:31 +0000] "POST //xmlrpc.php HTTP/1.1" 200 441 "-" "Mozilla/5.0 (Windows NT 10.0; Win64; x64) AppleWebKit/537.36 (KHTML, like Gecko) Chrome/78.0.3904.108 Safari/537.36"
35.224.62.15 - - [21/Apr/2026:16:46:46 +0000] "POST //xmlrpc.php HTTP/1.1" 200 441 "-" "Mozilla/5.0 (Windows NT 10.0; Win64; x64) AppleWebKit/537.36 (KHTML, like Gecko) Chrome/78.0.3904.108 Safari/537.36"
201.40.254.44 - - [21/Apr/2026:16:47:06 +0000] "POST /xmlrpc.php HTTP/1.1" 200 443 "-" "Mozilla/5.0 (Linux; Android 10; x64) AppleWebKit/537.36 (KHTML, like Gecko) Firefox/72.0.0.0 Safari/537.36"
35.224.62.15 - - [21/Apr/2026:16:47:01 +0000] "POST //xmlrpc.php HTTP/1.1" 200 441 "-" "Mozilla/5.0 (Windows NT 10.0; Win64; x64) AppleWebKit/537.36 (KHTML, like Gecko) Chrome/78.0.3904.108 Safari/537.36"
35.224.62.15 - - [21/Apr/2026:16:47:16 +0000] "POST //xmlrpc.php HTTP/1.1" 200 441 "-" "Mozilla/5.0 (Windows NT 10.0; Win64; x64) AppleWebKit/537.36 (KHTML, like Gecko) Chrome/78.0.3904.108 Safari/537.36"
35.224.62.15 - - [21/Apr/2026:16:47:32 +0000] "POST //xmlrpc.php HTTP/1.1" 200 441 "-" "Mozilla/5.0 (Windows NT 10.0; Win64; x64) AppleWebKit/537.36 (KHTML, like Gecko) Chrome/78.0.3904.108 Safari/537.36"
35.224.62.15 - - [21/Apr/2026:16:47:46 +0000] "POST //xmlrpc.php HTTP/1.1" 200 441 "-" "Mozilla/5.0 (Windows NT 10.0; Win64; x64) AppleWebKit/537.36 (KHTML, like Gecko) Chrome/78.0.3904.108 Safari/537.36"
35.224.62.15 - - [21/Apr/2026:16:48:01 +0000] "POST //xmlrpc.php HTTP/1.1" 200 441 "-" "Mozilla/5.0 (Windows NT 10.0; Win64; x64) AppleWebKit/537.36 (KHTML, like Gecko) Chrome/78.0.3904.108 Safari/537.36"
35.224.62.15 - - [21/Apr/2026:16:48:16 +0000] "POST //xmlrpc.php HTTP/1.1" 200 441 "-" "Mozilla/5.0 (Windows NT 10.0; Win64; x64) AppleWebKit/537.36 (KHTML, like Gecko) Chrome/78.0.3904.108 Safari/537.36"
35.224.62.15 - - [21/Apr/2026:16:48:31 +0000] "POST //xmlrpc.php HTTP/1.1" 200 441 "-" "Mozilla/5.0 (Windows NT 10.0; Win64; x64) AppleWebKit/537.36 (KHTML, like Gecko) Chrome/78.0.3904.108 Safari/537.36"
35.224.62.15 - - [21/Apr/2026:16:48:46 +0000] "POST //xmlrpc.php HTTP/1.1" 200 441 "-" "Mozilla/5.0 (Windows NT 10.0; Win64; x64) AppleWebKit/537.36 (KHTML, like Gecko) Chrome/78.0.3904.108 Safari/537.36"
201.40.254.44 - - [21/Apr/2026:16:49:08 +0000] "POST /xmlrpc.php HTTP/1.1" 200 443 "-" "Mozilla/5.0 (Windows NT 6.3; x64) AppleWebKit/537.36 (KHTML, like Gecko) Edge/100.0.0.0 Safari/537.36"
35.224.62.15 - - [21/Apr/2026:16:49:01 +0000] "POST //xmlrpc.php HTTP/1.1" 200 441 "-" "Mozilla/5.0 (Windows NT 10.0; Win64; x64) AppleWebKit/537.36 (KHTML, like Gecko) Chrome/78.0.3904.108 Safari/537.36"
35.224.62.15 - - [21/Apr/2026:16:49:16 +0000] "POST //xmlrpc.php HTTP/1.1" 200 441 "-" "Mozilla/5.0 (Windows NT 10.0; Win64; x64) AppleWebKit/537.36 (KHTML, like Gecko) Chrome/78.0.3904.108 Safari/537.36"
201.40.254.44 - - [21/Apr/2026:16:40:19 +0000] "POST /xmlrpc.php HTTP/1.1" 200 443 "-" "Mozilla/5.0 (Linux; Android 10; x64) AppleWebKit/537.36 (KHTML, like Gecko) Edge/91.0.0.0 Safari/537.36"
201.40.254.44 - - [21/Apr/2026:16:41:22 +0000] "POST /xmlrpc.php HTTP/1.1" 200 443 "-" "Mozilla/5.0 (Windows NT 6.3; x64) AppleWebKit/537.36 (KHTML, like Gecko) Chrome/106.0.0.0 Safari/537.36"
201.40.254.44 - - [21/Apr/2026:16:44:04 +0000] "POST /xmlrpc.php HTTP/1.1" 200 443 "-" "Mozilla/5.0 (Windows NT 6.3; arm64) AppleWebKit/537.36 (KHTML, like Gecko) Firefox/90.0.0.0 Safari/537.36"
201.40.254.44 - - [21/Apr/2026:16:46:40 +0000] "POST /xmlrpc.php HTTP/1.1" 200 443 "-" "Mozilla/5.0 (Macintosh; Intel Mac OS X 10_15_7; x64) AppleWebKit/537.36 (KHTML, like Gecko) Opera/62.0.0.0 Safari/537.36"
201.40.254.44 - - [21/Apr/2026:16:47:30 +0000] "POST /xmlrpc.php HTTP/1.1" 200 443 "-" "Mozilla/5.0 (X11; Ubuntu; Linux x86_64; x86) AppleWebKit/537.36 (KHTML, like Gecko) Safari/14.0.0.0 Safari/537.36"
201.40.254.44 - - [21/Apr/2026:16:47:51 +0000] "POST /xmlrpc.php HTTP/1.1" 200 443 "-" "Mozilla/5.0 (Windows NT 6.2; arm64) AppleWebKit/537.36 (KHTML, like Gecko) Opera/80.0.0.0 Safari/537.36"
66.249.73.97 - - [21/Apr/2026:16:47:57 +0000] "GET /content.php?e=3572332139418 HTTP/1.1" 404 22844 "-" "Mozilla/5.0 (Linux; Android 6.0.1; Nexus 5X Build/MMB29P) AppleWebKit/537.36 (KHTML, like Gecko) Chrome/146.0.7680.177 Mobile Safari/537.36 (compatible; Googlebot/2.1; +http://www.google.com/bot.html)"
201.40.254.44 - - [21/Apr/2026:16:48:10 +0000] "POST /xmlrpc.php HTTP/1.1" 200 443 "-" "Mozilla/5.0 (Windows NT 6.2; x86) AppleWebKit/537.36 (KHTML, like Gecko) Edge/88.0.0.0 Safari/537.36"
201.40.254.44 - - [21/Apr/2026:16:48:50 +0000] "POST /xmlrpc.php HTTP/1.1" 200 443 "-" "Mozilla/5.0 (Linux; Android 10; x86) AppleWebKit/537.36 (KHTML, like Gecko) Firefox/87.0.0.0 Safari/537.36"
201.40.254.44 - - [21/Apr/2026:16:49:29 +0000] "POST /xmlrpc.php HTTP/1.1" 200 443 "-" "Mozilla/5.0 (Windows NT 10.0; arm64) AppleWebKit/537.36 (KHTML, like Gecko) Edge/91.0.0.0 Safari/537.36"
201.40.254.44 - - [21/Apr/2026:16:49:48 +0000] "POST /xmlrpc.php HTTP/1.1" 200 443 "-" "Mozilla/5.0 (Windows NT 10.0; x64) AppleWebKit/537.36 (KHTML, like Gecko) Edge/81.0.0.0 Safari/537.36"
201.40.254.44 - - [21/Apr/2026:16:50:07 +0000] "POST /xmlrpc.php HTTP/1.1" 200 443 "-" "Mozilla/5.0 (Windows NT 10.0; arm64) AppleWebKit/537.36 (KHTML, like Gecko) Opera/78.0.0.0 Safari/537.36"
201.40.254.44 - - [21/Apr/2026:16:50:27 +0000] "POST /xmlrpc.php HTTP/1.1" 200 443 "-" "Mozilla/5.0 (Windows NT 6.2; x86) AppleWebKit/537.36 (KHTML, like Gecko) Opera/63.0.0.0 Safari/537.36"
66.249.73.194 - - [21/Apr/2026:16:51:09 +0000] "GET /?z=etekn32k3n2o70j_gkind14523986 HTTP/1.1" 301 0 "-" "Mozilla/5.0 (Linux; Android 6.0.1; Nexus 5X Build/MMB29P) AppleWebKit/537.36 (KHTML, like Gecko) Chrome/146.0.7680.177 Mobile Safari/537.36 (compatible; Googlebot/2.1; +http://www.google.com/bot.html)"
201.40.254.44 - - [21/Apr/2026:16:51:11 +0000] "POST /xmlrpc.php HTTP/1.1" 200 443 "-" "Mozilla/5.0 (Windows NT 6.3; x64) AppleWebKit/537.36 (KHTML, like Gecko) Chrome/81.0.0.0 Safari/537.36"
201.40.254.44 - - [21/Apr/2026:16:54:37 +0000] "POST /xmlrpc.php HTTP/1.1" 200 443 "-" "Mozilla/5.0 (X11; Ubuntu; Linux x86_64; x64) AppleWebKit/537.36 (KHTML, like Gecko) Opera/72.0.0.0 Safari/537.36"
201.40.254.44 - - [21/Apr/2026:16:54:59 +0000] "POST /xmlrpc.php HTTP/1.1" 200 443 "-" "Mozilla/5.0 (Windows NT 6.2; x64) AppleWebKit/537.36 (KHTML, like Gecko) Edge/97.0.0.0 Safari/537.36"
201.40.254.44 - - [21/Apr/2026:16:56:00 +0000] "POST /xmlrpc.php HTTP/1.1" 200 443 "-" "Mozilla/5.0 (X11; Ubuntu; Linux x86_64; x86) AppleWebKit/537.36 (KHTML, like Gecko) Edge/87.0.0.0 Safari/537.36"
66.249.73.96 - - [21/Apr/2026:16:56:09 +0000] "GET /?z=fukbt98c9r0yvmh HTTP/1.1" 200 23000 "-" "Mozilla/5.0 (Linux; Android 6.0.1; Nexus 5X Build/MMB29P) AppleWebKit/537.36 (KHTML, like Gecko) Chrome/146.0.7680.177 Mobile Safari/537.36 (compatible; Googlebot/2.1; +http://www.google.com/bot.html)"
35.224.62.15 - - [21/Apr/2026:16:49:31 +0000] "POST //xmlrpc.php HTTP/1.1" 200 441 "-" "Mozilla/5.0 (Windows NT 10.0; Win64; x64) AppleWebKit/537.36 (KHTML, like Gecko) Chrome/78.0.3904.108 Safari/537.36"
35.224.62.15 - - [21/Apr/2026:16:49:46 +0000] "POST //xmlrpc.php HTTP/1.1" 200 441 "-" "Mozilla/5.0 (Windows NT 10.0; Win64; x64) AppleWebKit/537.36 (KHTML, like Gecko) Chrome/78.0.3904.108 Safari/537.36"
66.249.73.97 - - [21/Apr/2026:16:50:06 +0000] "GET /content.php?e=52136787029771 HTTP/1.1" 404 22843 "-" "Mozilla/5.0 (Linux; Android 6.0.1; Nexus 5X Build/MMB29P) AppleWebKit/537.36 (KHTML, like Gecko) Chrome/146.0.7680.177 Mobile Safari/537.36 (compatible; Googlebot/2.1; +http://www.google.com/bot.html)"
35.224.62.15 - - [21/Apr/2026:16:50:01 +0000] "POST //xmlrpc.php HTTP/1.1" 200 441 "-" "Mozilla/5.0 (Windows NT 10.0; Win64; x64) AppleWebKit/537.36 (KHTML, like Gecko) Chrome/78.0.3904.108 Safari/537.36"
35.224.62.15 - - [21/Apr/2026:16:50:16 +0000] "POST //xmlrpc.php HTTP/1.1" 200 441 "-" "Mozilla/5.0 (Windows NT 10.0; Win64; x64) AppleWebKit/537.36 (KHTML, like Gecko) Chrome/78.0.3904.108 Safari/537.36"
35.224.62.15 - - [21/Apr/2026:16:50:31 +0000] "POST //xmlrpc.php HTTP/1.1" 200 441 "-" "Mozilla/5.0 (Windows NT 10.0; Win64; x64) AppleWebKit/537.36 (KHTML, like Gecko) Chrome/78.0.3904.108 Safari/537.36"
35.224.62.15 - - [21/Apr/2026:16:50:46 +0000] "POST //xmlrpc.php HTTP/1.1" 200 441 "-" "Mozilla/5.0 (Windows NT 10.0; Win64; x64) AppleWebKit/537.36 (KHTML, like Gecko) Chrome/78.0.3904.108 Safari/537.36"
35.224.62.15 - - [21/Apr/2026:16:51:01 +0000] "POST //xmlrpc.php HTTP/1.1" 200 441 "-" "Mozilla/5.0 (Windows NT 10.0; Win64; x64) AppleWebKit/537.36 (KHTML, like Gecko) Chrome/78.0.3904.108 Safari/537.36"
35.224.62.15 - - [21/Apr/2026:16:51:16 +0000] "POST //xmlrpc.php HTTP/1.1" 200 441 "-" "Mozilla/5.0 (Windows NT 10.0; Win64; x64) AppleWebKit/537.36 (KHTML, like Gecko) Chrome/78.0.3904.108 Safari/537.36"
201.40.254.44 - - [21/Apr/2026:16:51:37 +0000] "POST /xmlrpc.php HTTP/1.1" 200 443 "-" "Mozilla/5.0 (Linux; Android 10; x86) AppleWebKit/537.36 (KHTML, like Gecko) Edge/80.0.0.0 Safari/537.36"
35.224.62.15 - - [21/Apr/2026:16:51:31 +0000] "POST //xmlrpc.php HTTP/1.1" 200 441 "-" "Mozilla/5.0 (Windows NT 10.0; Win64; x64) AppleWebKit/537.36 (KHTML, like Gecko) Chrome/78.0.3904.108 Safari/537.36"
35.224.62.15 - - [21/Apr/2026:16:51:46 +0000] "POST //xmlrpc.php HTTP/1.1" 200 441 "-" "Mozilla/5.0 (Windows NT 10.0; Win64; x64) AppleWebKit/537.36 (KHTML, like Gecko) Chrome/78.0.3904.108 Safari/537.36"
201.40.254.44 - - [21/Apr/2026:16:52:21 +0000] "POST /xmlrpc.php HTTP/1.1" 200 443 "-" "Mozilla/5.0 (X11; Ubuntu; Linux x86_64; x64) AppleWebKit/537.36 (KHTML, like Gecko) Chrome/92.0.0.0 Safari/537.36"
201.40.254.44 - - [21/Apr/2026:16:53:29 +0000] "POST /xmlrpc.php HTTP/1.1" 200 443 "-" "Mozilla/5.0 (Windows NT 6.3; arm64) AppleWebKit/537.36 (KHTML, like Gecko) Edge/91.0.0.0 Safari/537.36"
66.249.73.96 - - [21/Apr/2026:16:54:25 +0000] "GET /content.php?e=39769749356581 HTTP/1.1" 404 22842 "-" "Mozilla/5.0 (Linux; Android 6.0.1; Nexus 5X Build/MMB29P) AppleWebKit/537.36 (KHTML, like Gecko) Chrome/146.0.7680.177 Mobile Safari/537.36 (compatible; Googlebot/2.1; +http://www.google.com/bot.html)"
201.40.254.44 - - [21/Apr/2026:16:55:21 +0000] "POST /xmlrpc.php HTTP/1.1" 200 443 "-" "Mozilla/5.0 (Macintosh; Intel Mac OS X 10_15_7; arm64) AppleWebKit/537.36 (KHTML, like Gecko) Edge/99.0.0.0 Safari/537.36"
201.40.254.44 - - [21/Apr/2026:16:55:41 +0000] "POST /xmlrpc.php HTTP/1.1" 200 443 "-" "Mozilla/5.0 (Windows NT 6.3; x86) AppleWebKit/537.36 (KHTML, like Gecko) Chrome/98.0.0.0 Safari/537.36"
201.40.254.44 - - [21/Apr/2026:16:56:40 +0000] "POST /xmlrpc.php HTTP/1.1" 200 443 "-" "Mozilla/5.0 (X11; Ubuntu; Linux x86_64; arm64) AppleWebKit/537.36 (KHTML, like Gecko) Edge/91.0.0.0 Safari/537.36"
201.40.254.44 - - [21/Apr/2026:16:58:02 +0000] "POST /xmlrpc.php HTTP/1.1" 200 443 "-" "Mozilla/5.0 (Macintosh; Intel Mac OS X 10_15_7; x64) AppleWebKit/537.36 (KHTML, like Gecko) Safari/12.0.0.0 Safari/537.36"
66.249.73.97 - - [21/Apr/2026:16:33:21 +0000] "GET /?z=fkjagk7cwobxb9s HTTP/1.1" 200 22998 "-" "Mozilla/5.0 (Linux; Android 6.0.1; Nexus 5X Build/MMB29P) AppleWebKit/537.36 (KHTML, like Gecko) Chrome/146.0.7680.177 Mobile Safari/537.36 (compatible; Googlebot/2.1; +http://www.google.com/bot.html)"
66.249.73.97 - - [21/Apr/2026:16:33:45 +0000] "GET /wp-includes/css/dist/block-library/style-rtl.min.css?ver=6.9.4 HTTP/1.1" 200 14838 "https://www.smilepack.net/?z=fkjagk7cwobxb9s" "Mozilla/5.0 (Linux; Android 6.0.1; Nexus 5X Build/MMB29P) AppleWebKit/537.36 (KHTML, like Gecko) Chrome/146.0.7680.177 Mobile Safari/537.36 (compatible; Googlebot/2.1; +http://www.google.com/bot.html)"
207.46.13.155 - - [21/Apr/2026:16:35:36 +0000] "GET /?p=89231945522070 HTTP/2" 404 22777 "-" "Mozilla/5.0 AppleWebKit/537.36 (KHTML, like Gecko; compatible; bingbot/2.0; +http://www.bing.com/bingbot.htm) Chrome/116.0.1938.76 Safari/537.36"
201.40.254.44 - - [21/Apr/2026:16:37:47 +0000] "POST /xmlrpc.php HTTP/1.1" 200 443 "-" "Mozilla/5.0 (X11; Ubuntu; Linux x86_64; arm64) AppleWebKit/537.36 (KHTML, like Gecko) Opera/71.0.0.0 Safari/537.36"
66.249.73.96 - - [21/Apr/2026:16:39:19 +0000] "GET /?z=esxwial1yuljx72 HTTP/1.1" 200 23000 "-" "Mozilla/5.0 (Linux; Android 6.0.1; Nexus 5X Build/MMB29P) AppleWebKit/537.36 (KHTML, like Gecko) Chrome/146.0.7680.177 Mobile Safari/537.36 (compatible; Googlebot/2.1; +http://www.google.com/bot.html)"
66.249.73.96 - - [21/Apr/2026:16:39:20 +0000] "GET /?z=fmo291cbpgs2b29 HTTP/1.1" 200 22997 "-" "Mozilla/5.0 (Linux; Android 6.0.1; Nexus 5X Build/MMB29P) AppleWebKit/537.36 (KHTML, like Gecko) Chrome/146.0.7680.177 Mobile Safari/537.36 (compatible; Googlebot/2.1; +http://www.google.com/bot.html)"
66.249.73.98 - - [21/Apr/2026:16:46:46 +0000] "GET /content.php?e=2968556779069 HTTP/1.1" 404 22841 "-" "Mozilla/5.0 (Linux; Android 6.0.1; Nexus 5X Build/MMB29P) AppleWebKit/537.36 (KHTML, like Gecko) Chrome/146.0.7680.177 Mobile Safari/537.36 (compatible; Googlebot/2.1; +http://www.google.com/bot.html)"
138.197.165.12 - - [21/Apr/2026:16:47:29 +0000] "POST /wp-login.php HTTP/1.1" 200 11157 "-" "Mozilla/5.0"
209.38.18.212 - - [21/Apr/2026:16:48:24 +0000] "POST /wp-login.php HTTP/1.1" 200 11157 "-" "Mozilla/5.0"
201.40.254.44 - - [21/Apr/2026:16:48:31 +0000] "POST /xmlrpc.php HTTP/1.1" 200 443 "-" "Mozilla/5.0 (Windows NT 10.0; x64) AppleWebKit/537.36 (KHTML, like Gecko) Opera/65.0.0.0 Safari/537.36"
66.249.73.96 - - [21/Apr/2026:16:48:38 +0000] "GET /?p=32958301854672 HTTP/1.1" 404 22835 "-" "Mozilla/5.0 (Linux; Android 6.0.1; Nexus 5X Build/MMB29P) AppleWebKit/537.36 (KHTML, like Gecko) Chrome/146.0.7680.177 Mobile Safari/537.36 (compatible; Googlebot/2.1; +http://www.google.com/bot.html)"
201.40.254.44 - - [21/Apr/2026:16:50:48 +0000] "POST /xmlrpc.php HTTP/1.1" 200 443 "-" "Mozilla/5.0 (Windows NT 6.3; x64) AppleWebKit/537.36 (KHTML, like Gecko) Edge/91.0.0.0 Safari/537.36"
201.40.254.44 - - [21/Apr/2026:16:52:02 +0000] "POST /xmlrpc.php HTTP/1.1" 200 443 "-" "Mozilla/5.0 (Macintosh; Intel Mac OS X 10_15_7; x64) AppleWebKit/537.36 (KHTML, like Gecko) Opera/68.0.0.0 Safari/537.36"
201.40.254.44 - - [21/Apr/2026:16:52:47 +0000] "POST /xmlrpc.php HTTP/1.1" 200 443 "-" "Mozilla/5.0 (Linux; Android 10; x86) AppleWebKit/537.36 (KHTML, like Gecko) Edge/82.0.0.0 Safari/537.36"
66.249.73.96 - - [21/Apr/2026:16:54:08 +0000] "GET /content.php?e=95986896618132 HTTP/1.1" 404 22842 "-" "Mozilla/5.0 (Linux; Android 6.0.1; Nexus 5X Build/MMB29P) AppleWebKit/537.36 (KHTML, like Gecko) Chrome/146.0.7680.177 Mobile Safari/537.36 (compatible; Googlebot/2.1; +http://www.google.com/bot.html)"
209.38.18.212 - - [21/Apr/2026:16:57:13 +0000] "POST /wp-login.php HTTP/1.1" 200 11157 "-" "Mozilla/5.0"
201.40.254.44 - - [21/Apr/2026:16:57:22 +0000] "POST /xmlrpc.php HTTP/1.1" 200 443 "-" "Mozilla/5.0 (Windows NT 6.2; x64) AppleWebKit/537.36 (KHTML, like Gecko) Chrome/92.0.0.0 Safari/537.36"
201.40.254.44 - - [21/Apr/2026:16:45:14 +0000] "POST /xmlrpc.php HTTP/1.1" 200 443 "-" "Mozilla/5.0 (X11; Ubuntu; Linux x86_64; arm64) AppleWebKit/537.36 (KHTML, like Gecko) Chrome/83.0.0.0 Safari/537.36"
201.40.254.44 - - [21/Apr/2026:16:45:55 +0000] "POST /xmlrpc.php HTTP/1.1" 200 443 "-" "Mozilla/5.0 (X11; Ubuntu; Linux x86_64; x64) AppleWebKit/537.36 (KHTML, like Gecko) Chrome/96.0.0.0 Safari/537.36"
201.40.254.44 - - [21/Apr/2026:16:53:06 +0000] "POST /xmlrpc.php HTTP/1.1" 200 443 "-" "Mozilla/5.0 (Windows NT 6.2; x86) AppleWebKit/537.36 (KHTML, like Gecko) Chrome/99.0.0.0 Safari/537.36"
201.40.254.44 - - [21/Apr/2026:16:53:54 +0000] "POST /xmlrpc.php HTTP/1.1" 200 443 "-" "Mozilla/5.0 (Windows NT 6.2; x64) AppleWebKit/537.36 (KHTML, like Gecko) Opera/76.0.0.0 Safari/537.36"
201.40.254.44 - - [21/Apr/2026:16:54:18 +0000] "POST /xmlrpc.php HTTP/1.1" 200 443 "-" "Mozilla/5.0 (Linux; Android 10; x64) AppleWebKit/537.36 (KHTML, like Gecko) Safari/14.0.0.0 Safari/537.36"
201.40.254.44 - - [21/Apr/2026:16:57:02 +0000] "POST /xmlrpc.php HTTP/1.1" 200 443 "-" "Mozilla/5.0 (Macintosh; Intel Mac OS X 10_15_7; x86) AppleWebKit/537.36 (KHTML, like Gecko) Safari/12.0.0.0 Safari/537.36"
138.197.165.12 - - [21/Apr/2026:16:58:31 +0000] "POST /wp-login.php HTTP/1.1" 200 11157 "-" "Mozilla/5.0"
201.40.254.44 - - [21/Apr/2026:16:59:18 +0000] "POST /xmlrpc.php HTTP/1.1" 403 1242 "-" "Mozilla/5.0 (X11; Ubuntu; Linux x86_64; x86) AppleWebKit/537.36 (KHTML, like Gecko) Chrome/90.0.0.0 Safari/537.36"
201.40.254.44 - - [21/Apr/2026:17:00:08 +0000] "POST /xmlrpc.php HTTP/1.1" 403 1242 "-" "Mozilla/5.0 (Windows NT 6.2; x64) AppleWebKit/537.36 (KHTML, like Gecko) Firefox/81.0.0.0 Safari/537.36"
201.40.254.44 - - [21/Apr/2026:17:01:05 +0000] "POST /xmlrpc.php HTTP/1.1" 403 1242 "-" "Mozilla/5.0 (Macintosh; Intel Mac OS X 10_15_7; arm64) AppleWebKit/537.36 (KHTML, like Gecko) Opera/71.0.0.0 Safari/537.36"
201.40.254.44 - - [21/Apr/2026:17:01:27 +0000] "POST /xmlrpc.php HTTP/1.1" 403 1242 "-" "Mozilla/5.0 (Windows NT 10.0; x64) AppleWebKit/537.36 (KHTML, like Gecko) Chrome/93.0.0.0 Safari/537.36"
201.40.254.44 - - [21/Apr/2026:17:03:05 +0000] "POST /xmlrpc.php HTTP/1.1" 403 1242 "-" "Mozilla/5.0 (Linux; Android 10; x64) AppleWebKit/537.36 (KHTML, like Gecko) Safari/11.0.0.0 Safari/537.36"
66.249.73.96 - - [21/Apr/2026:17:03:14 +0000] "GET /?p=29474539657941 HTTP/1.1" 404 22831 "-" "Mozilla/5.0 (Linux; Android 6.0.1; Nexus 5X Build/MMB29P) AppleWebKit/537.36 (KHTML, like Gecko) Chrome/146.0.7680.177 Mobile Safari/537.36 (compatible; Googlebot/2.1; +http://www.google.com/bot.html)"
201.40.254.44 - - [21/Apr/2026:17:04:02 +0000] "POST /xmlrpc.php HTTP/1.1" 200 443 "-" "Mozilla/5.0 (Linux; Android 10; x64) AppleWebKit/537.36 (KHTML, like Gecko) Opera/71.0.0.0 Safari/537.36"
201.40.254.44 - - [21/Apr/2026:17:04:58 +0000] "POST /xmlrpc.php HTTP/1.1" 200 443 "-" "Mozilla/5.0 (Windows NT 6.3; arm64) AppleWebKit/537.36 (KHTML, like Gecko) Edge/99.0.0.0 Safari/537.36"
201.40.254.44 - - [21/Apr/2026:17:05:25 +0000] "POST /xmlrpc.php HTTP/1.1" 200 443 "-" "Mozilla/5.0 (Linux; Android 10; x86) AppleWebKit/537.36 (KHTML, like Gecko) Safari/14.0.0.0 Safari/537.36"
209.38.18.212 - - [21/Apr/2026:17:05:54 +0000] "POST /wp-login.php HTTP/1.1" 200 11157 "-" "Mozilla/5.0"
201.40.254.44 - - [21/Apr/2026:17:10:47 +0000] "POST /xmlrpc.php HTTP/1.1" 200 443 "-" "Mozilla/5.0 (Windows NT 6.2; x86) AppleWebKit/537.36 (KHTML, like Gecko) Safari/14.0.0.0 Safari/537.36"
201.40.254.44 - - [21/Apr/2026:17:10:58 +0000] "POST /xmlrpc.php HTTP/1.1" 200 443 "-" "Mozilla/5.0 (X11; Ubuntu; Linux x86_64; x64) AppleWebKit/537.36 (KHTML, like Gecko) Safari/15.0.0.0 Safari/537.36"
201.40.254.44 - - [21/Apr/2026:17:11:08 +0000] "POST /xmlrpc.php HTTP/1.1" 200 443 "-" "Mozilla/5.0 (Windows NT 6.2; x86) AppleWebKit/537.36 (KHTML, like Gecko) Edge/83.0.0.0 Safari/537.36"
201.40.254.44 - - [21/Apr/2026:17:11:18 +0000] "POST /xmlrpc.php HTTP/1.1" 200 443 "-" "Mozilla/5.0 (Macintosh; Intel Mac OS X 10_15_7; x86) AppleWebKit/537.36 (KHTML, like Gecko) Opera/66.0.0.0 Safari/537.36"
201.40.254.44 - - [21/Apr/2026:16:56:20 +0000] "POST /xmlrpc.php HTTP/1.1" 200 443 "-" "Mozilla/5.0 (Windows NT 6.3; x86) AppleWebKit/537.36 (KHTML, like Gecko) Opera/72.0.0.0 Safari/537.36"
201.40.254.44 - - [21/Apr/2026:16:57:44 +0000] "POST /xmlrpc.php HTTP/1.1" 200 443 "-" "Mozilla/5.0 (Linux; Android 10; x86) AppleWebKit/537.36 (KHTML, like Gecko) Safari/12.0.0.0 Safari/537.36"
201.40.254.44 - - [21/Apr/2026:16:58:20 +0000] "POST /xmlrpc.php HTTP/1.1" 200 443 "-" "Mozilla/5.0 (Linux; Android 10; x86) AppleWebKit/537.36 (KHTML, like Gecko) Opera/62.0.0.0 Safari/537.36"
201.40.254.44 - - [21/Apr/2026:16:58:59 +0000] "POST /xmlrpc.php HTTP/1.1" 200 443 "-" "Mozilla/5.0 (Windows NT 10.0; x86) AppleWebKit/537.36 (KHTML, like Gecko) Firefox/92.0.0.0 Safari/537.36"
201.40.254.44 - - [21/Apr/2026:16:59:41 +0000] "POST /xmlrpc.php HTTP/1.1" 200 443 "-" "Mozilla/5.0 (Macintosh; Intel Mac OS X 10_15_7; x64) AppleWebKit/537.36 (KHTML, like Gecko) Opera/62.0.0.0 Safari/537.36"
201.40.254.44 - - [21/Apr/2026:17:01:53 +0000] "POST /xmlrpc.php HTTP/1.1" 200 443 "-" "Mozilla/5.0 (Windows NT 6.2; arm64) AppleWebKit/537.36 (KHTML, like Gecko) Firefox/81.0.0.0 Safari/537.36"
201.40.254.44 - - [21/Apr/2026:17:02:15 +0000] "POST /xmlrpc.php HTTP/1.1" 200 443 "-" "Mozilla/5.0 (Windows NT 6.3; x86) AppleWebKit/537.36 (KHTML, like Gecko) Edge/88.0.0.0 Safari/537.36"
201.40.254.44 - - [21/Apr/2026:17:02:43 +0000] "POST /xmlrpc.php HTTP/1.1" 200 443 "-" "Mozilla/5.0 (Windows NT 6.2; x86) AppleWebKit/537.36 (KHTML, like Gecko) Safari/12.0.0.0 Safari/537.36"
201.40.254.44 - - [21/Apr/2026:17:03:34 +0000] "POST /xmlrpc.php HTTP/1.1" 200 443 "-" "Mozilla/5.0 (X11; Ubuntu; Linux x86_64; x64) AppleWebKit/537.36 (KHTML, like Gecko) Safari/10.0.0.0 Safari/537.36"
201.40.254.44 - - [21/Apr/2026:17:04:29 +0000] "POST /xmlrpc.php HTTP/1.1" 200 443 "-" "Mozilla/5.0 (Windows NT 10.0; x64) AppleWebKit/537.36 (KHTML, like Gecko) Safari/15.0.0.0 Safari/537.36"
66.249.73.97 - - [21/Apr/2026:17:06:20 +0000] "GET /?z=efzt8on4o8n94l4_gkind14523986 HTTP/1.1" 200 22999 "-" "Mozilla/5.0 (Linux; Android 6.0.1; Nexus 5X Build/MMB29P) AppleWebKit/537.36 (KHTML, like Gecko) Chrome/146.0.7680.177 Mobile Safari/537.36 (compatible; Googlebot/2.1; +http://www.google.com/bot.html)"
201.40.254.44 - - [21/Apr/2026:17:06:21 +0000] "POST /xmlrpc.php HTTP/1.1" 200 443 "-" "Mozilla/5.0 (Linux; Android 10; arm64) AppleWebKit/537.36 (KHTML, like Gecko) Edge/92.0.0.0 Safari/537.36"
201.40.254.44 - - [21/Apr/2026:17:07:05 +0000] "POST /xmlrpc.php HTTP/1.1" 200 443 "-" "Mozilla/5.0 (Linux; Android 10; x86) AppleWebKit/537.36 (KHTML, like Gecko) Safari/13.0.0.0 Safari/537.36"
201.40.254.44 - - [21/Apr/2026:17:07:25 +0000] "POST /xmlrpc.php HTTP/1.1" 200 443 "-" "Mozilla/5.0 (X11; Ubuntu; Linux x86_64; x86) AppleWebKit/537.36 (KHTML, like Gecko) Edge/83.0.0.0 Safari/537.36"
201.40.254.44 - - [21/Apr/2026:17:07:56 +0000] "POST /xmlrpc.php HTTP/1.1" 200 443 "-" "Mozilla/5.0 (Windows NT 10.0; x64) AppleWebKit/537.36 (KHTML, like Gecko) Opera/60.0.0.0 Safari/537.36"
201.40.254.44 - - [21/Apr/2026:17:08:07 +0000] "POST /xmlrpc.php HTTP/1.1" 200 443 "-" "Mozilla/5.0 (Linux; Android 10; x64) AppleWebKit/537.36 (KHTML, like Gecko) Firefox/90.0.0.0 Safari/537.36"
66.249.73.98 - - [21/Apr/2026:17:11:32 +0000] "GET /?z=etgodh4gt14e5el_gkind14523998 HTTP/1.1" 200 22998 "-" "Mozilla/5.0 (Linux; Android 6.0.1; Nexus 5X Build/MMB29P) AppleWebKit/537.36 (KHTML, like Gecko) Chrome/146.0.7680.177 Mobile Safari/537.36 (compatible; Googlebot/2.1; +http://www.google.com/bot.html)"
66.249.73.96 - - [21/Apr/2026:17:13:33 +0000] "GET /p=4768994522531 HTTP/1.1" 404 22850 "-" "Mozilla/5.0 (Linux; Android 6.0.1; Nexus 5X Build/MMB29P) AppleWebKit/537.36 (KHTML, like Gecko) Chrome/146.0.7680.177 Mobile Safari/537.36 (compatible; Googlebot/2.1; +http://www.google.com/bot.html)"
201.40.254.44 - - [21/Apr/2026:17:14:15 +0000] "POST /xmlrpc.php HTTP/1.1" 200 443 "-" "Mozilla/5.0 (Windows NT 6.2; x86) AppleWebKit/537.36 (KHTML, like Gecko) Firefox/70.0.0.0 Safari/537.36"
201.40.254.44 - - [21/Apr/2026:17:11:26 +0000] "POST /xmlrpc.php HTTP/1.1" 200 443 "-" "Mozilla/5.0 (X11; Ubuntu; Linux x86_64; x64) AppleWebKit/537.36 (KHTML, like Gecko) Chrome/111.0.0.0 Safari/537.36"
201.40.254.44 - - [21/Apr/2026:17:11:37 +0000] "POST /xmlrpc.php HTTP/1.1" 200 443 "-" "Mozilla/5.0 (Macintosh; Intel Mac OS X 10_15_7; arm64) AppleWebKit/537.36 (KHTML, like Gecko) Chrome/99.0.0.0 Safari/537.36"
201.40.254.44 - - [21/Apr/2026:17:11:47 +0000] "POST /xmlrpc.php HTTP/1.1" 200 443 "-" "Mozilla/5.0 (Windows NT 6.2; x86) AppleWebKit/537.36 (KHTML, like Gecko) Safari/10.0.0.0 Safari/537.36"
201.40.254.44 - - [21/Apr/2026:17:11:56 +0000] "POST /xmlrpc.php HTTP/1.1" 200 443 "-" "Mozilla/5.0 (Windows NT 10.0; arm64) AppleWebKit/537.36 (KHTML, like Gecko) Firefox/77.0.0.0 Safari/537.36"
201.40.254.44 - - [21/Apr/2026:17:12:05 +0000] "POST /xmlrpc.php HTTP/1.1" 200 443 "-" "Mozilla/5.0 (Windows NT 6.2; arm64) AppleWebKit/537.36 (KHTML, like Gecko) Chrome/91.0.0.0 Safari/537.36"
201.40.254.44 - - [21/Apr/2026:17:12:15 +0000] "POST /xmlrpc.php HTTP/1.1" 200 443 "-" "Mozilla/5.0 (Windows NT 10.0; x86) AppleWebKit/537.36 (KHTML, like Gecko) Safari/11.0.0.0 Safari/537.36"
201.40.254.44 - - [21/Apr/2026:17:12:24 +0000] "POST /xmlrpc.php HTTP/1.1" 200 443 "-" "Mozilla/5.0 (Windows NT 10.0; arm64) AppleWebKit/537.36 (KHTML, like Gecko) Safari/14.0.0.0 Safari/537.36"
213.180.203.235 - - [21/Apr/2026:17:12:28 +0000] "GET /?z=ezroc4fvsofd71w HTTP/1.1" 200 22942 "-" "Mozilla/5.0 (compatible; YandexBot/3.0; +http://yandex.com/bots)"
201.40.254.44 - - [21/Apr/2026:17:12:47 +0000] "POST /xmlrpc.php HTTP/1.1" 200 443 "-" "Mozilla/5.0 (Windows NT 6.3; x64) AppleWebKit/537.36 (KHTML, like Gecko) Edge/87.0.0.0 Safari/537.36"
201.40.254.44 - - [21/Apr/2026:17:13:50 +0000] "POST /xmlrpc.php HTTP/1.1" 200 443 "-" "Mozilla/5.0 (Macintosh; Intel Mac OS X 10_15_7; arm64) AppleWebKit/537.36 (KHTML, like Gecko) Edge/91.0.0.0 Safari/537.36"
201.40.254.44 - - [21/Apr/2026:17:14:02 +0000] "POST /xmlrpc.php HTTP/1.1" 200 443 "-" "Mozilla/5.0 (Windows NT 6.3; x86) AppleWebKit/537.36 (KHTML, like Gecko) Chrome/87.0.0.0 Safari/537.36"
147.182.243.3 - - [21/Apr/2026:17:14:24 +0000] "POST /xmlrpc.php HTTP/1.1" 200 259 "-" "Mozilla/5.0 (Windows NT 10.0; Win64; x64; rv:141.0) Gecko/20100101 Firefox/141.0"
209.38.18.212 - - [21/Apr/2026:17:14:41 +0000] "POST /wp-login.php HTTP/1.1" 200 11157 "-" "Mozilla/5.0"
201.40.254.44 - - [21/Apr/2026:17:14:43 +0000] "POST /xmlrpc.php HTTP/1.1" 200 443 "-" "Mozilla/5.0 (Macintosh; Intel Mac OS X 10_15_7; x86) AppleWebKit/537.36 (KHTML, like Gecko) Chrome/85.0.0.0 Safari/537.36"
201.40.254.44 - - [21/Apr/2026:17:16:04 +0000] "POST /xmlrpc.php HTTP/1.1" 200 443 "-" "Mozilla/5.0 (X11; Ubuntu; Linux x86_64; x86) AppleWebKit/537.36 (KHTML, like Gecko) Opera/61.0.0.0 Safari/537.36"
201.40.254.44 - - [21/Apr/2026:17:16:33 +0000] "POST /xmlrpc.php HTTP/1.1" 200 443 "-" "Mozilla/5.0 (X11; Ubuntu; Linux x86_64; arm64) AppleWebKit/537.36 (KHTML, like Gecko) Safari/15.0.0.0 Safari/537.36"
201.40.254.44 - - [21/Apr/2026:17:17:03 +0000] "POST /xmlrpc.php HTTP/1.1" 200 443 "-" "Mozilla/5.0 (Macintosh; Intel Mac OS X 10_15_7; arm64) AppleWebKit/537.36 (KHTML, like Gecko) Opera/71.0.0.0 Safari/537.36"
201.40.254.44 - - [21/Apr/2026:17:17:32 +0000] "POST /xmlrpc.php HTTP/1.1" 200 443 "-" "Mozilla/5.0 (Macintosh; Intel Mac OS X 10_15_7; x86) AppleWebKit/537.36 (KHTML, like Gecko) Safari/12.0.0.0 Safari/537.36"
40.77.167.18 - - [21/Apr/2026:17:17:43 +0000] "GET /?p=7765433043454 HTTP/2" 404 22778 "-" "Mozilla/5.0 AppleWebKit/537.36 (KHTML, like Gecko; compatible; bingbot/2.0; +http://www.bing.com/bingbot.htm) Chrome/116.0.1938.76 Safari/537.36"
201.40.254.44 - - [21/Apr/2026:17:17:46 +0000] "POST /xmlrpc.php HTTP/1.1" 200 443 "-" "Mozilla/5.0 (Windows NT 6.3; arm64) AppleWebKit/537.36 (KHTML, like Gecko) Edge/91.0.0.0 Safari/537.36"
201.40.254.44 - - [21/Apr/2026:17:18:00 +0000] "POST /xmlrpc.php HTTP/1.1" 200 443 "-" "Mozilla/5.0 (Windows NT 6.3; x86) AppleWebKit/537.36 (KHTML, like Gecko) Chrome/86.0.0.0 Safari/537.36"
66.249.73.96 - - [21/Apr/2026:17:00:13 +0000] "GET /content.php?e=9141954381284 HTTP/1.1" 404 22843 "-" "Mozilla/5.0 (Linux; Android 6.0.1; Nexus 5X Build/MMB29P) AppleWebKit/537.36 (KHTML, like Gecko) Chrome/146.0.7680.177 Mobile Safari/537.36 (compatible; Googlebot/2.1; +http://www.google.com/bot.html)"
201.40.254.44 - - [21/Apr/2026:17:00:46 +0000] "POST /xmlrpc.php HTTP/1.1" 200 443 "-" "Mozilla/5.0 (Windows NT 6.2; x86) AppleWebKit/537.36 (KHTML, like Gecko) Firefox/73.0.0.0 Safari/537.36"
138.197.165.12 - - [21/Apr/2026:17:10:03 +0000] "POST /wp-login.php HTTP/1.1" 200 11157 "-" "Mozilla/5.0"
201.40.254.44 - - [21/Apr/2026:17:10:15 +0000] "POST /xmlrpc.php HTTP/1.1" 200 443 "-" "Mozilla/5.0 (X11; Ubuntu; Linux x86_64; x64) AppleWebKit/537.36 (KHTML, like Gecko) Firefox/78.0.0.0 Safari/537.36"
201.40.254.44 - - [21/Apr/2026:17:10:26 +0000] "POST /xmlrpc.php HTTP/1.1" 200 443 "-" "Mozilla/5.0 (Windows NT 6.2; x86) AppleWebKit/537.36 (KHTML, like Gecko) Chrome/111.0.0.0 Safari/537.36"
201.40.254.44 - - [21/Apr/2026:17:13:11 +0000] "POST /xmlrpc.php HTTP/1.1" 200 443 "-" "Mozilla/5.0 (X11; Ubuntu; Linux x86_64; x86) AppleWebKit/537.36 (KHTML, like Gecko) Firefox/82.0.0.0 Safari/537.36"
201.40.254.44 - - [21/Apr/2026:17:13:36 +0000] "POST /xmlrpc.php HTTP/1.1" 200 443 "-" "Mozilla/5.0 (X11; Ubuntu; Linux x86_64; x64) AppleWebKit/537.36 (KHTML, like Gecko) Safari/14.0.0.0 Safari/537.36"
201.40.254.44 - - [21/Apr/2026:17:14:29 +0000] "POST /xmlrpc.php HTTP/1.1" 200 443 "-" "Mozilla/5.0 (Windows NT 6.2; x86) AppleWebKit/537.36 (KHTML, like Gecko) Firefox/88.0.0.0 Safari/537.36"
201.40.254.44 - - [21/Apr/2026:17:14:58 +0000] "POST /xmlrpc.php HTTP/1.1" 200 443 "-" "Mozilla/5.0 (Macintosh; Intel Mac OS X 10_15_7; x86) AppleWebKit/537.36 (KHTML, like Gecko) Edge/92.0.0.0 Safari/537.36"
201.40.254.44 - - [21/Apr/2026:17:15:11 +0000] "POST /xmlrpc.php HTTP/1.1" 200 443 "-" "Mozilla/5.0 (Linux; Android 10; arm64) AppleWebKit/537.36 (KHTML, like Gecko) Safari/10.0.0.0 Safari/537.36"
201.40.254.44 - - [21/Apr/2026:17:15:23 +0000] "POST /xmlrpc.php HTTP/1.1" 200 443 "-" "Mozilla/5.0 (Windows NT 6.2; x86) AppleWebKit/537.36 (KHTML, like Gecko) Safari/14.0.0.0 Safari/537.36"
201.40.254.44 - - [21/Apr/2026:17:16:17 +0000] "POST /xmlrpc.php HTTP/1.1" 200 443 "-" "Mozilla/5.0 (Windows NT 6.3; x86) AppleWebKit/537.36 (KHTML, like Gecko) Firefox/75.0.0.0 Safari/537.36"
201.40.254.44 - - [21/Apr/2026:17:18:58 +0000] "POST /xmlrpc.php HTTP/1.1" 200 443 "-" "Mozilla/5.0 (Macintosh; Intel Mac OS X 10_15_7; arm64) AppleWebKit/537.36 (KHTML, like Gecko) Chrome/85.0.0.0 Safari/537.36"
201.40.254.44 - - [21/Apr/2026:17:19:04 +0000] "POST /xmlrpc.php HTTP/1.1" 200 443 "-" "Mozilla/5.0 (Windows NT 10.0; x64) AppleWebKit/537.36 (KHTML, like Gecko) Chrome/90.0.0.0 Safari/537.36"
201.40.254.44 - - [21/Apr/2026:17:19:06 +0000] "POST /xmlrpc.php HTTP/1.1" 200 443 "-" "Mozilla/5.0 (X11; Ubuntu; Linux x86_64; x86) AppleWebKit/537.36 (KHTML, like Gecko) Safari/15.0.0.0 Safari/537.36"
213.180.203.123 - - [21/Apr/2026:17:19:48 +0000] "GET /robots.txt HTTP/1.1" 200 118 "-" "Mozilla/5.0 (compatible; YandexBot/3.0; +http://yandex.com/bots)"
66.249.73.98 - - [21/Apr/2026:17:22:40 +0000] "GET /?p=1831446872218 HTTP/1.1" 404 22837 "-" "Mozilla/5.0 (Linux; Android 6.0.1; Nexus 5X Build/MMB29P) AppleWebKit/537.36 (KHTML, like Gecko) Chrome/146.0.7680.177 Mobile Safari/537.36 (compatible; Googlebot/2.1; +http://www.google.com/bot.html)"
209.38.18.212 - - [21/Apr/2026:17:23:35 +0000] "POST /wp-login.php HTTP/1.1" 200 11157 "-" "Mozilla/5.0"
144.76.32.189 - - [21/Apr/2026:17:24:08 +0000] "GET /?z=fjbnk0zb01rp1d8 HTTP/1.1" 200 22943 "-" "Mozilla/5.0 (compatible; SERankingBacklinksBot/1.0; +https://seranking.com/backlinks-crawler)"
144.76.32.189 - - [21/Apr/2026:17:24:12 +0000] "GET /?z=ers9ptg75dgqoqx HTTP/1.1" 200 22942 "-" "Mozilla/5.0 (compatible; SERankingBacklinksBot/1.0; +https://seranking.com/backlinks-crawler)"
201.40.254.44 - - [21/Apr/2026:16:58:40 +0000] "POST /xmlrpc.php HTTP/1.1" 403 1242 "-" "Mozilla/5.0 (X11; Ubuntu; Linux x86_64; arm64) AppleWebKit/537.36 (KHTML, like Gecko) Safari/13.0.0.0 Safari/537.36"
201.40.254.44 - - [21/Apr/2026:17:00:29 +0000] "POST /xmlrpc.php HTTP/1.1" 403 1242 "-" "Mozilla/5.0 (Macintosh; Intel Mac OS X 10_15_7; x86) AppleWebKit/537.36 (KHTML, like Gecko) Chrome/80.0.0.0 Safari/537.36"
201.40.254.44 - - [21/Apr/2026:17:05:54 +0000] "POST /xmlrpc.php HTTP/1.1" 200 443 "-" "Mozilla/5.0 (Windows NT 10.0; x86) AppleWebKit/537.36 (KHTML, like Gecko) Chrome/115.0.0.0 Safari/537.36"
201.40.254.44 - - [21/Apr/2026:17:06:45 +0000] "POST /xmlrpc.php HTTP/1.1" 200 443 "-" "Mozilla/5.0 (Windows NT 6.3; x64) AppleWebKit/537.36 (KHTML, like Gecko) Safari/12.0.0.0 Safari/537.36"
201.40.254.44 - - [21/Apr/2026:17:15:37 +0000] "POST /xmlrpc.php HTTP/1.1" 200 443 "-" "Mozilla/5.0 (Linux; Android 10; arm64) AppleWebKit/537.36 (KHTML, like Gecko) Opera/61.0.0.0 Safari/537.36"
201.40.254.44 - - [21/Apr/2026:17:15:51 +0000] "POST /xmlrpc.php HTTP/1.1" 200 443 "-" "Mozilla/5.0 (Windows NT 10.0; x64) AppleWebKit/537.36 (KHTML, like Gecko) Chrome/105.0.0.0 Safari/537.36"
201.40.254.44 - - [21/Apr/2026:17:17:17 +0000] "POST /xmlrpc.php HTTP/1.1" 200 443 "-" "Mozilla/5.0 (Windows NT 6.3; x64) AppleWebKit/537.36 (KHTML, like Gecko) Firefox/72.0.0.0 Safari/537.36"
66.249.73.97 - - [21/Apr/2026:17:17:39 +0000] "GET /?p=57413308541291 HTTP/1.1" 404 22834 "-" "Mozilla/5.0 (Linux; Android 6.0.1; Nexus 5X Build/MMB29P) AppleWebKit/537.36 (KHTML, like Gecko) Chrome/146.0.7680.177 Mobile Safari/537.36 (compatible; Googlebot/2.1; +http://www.google.com/bot.html)"
201.40.254.44 - - [21/Apr/2026:17:18:44 +0000] "POST /xmlrpc.php HTTP/1.1" 200 443 "-" "Mozilla/5.0 (Windows NT 10.0; arm64) AppleWebKit/537.36 (KHTML, like Gecko) Firefox/100.0.0.0 Safari/537.36"
66.249.73.96 - - [21/Apr/2026:17:20:39 +0000] "GET / HTTP/1.1" 200 23005 "-" "Mozilla/5.0 (Linux; Android 6.0.1; Nexus 5X Build/MMB29P) AppleWebKit/537.36 (KHTML, like Gecko) Chrome/146.0.7680.177 Mobile Safari/537.36 (compatible; Googlebot/2.1; +http://www.google.com/bot.html)"
144.76.32.189 - - [21/Apr/2026:17:24:00 +0000] "GET /?z=ers6ptgw5dgqpqx HTTP/1.1" 200 22945 "-" "Mozilla/5.0 (compatible; SERankingBacklinksBot/1.0; +https://seranking.com/backlinks-crawler)"
144.76.32.189 - - [21/Apr/2026:17:24:21 +0000] "GET /?z=ers9ptg95dgqeqx HTTP/1.1" 200 22944 "-" "Mozilla/5.0 (compatible; SERankingBacklinksBot/1.0; +https://seranking.com/backlinks-crawler)"
144.76.32.189 - - [21/Apr/2026:17:24:25 +0000] "GET /?z=fjbpk0zb0jrpvd8 HTTP/1.1" 200 22944 "-" "Mozilla/5.0 (compatible; SERankingBacklinksBot/1.0; +https://seranking.com/backlinks-crawler)"
144.76.32.189 - - [21/Apr/2026:17:24:29 +0000] "GET /?z=ers9ptgd5dgquqx HTTP/1.1" 200 22942 "-" "Mozilla/5.0 (compatible; SERankingBacklinksBot/1.0; +https://seranking.com/backlinks-crawler)"
144.76.32.189 - - [21/Apr/2026:17:24:32 +0000] "GET /?z=fjbqk0zb0brpvd8 HTTP/1.1" 200 22941 "-" "Mozilla/5.0 (compatible; SERankingBacklinksBot/1.0; +https://seranking.com/backlinks-crawler)"
144.76.32.189 - - [21/Apr/2026:17:24:36 +0000] "GET /?z=ersaptg95dgq2qx HTTP/1.1" 200 22944 "-" "Mozilla/5.0 (compatible; SERankingBacklinksBot/1.0; +https://seranking.com/backlinks-crawler)"
144.76.32.189 - - [21/Apr/2026:17:24:40 +0000] "GET /?z=fjbqk0zb0rrp7d8 HTTP/1.1" 200 22941 "-" "Mozilla/5.0 (compatible; SERankingBacklinksBot/1.0; +https://seranking.com/backlinks-crawler)"
144.76.32.189 - - [21/Apr/2026:17:24:44 +0000] "GET /?z=ersbptg75dgq0qx HTTP/1.1" 200 22944 "-" "Mozilla/5.0 (compatible; SERankingBacklinksBot/1.0; +https://seranking.com/backlinks-crawler)"
144.76.32.189 - - [21/Apr/2026:17:24:48 +0000] "GET /?z=fjbrk0zb0frpvd8 HTTP/1.1" 200 22944 "-" "Mozilla/5.0 (compatible; SERankingBacklinksBot/1.0; +https://seranking.com/backlinks-crawler)"
144.76.32.189 - - [21/Apr/2026:17:24:52 +0000] "GET /?z=ersbptgu5dgqbqx HTTP/1.1" 200 22943 "-" "Mozilla/5.0 (compatible; SERankingBacklinksBot/1.0; +https://seranking.com/backlinks-crawler)"
66.249.73.97 - - [21/Apr/2026:17:16:36 +0000] "GET /?z=fsvjswjb8gn9ul4 HTTP/1.1" 200 22999 "-" "Mozilla/5.0 (Linux; Android 6.0.1; Nexus 5X Build/MMB29P) AppleWebKit/537.36 (KHTML, like Gecko) Chrome/146.0.7680.177 Mobile Safari/537.36 (compatible; Googlebot/2.1; +http://www.google.com/bot.html)"
201.40.254.44 - - [21/Apr/2026:17:16:49 +0000] "POST /xmlrpc.php HTTP/1.1" 200 443 "-" "Mozilla/5.0 (X11; Ubuntu; Linux x86_64; x64) AppleWebKit/537.36 (KHTML, like Gecko) Edge/86.0.0.0 Safari/537.36"
201.40.254.44 - - [21/Apr/2026:17:18:15 +0000] "POST /xmlrpc.php HTTP/1.1" 200 443 "-" "Mozilla/5.0 (X11; Ubuntu; Linux x86_64; x86) AppleWebKit/537.36 (KHTML, like Gecko) Safari/12.0.0.0 Safari/537.36"
201.40.254.44 - - [21/Apr/2026:17:18:29 +0000] "POST /xmlrpc.php HTTP/1.1" 200 443 "-" "Mozilla/5.0 (Windows NT 6.3; arm64) AppleWebKit/537.36 (KHTML, like Gecko) Safari/11.0.0.0 Safari/537.36"
66.249.73.96 - - [21/Apr/2026:17:21:25 +0000] "GET / HTTP/1.1" 200 23008 "-" "Mozilla/5.0 (compatible; Googlebot/2.1; +http://www.google.com/bot.html)"
66.249.73.96 - - [21/Apr/2026:17:21:26 +0000] "GET / HTTP/1.1" 200 23007 "-" "Mozilla/5.0 (Linux; Android 6.0.1; Nexus 5X Build/MMB29P) AppleWebKit/537.36 (KHTML, like Gecko) Chrome/99.0.4844.84 Mobile Safari/537.36 (compatible; Googlebot/2.1; +http://www.google.com/bot.html)"
66.249.73.96 - - [21/Apr/2026:17:21:28 +0000] "GET / HTTP/1.1" 200 23006 "-" "Mozilla/5.0 (compatible; Googlebot/2.1; +http://www.google.com/bot.html)"
66.249.73.96 - - [21/Apr/2026:17:21:29 +0000] "GET / HTTP/1.1" 200 23007 "-" "Mozilla/5.0 (Linux; Android 6.0.1; Nexus 5X Build/MMB29P) AppleWebKit/537.36 (KHTML, like Gecko) Chrome/99.0.4844.84 Mobile Safari/537.36 (compatible; Googlebot/2.1; +http://www.google.com/bot.html)"
66.249.73.96 - - [21/Apr/2026:17:21:30 +0000] "GET /wp-content/uploads/2024/11/cropped-Smile-ack-180x180.jpg HTTP/1.1" 200 6706 "-" "Googlebot-Image/1.0"
66.249.73.96 - - [21/Apr/2026:17:21:31 +0000] "GET /wp-content/uploads/2024/11/cropped-Smile-ack-32x32.jpg HTTP/1.1" 200 1229 "-" "Googlebot-Image/1.0"
66.249.73.96 - - [21/Apr/2026:17:21:32 +0000] "GET /wp-content/uploads/2024/11/cropped-Smile-ack-192x192.jpg HTTP/1.1" 200 7147 "-" "Googlebot-Image/1.0"
66.249.73.96 - - [21/Apr/2026:17:21:32 +0000] "GET /wp-content/uploads/2024/11/cropped-Smile-ack-180x180.jpg HTTP/1.1" 200 6706 "-" "Googlebot-Image/1.0"
66.249.73.96 - - [21/Apr/2026:17:21:33 +0000] "GET /wp-content/uploads/2024/11/cropped-Smile-ack-32x32.jpg HTTP/1.1" 200 1229 "-" "Googlebot-Image/1.0"
66.249.73.96 - - [21/Apr/2026:17:21:34 +0000] "GET /wp-content/uploads/2024/11/cropped-Smile-ack-192x192.jpg HTTP/1.1" 200 7147 "-" "Googlebot-Image/1.0"
40.77.167.16 - - [21/Apr/2026:17:22:43 +0000] "GET /?p=6718584300071 HTTP/2" 404 22777 "-" "Mozilla/5.0 AppleWebKit/537.36 (KHTML, like Gecko; compatible; bingbot/2.0; +http://www.bing.com/bingbot.htm) Chrome/116.0.1938.76 Safari/537.36"
144.76.32.189 - - [21/Apr/2026:17:25:27 +0000] "GET /?z=fjbyk0zb0krpgd8 HTTP/1.1" 200 22942 "-" "Mozilla/5.0 (compatible; SERankingBacklinksBot/1.0; +https://seranking.com/backlinks-crawler)"
144.76.32.189 - - [21/Apr/2026:17:25:32 +0000] "GET /?z=fjbzk0zb02rpmd8 HTTP/1.1" 200 22943 "-" "Mozilla/5.0 (compatible; SERankingBacklinksBot/1.0; +https://seranking.com/backlinks-crawler)"
144.76.32.189 - - [21/Apr/2026:17:25:36 +0000] "GET /?z=erskptgw5dgq1qx HTTP/1.1" 200 22944 "-" "Mozilla/5.0 (compatible; SERankingBacklinksBot/1.0; +https://seranking.com/backlinks-crawler)"
144.76.32.189 - - [21/Apr/2026:17:25:40 +0000] "GET /?z=fjc0xp0bd8gq5qx HTTP/1.1" 200 22944 "-" "Mozilla/5.0 (compatible; SERankingBacklinksBot/1.0; +https://seranking.com/backlinks-crawler)"
144.76.32.189 - - [21/Apr/2026:17:25:44 +0000] "GET /?z=erslptg05dgq5qx HTTP/1.1" 200 22943 "-" "Mozilla/5.0 (compatible; SERankingBacklinksBot/1.0; +https://seranking.com/backlinks-crawler)"
144.76.32.189 - - [21/Apr/2026:17:26:07 +0000] "GET /?z=fjc7xp0bdygqzqx HTTP/1.1" 200 22943 "-" "Mozilla/5.0 (compatible; SERankingBacklinksBot/1.0; +https://seranking.com/backlinks-crawler)"
144.76.32.189 - - [21/Apr/2026:17:27:06 +0000] "GET /?z=erssptgc5dgq5qx HTTP/1.1" 200 22946 "-" "Mozilla/5.0 (compatible; SERankingBacklinksBot/1.0; +https://seranking.com/backlinks-crawler)"
144.76.32.189 - - [21/Apr/2026:17:27:14 +0000] "GET /?z=erstptg85dgqdqx HTTP/1.1" 200 22943 "-" "Mozilla/5.0 (compatible; SERankingBacklinksBot/1.0; +https://seranking.com/backlinks-crawler)"
144.76.32.189 - - [21/Apr/2026:17:27:17 +0000] "GET /?z=fjcdxp0bdcgq5qx HTTP/1.1" 200 22942 "-" "Mozilla/5.0 (compatible; SERankingBacklinksBot/1.0; +https://seranking.com/backlinks-crawler)"
144.76.32.189 - - [21/Apr/2026:17:27:21 +0000] "GET /?z=ersuptgr5dgqwqx HTTP/1.1" 200 22943 "-" "Mozilla/5.0 (compatible; SERankingBacklinksBot/1.0; +https://seranking.com/backlinks-crawler)"
144.76.32.189 - - [21/Apr/2026:17:27:29 +0000] "GET /?z=fjcdxp0bdtgq2qx HTTP/1.1" 200 22943 "-" "Mozilla/5.0 (compatible; SERankingBacklinksBot/1.0; +https://seranking.com/backlinks-crawler)"
144.76.32.189 - - [21/Apr/2026:17:27:56 +0000] "GET /?z=erszptgi5dgqzqx HTTP/1.1" 200 22945 "-" "Mozilla/5.0 (compatible; SERankingBacklinksBot/1.0; +https://seranking.com/backlinks-crawler)"
144.76.32.189 - - [21/Apr/2026:17:28:04 +0000] "GET /?z=fjcjxp0bd8gqtqx HTTP/1.1" 200 22944 "-" "Mozilla/5.0 (compatible; SERankingBacklinksBot/1.0; +https://seranking.com/backlinks-crawler)"
144.76.32.189 - - [21/Apr/2026:17:28:08 +0000] "GET /?z=ert22ihri2h3lfy HTTP/1.1" 200 22944 "-" "Mozilla/5.0 (compatible; SERankingBacklinksBot/1.0; +https://seranking.com/backlinks-crawler)"
144.76.32.189 - - [21/Apr/2026:17:28:12 +0000] "GET /?z=fjckxp0bdfgqkqx HTTP/1.1" 200 22941 "-" "Mozilla/5.0 (compatible; SERankingBacklinksBot/1.0; +https://seranking.com/backlinks-crawler)"
144.76.32.189 - - [21/Apr/2026:17:28:16 +0000] "GET /?z=ert22ihyi2h34fy HTTP/1.1" 200 22945 "-" "Mozilla/5.0 (compatible; SERankingBacklinksBot/1.0; +https://seranking.com/backlinks-crawler)"
144.76.32.189 - - [21/Apr/2026:17:28:20 +0000] "GET /?z=fjclxp0bdcgqhqx HTTP/1.1" 200 22946 "-" "Mozilla/5.0 (compatible; SERankingBacklinksBot/1.0; +https://seranking.com/backlinks-crawler)"
144.76.32.189 - - [21/Apr/2026:17:28:24 +0000] "GET /?z=fjclxp0bdvgqkqx HTTP/1.1" 200 22945 "-" "Mozilla/5.0 (compatible; SERankingBacklinksBot/1.0; +https://seranking.com/backlinks-crawler)"
144.76.32.189 - - [21/Apr/2026:17:28:29 +0000] "GET /?z=ert32ih0i2h3ify HTTP/1.1" 200 22944 "-" "Mozilla/5.0 (compatible; SERankingBacklinksBot/1.0; +https://seranking.com/backlinks-crawler)"
144.76.32.189 - - [21/Apr/2026:17:28:33 +0000] "GET /?z=fjcmxp0bd3gqwqx HTTP/1.1" 200 22944 "-" "Mozilla/5.0 (compatible; SERankingBacklinksBot/1.0; +https://seranking.com/backlinks-crawler)"
144.76.32.189 - - [21/Apr/2026:17:28:37 +0000] "GET /?z=ert52ihti2h3bfy HTTP/1.1" 200 22942 "-" "Mozilla/5.0 (compatible; SERankingBacklinksBot/1.0; +https://seranking.com/backlinks-crawler)"
144.76.32.189 - - [21/Apr/2026:17:28:41 +0000] "GET /?z=fjcoxp0bdcgqhqx HTTP/1.1" 200 22944 "-" "Mozilla/5.0 (compatible; SERankingBacklinksBot/1.0; +https://seranking.com/backlinks-crawler)"
144.76.32.189 - - [21/Apr/2026:17:28:45 +0000] "GET /?z=ert62ihzi2h35fy HTTP/1.1" 200 22941 "-" "Mozilla/5.0 (compatible; SERankingBacklinksBot/1.0; +https://seranking.com/backlinks-crawler)"
144.76.32.189 - - [21/Apr/2026:17:28:49 +0000] "GET /?z=fjcoxp0bdogqhqx HTTP/1.1" 200 22945 "-" "Mozilla/5.0 (compatible; SERankingBacklinksBot/1.0; +https://seranking.com/backlinks-crawler)"
144.76.32.189 - - [21/Apr/2026:17:28:54 +0000] "GET /?z=ert72ihdi2h3vfy HTTP/1.1" 200 22943 "-" "Mozilla/5.0 (compatible; SERankingBacklinksBot/1.0; +https://seranking.com/backlinks-crawler)"
144.76.32.189 - - [21/Apr/2026:17:28:58 +0000] "GET /?z=fjcpxp0bdigqnqx HTTP/1.1" 200 22945 "-" "Mozilla/5.0 (compatible; SERankingBacklinksBot/1.0; +https://seranking.com/backlinks-crawler)"
144.76.32.189 - - [21/Apr/2026:17:29:02 +0000] "GET /?z=ert72ihvi2h3dfy HTTP/1.1" 200 22944 "-" "Mozilla/5.0 (compatible; SERankingBacklinksBot/1.0; +https://seranking.com/backlinks-crawler)"
138.197.165.12 - - [21/Apr/2026:17:21:31 +0000] "POST /wp-login.php HTTP/1.1" 200 11157 "-" "Mozilla/5.0"
