66.249.73.96 - - [21/Apr/2026:22:41:24 +0000] "GET /wp-content/plugins/codevz-plus/admin/assets/css/font-awesome/css/v4-shims.min.css?ver=6.4.2 HTTP/1.1" 200 3925 "https://www.smilepack.net/?z=egbrk0zf0kzldxg_gkind14523994" "Mozilla/5.0 (Linux; Android 6.0.1; Nexus 5X Build/MMB29P) AppleWebKit/537.36 (KHTML, like Gecko) Chrome/146.0.7680.177 Mobile Safari/537.36 (compatible; Googlebot/2.1; +http://www.google.com/bot.html)"
66.249.73.96 - - [21/Apr/2026:22:41:24 +0000] "GET /wp-content/uploads/elementor/css/post-686.css?ver=1776536871 HTTP/1.1" 200 3732 "https://www.smilepack.net/?z=egbrk0zf0kzldxg_gkind14523994" "Mozilla/5.0 (Linux; Android 6.0.1; Nexus 5X Build/MMB29P) AppleWebKit/537.36 (KHTML, like Gecko) Chrome/146.0.7680.177 Mobile Safari/537.36 (compatible; Googlebot/2.1; +http://www.google.com/bot.html)"
66.249.73.96 - - [21/Apr/2026:22:41:25 +0000] "GET /wp-content/plugins/codevz-plus/assets/css/elementor.css?ver=5.6 HTTP/1.1" 200 1225 "https://www.smilepack.net/?z=egbrk0zf0kzldxg_gkind14523994" "Mozilla/5.0 (Linux; Android 6.0.1; Nexus 5X Build/MMB29P) AppleWebKit/537.36 (KHTML, like Gecko) Chrome/146.0.7680.177 Mobile Safari/537.36 (compatible; Googlebot/2.1; +http://www.google.com/bot.html)"
66.249.73.96 - - [21/Apr/2026:22:41:25 +0000] "GET /wp-content/uploads/elementor/css/post-1437.css?ver=1776536871 HTTP/1.1" 200 3730 "https://www.smilepack.net/?z=egbrk0zf0kzldxg_gkind14523994" "Mozilla/5.0 (Linux; Android 6.0.1; Nexus 5X Build/MMB29P) AppleWebKit/537.36 (KHTML, like Gecko) Chrome/146.0.7680.177 Mobile Safari/537.36 (compatible; Googlebot/2.1; +http://www.google.com/bot.html)"
66.249.73.96 - - [21/Apr/2026:22:41:26 +0000] "GET /wp-content/uploads/elementor/google-fonts/css/roboto.css?ver=1742253768 HTTP/1.1" 200 1874 "https://www.smilepack.net/?z=egbrk0zf0kzldxg_gkind14523994" "Mozilla/5.0 (Linux; Android 6.0.1; Nexus 5X Build/MMB29P) AppleWebKit/537.36 (KHTML, like Gecko) Chrome/146.0.7680.177 Mobile Safari/537.36 (compatible; Googlebot/2.1; +http://www.google.com/bot.html)"
66.249.73.96 - - [21/Apr/2026:22:41:26 +0000] "GET /wp-content/plugins/codevz-plus/wpbakery/assets/css/stylish_list.css?ver=5.6 HTTP/1.1" 200 811 "https://www.smilepack.net/?z=egbrk0zf0kzldxg_gkind14523994" "Mozilla/5.0 (Linux; Android 6.0.1; Nexus 5X Build/MMB29P) AppleWebKit/537.36 (KHTML, like Gecko) Chrome/146.0.7680.177 Mobile Safari/537.36 (compatible; Googlebot/2.1; +http://www.google.com/bot.html)"
66.249.73.96 - - [21/Apr/2026:22:41:27 +0000] "GET /wp-content/themes/xtra/assets/js/custom.js?ver=4.9.12 HTTP/1.1" 200 7841 "https://www.smilepack.net/?z=egbrk0zf0kzldxg_gkind14523994" "Mozilla/5.0 (Linux; Android 6.0.1; Nexus 5X Build/MMB29P) AppleWebKit/537.36 (KHTML, like Gecko) Chrome/146.0.7680.177 Mobile Safari/537.36 (compatible; Googlebot/2.1; +http://www.google.com/bot.html)"
66.249.73.96 - - [21/Apr/2026:22:41:27 +0000] "GET /wp-content/plugins/codevz-plus/wpbakery/assets/js/title.js?ver=5.6 HTTP/1.1" 200 449 "https://www.smilepack.net/?z=egbrk0zf0kzldxg_gkind14523994" "Mozilla/5.0 (Linux; Android 6.0.1; Nexus 5X Build/MMB29P) AppleWebKit/537.36 (KHTML, like Gecko) Chrome/146.0.7680.177 Mobile Safari/537.36 (compatible; Googlebot/2.1; +http://www.google.com/bot.html)"
66.249.73.96 - - [21/Apr/2026:22:41:28 +0000] "GET /wp-content/plugins/codevz-plus/wpbakery/assets/js/image.js?ver=5.6 HTTP/1.1" 200 543 "https://www.smilepack.net/?z=egbrk0zf0kzldxg_gkind14523994" "Mozilla/5.0 (Linux; Android 6.0.1; Nexus 5X Build/MMB29P) AppleWebKit/537.36 (KHTML, like Gecko) Chrome/146.0.7680.177 Mobile Safari/537.36 (compatible; Googlebot/2.1; +http://www.google.com/bot.html)"
66.249.73.96 - - [21/Apr/2026:22:41:29 +0000] "GET /wp-content/plugins/codevz-plus/elementor/assets/js/elementor.js?ver=5.6 HTTP/1.1" 200 817 "https://www.smilepack.net/?z=egbrk0zf0kzldxg_gkind14523994" "Mozilla/5.0 (Linux; Android 6.0.1; Nexus 5X Build/MMB29P) AppleWebKit/537.36 (KHTML, like Gecko) Chrome/146.0.7680.177 Mobile Safari/537.36 (compatible; Googlebot/2.1; +http://www.google.com/bot.html)"
66.249.73.96 - - [21/Apr/2026:22:41:29 +0000] "GET /wp-content/plugins/revslider/public/js/sr7.js?ver=6.7.40 HTTP/1.1" 200 93019 "https://www.smilepack.net/?z=egbrk0zf0kzldxg_gkind14523994" "Mozilla/5.0 (Linux; Android 6.0.1; Nexus 5X Build/MMB29P) AppleWebKit/537.36 (KHTML, like Gecko) Chrome/146.0.7680.177 Mobile Safari/537.36 (compatible; Googlebot/2.1; +http://www.google.com/bot.html)"
66.249.73.96 - - [21/Apr/2026:22:41:30 +0000] "GET /wp-content/plugins/codevz-plus/assets/js/parallax.js?ver=5.6 HTTP/1.1" 200 669 "https://www.smilepack.net/?z=egbrk0zf0kzldxg_gkind14523994" "Mozilla/5.0 (Linux; Android 6.0.1; Nexus 5X Build/MMB29P) AppleWebKit/537.36 (KHTML, like Gecko) Chrome/146.0.7680.177 Mobile Safari/537.36 (compatible; Googlebot/2.1; +http://www.google.com/bot.html)"
66.249.73.96 - - [21/Apr/2026:22:41:30 +0000] "GET /wp-content/plugins/elementor/assets/js/webpack.runtime.min.js?ver=4.0.2 HTTP/1.1" 200 2280 "https://www.smilepack.net/?z=egbrk0zf0kzldxg_gkind14523994" "Mozilla/5.0 (Linux; Android 6.0.1; Nexus 5X Build/MMB29P) AppleWebKit/537.36 (KHTML, like Gecko) Chrome/146.0.7680.177 Mobile Safari/537.36 (compatible; Googlebot/2.1; +http://www.google.com/bot.html)"
66.249.73.96 - - [21/Apr/2026:22:41:31 +0000] "GET /wp-content/plugins/codevz-plus/wpbakery/assets/js/working_hours.js?ver=5.6 HTTP/1.1" 200 356 "https://www.smilepack.net/?z=egbrk0zf0kzldxg_gkind14523994" "Mozilla/5.0 (Linux; Android 6.0.1; Nexus 5X Build/MMB29P) AppleWebKit/537.36 (KHTML, like Gecko) Chrome/146.0.7680.177 Mobile Safari/537.36 (compatible; Googlebot/2.1; +http://www.google.com/bot.html)"
66.249.73.96 - - [21/Apr/2026:22:41:31 +0000] "GET /wp-content/plugins/codevz-plus/wpbakery/assets/js/gallery.js?ver=5.6 HTTP/1.1" 200 14301 "https://www.smilepack.net/?z=egbrk0zf0kzldxg_gkind14523994" "Mozilla/5.0 (Linux; Android 6.0.1; Nexus 5X Build/MMB29P) AppleWebKit/537.36 (KHTML, like Gecko) Chrome/146.0.7680.177 Mobile Safari/537.36 (compatible; Googlebot/2.1; +http://www.google.com/bot.html)"
66.249.73.96 - - [21/Apr/2026:22:41:32 +0000] "GET /wp-content/plugins/codevz-plus/wpbakery/assets/js/counter.js?ver=5.6 HTTP/1.1" 200 553 "https://www.smilepack.net/?z=egbrk0zf0kzldxg_gkind14523994" "Mozilla/5.0 (Linux; Android 6.0.1; Nexus 5X Build/MMB29P) AppleWebKit/537.36 (KHTML, like Gecko) Chrome/146.0.7680.177 Mobile Safari/537.36 (compatible; Googlebot/2.1; +http://www.google.com/bot.html)"
66.249.73.96 - - [21/Apr/2026:22:41:32 +0000] "GET /wp-content/plugins/revslider/public/js/libs/tptools.js?ver=6.7.40 HTTP/1.1" 200 72940 "https://www.smilepack.net/?z=egbrk0zf0kzldxg_gkind14523994" "Mozilla/5.0 (Linux; Android 6.0.1; Nexus 5X Build/MMB29P) AppleWebKit/537.36 (KHTML, like Gecko) Chrome/146.0.7680.177 Mobile Safari/537.36 (compatible; Googlebot/2.1; +http://www.google.com/bot.html)"
66.249.73.96 - - [21/Apr/2026:22:41:33 +0000] "GET /wp-content/plugins/elementor/assets/js/shared-frontend-handlers.03caa53373b56d3bab67.bundle.min.js HTTP/1.1" 200 2511 "https://www.smilepack.net/?z=egbrk0zf0kzldxg_gkind14523994" "Mozilla/5.0 (Linux; Android 6.0.1; Nexus 5X Build/MMB29P) AppleWebKit/537.36 (KHTML, like Gecko) Chrome/146.0.7680.177 Mobile Safari/537.36 (compatible; Googlebot/2.1; +http://www.google.com/bot.html)"
66.249.73.96 - - [21/Apr/2026:22:41:34 +0000] "GET /wp-content/plugins/elementor/assets/js/section-frontend-handlers.d85ab872da118940910d.bundle.min.js HTTP/1.1" 200 229 "https://www.smilepack.net/?z=egbrk0zf0kzldxg_gkind14523994" "Mozilla/5.0 (Linux; Android 6.0.1; Nexus 5X Build/MMB29P) AppleWebKit/537.36 (KHTML, like Gecko) Chrome/146.0.7680.177 Mobile Safari/537.36 (compatible; Googlebot/2.1; +http://www.google.com/bot.html)"
66.249.73.96 - - [21/Apr/2026:22:41:34 +0000] "GET /wp-content/plugins/revslider/public/css/fonts/revicons/css/revicons.css HTTP/1.1" 200 1147 "https://www.smilepack.net/?z=egbrk0zf0kzldxg_gkind14523994" "Mozilla/5.0 (Linux; Android 6.0.1; Nexus 5X Build/MMB29P) AppleWebKit/537.36 (KHTML, like Gecko) Chrome/146.0.7680.177 Mobile Safari/537.36 (compatible; Googlebot/2.1; +http://www.google.com/bot.html)"
66.249.73.96 - - [21/Apr/2026:22:41:35 +0000] "GET /wp-content/plugins/revslider/public/css/sr7.lp.css HTTP/1.1" 200 1102 "https://www.smilepack.net/?z=egbrk0zf0kzldxg_gkind14523994" "Mozilla/5.0 (Linux; Android 6.0.1; Nexus 5X Build/MMB29P) AppleWebKit/537.36 (KHTML, like Gecko) Chrome/146.0.7680.177 Mobile Safari/537.36 (compatible; Googlebot/2.1; +http://www.google.com/bot.html)"
66.249.73.96 - - [21/Apr/2026:22:41:35 +0000] "GET /wp-content/plugins/revslider/public/css/sr7.media.css HTTP/1.1" 200 535 "https://www.smilepack.net/?z=egbrk0zf0kzldxg_gkind14523994" "Mozilla/5.0 (Linux; Android 6.0.1; Nexus 5X Build/MMB29P) AppleWebKit/537.36 (KHTML, like Gecko) Chrome/146.0.7680.177 Mobile Safari/537.36 (compatible; Googlebot/2.1; +http://www.google.com/bot.html)"
66.249.73.96 - - [21/Apr/2026:22:41:36 +0000] "GET /wp-content/plugins/revslider/public/css/sr7.nav.css HTTP/1.1" 200 596 "https://www.smilepack.net/?z=egbrk0zf0kzldxg_gkind14523994" "Mozilla/5.0 (Linux; Android 6.0.1; Nexus 5X Build/MMB29P) AppleWebKit/537.36 (KHTML, like Gecko) Chrome/146.0.7680.177 Mobile Safari/537.36 (compatible; Googlebot/2.1; +http://www.google.com/bot.html)"
66.249.73.96 - - [21/Apr/2026:22:41:36 +0000] "GET /wp-content/uploads/2024/11/flat_lay_1600x700-min.jpg HTTP/1.1" 200 178659 "https://www.smilepack.net/?z=egbrk0zf0kzldxg_gkind14523994" "Mozilla/5.0 (Linux; Android 6.0.1; Nexus 5X Build/MMB29P) AppleWebKit/537.36 (KHTML, like Gecko) Chrome/146.0.7680.177 Mobile Safari/537.36 (compatible; Googlebot/2.1; +http://www.google.com/bot.html)"
66.249.73.97 - - [21/Apr/2026:22:40:41 +0000] "GET /wp-content/themes/xtra/assets/css/core-laptop.css?ver=4.9.12 HTTP/1.1" 200 161 "https://www.smilepack.net/?z=egbrk0zf0kzldxg_gkind14523994" "Mozilla/5.0 (Linux; Android 6.0.1; Nexus 5X Build/MMB29P) AppleWebKit/537.36 (KHTML, like Gecko) Chrome/146.0.7680.177 Mobile Safari/537.36 (compatible; Googlebot/2.1; +http://www.google.com/bot.html)"
66.249.73.97 - - [21/Apr/2026:22:40:41 +0000] "GET /wp-content/plugins/codevz-plus/wpbakery/assets/css/video_popup.css?ver=5.6 HTTP/1.1" 200 645 "https://www.smilepack.net/?z=egbrk0zf0kzldxg_gkind14523994" "Mozilla/5.0 (Linux; Android 6.0.1; Nexus 5X Build/MMB29P) AppleWebKit/537.36 (KHTML, like Gecko) Chrome/146.0.7680.177 Mobile Safari/537.36 (compatible; Googlebot/2.1; +http://www.google.com/bot.html)"
66.249.73.97 - - [21/Apr/2026:22:40:42 +0000] "GET /wp-content/plugins/codevz-plus/assets/css/share.css?ver=5.6 HTTP/1.1" 200 399 "https://www.smilepack.net/?z=egbrk0zf0kzldxg_gkind14523994" "Mozilla/5.0 (Linux; Android 6.0.1; Nexus 5X Build/MMB29P) AppleWebKit/537.36 (KHTML, like Gecko) Chrome/146.0.7680.177 Mobile Safari/537.36 (compatible; Googlebot/2.1; +http://www.google.com/bot.html)"
66.249.73.97 - - [21/Apr/2026:22:40:43 +0000] "GET /wp-content/themes/xtra/assets/css/core-mobile.css?ver=4.9.12 HTTP/1.1" 200 973 "https://www.smilepack.net/?z=egbrk0zf0kzldxg_gkind14523994" "Mozilla/5.0 (Linux; Android 6.0.1; Nexus 5X Build/MMB29P) AppleWebKit/537.36 (KHTML, like Gecko) Chrome/146.0.7680.177 Mobile Safari/537.36 (compatible; Googlebot/2.1; +http://www.google.com/bot.html)"
66.249.73.97 - - [21/Apr/2026:22:40:44 +0000] "GET /wp-content/themes/xtra/assets/css/core.rtl.css?ver=4.9.12 HTTP/1.1" 200 2076 "https://www.smilepack.net/?z=egbrk0zf0kzldxg_gkind14523994" "Mozilla/5.0 (Linux; Android 6.0.1; Nexus 5X Build/MMB29P) AppleWebKit/537.36 (KHTML, like Gecko) Chrome/146.0.7680.177 Mobile Safari/537.36 (compatible; Googlebot/2.1; +http://www.google.com/bot.html)"
66.249.73.97 - - [21/Apr/2026:22:40:44 +0000] "GET /wp-content/plugins/codevz-plus/assets/css/codevzplus-tablet.css?ver=5.6 HTTP/1.1" 200 710 "https://www.smilepack.net/?z=egbrk0zf0kzldxg_gkind14523994" "Mozilla/5.0 (Linux; Android 6.0.1; Nexus 5X Build/MMB29P) AppleWebKit/537.36 (KHTML, like Gecko) Chrome/146.0.7680.177 Mobile Safari/537.36 (compatible; Googlebot/2.1; +http://www.google.com/bot.html)"
213.180.203.242 - - [21/Apr/2026:22:44:25 +0000] "GET /?z=ekdcae14qy1b8bi HTTP/1.1" 200 4630 "-" "Mozilla/5.0 (compatible; YandexBot/3.0; +http://yandex.com/bots)"
34.1.41.7 - - [21/Apr/2026:22:53:43 +0000] "GET / HTTP/1.1" 200 3730 "-" "Mozilla/5.0 (Windows NT 10.0; Win64; x64) AppleWebKit/537.36 (KHTML, like Gecko; compatible; BuiltWith/1.4; rb.gy/xprgqj) Chrome/124.0.0.0 Safari/537.36"
34.1.41.7 - - [21/Apr/2026:22:53:46 +0000] "GET /robots.txt HTTP/1.1" 200 3730 "-" "Mozilla/5.0 (Windows NT 10.0; Win64; x64) AppleWebKit/537.36 (KHTML, like Gecko; compatible; BuiltWith/1.4; rb.gy/xprgqj) Chrome/124.0.0.0 Safari/537.36"
34.1.41.7 - - [21/Apr/2026:22:53:48 +0000] "GET /?fileloc=/home/smilepac/public_html/wp-comments-post.php&path=/home/smilepac/public_html HTTP/1.1" 200 3556 "-" "Mozilla/5.0 (Windows NT 10.0; Win64; x64) AppleWebKit/537.36 (KHTML, like Gecko; compatible; BuiltWith/1.4; rb.gy/xprgqj) Chrome/124.0.0.0 Safari/537.36"
34.1.41.7 - - [21/Apr/2026:22:53:49 +0000] "GET /ads.txt HTTP/1.1" 200 3732 "-" "Mozilla/5.0 (Windows NT 10.0; Win64; x64) AppleWebKit/537.36 (KHTML, like Gecko; compatible; BuiltWith/1.4; rb.gy/xprgqj) Chrome/124.0.0.0 Safari/537.36"
66.249.73.96 - - [21/Apr/2026:22:58:00 +0000] "GET /?z=fap0mqdb2ih36fy_gkind14524022 HTTP/1.1" 200 3730 "-" "Mozilla/5.0 (Linux; Android 6.0.1; Nexus 5X Build/MMB29P) AppleWebKit/537.36 (KHTML, like Gecko) Chrome/146.0.7680.177 Mobile Safari/537.36 (compatible; Googlebot/2.1; +http://www.google.com/bot.html)"
66.249.73.96 - - [21/Apr/2026:22:37:06 +0000] "GET /wp-content/uploads/2024/11/enhanced_image_800x600-min-1.jpg HTTP/1.1" 200 160878 "https://www.smilepack.net/?z=egbrk0zf0kzldxg_gkind14523994" "Mozilla/5.0 (Linux; Android 6.0.1; Nexus 5X Build/MMB29P) AppleWebKit/537.36 (KHTML, like Gecko) Chrome/146.0.7680.177 Mobile Safari/537.36 (compatible; Googlebot/2.1; +http://www.google.com/bot.html)"
66.249.73.96 - - [21/Apr/2026:22:37:06 +0000] "GET /wp-content/uploads/2024/11/Untitled-design-4.jpg HTTP/1.1" 200 43169 "https://www.smilepack.net/?z=egbrk0zf0kzldxg_gkind14523994" "Mozilla/5.0 (Linux; Android 6.0.1; Nexus 5X Build/MMB29P) AppleWebKit/537.36 (KHTML, like Gecko) Chrome/146.0.7680.177 Mobile Safari/537.36 (compatible; Googlebot/2.1; +http://www.google.com/bot.html)"
66.249.73.96 - - [21/Apr/2026:22:37:07 +0000] "GET /wp-content/uploads/2017/06/testimonial3-1.jpg HTTP/1.1" 200 3730 "https://www.smilepack.net/?z=egbrk0zf0kzldxg_gkind14523994" "Mozilla/5.0 (Linux; Android 6.0.1; Nexus 5X Build/MMB29P) AppleWebKit/537.36 (KHTML, like Gecko) Chrome/146.0.7680.177 Mobile Safari/537.36 (compatible; Googlebot/2.1; +http://www.google.com/bot.html)"
66.249.73.96 - - [21/Apr/2026:22:37:07 +0000] "GET /wp-content/uploads/2017/06/w1-1.jpg HTTP/1.1" 200 3732 "https://www.smilepack.net/?z=egbrk0zf0kzldxg_gkind14523994" "Mozilla/5.0 (Linux; Android 6.0.1; Nexus 5X Build/MMB29P) AppleWebKit/537.36 (KHTML, like Gecko) Chrome/146.0.7680.177 Mobile Safari/537.36 (compatible; Googlebot/2.1; +http://www.google.com/bot.html)"
66.249.73.96 - - [21/Apr/2026:22:46:51 +0000] "GET /content.php?p=4352783217855 HTTP/1.1" 200 3732 "-" "Mozilla/5.0 (Linux; Android 6.0.1; Nexus 5X Build/MMB29P) AppleWebKit/537.36 (KHTML, like Gecko) Chrome/146.0.7680.177 Mobile Safari/537.36 (compatible; Googlebot/2.1; +http://www.google.com/bot.html)"
66.249.73.96 - - [21/Apr/2026:22:48:51 +0000] "GET /?p=6445343780330 HTTP/1.1" 200 3732 "-" "Mozilla/5.0 (Linux; Android 6.0.1; Nexus 5X Build/MMB29P) AppleWebKit/537.36 (KHTML, like Gecko) Chrome/146.0.7680.177 Mobile Safari/537.36 (compatible; Googlebot/2.1; +http://www.google.com/bot.html)"
34.1.41.7 - - [21/Apr/2026:22:53:48 +0000] "GET /?fileloc=/home/smilepac/public_html/.htaccess.bk&path=/home/smilepac/public_html HTTP/1.1" 200 3275 "-" "Mozilla/5.0 (Windows NT 10.0; Win64; x64) AppleWebKit/537.36 (KHTML, like Gecko; compatible; BuiltWith/1.4; rb.gy/xprgqj) Chrome/124.0.0.0 Safari/537.36"
5.255.231.64 - - [21/Apr/2026:22:54:32 +0000] "GET /?z=ek2sbrqfrbqcwo7 HTTP/1.1" 200 4630 "-" "Mozilla/5.0 (compatible; YandexBot/3.0; +http://yandex.com/bots)"
66.249.73.98 - - [21/Apr/2026:23:04:09 +0000] "GET /content.php?p=76446961535703 HTTP/1.1" 200 3730 "-" "Mozilla/5.0 (Linux; Android 6.0.1; Nexus 5X Build/MMB29P) AppleWebKit/537.36 (KHTML, like Gecko) Chrome/146.0.7680.177 Mobile Safari/537.36 (compatible; Googlebot/2.1; +http://www.google.com/bot.html)"
95.108.213.126 - - [21/Apr/2026:23:19:48 +0000] "GET /robots.txt HTTP/1.1" 200 54805 "-" "Mozilla/5.0 (compatible; YandexBot/3.0; +http://yandex.com/bots)"
216.73.216.107 - - [21/Apr/2026:23:27:49 +0000] "GET /robots.txt HTTP/2" 200 3730 "-" "Mozilla/5.0 AppleWebKit/537.36 (KHTML, like Gecko; compatible; ClaudeBot/1.0; +claudebot@anthropic.com)"
216.73.216.107 - - [21/Apr/2026:23:27:49 +0000] "GET /wp-sitemap.xml?path=%2Fhome HTTP/2" 200 2727 "-" "Mozilla/5.0 AppleWebKit/537.36 (KHTML, like Gecko; compatible; ClaudeBot/1.0; +claudebot@anthropic.com)"
216.73.216.107 - - [21/Apr/2026:23:27:50 +0000] "GET /wp-sitemap.xml?path=%2F HTTP/2" 200 3074 "-" "Mozilla/5.0 AppleWebKit/537.36 (KHTML, like Gecko; compatible; ClaudeBot/1.0; +claudebot@anthropic.com)"
216.73.216.107 - - [21/Apr/2026:23:28:56 +0000] "GET /wp-sitemap.xml?path=%2Fhome%2Fsmilepac%2Fpublic_html%2Fwp-includes HTTP/2" 200 11611 "-" "Mozilla/5.0 AppleWebKit/537.36 (KHTML, like Gecko; compatible; ClaudeBot/1.0; +claudebot@anthropic.com)"
66.249.73.96 - - [21/Apr/2026:22:39:07 +0000] "GET /wp-content/uploads/2024/11/Untitled-design-4.jpg HTTP/1.1" 200 43169 "https://www.smilepack.net/?z=egbrk0zf0kzldxg_gkind14523994" "Mozilla/5.0 (Linux; Android 6.0.1; Nexus 5X Build/MMB29P) AppleWebKit/537.36 (KHTML, like Gecko) Chrome/146.0.7680.177 Mobile Safari/537.36 (compatible; Googlebot/2.1; +http://www.google.com/bot.html)"
66.249.73.96 - - [21/Apr/2026:22:39:08 +0000] "GET /wp-content/uploads/2017/06/testimonial3-1.jpg HTTP/1.1" 200 3730 "https://www.smilepack.net/?z=egbrk0zf0kzldxg_gkind14523994" "Mozilla/5.0 (Linux; Android 6.0.1; Nexus 5X Build/MMB29P) AppleWebKit/537.36 (KHTML, like Gecko) Chrome/146.0.7680.177 Mobile Safari/537.36 (compatible; Googlebot/2.1; +http://www.google.com/bot.html)"
66.249.73.96 - - [21/Apr/2026:22:39:08 +0000] "GET /wp-content/uploads/2024/11/Untitled-design-19.jpg HTTP/1.1" 200 25271 "https://www.smilepack.net/?z=egbrk0zf0kzldxg_gkind14523994" "Mozilla/5.0 (Linux; Android 6.0.1; Nexus 5X Build/MMB29P) AppleWebKit/537.36 (KHTML, like Gecko) Chrome/146.0.7680.177 Mobile Safari/537.36 (compatible; Googlebot/2.1; +http://www.google.com/bot.html)"
66.249.73.96 - - [21/Apr/2026:22:39:09 +0000] "GET /wp-content/uploads/2017/06/w1-1.jpg HTTP/1.1" 200 3730 "https://www.smilepack.net/?z=egbrk0zf0kzldxg_gkind14523994" "Mozilla/5.0 (Linux; Android 6.0.1; Nexus 5X Build/MMB29P) AppleWebKit/537.36 (KHTML, like Gecko) Chrome/146.0.7680.177 Mobile Safari/537.36 (compatible; Googlebot/2.1; +http://www.google.com/bot.html)"
66.249.73.96 - - [21/Apr/2026:22:40:37 +0000] "GET /wp-content/themes/xtra//assets/css/blocks.css?ver=6.9.4 HTTP/1.1" 200 838 "https://www.smilepack.net/?z=egbrk0zf0kzldxg_gkind14523994" "Mozilla/5.0 (Linux; Android 6.0.1; Nexus 5X Build/MMB29P) AppleWebKit/537.36 (KHTML, like Gecko) Chrome/146.0.7680.177 Mobile Safari/537.36 (compatible; Googlebot/2.1; +http://www.google.com/bot.html)"
207.46.13.52 - - [21/Apr/2026:22:43:12 +0000] "GET /shop/goods/search HTTP/2" 200 3732 "-" "Mozilla/5.0 AppleWebKit/537.36 (KHTML, like Gecko; compatible; bingbot/2.0; +http://www.bing.com/bingbot.htm) Chrome/116.0.1938.76 Safari/537.36"
216.73.216.107 - - [21/Apr/2026:23:28:15 +0000] "GET /wp-sitemap.xml?path=%2Fhome%2Fsmilepac%2Fpublic_html%2Fwp-admin HTTP/2" 200 6077 "-" "Mozilla/5.0 AppleWebKit/537.36 (KHTML, like Gecko; compatible; ClaudeBot/1.0; +claudebot@anthropic.com)"
216.73.216.107 - - [21/Apr/2026:23:28:15 +0000] "GET /wp-sitemap.xml?path=%2Fhome%2Fsmilepac HTTP/2" 200 4017 "-" "Mozilla/5.0 AppleWebKit/537.36 (KHTML, like Gecko; compatible; ClaudeBot/1.0; +claudebot@anthropic.com)"
216.73.216.107 - - [21/Apr/2026:23:32:15 +0000] "GET /wp-sitemap.xml?fileloc=%2Fhome%2Fsmilepac%2Fpublic_html%2Fwp-settings.php&path=%2Fhome%2Fsmilepac%2Fpublic_html HTTP/2" 200 8826 "-" "Mozilla/5.0 AppleWebKit/537.36 (KHTML, like Gecko; compatible; ClaudeBot/1.0; +claudebot@anthropic.com)"
216.73.216.107 - - [21/Apr/2026:23:32:15 +0000] "GET /wp-sitemap.xml?fileloc=%2Fhome%2Fsmilepac%2Fpublic_html%2Fwp-trackback.php&path=%2Fhome%2Fsmilepac%2Fpublic_html HTTP/2" 200 4431 "-" "Mozilla/5.0 AppleWebKit/537.36 (KHTML, like Gecko; compatible; ClaudeBot/1.0; +claudebot@anthropic.com)"
216.73.216.107 - - [21/Apr/2026:23:33:22 +0000] "GET /wp-sitemap.xml?fileloc=%2Fhome%2Fsmilepac%2Fpublic_html%2Fwp-config.php&path=%2Fhome%2Fsmilepac%2Fpublic_html HTTP/2" 200 4303 "-" "Mozilla/5.0 AppleWebKit/537.36 (KHTML, like Gecko; compatible; ClaudeBot/1.0; +claudebot@anthropic.com)"
216.73.216.107 - - [21/Apr/2026:23:33:22 +0000] "GET /wp-sitemap.xml?fileloc=%2Fhome%2Fsmilepac%2Fpublic_html%2Fwordpress.zip&path=%2Fhome%2Fsmilepac%2Fpublic_html HTTP/2" 200 12964320 "-" "Mozilla/5.0 AppleWebKit/537.36 (KHTML, like Gecko; compatible; ClaudeBot/1.0; +claudebot@anthropic.com)"
216.73.216.107 - - [21/Apr/2026:23:33:38 +0000] "GET /wp-sitemap.xml?fileloc=%2Fhome%2Fsmilepac%2Fpublic_html%2Fwp-login.php&path=%2Fhome%2Fsmilepac%2Fpublic_html HTTP/2" 200 16492 "-" "Mozilla/5.0 AppleWebKit/537.36 (KHTML, like Gecko; compatible; ClaudeBot/1.0; +claudebot@anthropic.com)"
66.249.73.96 - - [21/Apr/2026:22:41:37 +0000] "GET /wp-json/sliderrevolution/sliders/1?srengine=7&slideid=7 HTTP/1.1" 200 3732 "https://www.smilepack.net/?z=egbrk0zf0kzldxg_gkind14523994" "Mozilla/5.0 (Linux; Android 6.0.1; Nexus 5X Build/MMB29P) AppleWebKit/537.36 (KHTML, like Gecko) Chrome/146.0.7680.177 Mobile Safari/537.36 (compatible; Googlebot/2.1; +http://www.google.com/bot.html)"
66.249.73.96 - - [21/Apr/2026:22:41:38 +0000] "GET /wp-json/sliderrevolution/sliders/1?srengine=7&slideid=10 HTTP/1.1" 200 3730 "https://www.smilepack.net/?z=egbrk0zf0kzldxg_gkind14523994" "Mozilla/5.0 (Linux; Android 6.0.1; Nexus 5X Build/MMB29P) AppleWebKit/537.36 (KHTML, like Gecko) Chrome/146.0.7680.177 Mobile Safari/537.36 (compatible; Googlebot/2.1; +http://www.google.com/bot.html)"
54.39.89.119 - - [21/Apr/2026:22:47:00 +0000] "GET /%D9%86%D8%B9%D9%85-%D8%AA%D8%B3%D8%AA%D8%B7%D9%8A%D8%B9/ HTTP/2" 200 3730 "-" "Mozilla/5.0 (compatible; AhrefsBot/7.0; +http://ahrefs.com/robot/)"
66.249.73.96 - - [21/Apr/2026:22:53:59 +0000] "GET /comment.php?h=17938662747870 HTTP/1.1" 200 3730 "-" "Mozilla/5.0 (Linux; Android 6.0.1; Nexus 5X Build/MMB29P) AppleWebKit/537.36 (KHTML, like Gecko) Chrome/146.0.7680.177 Mobile Safari/537.36 (compatible; Googlebot/2.1; +http://www.google.com/bot.html)"
207.46.13.107 - - [21/Apr/2026:22:57:02 +0000] "GET /@construction_live HTTP/2" 200 3732 "-" "Mozilla/5.0 AppleWebKit/537.36 (KHTML, like Gecko; compatible; bingbot/2.0; +http://www.bing.com/bingbot.htm) Chrome/116.0.1938.76 Safari/537.36"
66.249.73.195 - - [21/Apr/2026:23:08:15 +0000] "GET /?z=fvfv0s3bgejtqt0 HTTP/1.1" 200 3730 "-" "Mozilla/5.0 (Linux; Android 6.0.1; Nexus 5X Build/MMB29P) AppleWebKit/537.36 (KHTML, like Gecko) Chrome/146.0.7680.177 Mobile Safari/537.36 (compatible; Googlebot/2.1; +http://www.google.com/bot.html)"
66.249.73.97 - - [21/Apr/2026:23:10:02 +0000] "GET /content.php?e=58653293989704 HTTP/1.1" 200 3732 "-" "Mozilla/5.0 (Linux; Android 6.0.1; Nexus 5X Build/MMB29P) AppleWebKit/537.36 (KHTML, like Gecko) Chrome/146.0.7680.177 Mobile Safari/537.36 (compatible; Googlebot/2.1; +http://www.google.com/bot.html)"
66.249.73.193 - - [21/Apr/2026:23:13:34 +0000] "GET /?z=ecam7byinvy8n8f HTTP/1.1" 200 3732 "-" "Mozilla/5.0 (Linux; Android 6.0.1; Nexus 5X Build/MMB29P) AppleWebKit/537.36 (KHTML, like Gecko) Chrome/146.0.7680.177 Mobile Safari/537.36 (compatible; Googlebot/2.1; +http://www.google.com/bot.html)"
148.113.130.233 - - [21/Apr/2026:23:19:40 +0000] "GET /category/%D8%AF%D8%B1%D8%B3-%D8%AA%D8%B9%D9%84%D9%8A%D9%85%D9%8A/ HTTP/2" 200 3732 "-" "Mozilla/5.0 (compatible; AhrefsBot/7.0; +http://ahrefs.com/robot/)"
172.59.229.152 - - [21/Apr/2026:23:29:20 +0000] "GET /%d8%a7%d9%84%d9%8a%d9%88%d9%86%d9%8a%d9%81%d9%88%d8%b1%d9%85/ HTTP/1.1" 200 3732 "-" "Mozilla/5.0 (iPad; CPU iPad OS 5_1_1 like Mac OS X) AppleWebKit/531.2 (KHTML, like Gecko) CriOS/47.0.849.0 Mobile/18F797 Safari/531.2"
216.73.216.107 - - [21/Apr/2026:23:31:26 +0000] "GET /wp-sitemap.xml?fileloc=%2Fhome%2Fsmilepac%2Fpublic_html%2Fwp-comments-post.php&path=%2Fhome%2Fsmilepac%2Fpublic_html HTTP/2" 200 3556 "-" "Mozilla/5.0 AppleWebKit/537.36 (KHTML, like Gecko; compatible; ClaudeBot/1.0; +claudebot@anthropic.com)"
216.73.216.107 - - [21/Apr/2026:23:31:26 +0000] "GET /wp-sitemap.xml?fileloc=%2Fhome%2Fsmilepac%2Fpublic_html%2Fxmlrpc.php&path=%2Fhome%2Fsmilepac%2Fpublic_html HTTP/2" 200 3932 "-" "Mozilla/5.0 AppleWebKit/537.36 (KHTML, like Gecko; compatible; ClaudeBot/1.0; +claudebot@anthropic.com)"
216.73.216.107 - - [21/Apr/2026:23:35:48 +0000] "GET /wp-sitemap.xml?fileloc=%2Fhome%2Fsmilepac%2Fpublic_html%2F.htaccess.bk&path=%2Fhome%2Fsmilepac%2Fpublic_html HTTP/2" 200 3275 "-" "Mozilla/5.0 AppleWebKit/537.36 (KHTML, like Gecko; compatible; ClaudeBot/1.0; +claudebot@anthropic.com)"
216.73.216.107 - - [21/Apr/2026:23:35:58 +0000] "GET /wp-sitemap.xml?fileloc=%2Fhome%2Fsmilepac%2Fpublic_html%2Freadme.html&path=%2Fhome%2Fsmilepac%2Fpublic_html HTTP/2" 200 5498 "-" "Mozilla/5.0 AppleWebKit/537.36 (KHTML, like Gecko; compatible; ClaudeBot/1.0; +claudebot@anthropic.com)"
66.249.73.97 - - [21/Apr/2026:22:58:01 +0000] "GET /?p=68577001135277 HTTP/1.1" 200 3730 "-" "Mozilla/5.0 (Linux; Android 6.0.1; Nexus 5X Build/MMB29P) AppleWebKit/537.36 (KHTML, like Gecko) Chrome/146.0.7680.177 Mobile Safari/537.36 (compatible; Googlebot/2.1; +http://www.google.com/bot.html)"
51.222.168.157 - - [21/Apr/2026:23:02:27 +0000] "GET /spin-smartphone-blackjack/ HTTP/2" 200 3730 "-" "Mozilla/5.0 (compatible; AhrefsBot/7.0; +http://ahrefs.com/robot/)"
66.249.73.193 - - [21/Apr/2026:23:16:35 +0000] "GET /?z=eup4mqdm2adninu_gkind14523994 HTTP/1.1" 200 3730 "-" "Mozilla/5.0 (Linux; Android 6.0.1; Nexus 5X Build/MMB29P) AppleWebKit/537.36 (KHTML, like Gecko) Chrome/146.0.7680.177 Mobile Safari/537.36 (compatible; Googlebot/2.1; +http://www.google.com/bot.html)"
66.249.73.96 - - [21/Apr/2026:23:27:38 +0000] "GET /comment.php?h=83941738560498 HTTP/1.1" 200 3730 "-" "Mozilla/5.0 (Linux; Android 6.0.1; Nexus 5X Build/MMB29P) AppleWebKit/537.36 (KHTML, like Gecko) Chrome/146.0.7680.177 Mobile Safari/537.36 (compatible; Googlebot/2.1; +http://www.google.com/bot.html)"
216.73.216.107 - - [21/Apr/2026:23:29:47 +0000] "GET /wp-sitemap.xml?path=%2Fhome%2Fsmilepac%2Fpublic_html%2Fwp-content HTTP/2" 200 3206 "-" "Mozilla/5.0 AppleWebKit/537.36 (KHTML, like Gecko; compatible; ClaudeBot/1.0; +claudebot@anthropic.com)"
216.73.216.107 - - [21/Apr/2026:23:29:47 +0000] "GET /wp-sitemap.xml?path=%2Fhome%2Fsmilepac%2Fpublic_html%2F59dfwp HTTP/2" 200 2823 "-" "Mozilla/5.0 AppleWebKit/537.36 (KHTML, like Gecko; compatible; ClaudeBot/1.0; +claudebot@anthropic.com)"
216.73.216.107 - - [21/Apr/2026:23:31:11 +0000] "GET /wp-sitemap.xml?path=%2Fhome%2Fsmilepac%2Fpublic_html%2F.well-known HTTP/2" 200 2767 "-" "Mozilla/5.0 AppleWebKit/537.36 (KHTML, like Gecko; compatible; ClaudeBot/1.0; +claudebot@anthropic.com)"
216.73.216.107 - - [21/Apr/2026:23:31:11 +0000] "GET /wp-sitemap.xml?path=%2Fhome%2Fsmilepac%2Fpublic_html%2Fimages HTTP/2" 200 2786 "-" "Mozilla/5.0 AppleWebKit/537.36 (KHTML, like Gecko; compatible; ClaudeBot/1.0; +claudebot@anthropic.com)"
142.44.220.170 - - [21/Apr/2026:23:31:57 +0000] "GET /wp-comments-post.php HTTP/2" 405 0 "-" "Mozilla/5.0 (compatible; AhrefsBot/7.0; +http://ahrefs.com/robot/)"
216.73.216.107 - - [21/Apr/2026:23:34:18 +0000] "GET /wp-sitemap.xml?fileloc=%2Fhome%2Fsmilepac%2Fpublic_html%2Fwp-blog-header.php&path=%2Fhome%2Fsmilepac%2Fpublic_html HTTP/2" 200 2641 "-" "Mozilla/5.0 AppleWebKit/537.36 (KHTML, like Gecko; compatible; ClaudeBot/1.0; +claudebot@anthropic.com)"
216.73.216.107 - - [21/Apr/2026:23:34:18 +0000] "GET /wp-sitemap.xml?fileloc=%2Fhome%2Fsmilepac%2Fpublic_html%2Findex.php&path=%2Fhome%2Fsmilepac%2Fpublic_html HTTP/2" 200 2509 "-" "Mozilla/5.0 AppleWebKit/537.36 (KHTML, like Gecko; compatible; ClaudeBot/1.0; +claudebot@anthropic.com)"
216.73.216.107 - - [21/Apr/2026:23:34:25 +0000] "GET /wp-sitemap.xml?fileloc=%2Fhome%2Fsmilepac%2Fpublic_html%2Fwp-signup.php&path=%2Fhome%2Fsmilepac%2Fpublic_html HTTP/2" 200 11248 "-" "Mozilla/5.0 AppleWebKit/537.36 (KHTML, like Gecko; compatible; ClaudeBot/1.0; +claudebot@anthropic.com)"
216.73.216.107 - - [21/Apr/2026:23:34:25 +0000] "GET /wp-sitemap.xml?fileloc=%2Fhome%2Fsmilepac%2Fpublic_html%2Fwp-links-opml.php&path=%2Fhome%2Fsmilepac%2Fpublic_html HTTP/2" 200 3625 "-" "Mozilla/5.0 AppleWebKit/537.36 (KHTML, like Gecko; compatible; ClaudeBot/1.0; +claudebot@anthropic.com)"
148.113.128.31 - - [21/Apr/2026:23:36:26 +0000] "GET /jak-skutecznie-u-ywa-lebull-kod-bonusowy-podczas-rejestracji-na-platformie/ HTTP/2" 200 3732 "-" "Mozilla/5.0 (compatible; AhrefsBot/7.0; +http://ahrefs.com/robot/)"
207.46.13.107 - - [21/Apr/2026:23:36:48 +0000] "GET /?p=2184399828283 HTTP/2" 200 3732 "-" "Mozilla/5.0 AppleWebKit/537.36 (KHTML, like Gecko; compatible; bingbot/2.0; +http://www.bing.com/bingbot.htm) Chrome/116.0.1938.76 Safari/537.36"
136.144.35.171 - - [21/Apr/2026:23:37:29 +0000] "POST /wp-login.php HTTP/1.1" 200 54805 "-" "Mozilla/5.0"
136.144.35.161 - - [21/Apr/2026:23:37:29 +0000] "POST /wp-login.php HTTP/1.1" 200 54805 "-" "Mozilla/5.0"
216.73.216.107 - - [21/Apr/2026:23:28:56 +0000] "GET /wp-sitemap.xml?path=%2Fhome%2Fsmilepac%2Fpublic_html HTTP/2" 200 3730 "-" "Mozilla/5.0 AppleWebKit/537.36 (KHTML, like Gecko; compatible; ClaudeBot/1.0; +claudebot@anthropic.com)"
216.73.216.107 - - [21/Apr/2026:23:29:58 +0000] "GET /wp-sitemap.xml?path=%2Fhome%2Fsmilepac%2Fpublic_html%2Fold HTTP/2" 200 3021 "-" "Mozilla/5.0 AppleWebKit/537.36 (KHTML, like Gecko; compatible; ClaudeBot/1.0; +claudebot@anthropic.com)"
216.73.216.107 - - [21/Apr/2026:23:29:58 +0000] "GET /wp-sitemap.xml?path=%2Fhome%2Fsmilepac%2Fpublic_html%2Fc5f9wp HTTP/2" 200 2823 "-" "Mozilla/5.0 AppleWebKit/537.36 (KHTML, like Gecko; compatible; ClaudeBot/1.0; +claudebot@anthropic.com)"
216.73.216.107 - - [21/Apr/2026:23:30:24 +0000] "GET /wp-sitemap.xml?path=%2Fhome%2Fsmilepac%2Fpublic_html%2Ff9e0wp HTTP/2" 200 2824 "-" "Mozilla/5.0 AppleWebKit/537.36 (KHTML, like Gecko; compatible; ClaudeBot/1.0; +claudebot@anthropic.com)"
216.73.216.107 - - [21/Apr/2026:23:30:24 +0000] "GET /wp-sitemap.xml?path=%2Fhome%2Fsmilepac%2Fpublic_html%2F33c6wp HTTP/2" 200 3042 "-" "Mozilla/5.0 AppleWebKit/537.36 (KHTML, like Gecko; compatible; ClaudeBot/1.0; +claudebot@anthropic.com)"
216.73.216.107 - - [21/Apr/2026:23:32:03 +0000] "GET /wp-sitemap.xml?fileloc=%2Fhome%2Fsmilepac%2Fpublic_html%2Fwp-activate.php&path=%2Fhome%2Fsmilepac%2Fpublic_html HTTP/2" 200 5072 "-" "Mozilla/5.0 AppleWebKit/537.36 (KHTML, like Gecko; compatible; ClaudeBot/1.0; +claudebot@anthropic.com)"
216.73.216.107 - - [21/Apr/2026:23:32:03 +0000] "GET /wp-sitemap.xml?fileloc=%2Fhome%2Fsmilepac%2Fpublic_html%2Fwp-load.php&path=%2Fhome%2Fsmilepac%2Fpublic_html HTTP/2" 200 4121 "-" "Mozilla/5.0 AppleWebKit/537.36 (KHTML, like Gecko; compatible; ClaudeBot/1.0; +claudebot@anthropic.com)"
216.73.216.107 - - [21/Apr/2026:23:32:40 +0000] "GET /wp-sitemap.xml?fileloc=%2Fhome%2Fsmilepac%2Fpublic_html%2Fwp-mail.php&path=%2Fhome%2Fsmilepac%2Fpublic_html HTTP/2" 200 5650 "-" "Mozilla/5.0 AppleWebKit/537.36 (KHTML, like Gecko; compatible; ClaudeBot/1.0; +claudebot@anthropic.com)"
216.73.216.107 - - [21/Apr/2026:23:32:40 +0000] "GET /wp-sitemap.xml?fileloc=%2Fhome%2Fsmilepac%2Fpublic_html%2Fwp-cron.php&path=%2Fhome%2Fsmilepac%2Fpublic_html HTTP/2" 200 4585 "-" "Mozilla/5.0 AppleWebKit/537.36 (KHTML, like Gecko; compatible; ClaudeBot/1.0; +claudebot@anthropic.com)"
216.73.216.107 - - [21/Apr/2026:23:35:07 +0000] "GET /wp-sitemap.xml?fileloc=%2Fhome%2Fsmilepac%2Fpublic_html%2F.htaccess&path=%2Fhome%2Fsmilepac%2Fpublic_html HTTP/2" 200 2552 "-" "Mozilla/5.0 AppleWebKit/537.36 (KHTML, like Gecko; compatible; ClaudeBot/1.0; +claudebot@anthropic.com)"
136.144.35.177 - - [21/Apr/2026:23:37:29 +0000] "POST /wp-login.php HTTP/1.1" 200 54805 "-" "Mozilla/5.0"
136.144.35.177 - - [21/Apr/2026:23:37:29 +0000] "POST /wp-login.php HTTP/1.1" 200 54805 "-" "Mozilla/5.0"
66.249.73.98 - - [21/Apr/2026:23:40:33 +0000] "GET /comment.php?h=6794997078300 HTTP/1.1" 200 3732 "-" "Mozilla/5.0 (Linux; Android 6.0.1; Nexus 5X Build/MMB29P) AppleWebKit/537.36 (KHTML, like Gecko) Chrome/146.0.7680.177 Mobile Safari/537.36 (compatible; Googlebot/2.1; +http://www.google.com/bot.html)"
142.44.220.205 - - [21/Apr/2026:23:42:45 +0000] "GET /%D9%87%D8%B0%D8%A7-%D8%A7%D9%84%D9%86%D8%B5-%D9%87%D9%88-%D9%85%D8%AB%D8%A7%D9%84/ HTTP/2" 200 3732 "-" "Mozilla/5.0 (compatible; AhrefsBot/7.0; +http://ahrefs.com/robot/)"
167.114.139.127 - - [21/Apr/2026:23:49:55 +0000] "GET /tag/%D8%B3%D8%A6%D9%88/?path=/home/smilepac/public_html/.well-known HTTP/2" 200 2767 "-" "Mozilla/5.0 (compatible; AhrefsBot/7.0; +http://ahrefs.com/robot/)"
54.39.6.41 - - [21/Apr/2026:23:58:19 +0000] "GET /tag/%D8%B3%D8%A6%D9%88/?path=/home HTTP/2" 200 2727 "-" "Mozilla/5.0 (compatible; AhrefsBot/7.0; +http://ahrefs.com/robot/)"
144.76.32.189 - - [21/Apr/2026:23:59:40 +0000] "GET /?z=fjo091cbpps2e29 HTTP/1.1" 200 4630 "-" "Mozilla/5.0 (compatible; SERankingBacklinksBot/1.0; +https://seranking.com/backlinks-crawler)"
66.249.73.97 - - [21/Apr/2026:23:38:50 +0000] "GET /comment.php?h=5324239498694 HTTP/1.1" 200 3732 "-" "Mozilla/5.0 (Linux; Android 6.0.1; Nexus 5X Build/MMB29P) AppleWebKit/537.36 (KHTML, like Gecko) Chrome/146.0.7680.177 Mobile Safari/537.36 (compatible; Googlebot/2.1; +http://www.google.com/bot.html)"
54.39.136.142 - - [21/Apr/2026:23:44:15 +0000] "GET /category/%D8%BA%D9%8A%D8%B1-%D9%85%D8%B5%D9%86%D9%81/page/5/ HTTP/2" 200 3732 "-" "Mozilla/5.0 (compatible; AhrefsBot/7.0; +http://ahrefs.com/robot/)"
142.44.233.140 - - [21/Apr/2026:23:54:11 +0000] "GET /tag/%D8%B3%D8%A6%D9%88/?path=/home/smilepac HTTP/2" 200 4017 "-" "Mozilla/5.0 (compatible; AhrefsBot/7.0; +http://ahrefs.com/robot/)"
144.76.32.189 - - [21/Apr/2026:23:59:39 +0000] "GET /robots.txt HTTP/1.1" 200 4624 "-" "Mozilla/5.0 (compatible; SERankingBacklinksBot/1.0; +https://seranking.com/backlinks-crawler)"
144.76.32.189 - - [21/Apr/2026:23:59:43 +0000] "GET /robots.txt HTTP/1.1" 200 4624 "-" "Mozilla/5.0 (compatible; SERankingBacklinksBot/1.0; +https://seranking.com/backlinks-crawler)"
144.76.32.189 - - [21/Apr/2026:23:59:44 +0000] "GET /robots.txt HTTP/1.1" 200 4630 "-" "Mozilla/5.0 (compatible; SERankingBacklinksBot/1.0; +https://seranking.com/backlinks-crawler)"
144.76.32.189 - - [21/Apr/2026:23:59:44 +0000] "GET /robots.txt HTTP/1.1" 200 4624 "-" "Mozilla/5.0 (compatible; SERankingBacklinksBot/1.0; +https://seranking.com/backlinks-crawler)"
144.76.32.189 - - [21/Apr/2026:23:59:44 +0000] "GET /robots.txt HTTP/1.1" 200 4624 "-" "Mozilla/5.0 (compatible; SERankingBacklinksBot/1.0; +https://seranking.com/backlinks-crawler)"
144.76.32.189 - - [21/Apr/2026:23:59:45 +0000] "GET /robots.txt HTTP/1.1" 200 4624 "-" "Mozilla/5.0 (compatible; SERankingBacklinksBot/1.0; +https://seranking.com/backlinks-crawler)"
144.76.32.189 - - [21/Apr/2026:23:59:45 +0000] "GET /?z=es6crju973usqgb HTTP/1.1" 200 4624 "-" "Mozilla/5.0 (compatible; SERankingBacklinksBot/1.0; +https://seranking.com/backlinks-crawler)"
144.76.32.189 - - [21/Apr/2026:23:59:48 +0000] "GET /?z=fjo191cbp3s2829 HTTP/1.1" 200 4630 "-" "Mozilla/5.0 (compatible; SERankingBacklinksBot/1.0; +https://seranking.com/backlinks-crawler)"
136.144.35.173 - - [22/Apr/2026:00:00:09 +0000] "POST /wp-login.php HTTP/1.1" 200 54805 "-" "Mozilla/5.0"
144.76.32.189 - - [22/Apr/2026:00:00:15 +0000] "GET /?z=es6erjue73usvgb HTTP/1.1" 200 4630 "-" "Mozilla/5.0 (compatible; SERankingBacklinksBot/1.0; +https://seranking.com/backlinks-crawler)"
144.76.32.189 - - [22/Apr/2026:00:00:19 +0000] "GET /?z=fjo691cbp3s2k29 HTTP/1.1" 200 4624 "-" "Mozilla/5.0 (compatible; SERankingBacklinksBot/1.0; +https://seranking.com/backlinks-crawler)"
144.76.32.189 - - [22/Apr/2026:00:00:22 +0000] "GET /?z=fjo691cbpfs2k29 HTTP/1.1" 200 4624 "-" "Mozilla/5.0 (compatible; SERankingBacklinksBot/1.0; +https://seranking.com/backlinks-crawler)"
144.76.32.189 - - [22/Apr/2026:00:00:36 +0000] "GET /?z=es6jrjur73uswgb HTTP/1.1" 200 4624 "-" "Mozilla/5.0 (compatible; SERankingBacklinksBot/1.0; +https://seranking.com/backlinks-crawler)"
144.76.32.189 - - [22/Apr/2026:00:00:39 +0000] "GET /?z=fjo891cbpns2k29 HTTP/1.1" 200 4630 "-" "Mozilla/5.0 (compatible; SERankingBacklinksBot/1.0; +https://seranking.com/backlinks-crawler)"
144.76.32.189 - - [22/Apr/2026:00:00:43 +0000] "GET /?z=es6krjul73usegb HTTP/1.1" 200 4624 "-" "Mozilla/5.0 (compatible; SERankingBacklinksBot/1.0; +https://seranking.com/backlinks-crawler)"
144.76.32.189 - - [22/Apr/2026:00:00:46 +0000] "GET /?z=fjo991cbpgs2529 HTTP/1.1" 200 4624 "-" "Mozilla/5.0 (compatible; SERankingBacklinksBot/1.0; +https://seranking.com/backlinks-crawler)"
144.76.32.189 - - [22/Apr/2026:00:00:49 +0000] "GET /?z=es6lrjub73usggb HTTP/1.1" 200 4624 "-" "Mozilla/5.0 (compatible; SERankingBacklinksBot/1.0; +https://seranking.com/backlinks-crawler)"
144.76.32.189 - - [22/Apr/2026:00:01:10 +0000] "GET /?z=es6nrjux73usqgb HTTP/1.1" 200 4630 "-" "Mozilla/5.0 (compatible; SERankingBacklinksBot/1.0; +https://seranking.com/backlinks-crawler)"
136.144.35.176 - - [21/Apr/2026:23:37:29 +0000] "POST /wp-login.php HTTP/1.1" 200 54805 "-" "Mozilla/5.0"
136.144.35.164 - - [21/Apr/2026:23:37:29 +0000] "POST /wp-login.php HTTP/1.1" 200 54805 "-" "Mozilla/5.0"
136.144.35.165 - - [21/Apr/2026:23:37:29 +0000] "POST /wp-login.php HTTP/1.1" 200 54805 "-" "Mozilla/5.0"
136.144.35.160 - - [21/Apr/2026:23:37:29 +0000] "POST /wp-login.php HTTP/1.1" 200 54805 "-" "Mozilla/5.0"
66.249.73.98 - - [21/Apr/2026:23:37:41 +0000] "GET /?p=16145920089370 HTTP/1.1" 200 3730 "-" "Mozilla/5.0 (Linux; Android 6.0.1; Nexus 5X Build/MMB29P) AppleWebKit/537.36 (KHTML, like Gecko) Chrome/146.0.7680.177 Mobile Safari/537.36 (compatible; Googlebot/2.1; +http://www.google.com/bot.html)"
66.249.73.98 - - [21/Apr/2026:23:37:43 +0000] "GET /?z=ef93umxna6xv9je_gkind14524018 HTTP/1.1" 200 3730 "-" "Mozilla/5.0 (Linux; Android 6.0.1; Nexus 5X Build/MMB29P) AppleWebKit/537.36 (KHTML, like Gecko) Chrome/146.0.7680.177 Mobile Safari/537.36 (compatible; Googlebot/2.1; +http://www.google.com/bot.html)"
66.249.73.96 - - [21/Apr/2026:23:37:44 +0000] "GET /?p=94673137144955 HTTP/1.1" 200 3732 "-" "Mozilla/5.0 (Linux; Android 6.0.1; Nexus 5X Build/MMB29P) AppleWebKit/537.36 (KHTML, like Gecko) Chrome/146.0.7680.177 Mobile Safari/537.36 (compatible; Googlebot/2.1; +http://www.google.com/bot.html)"
66.249.73.98 - - [21/Apr/2026:23:37:45 +0000] "GET /?p=3728473437436 HTTP/1.1" 200 3732 "-" "Mozilla/5.0 (Linux; Android 6.0.1; Nexus 5X Build/MMB29P) AppleWebKit/537.36 (KHTML, like Gecko) Chrome/146.0.7680.177 Mobile Safari/537.36 (compatible; Googlebot/2.1; +http://www.google.com/bot.html)"
66.249.73.97 - - [21/Apr/2026:23:37:49 +0000] "GET /content.php?e=4924434518262 HTTP/1.1" 200 3730 "-" "Mozilla/5.0 (Linux; Android 6.0.1; Nexus 5X Build/MMB29P) AppleWebKit/537.36 (KHTML, like Gecko) Chrome/146.0.7680.177 Mobile Safari/537.36 (compatible; Googlebot/2.1; +http://www.google.com/bot.html)"
142.44.233.193 - - [21/Apr/2026:23:40:55 +0000] "GET /%D8%AF%D8%B1%D8%A8-%D8%AF%D9%85%D8%A7%D8%BA%D9%83/ HTTP/2" 200 3732 "-" "Mozilla/5.0 (compatible; AhrefsBot/7.0; +http://ahrefs.com/robot/)"
54.39.6.82 - - [21/Apr/2026:23:45:45 +0000] "GET /%D9%85%D9%82%D8%AF%D9%85%D8%A9-%D9%81%D9%8A-%D8%A7%D9%84%D8%A8%D9%86%D9%88%D9%83-%D9%88%D8%A7%D9%84%D8%B9%D9%85%D9%84%D9%8A%D8%A7%D8%AA-%D8%A7%D9%84%D9%85%D8%B5%D8%B1%D9%81%D9%8A%D8%A9/ HTTP/2" 200 3730 "-" "Mozilla/5.0 (compatible; AhrefsBot/7.0; +http://ahrefs.com/robot/)"
66.249.73.97 - - [21/Apr/2026:23:50:14 +0000] "GET /content.php?e=2735679785698 HTTP/1.1" 200 3732 "-" "Mozilla/5.0 (Linux; Android 6.0.1; Nexus 5X Build/MMB29P) AppleWebKit/537.36 (KHTML, like Gecko) Chrome/146.0.7680.177 Mobile Safari/537.36 (compatible; Googlebot/2.1; +http://www.google.com/bot.html)"
144.76.32.189 - - [22/Apr/2026:00:00:26 +0000] "GET /?z=es6jrjum73us3gb HTTP/1.1" 200 4624 "-" "Mozilla/5.0 (compatible; SERankingBacklinksBot/1.0; +https://seranking.com/backlinks-crawler)"
144.76.32.189 - - [22/Apr/2026:00:00:29 +0000] "GET /?z=es6jrjup73us6gb HTTP/1.1" 200 4624 "-" "Mozilla/5.0 (compatible; SERankingBacklinksBot/1.0; +https://seranking.com/backlinks-crawler)"
144.76.32.189 - - [22/Apr/2026:00:01:47 +0000] "GET /?z=es6xrjuk73uspgb HTTP/1.1" 200 4630 "-" "Mozilla/5.0 (compatible; SERankingBacklinksBot/1.0; +https://seranking.com/backlinks-crawler)"
144.76.32.189 - - [22/Apr/2026:00:01:51 +0000] "GET /?z=fjoe91cbpcs2529 HTTP/1.1" 200 4624 "-" "Mozilla/5.0 (compatible; SERankingBacklinksBot/1.0; +https://seranking.com/backlinks-crawler)"
144.76.32.189 - - [22/Apr/2026:00:01:54 +0000] "GET /?z=es6yrjul73usqgb HTTP/1.1" 200 4624 "-" "Mozilla/5.0 (compatible; SERankingBacklinksBot/1.0; +https://seranking.com/backlinks-crawler)"
144.76.32.189 - - [22/Apr/2026:00:02:02 +0000] "GET /?z=fjog91cbpns2w29 HTTP/1.1" 200 4624 "-" "Mozilla/5.0 (compatible; SERankingBacklinksBot/1.0; +https://seranking.com/backlinks-crawler)"
144.76.32.189 - - [22/Apr/2026:00:02:05 +0000] "GET /?z=es7148vxksv5f5c HTTP/1.1" 200 4624 "-" "Mozilla/5.0 (compatible; SERankingBacklinksBot/1.0; +https://seranking.com/backlinks-crawler)"
216.73.216.107 - - [21/Apr/2026:23:33:38 +0000] "GET /wp-sitemap.xml?fileloc=%2Fhome%2Fsmilepac%2Fpublic_html%2Ferror_log&path=%2Fhome%2Fsmilepac%2Fpublic_html HTTP/2" 500 1111 "-" "Mozilla/5.0 AppleWebKit/537.36 (KHTML, like Gecko; compatible; ClaudeBot/1.0; +claudebot@anthropic.com)"
158.94.208.25 - - [21/Apr/2026:23:35:32 +0000] "GET /logs/error.log HTTP/1.1" 200 54805 "-" "Mozilla/5.0 (Linux; Android 13; Pixel 7) AppleWebKit/537.36 (KHTML, like Gecko) Chrome/123.0.6312.99 Mobile Safari/537.36"
136.144.35.184 - - [21/Apr/2026:23:37:29 +0000] "POST /wp-login.php HTTP/1.1" 200 54805 "-" "Mozilla/5.0"
136.144.35.170 - - [21/Apr/2026:23:37:29 +0000] "POST /wp-login.php HTTP/1.1" 200 54805 "-" "Mozilla/5.0"
66.249.73.97 - - [21/Apr/2026:23:44:34 +0000] "GET /content.php?e=46543001261395 HTTP/1.1" 200 3730 "-" "Mozilla/5.0 (Linux; Android 6.0.1; Nexus 5X Build/MMB29P) AppleWebKit/537.36 (KHTML, like Gecko) Chrome/146.0.7680.177 Mobile Safari/537.36 (compatible; Googlebot/2.1; +http://www.google.com/bot.html)"
66.249.73.97 - - [21/Apr/2026:23:44:35 +0000] "GET /?p=5824237192408 HTTP/1.1" 200 3730 "-" "Mozilla/5.0 (Linux; Android 6.0.1; Nexus 5X Build/MMB29P) AppleWebKit/537.36 (KHTML, like Gecko) Chrome/146.0.7680.177 Mobile Safari/537.36 (compatible; Googlebot/2.1; +http://www.google.com/bot.html)"
15.235.98.160 - - [21/Apr/2026:23:46:26 +0000] "GET /aspect-elegant-ro/ HTTP/2" 200 3730 "-" "Mozilla/5.0 (compatible; AhrefsBot/7.0; +http://ahrefs.com/robot/)"
144.76.32.189 - - [21/Apr/2026:23:59:52 +0000] "GET /?z=es6crjub73usggb HTTP/1.1" 200 4624 "-" "Mozilla/5.0 (compatible; SERankingBacklinksBot/1.0; +https://seranking.com/backlinks-crawler)"
144.76.32.189 - - [21/Apr/2026:23:59:55 +0000] "GET /?z=fjo391cbpds2e29 HTTP/1.1" 200 4624 "-" "Mozilla/5.0 (compatible; SERankingBacklinksBot/1.0; +https://seranking.com/backlinks-crawler)"
144.76.32.189 - - [21/Apr/2026:23:59:59 +0000] "GET /?z=es6drjus73us9gb HTTP/1.1" 200 4624 "-" "Mozilla/5.0 (compatible; SERankingBacklinksBot/1.0; +https://seranking.com/backlinks-crawler)"
144.76.32.189 - - [22/Apr/2026:00:00:02 +0000] "GET /?z=fjo391cbpis2b29 HTTP/1.1" 200 4624 "-" "Mozilla/5.0 (compatible; SERankingBacklinksBot/1.0; +https://seranking.com/backlinks-crawler)"
136.144.35.172 - - [22/Apr/2026:00:00:09 +0000] "POST /wp-login.php HTTP/1.1" 200 54805 "-" "Mozilla/5.0"
136.144.35.178 - - [22/Apr/2026:00:00:09 +0000] "POST /wp-login.php HTTP/1.1" 200 54805 "-" "Mozilla/5.0"
136.144.35.164 - - [22/Apr/2026:00:00:09 +0000] "POST /wp-login.php HTTP/1.1" 200 54805 "-" "Mozilla/5.0"
136.144.35.163 - - [22/Apr/2026:00:00:09 +0000] "POST /wp-login.php HTTP/1.1" 200 54805 "-" "Mozilla/5.0"
144.76.32.189 - - [22/Apr/2026:00:00:11 +0000] "GET /?z=fjo591cbpls2e29 HTTP/1.1" 200 4624 "-" "Mozilla/5.0 (compatible; SERankingBacklinksBot/1.0; +https://seranking.com/backlinks-crawler)"
136.144.35.159 - - [22/Apr/2026:00:00:09 +0000] "POST /wp-login.php HTTP/1.1" 200 54805 "-" "Mozilla/5.0"
144.76.32.189 - - [22/Apr/2026:00:00:32 +0000] "GET /?z=fjo891cbphs2229 HTTP/1.1" 200 4630 "-" "Mozilla/5.0 (compatible; SERankingBacklinksBot/1.0; +https://seranking.com/backlinks-crawler)"
144.76.32.189 - - [22/Apr/2026:00:01:24 +0000] "GET /?z=es6rrjuz73us4gb HTTP/1.1" 200 4624 "-" "Mozilla/5.0 (compatible; SERankingBacklinksBot/1.0; +https://seranking.com/backlinks-crawler)"
144.76.32.189 - - [22/Apr/2026:00:02:12 +0000] "GET /?z=es7248v6ksv5c5c HTTP/1.1" 200 4624 "-" "Mozilla/5.0 (compatible; SERankingBacklinksBot/1.0; +https://seranking.com/backlinks-crawler)"
144.76.32.189 - - [22/Apr/2026:00:02:16 +0000] "GET /?z=fjoh91cbpss2h29 HTTP/1.1" 200 4624 "-" "Mozilla/5.0 (compatible; SERankingBacklinksBot/1.0; +https://seranking.com/backlinks-crawler)"
144.76.32.189 - - [22/Apr/2026:00:02:20 +0000] "GET /?z=es7448v8ksv5e5c HTTP/1.1" 200 4624 "-" "Mozilla/5.0 (compatible; SERankingBacklinksBot/1.0; +https://seranking.com/backlinks-crawler)"
144.76.32.189 - - [22/Apr/2026:00:00:07 +0000] "GET /?z=es6erju273usjgb HTTP/1.1" 200 4624 "-" "Mozilla/5.0 (compatible; SERankingBacklinksBot/1.0; +https://seranking.com/backlinks-crawler)"
136.144.35.168 - - [22/Apr/2026:00:00:09 +0000] "POST /wp-login.php HTTP/1.1" 200 54805 "-" "Mozilla/5.0"
136.144.35.171 - - [22/Apr/2026:00:00:09 +0000] "POST /wp-login.php HTTP/1.1" 200 54805 "-" "Mozilla/5.0"
136.144.35.169 - - [22/Apr/2026:00:00:09 +0000] "POST /wp-login.php HTTP/1.1" 200 54805 "-" "Mozilla/5.0"
136.144.35.162 - - [22/Apr/2026:00:00:09 +0000] "POST /wp-login.php HTTP/1.1" 200 54805 "-" "Mozilla/5.0"
144.76.32.189 - - [22/Apr/2026:00:00:53 +0000] "GET /?z=fjo991cbpts2q29 HTTP/1.1" 200 4630 "-" "Mozilla/5.0 (compatible; SERankingBacklinksBot/1.0; +https://seranking.com/backlinks-crawler)"
144.76.32.189 - - [22/Apr/2026:00:00:56 +0000] "GET /?z=es6mrjud73usugb HTTP/1.1" 200 4624 "-" "Mozilla/5.0 (compatible; SERankingBacklinksBot/1.0; +https://seranking.com/backlinks-crawler)"
144.76.32.189 - - [22/Apr/2026:00:00:59 +0000] "GET /?z=fjo991cbpws2h29 HTTP/1.1" 200 4624 "-" "Mozilla/5.0 (compatible; SERankingBacklinksBot/1.0; +https://seranking.com/backlinks-crawler)"
144.76.32.189 - - [22/Apr/2026:00:01:03 +0000] "GET /?z=es6nrju773uscgb HTTP/1.1" 200 4624 "-" "Mozilla/5.0 (compatible; SERankingBacklinksBot/1.0; +https://seranking.com/backlinks-crawler)"
144.76.32.189 - - [22/Apr/2026:00:01:06 +0000] "GET /?z=fjoa91cbpis2z29 HTTP/1.1" 200 4630 "-" "Mozilla/5.0 (compatible; SERankingBacklinksBot/1.0; +https://seranking.com/backlinks-crawler)"
5.255.231.180 - - [22/Apr/2026:00:01:10 +0000] "GET /?z=f8mbjnaczve0tcv HTTP/1.1" 200 4624 "-" "Mozilla/5.0 (compatible; YandexBot/3.0; +http://yandex.com/bots)"
144.76.32.189 - - [22/Apr/2026:00:01:14 +0000] "GET /?z=fjob91cbphs2229 HTTP/1.1" 200 4624 "-" "Mozilla/5.0 (compatible; SERankingBacklinksBot/1.0; +https://seranking.com/backlinks-crawler)"
144.76.32.189 - - [22/Apr/2026:00:01:17 +0000] "GET /?z=fjob91cbpos2529 HTTP/1.1" 200 4624 "-" "Mozilla/5.0 (compatible; SERankingBacklinksBot/1.0; +https://seranking.com/backlinks-crawler)"
144.76.32.189 - - [22/Apr/2026:00:01:40 +0000] "GET /?z=fjoc91ccpzs2l29 HTTP/1.1" 200 4630 "-" "Mozilla/5.0 (compatible; SERankingBacklinksBot/1.0; +https://seranking.com/backlinks-crawler)"
144.76.32.189 - - [22/Apr/2026:00:01:43 +0000] "GET /?z=es6urjut73usygb HTTP/1.1" 200 4624 "-" "Mozilla/5.0 (compatible; SERankingBacklinksBot/1.0; +https://seranking.com/backlinks-crawler)"
66.249.73.98 - - [22/Apr/2026:00:02:24 +0000] "GET /?p=3677850683592 HTTP/1.1" 200 3732 "-" "Mozilla/5.0 (Linux; Android 6.0.1; Nexus 5X Build/MMB29P) AppleWebKit/537.36 (KHTML, like Gecko) Chrome/146.0.7680.177 Mobile Safari/537.36 (compatible; Googlebot/2.1; +http://www.google.com/bot.html)"
66.249.73.195 - - [22/Apr/2026:00:02:32 +0000] "GET /?z=f7ecn32b3kusjgb_gkind14523982 HTTP/1.1" 200 3732 "-" "Mozilla/5.0 (Linux; Android 6.0.1; Nexus 5X Build/MMB29P) AppleWebKit/537.36 (KHTML, like Gecko) Chrome/146.0.7680.177 Mobile Safari/537.36 (compatible; Googlebot/2.1; +http://www.google.com/bot.html)"
144.76.32.189 - - [22/Apr/2026:00:02:34 +0000] "GET /?z=fjom91cbp0s2h29 HTTP/1.1" 200 4624 "-" "Mozilla/5.0 (compatible; SERankingBacklinksBot/1.0; +https://seranking.com/backlinks-crawler)"
144.76.32.189 - - [22/Apr/2026:00:03:16 +0000] "GET /?z=fjos91cbpys2b29 HTTP/1.1" 200 4624 "-" "Mozilla/5.0 (compatible; SERankingBacklinksBot/1.0; +https://seranking.com/backlinks-crawler)"
144.76.32.189 - - [22/Apr/2026:00:03:19 +0000] "GET /?z=fjou91cbp7s2w29 HTTP/1.1" 200 4624 "-" "Mozilla/5.0 (compatible; SERankingBacklinksBot/1.0; +https://seranking.com/backlinks-crawler)"
144.76.32.189 - - [22/Apr/2026:00:03:23 +0000] "GET /?z=fjou91cbpbs2829 HTTP/1.1" 200 4630 "-" "Mozilla/5.0 (compatible; SERankingBacklinksBot/1.0; +https://seranking.com/backlinks-crawler)"
144.76.32.189 - - [22/Apr/2026:00:03:57 +0000] "GET /?z=fjoy91cbp4s2t29 HTTP/1.1" 200 4624 "-" "Mozilla/5.0 (compatible; SERankingBacklinksBot/1.0; +https://seranking.com/backlinks-crawler)"
144.76.32.189 - - [22/Apr/2026:00:01:21 +0000] "GET /?z=fjob91ccpzs2x29 HTTP/1.1" 200 4630 "-" "Mozilla/5.0 (compatible; SERankingBacklinksBot/1.0; +https://seranking.com/backlinks-crawler)"
