HEX
Server: LiteSpeed
System: Linux server.nevid-deploma.com 4.18.0-553.111.1.lve.el8.x86_64 #1 SMP Fri Mar 13 13:42:17 UTC 2026 x86_64
User: smilepac (1037)
PHP: 8.1.34
Disabled: NONE
Upload Files
File: /home/smilepac/access-logs/smilepack.net-ssl_log
34.132.30.149 - - [21/Apr/2026:16:23:16 +0000] "POST //xmlrpc.php HTTP/1.1" 200 441 "-" "Mozilla/5.0 (Windows NT 10.0; Win64; x64) AppleWebKit/537.36 (KHTML, like Gecko) Chrome/78.0.3904.108 Safari/537.36"
34.132.30.149 - - [21/Apr/2026:16:23:17 +0000] "POST //xmlrpc.php HTTP/1.1" 200 441 "-" "Mozilla/5.0 (Windows NT 10.0; Win64; x64) AppleWebKit/537.36 (KHTML, like Gecko) Chrome/78.0.3904.108 Safari/537.36"
185.82.92.241 - - [21/Apr/2026:16:23:19 +0000] "POST /wp-admin/admin-ajax.php HTTP/2" 200 51 "https://www.smilepack.net/wp-admin/options-reading.php" "Mozilla/5.0 (Windows NT 10.0; Win64; x64) AppleWebKit/537.36 (KHTML, like Gecko) Chrome/147.0.0.0 Safari/537.36"
34.132.30.149 - - [21/Apr/2026:16:23:18 +0000] "POST //xmlrpc.php HTTP/1.1" 200 441 "-" "Mozilla/5.0 (Windows NT 10.0; Win64; x64) AppleWebKit/537.36 (KHTML, like Gecko) Chrome/78.0.3904.108 Safari/537.36"
34.132.30.149 - - [21/Apr/2026:16:23:21 +0000] "POST //xmlrpc.php HTTP/1.1" 200 441 "-" "Mozilla/5.0 (Windows NT 10.0; Win64; x64) AppleWebKit/537.36 (KHTML, like Gecko) Chrome/78.0.3904.108 Safari/537.36"
34.132.30.149 - - [21/Apr/2026:16:23:24 +0000] "POST //xmlrpc.php HTTP/1.1" 200 441 "-" "Mozilla/5.0 (Windows NT 10.0; Win64; x64) AppleWebKit/537.36 (KHTML, like Gecko) Chrome/78.0.3904.108 Safari/537.36"
34.132.30.149 - - [21/Apr/2026:16:23:28 +0000] "POST //xmlrpc.php HTTP/1.1" 200 441 "-" "Mozilla/5.0 (Windows NT 10.0; Win64; x64) AppleWebKit/537.36 (KHTML, like Gecko) Chrome/78.0.3904.108 Safari/537.36"
185.82.92.241 - - [21/Apr/2026:16:23:34 +0000] "GET /wp-admin/ HTTP/2" 200 66134 "-" "Mozilla/5.0 (Windows NT 10.0; Win64; x64) AppleWebKit/537.36 (KHTML, like Gecko) Chrome/147.0.0.0 Safari/537.36"
34.132.30.149 - - [21/Apr/2026:16:23:31 +0000] "POST //xmlrpc.php HTTP/1.1" 200 441 "-" "Mozilla/5.0 (Windows NT 10.0; Win64; x64) AppleWebKit/537.36 (KHTML, like Gecko) Chrome/78.0.3904.108 Safari/537.36"
185.82.92.241 - - [21/Apr/2026:16:23:36 +0000] "GET /robots.txt HTTP/2" 200 120 "https://www.smilepack.net/wp-admin/" "Mozilla/5.0 (Windows NT 10.0; Win64; x64) AppleWebKit/537.36 (KHTML, like Gecko) Chrome/147.0.0.0 Safari/537.36"
185.82.92.241 - - [21/Apr/2026:16:23:39 +0000] "GET /wp-admin/profile.php HTTP/2" 200 57922 "https://www.smilepack.net/wp-admin/" "Mozilla/5.0 (Windows NT 10.0; Win64; x64) AppleWebKit/537.36 (KHTML, like Gecko) Chrome/147.0.0.0 Safari/537.36"
185.82.92.241 - - [21/Apr/2026:16:23:41 +0000] "GET /wp-admin/js/application-passwords.min.js?ver=6.9.4 HTTP/2" 200 999 "https://www.smilepack.net/wp-admin/profile.php" "Mozilla/5.0 (Windows NT 10.0; Win64; x64) AppleWebKit/537.36 (KHTML, like Gecko) Chrome/147.0.0.0 Safari/537.36"
185.82.92.241 - - [21/Apr/2026:16:23:41 +0000] "GET /wp-admin/load-scripts.php?c=0&load%5Bchunk_0%5D=jquery-core,jquery-migrate,utils,zxcvbn-async&ver=6.9.4 HTTP/2" 200 36230 "https://www.smilepack.net/wp-admin/profile.php" "Mozilla/5.0 (Windows NT 10.0; Win64; x64) AppleWebKit/537.36 (KHTML, like Gecko) Chrome/147.0.0.0 Safari/537.36"
34.132.30.149 - - [21/Apr/2026:16:23:36 +0000] "POST //xmlrpc.php HTTP/1.1" 200 441 "-" "Mozilla/5.0 (Windows NT 10.0; Win64; x64) AppleWebKit/537.36 (KHTML, like Gecko) Chrome/78.0.3904.108 Safari/537.36"
185.82.92.241 - - [21/Apr/2026:16:23:41 +0000] "GET /robots.txt HTTP/2" 200 120 "https://www.smilepack.net/wp-admin/profile.php" "Mozilla/5.0 (Windows NT 10.0; Win64; x64) AppleWebKit/537.36 (KHTML, like Gecko) Chrome/147.0.0.0 Safari/537.36"
34.132.30.149 - - [21/Apr/2026:16:23:41 +0000] "POST //xmlrpc.php HTTP/1.1" 200 441 "-" "Mozilla/5.0 (Windows NT 10.0; Win64; x64) AppleWebKit/537.36 (KHTML, like Gecko) Chrome/78.0.3904.108 Safari/537.36"
185.82.92.241 - - [21/Apr/2026:16:23:45 +0000] "POST /wp-admin/admin-ajax.php HTTP/2" 200 54 "https://www.smilepack.net/wp-admin/profile.php" "Mozilla/5.0 (Windows NT 10.0; Win64; x64) AppleWebKit/537.36 (KHTML, like Gecko) Chrome/147.0.0.0 Safari/537.36"
34.132.30.149 - - [21/Apr/2026:16:23:46 +0000] "POST //xmlrpc.php HTTP/1.1" 200 441 "-" "Mozilla/5.0 (Windows NT 10.0; Win64; x64) AppleWebKit/537.36 (KHTML, like Gecko) Chrome/78.0.3904.108 Safari/537.36"
34.132.30.149 - - [21/Apr/2026:16:23:51 +0000] "POST //xmlrpc.php HTTP/1.1" 200 441 "-" "Mozilla/5.0 (Windows NT 10.0; Win64; x64) AppleWebKit/537.36 (KHTML, like Gecko) Chrome/78.0.3904.108 Safari/537.36"
34.132.30.149 - - [21/Apr/2026:16:24:03 +0000] "POST //xmlrpc.php HTTP/1.1" 200 441 "-" "Mozilla/5.0 (Windows NT 10.0; Win64; x64) AppleWebKit/537.36 (KHTML, like Gecko) Chrome/78.0.3904.108 Safari/537.36"
34.132.30.149 - - [21/Apr/2026:16:24:08 +0000] "POST //xmlrpc.php HTTP/1.1" 200 441 "-" "Mozilla/5.0 (Windows NT 10.0; Win64; x64) AppleWebKit/537.36 (KHTML, like Gecko) Chrome/78.0.3904.108 Safari/537.36"
34.132.30.149 - - [21/Apr/2026:16:24:16 +0000] "POST //xmlrpc.php HTTP/1.1" 200 441 "-" "Mozilla/5.0 (Windows NT 10.0; Win64; x64) AppleWebKit/537.36 (KHTML, like Gecko) Chrome/78.0.3904.108 Safari/537.36"
34.132.30.149 - - [21/Apr/2026:16:24:21 +0000] "POST //xmlrpc.php HTTP/1.1" 200 441 "-" "Mozilla/5.0 (Windows NT 10.0; Win64; x64) AppleWebKit/537.36 (KHTML, like Gecko) Chrome/78.0.3904.108 Safari/537.36"
34.132.30.149 - - [21/Apr/2026:16:24:31 +0000] "POST //xmlrpc.php HTTP/1.1" 200 441 "-" "Mozilla/5.0 (Windows NT 10.0; Win64; x64) AppleWebKit/537.36 (KHTML, like Gecko) Chrome/78.0.3904.108 Safari/537.36"
52.167.144.159 - - [21/Apr/2026:16:24:37 +0000] "GET /?p=76432270856831 HTTP/2" 404 22780 "-" "Mozilla/5.0 AppleWebKit/537.36 (KHTML, like Gecko; compatible; bingbot/2.0; +http://www.bing.com/bingbot.htm) Chrome/116.0.1938.76 Safari/537.36"
185.82.92.241 - - [21/Apr/2026:16:24:41 +0000] "POST /wp-admin/admin-ajax.php HTTP/2" 200 51 "https://www.smilepack.net/wp-admin/profile.php" "Mozilla/5.0 (Windows NT 10.0; Win64; x64) AppleWebKit/537.36 (KHTML, like Gecko) Chrome/147.0.0.0 Safari/537.36"
34.132.30.149 - - [21/Apr/2026:16:24:36 +0000] "POST //xmlrpc.php HTTP/1.1" 200 441 "-" "Mozilla/5.0 (Windows NT 10.0; Win64; x64) AppleWebKit/537.36 (KHTML, like Gecko) Chrome/78.0.3904.108 Safari/537.36"
34.132.30.149 - - [21/Apr/2026:16:24:47 +0000] "POST //xmlrpc.php HTTP/1.1" 200 441 "-" "Mozilla/5.0 (Windows NT 10.0; Win64; x64) AppleWebKit/537.36 (KHTML, like Gecko) Chrome/78.0.3904.108 Safari/537.36"
185.82.92.241 - - [21/Apr/2026:16:24:51 +0000] "POST /wp-admin/profile.php HTTP/2" 302 0 "https://www.smilepack.net/wp-admin/profile.php" "Mozilla/5.0 (Windows NT 10.0; Win64; x64) AppleWebKit/537.36 (KHTML, like Gecko) Chrome/147.0.0.0 Safari/537.36"
185.82.92.241 - - [21/Apr/2026:16:24:53 +0000] "GET /wp-admin/profile.php?updated=1 HTTP/2" 200 57905 "https://www.smilepack.net/wp-admin/profile.php" "Mozilla/5.0 (Windows NT 10.0; Win64; x64) AppleWebKit/537.36 (KHTML, like Gecko) Chrome/147.0.0.0 Safari/537.36"
185.82.92.241 - - [21/Apr/2026:16:24:54 +0000] "GET /robots.txt HTTP/2" 200 120 "https://www.smilepack.net/wp-admin/profile.php" "Mozilla/5.0 (Windows NT 10.0; Win64; x64) AppleWebKit/537.36 (KHTML, like Gecko) Chrome/147.0.0.0 Safari/537.36"
34.132.30.149 - - [21/Apr/2026:16:24:52 +0000] "POST //xmlrpc.php HTTP/1.1" 200 441 "-" "Mozilla/5.0 (Windows NT 10.0; Win64; x64) AppleWebKit/537.36 (KHTML, like Gecko) Chrome/78.0.3904.108 Safari/537.36"
34.132.30.149 - - [21/Apr/2026:16:25:02 +0000] "POST //xmlrpc.php HTTP/1.1" 200 441 "-" "Mozilla/5.0 (Windows NT 10.0; Win64; x64) AppleWebKit/537.36 (KHTML, like Gecko) Chrome/78.0.3904.108 Safari/537.36"
185.82.92.241 - - [21/Apr/2026:16:25:10 +0000] "GET /wp-login.php?action=logout&_wpnonce=0a626332d2 HTTP/2" 302 0 "https://www.smilepack.net/wp-admin/profile.php" "Mozilla/5.0 (Windows NT 10.0; Win64; x64) AppleWebKit/537.36 (KHTML, like Gecko) Chrome/147.0.0.0 Safari/537.36"
185.82.92.241 - - [21/Apr/2026:16:25:11 +0000] "GET /wp-login.php?loggedout=true&wp_lang=ar HTTP/2" 200 3304 "https://www.smilepack.net/wp-admin/profile.php" "Mozilla/5.0 (Windows NT 10.0; Win64; x64) AppleWebKit/537.36 (KHTML, like Gecko) Chrome/147.0.0.0 Safari/537.36"
185.82.92.241 - - [21/Apr/2026:16:25:12 +0000] "GET /robots.txt HTTP/2" 200 120 "https://www.smilepack.net/wp-login.php?loggedout=true&wp_lang=ar" "Mozilla/5.0 (Windows NT 10.0; Win64; x64) AppleWebKit/537.36 (KHTML, like Gecko) Chrome/147.0.0.0 Safari/537.36"
34.132.30.149 - - [21/Apr/2026:16:25:10 +0000] "POST //xmlrpc.php HTTP/1.1" 200 441 "-" "Mozilla/5.0 (Windows NT 10.0; Win64; x64) AppleWebKit/537.36 (KHTML, like Gecko) Chrome/78.0.3904.108 Safari/537.36"
34.132.30.149 - - [21/Apr/2026:16:25:16 +0000] "POST //xmlrpc.php HTTP/1.1" 200 441 "-" "Mozilla/5.0 (Windows NT 10.0; Win64; x64) AppleWebKit/537.36 (KHTML, like Gecko) Chrome/78.0.3904.108 Safari/537.36"
185.82.92.241 - - [21/Apr/2026:16:25:25 +0000] "POST /wp-login.php HTTP/2" 302 0 "https://www.smilepack.net/wp-login.php?loggedout=true&wp_lang=ar" "Mozilla/5.0 (Windows NT 10.0; Win64; x64) AppleWebKit/537.36 (KHTML, like Gecko) Chrome/147.0.0.0 Safari/537.36"
185.82.92.241 - - [21/Apr/2026:16:25:26 +0000] "GET /wp-admin/ HTTP/2" 200 66108 "https://www.smilepack.net/wp-login.php?loggedout=true&wp_lang=ar" "Mozilla/5.0 (Windows NT 10.0; Win64; x64) AppleWebKit/537.36 (KHTML, like Gecko) Chrome/147.0.0.0 Safari/537.36"
185.82.92.241 - - [21/Apr/2026:16:25:28 +0000] "GET /robots.txt HTTP/2" 200 120 "https://www.smilepack.net/wp-admin/" "Mozilla/5.0 (Windows NT 10.0; Win64; x64) AppleWebKit/537.36 (KHTML, like Gecko) Chrome/147.0.0.0 Safari/537.36"
34.132.30.149 - - [21/Apr/2026:16:25:22 +0000] "POST //xmlrpc.php HTTP/1.1" 200 441 "-" "Mozilla/5.0 (Windows NT 10.0; Win64; x64) AppleWebKit/537.36 (KHTML, like Gecko) Chrome/78.0.3904.108 Safari/537.36"
185.82.92.241 - - [21/Apr/2026:16:25:32 +0000] "GET /wp-admin/user-new.php HTTP/2" 200 51910 "https://www.smilepack.net/wp-admin/" "Mozilla/5.0 (Windows NT 10.0; Win64; x64) AppleWebKit/537.36 (KHTML, like Gecko) Chrome/147.0.0.0 Safari/537.36"
185.82.92.241 - - [21/Apr/2026:16:25:33 +0000] "GET /robots.txt HTTP/2" 200 120 "https://www.smilepack.net/wp-admin/user-new.php" "Mozilla/5.0 (Windows NT 10.0; Win64; x64) AppleWebKit/537.36 (KHTML, like Gecko) Chrome/147.0.0.0 Safari/537.36"
34.132.30.149 - - [21/Apr/2026:16:25:32 +0000] "POST //xmlrpc.php HTTP/1.1" 200 441 "-" "Mozilla/5.0 (Windows NT 10.0; Win64; x64) AppleWebKit/537.36 (KHTML, like Gecko) Chrome/78.0.3904.108 Safari/537.36"
34.132.30.149 - - [21/Apr/2026:16:25:37 +0000] "POST //xmlrpc.php HTTP/1.1" 200 441 "-" "Mozilla/5.0 (Windows NT 10.0; Win64; x64) AppleWebKit/537.36 (KHTML, like Gecko) Chrome/78.0.3904.108 Safari/537.36"
34.132.30.149 - - [21/Apr/2026:16:25:46 +0000] "POST //xmlrpc.php HTTP/1.1" 200 441 "-" "Mozilla/5.0 (Windows NT 10.0; Win64; x64) AppleWebKit/537.36 (KHTML, like Gecko) Chrome/78.0.3904.108 Safari/537.36"
34.132.30.149 - - [21/Apr/2026:16:25:51 +0000] "POST //xmlrpc.php HTTP/1.1" 200 441 "-" "Mozilla/5.0 (Windows NT 10.0; Win64; x64) AppleWebKit/537.36 (KHTML, like Gecko) Chrome/78.0.3904.108 Safari/537.36"
34.132.30.149 - - [21/Apr/2026:16:26:01 +0000] "POST //xmlrpc.php HTTP/1.1" 200 441 "-" "Mozilla/5.0 (Windows NT 10.0; Win64; x64) AppleWebKit/537.36 (KHTML, like Gecko) Chrome/78.0.3904.108 Safari/537.36"
34.132.30.149 - - [21/Apr/2026:16:26:06 +0000] "POST //xmlrpc.php HTTP/1.1" 200 441 "-" "Mozilla/5.0 (Windows NT 10.0; Win64; x64) AppleWebKit/537.36 (KHTML, like Gecko) Chrome/78.0.3904.108 Safari/537.36"
185.82.92.241 - - [21/Apr/2026:16:26:16 +0000] "POST /wp-admin/user-new.php HTTP/2" 302 0 "https://www.smilepack.net/wp-admin/user-new.php" "Mozilla/5.0 (Windows NT 10.0; Win64; x64) AppleWebKit/537.36 (KHTML, like Gecko) Chrome/147.0.0.0 Safari/537.36"
185.82.92.241 - - [21/Apr/2026:16:26:18 +0000] "GET /wp-admin/users.php?update=add&id=10 HTTP/2" 200 54075 "https://www.smilepack.net/wp-admin/user-new.php" "Mozilla/5.0 (Windows NT 10.0; Win64; x64) AppleWebKit/537.36 (KHTML, like Gecko) Chrome/147.0.0.0 Safari/537.36"
185.82.92.241 - - [21/Apr/2026:16:26:20 +0000] "GET /robots.txt HTTP/2" 200 120 "https://www.smilepack.net/wp-admin/users.php?id=10" "Mozilla/5.0 (Windows NT 10.0; Win64; x64) AppleWebKit/537.36 (KHTML, like Gecko) Chrome/147.0.0.0 Safari/537.36"
34.132.30.149 - - [21/Apr/2026:16:26:17 +0000] "POST //xmlrpc.php HTTP/1.1" 200 441 "-" "Mozilla/5.0 (Windows NT 10.0; Win64; x64) AppleWebKit/537.36 (KHTML, like Gecko) Chrome/78.0.3904.108 Safari/537.36"
34.132.30.149 - - [21/Apr/2026:16:26:23 +0000] "POST //xmlrpc.php HTTP/1.1" 200 441 "-" "Mozilla/5.0 (Windows NT 10.0; Win64; x64) AppleWebKit/537.36 (KHTML, like Gecko) Chrome/78.0.3904.108 Safari/537.36"
34.132.30.149 - - [21/Apr/2026:16:26:31 +0000] "POST //xmlrpc.php HTTP/1.1" 200 441 "-" "Mozilla/5.0 (Windows NT 10.0; Win64; x64) AppleWebKit/537.36 (KHTML, like Gecko) Chrome/78.0.3904.108 Safari/537.36"
34.132.30.149 - - [21/Apr/2026:16:26:36 +0000] "POST //xmlrpc.php HTTP/1.1" 200 441 "-" "Mozilla/5.0 (Windows NT 10.0; Win64; x64) AppleWebKit/537.36 (KHTML, like Gecko) Chrome/78.0.3904.108 Safari/537.36"
34.132.30.149 - - [21/Apr/2026:16:26:46 +0000] "POST //xmlrpc.php HTTP/1.1" 200 441 "-" "Mozilla/5.0 (Windows NT 10.0; Win64; x64) AppleWebKit/537.36 (KHTML, like Gecko) Chrome/78.0.3904.108 Safari/537.36"
34.132.30.149 - - [21/Apr/2026:16:26:52 +0000] "POST //xmlrpc.php HTTP/1.1" 200 441 "-" "Mozilla/5.0 (Windows NT 10.0; Win64; x64) AppleWebKit/537.36 (KHTML, like Gecko) Chrome/78.0.3904.108 Safari/537.36"
34.132.30.149 - - [21/Apr/2026:16:27:01 +0000] "POST //xmlrpc.php HTTP/1.1" 200 441 "-" "Mozilla/5.0 (Windows NT 10.0; Win64; x64) AppleWebKit/537.36 (KHTML, like Gecko) Chrome/78.0.3904.108 Safari/537.36"
34.132.30.149 - - [21/Apr/2026:16:27:06 +0000] "POST //xmlrpc.php HTTP/1.1" 200 441 "-" "Mozilla/5.0 (Windows NT 10.0; Win64; x64) AppleWebKit/537.36 (KHTML, like Gecko) Chrome/78.0.3904.108 Safari/537.36"
34.132.30.149 - - [21/Apr/2026:16:27:16 +0000] "POST //xmlrpc.php HTTP/1.1" 200 441 "-" "Mozilla/5.0 (Windows NT 10.0; Win64; x64) AppleWebKit/537.36 (KHTML, like Gecko) Chrome/78.0.3904.108 Safari/537.36"
34.132.30.149 - - [21/Apr/2026:16:27:21 +0000] "POST //xmlrpc.php HTTP/1.1" 200 441 "-" "Mozilla/5.0 (Windows NT 10.0; Win64; x64) AppleWebKit/537.36 (KHTML, like Gecko) Chrome/78.0.3904.108 Safari/537.36"
34.132.30.149 - - [21/Apr/2026:16:27:31 +0000] "POST //xmlrpc.php HTTP/1.1" 200 441 "-" "Mozilla/5.0 (Windows NT 10.0; Win64; x64) AppleWebKit/537.36 (KHTML, like Gecko) Chrome/78.0.3904.108 Safari/537.36"
34.132.30.149 - - [21/Apr/2026:16:27:36 +0000] "POST //xmlrpc.php HTTP/1.1" 200 441 "-" "Mozilla/5.0 (Windows NT 10.0; Win64; x64) AppleWebKit/537.36 (KHTML, like Gecko) Chrome/78.0.3904.108 Safari/537.36"
34.132.30.149 - - [21/Apr/2026:16:27:46 +0000] "POST //xmlrpc.php HTTP/1.1" 200 441 "-" "Mozilla/5.0 (Windows NT 10.0; Win64; x64) AppleWebKit/537.36 (KHTML, like Gecko) Chrome/78.0.3904.108 Safari/537.36"
34.132.30.149 - - [21/Apr/2026:16:27:51 +0000] "POST //xmlrpc.php HTTP/1.1" 200 441 "-" "Mozilla/5.0 (Windows NT 10.0; Win64; x64) AppleWebKit/537.36 (KHTML, like Gecko) Chrome/78.0.3904.108 Safari/537.36"
34.132.30.149 - - [21/Apr/2026:16:28:01 +0000] "POST //xmlrpc.php HTTP/1.1" 200 441 "-" "Mozilla/5.0 (Windows NT 10.0; Win64; x64) AppleWebKit/537.36 (KHTML, like Gecko) Chrome/78.0.3904.108 Safari/537.36"
34.132.30.149 - - [21/Apr/2026:16:28:06 +0000] "POST //xmlrpc.php HTTP/1.1" 200 441 "-" "Mozilla/5.0 (Windows NT 10.0; Win64; x64) AppleWebKit/537.36 (KHTML, like Gecko) Chrome/78.0.3904.108 Safari/537.36"
34.132.30.149 - - [21/Apr/2026:16:28:16 +0000] "POST //xmlrpc.php HTTP/1.1" 200 441 "-" "Mozilla/5.0 (Windows NT 10.0; Win64; x64) AppleWebKit/537.36 (KHTML, like Gecko) Chrome/78.0.3904.108 Safari/537.36"
34.132.30.149 - - [21/Apr/2026:16:28:21 +0000] "POST //xmlrpc.php HTTP/1.1" 200 441 "-" "Mozilla/5.0 (Windows NT 10.0; Win64; x64) AppleWebKit/537.36 (KHTML, like Gecko) Chrome/78.0.3904.108 Safari/537.36"
34.132.30.149 - - [21/Apr/2026:16:28:31 +0000] "POST //xmlrpc.php HTTP/1.1" 200 441 "-" "Mozilla/5.0 (Windows NT 10.0; Win64; x64) AppleWebKit/537.36 (KHTML, like Gecko) Chrome/78.0.3904.108 Safari/537.36"
34.132.30.149 - - [21/Apr/2026:16:28:36 +0000] "POST //xmlrpc.php HTTP/1.1" 200 441 "-" "Mozilla/5.0 (Windows NT 10.0; Win64; x64) AppleWebKit/537.36 (KHTML, like Gecko) Chrome/78.0.3904.108 Safari/537.36"
34.132.30.149 - - [21/Apr/2026:16:28:46 +0000] "POST //xmlrpc.php HTTP/1.1" 200 441 "-" "Mozilla/5.0 (Windows NT 10.0; Win64; x64) AppleWebKit/537.36 (KHTML, like Gecko) Chrome/78.0.3904.108 Safari/537.36"
34.132.30.149 - - [21/Apr/2026:16:28:51 +0000] "POST //xmlrpc.php HTTP/1.1" 200 441 "-" "Mozilla/5.0 (Windows NT 10.0; Win64; x64) AppleWebKit/537.36 (KHTML, like Gecko) Chrome/78.0.3904.108 Safari/537.36"
34.132.30.149 - - [21/Apr/2026:16:29:01 +0000] "POST //xmlrpc.php HTTP/1.1" 200 441 "-" "Mozilla/5.0 (Windows NT 10.0; Win64; x64) AppleWebKit/537.36 (KHTML, like Gecko) Chrome/78.0.3904.108 Safari/537.36"
34.132.30.149 - - [21/Apr/2026:16:29:06 +0000] "POST //xmlrpc.php HTTP/1.1" 200 441 "-" "Mozilla/5.0 (Windows NT 10.0; Win64; x64) AppleWebKit/537.36 (KHTML, like Gecko) Chrome/78.0.3904.108 Safari/537.36"
34.132.30.149 - - [21/Apr/2026:16:29:16 +0000] "POST //xmlrpc.php HTTP/1.1" 200 441 "-" "Mozilla/5.0 (Windows NT 10.0; Win64; x64) AppleWebKit/537.36 (KHTML, like Gecko) Chrome/78.0.3904.108 Safari/537.36"
34.132.30.149 - - [21/Apr/2026:16:29:21 +0000] "POST //xmlrpc.php HTTP/1.1" 200 441 "-" "Mozilla/5.0 (Windows NT 10.0; Win64; x64) AppleWebKit/537.36 (KHTML, like Gecko) Chrome/78.0.3904.108 Safari/537.36"
34.132.30.149 - - [21/Apr/2026:16:29:31 +0000] "POST //xmlrpc.php HTTP/1.1" 200 441 "-" "Mozilla/5.0 (Windows NT 10.0; Win64; x64) AppleWebKit/537.36 (KHTML, like Gecko) Chrome/78.0.3904.108 Safari/537.36"
34.132.30.149 - - [21/Apr/2026:16:29:36 +0000] "POST //xmlrpc.php HTTP/1.1" 200 441 "-" "Mozilla/5.0 (Windows NT 10.0; Win64; x64) AppleWebKit/537.36 (KHTML, like Gecko) Chrome/78.0.3904.108 Safari/537.36"
34.132.30.149 - - [21/Apr/2026:16:29:46 +0000] "POST //xmlrpc.php HTTP/1.1" 200 441 "-" "Mozilla/5.0 (Windows NT 10.0; Win64; x64) AppleWebKit/537.36 (KHTML, like Gecko) Chrome/78.0.3904.108 Safari/537.36"
34.132.30.149 - - [21/Apr/2026:16:29:51 +0000] "POST //xmlrpc.php HTTP/1.1" 200 441 "-" "Mozilla/5.0 (Windows NT 10.0; Win64; x64) AppleWebKit/537.36 (KHTML, like Gecko) Chrome/78.0.3904.108 Safari/537.36"
34.132.30.149 - - [21/Apr/2026:16:30:01 +0000] "POST //xmlrpc.php HTTP/1.1" 200 441 "-" "Mozilla/5.0 (Windows NT 10.0; Win64; x64) AppleWebKit/537.36 (KHTML, like Gecko) Chrome/78.0.3904.108 Safari/537.36"
34.132.30.149 - - [21/Apr/2026:16:30:07 +0000] "POST //xmlrpc.php HTTP/1.1" 200 441 "-" "Mozilla/5.0 (Windows NT 10.0; Win64; x64) AppleWebKit/537.36 (KHTML, like Gecko) Chrome/78.0.3904.108 Safari/537.36"
34.132.30.149 - - [21/Apr/2026:16:30:16 +0000] "POST //xmlrpc.php HTTP/1.1" 200 441 "-" "Mozilla/5.0 (Windows NT 10.0; Win64; x64) AppleWebKit/537.36 (KHTML, like Gecko) Chrome/78.0.3904.108 Safari/537.36"
34.132.30.149 - - [21/Apr/2026:16:30:22 +0000] "POST //xmlrpc.php HTTP/1.1" 200 441 "-" "Mozilla/5.0 (Windows NT 10.0; Win64; x64) AppleWebKit/537.36 (KHTML, like Gecko) Chrome/78.0.3904.108 Safari/537.36"
34.132.30.149 - - [21/Apr/2026:16:30:31 +0000] "POST //xmlrpc.php HTTP/1.1" 200 441 "-" "Mozilla/5.0 (Windows NT 10.0; Win64; x64) AppleWebKit/537.36 (KHTML, like Gecko) Chrome/78.0.3904.108 Safari/537.36"
34.132.30.149 - - [21/Apr/2026:16:30:36 +0000] "POST //xmlrpc.php HTTP/1.1" 200 441 "-" "Mozilla/5.0 (Windows NT 10.0; Win64; x64) AppleWebKit/537.36 (KHTML, like Gecko) Chrome/78.0.3904.108 Safari/537.36"
34.132.30.149 - - [21/Apr/2026:16:30:46 +0000] "POST //xmlrpc.php HTTP/1.1" 200 441 "-" "Mozilla/5.0 (Windows NT 10.0; Win64; x64) AppleWebKit/537.36 (KHTML, like Gecko) Chrome/78.0.3904.108 Safari/537.36"
34.132.30.149 - - [21/Apr/2026:16:30:51 +0000] "POST //xmlrpc.php HTTP/1.1" 200 441 "-" "Mozilla/5.0 (Windows NT 10.0; Win64; x64) AppleWebKit/537.36 (KHTML, like Gecko) Chrome/78.0.3904.108 Safari/537.36"
34.132.30.149 - - [21/Apr/2026:16:31:02 +0000] "POST //xmlrpc.php HTTP/1.1" 200 441 "-" "Mozilla/5.0 (Windows NT 10.0; Win64; x64) AppleWebKit/537.36 (KHTML, like Gecko) Chrome/78.0.3904.108 Safari/537.36"
209.38.18.212 - - [21/Apr/2026:16:31:12 +0000] "POST /wp-login.php HTTP/1.1" 200 11157 "-" "Mozilla/5.0"
34.132.30.149 - - [21/Apr/2026:16:31:07 +0000] "POST //xmlrpc.php HTTP/1.1" 200 441 "-" "Mozilla/5.0 (Windows NT 10.0; Win64; x64) AppleWebKit/537.36 (KHTML, like Gecko) Chrome/78.0.3904.108 Safari/537.36"
34.132.30.149 - - [21/Apr/2026:16:31:16 +0000] "POST //xmlrpc.php HTTP/1.1" 200 441 "-" "Mozilla/5.0 (Windows NT 10.0; Win64; x64) AppleWebKit/537.36 (KHTML, like Gecko) Chrome/78.0.3904.108 Safari/537.36"
34.132.30.149 - - [21/Apr/2026:16:31:21 +0000] "POST //xmlrpc.php HTTP/1.1" 200 441 "-" "Mozilla/5.0 (Windows NT 10.0; Win64; x64) AppleWebKit/537.36 (KHTML, like Gecko) Chrome/78.0.3904.108 Safari/537.36"
34.132.30.149 - - [21/Apr/2026:16:31:31 +0000] "POST //xmlrpc.php HTTP/1.1" 200 441 "-" "Mozilla/5.0 (Windows NT 10.0; Win64; x64) AppleWebKit/537.36 (KHTML, like Gecko) Chrome/78.0.3904.108 Safari/537.36"
34.132.30.149 - - [21/Apr/2026:16:31:36 +0000] "POST //xmlrpc.php HTTP/1.1" 200 441 "-" "Mozilla/5.0 (Windows NT 10.0; Win64; x64) AppleWebKit/537.36 (KHTML, like Gecko) Chrome/78.0.3904.108 Safari/537.36"
34.132.30.149 - - [21/Apr/2026:16:31:46 +0000] "POST //xmlrpc.php HTTP/1.1" 200 441 "-" "Mozilla/5.0 (Windows NT 10.0; Win64; x64) AppleWebKit/537.36 (KHTML, like Gecko) Chrome/78.0.3904.108 Safari/537.36"
34.132.30.149 - - [21/Apr/2026:16:31:51 +0000] "POST //xmlrpc.php HTTP/1.1" 200 441 "-" "Mozilla/5.0 (Windows NT 10.0; Win64; x64) AppleWebKit/537.36 (KHTML, like Gecko) Chrome/78.0.3904.108 Safari/537.36"
34.132.30.149 - - [21/Apr/2026:16:32:01 +0000] "POST //xmlrpc.php HTTP/1.1" 200 441 "-" "Mozilla/5.0 (Windows NT 10.0; Win64; x64) AppleWebKit/537.36 (KHTML, like Gecko) Chrome/78.0.3904.108 Safari/537.36"
66.249.73.98 - - [21/Apr/2026:16:32:12 +0000] "GET /content.php?e=9488382792173 HTTP/1.1" 404 22845 "-" "Mozilla/5.0 (Linux; Android 6.0.1; Nexus 5X Build/MMB29P) AppleWebKit/537.36 (KHTML, like Gecko) Chrome/146.0.7680.177 Mobile Safari/537.36 (compatible; Googlebot/2.1; +http://www.google.com/bot.html)"
34.132.30.149 - - [21/Apr/2026:16:32:06 +0000] "POST //xmlrpc.php HTTP/1.1" 200 441 "-" "Mozilla/5.0 (Windows NT 10.0; Win64; x64) AppleWebKit/537.36 (KHTML, like Gecko) Chrome/78.0.3904.108 Safari/537.36"
34.132.30.149 - - [21/Apr/2026:16:32:16 +0000] "POST //xmlrpc.php HTTP/1.1" 200 441 "-" "Mozilla/5.0 (Windows NT 10.0; Win64; x64) AppleWebKit/537.36 (KHTML, like Gecko) Chrome/78.0.3904.108 Safari/537.36"
34.132.30.149 - - [21/Apr/2026:16:32:21 +0000] "POST //xmlrpc.php HTTP/1.1" 200 441 "-" "Mozilla/5.0 (Windows NT 10.0; Win64; x64) AppleWebKit/537.36 (KHTML, like Gecko) Chrome/78.0.3904.108 Safari/537.36"
34.132.30.149 - - [21/Apr/2026:16:32:31 +0000] "POST //xmlrpc.php HTTP/1.1" 200 441 "-" "Mozilla/5.0 (Windows NT 10.0; Win64; x64) AppleWebKit/537.36 (KHTML, like Gecko) Chrome/78.0.3904.108 Safari/537.36"
34.132.30.149 - - [21/Apr/2026:16:32:36 +0000] "POST //xmlrpc.php HTTP/1.1" 200 441 "-" "Mozilla/5.0 (Windows NT 10.0; Win64; x64) AppleWebKit/537.36 (KHTML, like Gecko) Chrome/78.0.3904.108 Safari/537.36"
34.132.30.149 - - [21/Apr/2026:16:32:46 +0000] "POST //xmlrpc.php HTTP/1.1" 200 441 "-" "Mozilla/5.0 (Windows NT 10.0; Win64; x64) AppleWebKit/537.36 (KHTML, like Gecko) Chrome/78.0.3904.108 Safari/537.36"
34.132.30.149 - - [21/Apr/2026:16:32:51 +0000] "POST //xmlrpc.php HTTP/1.1" 200 441 "-" "Mozilla/5.0 (Windows NT 10.0; Win64; x64) AppleWebKit/537.36 (KHTML, like Gecko) Chrome/78.0.3904.108 Safari/537.36"
185.82.92.241 - - [21/Apr/2026:16:24:55 +0000] "GET /wp-admin/profile.php HTTP/2" 302 0 "https://www.smilepack.net/wp-admin/profile.php" "Mozilla/5.0 (Windows NT 10.0; Win64; x64) AppleWebKit/537.36 (KHTML, like Gecko) Chrome/147.0.0.0 Safari/537.36"
185.82.92.241 - - [21/Apr/2026:16:24:56 +0000] "GET /wp-login.php?redirect_to=https%3A%2F%2Fwww.smilepack.net%2Fwp-admin%2Fprofile.php&reauth=1 HTTP/2" 200 3156 "https://www.smilepack.net/wp-admin/profile.php" "Mozilla/5.0 (Windows NT 10.0; Win64; x64) AppleWebKit/537.36 (KHTML, like Gecko) Chrome/147.0.0.0 Safari/537.36"
185.82.92.241 - - [21/Apr/2026:16:25:13 +0000] "GET /wp-login.php?loggedout=true&wp_lang=ar HTTP/2" 200 3304 "https://www.smilepack.net/wp-login.php?loggedout=true&wp_lang=ar" "Mozilla/5.0 (Windows NT 10.0; Win64; x64) AppleWebKit/537.36 (KHTML, like Gecko) Chrome/147.0.0.0 Safari/537.36"
185.82.92.241 - - [21/Apr/2026:16:25:29 +0000] "GET /wp-admin/ HTTP/2" 302 0 "https://www.smilepack.net/wp-admin/" "Mozilla/5.0 (Windows NT 10.0; Win64; x64) AppleWebKit/537.36 (KHTML, like Gecko) Chrome/147.0.0.0 Safari/537.36"
185.82.92.241 - - [21/Apr/2026:16:25:30 +0000] "GET /wp-login.php?redirect_to=https%3A%2F%2Fwww.smilepack.net%2Fwp-admin%2F&reauth=1 HTTP/2" 200 3150 "https://www.smilepack.net/wp-admin/" "Mozilla/5.0 (Windows NT 10.0; Win64; x64) AppleWebKit/537.36 (KHTML, like Gecko) Chrome/147.0.0.0 Safari/537.36"
185.82.92.241 - - [21/Apr/2026:16:25:34 +0000] "GET /wp-admin/user-new.php HTTP/2" 302 0 "https://www.smilepack.net/wp-admin/user-new.php" "Mozilla/5.0 (Windows NT 10.0; Win64; x64) AppleWebKit/537.36 (KHTML, like Gecko) Chrome/147.0.0.0 Safari/537.36"
185.82.92.241 - - [21/Apr/2026:16:25:35 +0000] "GET /wp-login.php?redirect_to=https%3A%2F%2Fwww.smilepack.net%2Fwp-admin%2Fuser-new.php&reauth=1 HTTP/2" 200 3157 "https://www.smilepack.net/wp-admin/user-new.php" "Mozilla/5.0 (Windows NT 10.0; Win64; x64) AppleWebKit/537.36 (KHTML, like Gecko) Chrome/147.0.0.0 Safari/537.36"
185.82.92.241 - - [21/Apr/2026:16:26:21 +0000] "GET /wp-admin/users.php?id=10 HTTP/2" 302 0 "https://www.smilepack.net/wp-admin/users.php?id=10" "Mozilla/5.0 (Windows NT 10.0; Win64; x64) AppleWebKit/537.36 (KHTML, like Gecko) Chrome/147.0.0.0 Safari/537.36"
185.82.92.241 - - [21/Apr/2026:16:26:22 +0000] "GET /wp-login.php?redirect_to=https%3A%2F%2Fwww.smilepack.net%2Fwp-admin%2Fusers.php%3Fid%3D10&reauth=1 HTTP/2" 200 3161 "https://www.smilepack.net/wp-admin/users.php?id=10" "Mozilla/5.0 (Windows NT 10.0; Win64; x64) AppleWebKit/537.36 (KHTML, like Gecko) Chrome/147.0.0.0 Safari/537.36"
66.249.73.96 - - [21/Apr/2026:16:28:09 +0000] "GET /?z=f9i43v6bjmmwdw3_gkind14524022 HTTP/1.1" 200 22999 "-" "Mozilla/5.0 (Linux; Android 6.0.1; Nexus 5X Build/MMB29P) AppleWebKit/537.36 (KHTML, like Gecko) Chrome/146.0.7680.177 Mobile Safari/537.36 (compatible; Googlebot/2.1; +http://www.google.com/bot.html)"
66.249.73.98 - - [21/Apr/2026:16:29:16 +0000] "GET /?p=4655755870308 HTTP/1.1" 404 22833 "-" "Mozilla/5.0 (Linux; Android 6.0.1; Nexus 5X Build/MMB29P) AppleWebKit/537.36 (KHTML, like Gecko) Chrome/146.0.7680.177 Mobile Safari/537.36 (compatible; Googlebot/2.1; +http://www.google.com/bot.html)"
66.249.73.98 - - [21/Apr/2026:16:30:03 +0000] "GET /content.php?e=34768217565106 HTTP/1.1" 404 22844 "-" "Mozilla/5.0 (Linux; Android 6.0.1; Nexus 5X Build/MMB29P) AppleWebKit/537.36 (KHTML, like Gecko) Chrome/146.0.7680.177 Mobile Safari/537.36 (compatible; Googlebot/2.1; +http://www.google.com/bot.html)"
66.249.73.97 - - [21/Apr/2026:16:33:20 +0000] "GET /?z=fuddae1bqj5rn3m_gkind14524022 HTTP/1.1" 200 23001 "-" "Mozilla/5.0 (Linux; Android 6.0.1; Nexus 5X Build/MMB29P) AppleWebKit/537.36 (KHTML, like Gecko) Chrome/146.0.7680.177 Mobile Safari/537.36 (compatible; Googlebot/2.1; +http://www.google.com/bot.html)"
34.132.30.149 - - [21/Apr/2026:16:33:01 +0000] "POST //xmlrpc.php HTTP/1.1" 200 441 "-" "Mozilla/5.0 (Windows NT 10.0; Win64; x64) AppleWebKit/537.36 (KHTML, like Gecko) Chrome/78.0.3904.108 Safari/537.36"
34.132.30.149 - - [21/Apr/2026:16:33:06 +0000] "POST //xmlrpc.php HTTP/1.1" 200 441 "-" "Mozilla/5.0 (Windows NT 10.0; Win64; x64) AppleWebKit/537.36 (KHTML, like Gecko) Chrome/78.0.3904.108 Safari/537.36"
34.132.30.149 - - [21/Apr/2026:16:33:16 +0000] "POST //xmlrpc.php HTTP/1.1" 200 441 "-" "Mozilla/5.0 (Windows NT 10.0; Win64; x64) AppleWebKit/537.36 (KHTML, like Gecko) Chrome/78.0.3904.108 Safari/537.36"
34.132.30.149 - - [21/Apr/2026:16:33:21 +0000] "POST //xmlrpc.php HTTP/1.1" 200 441 "-" "Mozilla/5.0 (Windows NT 10.0; Win64; x64) AppleWebKit/537.36 (KHTML, like Gecko) Chrome/78.0.3904.108 Safari/537.36"
34.132.30.149 - - [21/Apr/2026:16:33:31 +0000] "POST //xmlrpc.php HTTP/1.1" 200 441 "-" "Mozilla/5.0 (Windows NT 10.0; Win64; x64) AppleWebKit/537.36 (KHTML, like Gecko) Chrome/78.0.3904.108 Safari/537.36"
34.132.30.149 - - [21/Apr/2026:16:33:36 +0000] "POST //xmlrpc.php HTTP/1.1" 200 441 "-" "Mozilla/5.0 (Windows NT 10.0; Win64; x64) AppleWebKit/537.36 (KHTML, like Gecko) Chrome/78.0.3904.108 Safari/537.36"
34.132.30.149 - - [21/Apr/2026:16:33:46 +0000] "POST //xmlrpc.php HTTP/1.1" 200 441 "-" "Mozilla/5.0 (Windows NT 10.0; Win64; x64) AppleWebKit/537.36 (KHTML, like Gecko) Chrome/78.0.3904.108 Safari/537.36"
34.132.30.149 - - [21/Apr/2026:16:33:51 +0000] "POST //xmlrpc.php HTTP/1.1" 200 441 "-" "Mozilla/5.0 (Windows NT 10.0; Win64; x64) AppleWebKit/537.36 (KHTML, like Gecko) Chrome/78.0.3904.108 Safari/537.36"
34.132.30.149 - - [21/Apr/2026:16:34:01 +0000] "POST //xmlrpc.php HTTP/1.1" 200 441 "-" "Mozilla/5.0 (Windows NT 10.0; Win64; x64) AppleWebKit/537.36 (KHTML, like Gecko) Chrome/78.0.3904.108 Safari/537.36"
34.132.30.149 - - [21/Apr/2026:16:34:06 +0000] "POST //xmlrpc.php HTTP/1.1" 200 441 "-" "Mozilla/5.0 (Windows NT 10.0; Win64; x64) AppleWebKit/537.36 (KHTML, like Gecko) Chrome/78.0.3904.108 Safari/537.36"
34.132.30.149 - - [21/Apr/2026:16:34:16 +0000] "POST //xmlrpc.php HTTP/1.1" 200 441 "-" "Mozilla/5.0 (Windows NT 10.0; Win64; x64) AppleWebKit/537.36 (KHTML, like Gecko) Chrome/78.0.3904.108 Safari/537.36"
34.132.30.149 - - [21/Apr/2026:16:34:21 +0000] "POST //xmlrpc.php HTTP/1.1" 200 441 "-" "Mozilla/5.0 (Windows NT 10.0; Win64; x64) AppleWebKit/537.36 (KHTML, like Gecko) Chrome/78.0.3904.108 Safari/537.36"
34.132.30.149 - - [21/Apr/2026:16:34:31 +0000] "POST //xmlrpc.php HTTP/1.1" 200 441 "-" "Mozilla/5.0 (Windows NT 10.0; Win64; x64) AppleWebKit/537.36 (KHTML, like Gecko) Chrome/78.0.3904.108 Safari/537.36"
34.132.30.149 - - [21/Apr/2026:16:34:36 +0000] "POST //xmlrpc.php HTTP/1.1" 200 441 "-" "Mozilla/5.0 (Windows NT 10.0; Win64; x64) AppleWebKit/537.36 (KHTML, like Gecko) Chrome/78.0.3904.108 Safari/537.36"
34.132.30.149 - - [21/Apr/2026:16:34:46 +0000] "POST //xmlrpc.php HTTP/1.1" 200 441 "-" "Mozilla/5.0 (Windows NT 10.0; Win64; x64) AppleWebKit/537.36 (KHTML, like Gecko) Chrome/78.0.3904.108 Safari/537.36"
34.132.30.149 - - [21/Apr/2026:16:34:51 +0000] "POST //xmlrpc.php HTTP/1.1" 200 441 "-" "Mozilla/5.0 (Windows NT 10.0; Win64; x64) AppleWebKit/537.36 (KHTML, like Gecko) Chrome/78.0.3904.108 Safari/537.36"
34.132.30.149 - - [21/Apr/2026:16:35:01 +0000] "POST //xmlrpc.php HTTP/1.1" 200 441 "-" "Mozilla/5.0 (Windows NT 10.0; Win64; x64) AppleWebKit/537.36 (KHTML, like Gecko) Chrome/78.0.3904.108 Safari/537.36"
34.132.30.149 - - [21/Apr/2026:16:35:06 +0000] "POST //xmlrpc.php HTTP/1.1" 200 441 "-" "Mozilla/5.0 (Windows NT 10.0; Win64; x64) AppleWebKit/537.36 (KHTML, like Gecko) Chrome/78.0.3904.108 Safari/537.36"
34.132.30.149 - - [21/Apr/2026:16:35:17 +0000] "POST //xmlrpc.php HTTP/1.1" 200 441 "-" "Mozilla/5.0 (Windows NT 10.0; Win64; x64) AppleWebKit/537.36 (KHTML, like Gecko) Chrome/78.0.3904.108 Safari/537.36"
66.249.73.98 - - [21/Apr/2026:16:26:34 +0000] "GET /?z=ey2qbrqdrbqcqo7_gkind14523986 HTTP/1.1" 200 23002 "-" "Mozilla/5.0 (Linux; Android 6.0.1; Nexus 5X Build/MMB29P) AppleWebKit/537.36 (KHTML, like Gecko) Chrome/146.0.7680.177 Mobile Safari/537.36 (compatible; Googlebot/2.1; +http://www.google.com/bot.html)"
66.249.73.98 - - [21/Apr/2026:16:26:37 +0000] "GET /?z=eogudh44t14efel_gkind14524010 HTTP/1.1" 200 23001 "-" "Mozilla/5.0 (Linux; Android 6.0.1; Nexus 5X Build/MMB29P) AppleWebKit/537.36 (KHTML, like Gecko) Chrome/146.0.7680.177 Mobile Safari/537.36 (compatible; Googlebot/2.1; +http://www.google.com/bot.html)"
66.249.73.193 - - [21/Apr/2026:16:28:07 +0000] "GET /?z=f9i43v6bjmmwdw3_gkind14524022 HTTP/1.1" 301 0 "-" "Mozilla/5.0 (Linux; Android 6.0.1; Nexus 5X Build/MMB29P) AppleWebKit/537.36 (KHTML, like Gecko) Chrome/146.0.7680.177 Mobile Safari/537.36 (compatible; Googlebot/2.1; +http://www.google.com/bot.html)"
66.249.73.97 - - [21/Apr/2026:16:28:12 +0000] "GET /wp-includes/css/dist/block-library/style-rtl.min.css?ver=6.9.4 HTTP/1.1" 200 14838 "https://www.smilepack.net/?z=f9i43v6bjmmwdw3_gkind14524022" "Mozilla/5.0 (Linux; Android 6.0.1; Nexus 5X Build/MMB29P) AppleWebKit/537.36 (KHTML, like Gecko) Chrome/146.0.7680.177 Mobile Safari/537.36 (compatible; Googlebot/2.1; +http://www.google.com/bot.html)"
66.249.73.97 - - [21/Apr/2026:16:33:20 +0000] "GET /content.php?e=24376453287670 HTTP/1.1" 404 22843 "-" "Mozilla/5.0 (Linux; Android 6.0.1; Nexus 5X Build/MMB29P) AppleWebKit/537.36 (KHTML, like Gecko) Chrome/146.0.7680.177 Mobile Safari/537.36 (compatible; Googlebot/2.1; +http://www.google.com/bot.html)"
35.224.62.15 - - [21/Apr/2026:16:35:15 +0000] "GET / HTTP/1.1" 200 97813 "-" "Mozilla/5.0 (Windows NT 10.0; Win64; x64) AppleWebKit/537.36 (KHTML, like Gecko) Chrome/78.0.3904.108 Safari/537.36"
35.224.62.15 - - [21/Apr/2026:16:35:17 +0000] "GET //wp-includes/wlwmanifest.xml HTTP/1.1" 301 0 "-" "Mozilla/5.0 (Windows NT 10.0; Win64; x64) AppleWebKit/537.36 (KHTML, like Gecko) Chrome/78.0.3904.108 Safari/537.36"
35.224.62.15 - - [21/Apr/2026:16:35:18 +0000] "GET //xmlrpc.php?rsd HTTP/1.1" 200 816 "-" "Mozilla/5.0 (Windows NT 10.0; Win64; x64) AppleWebKit/537.36 (KHTML, like Gecko) Chrome/78.0.3904.108 Safari/537.36"
35.224.62.15 - - [21/Apr/2026:16:35:19 +0000] "GET //?author=1 HTTP/1.1" 301 0 "-" "Mozilla/5.0 (Windows NT 10.0; Win64; x64) AppleWebKit/537.36 (KHTML, like Gecko) Chrome/78.0.3904.108 Safari/537.36"
35.224.62.15 - - [21/Apr/2026:16:35:20 +0000] "GET //?author=2 HTTP/1.1" 301 0 "-" "Mozilla/5.0 (Windows NT 10.0; Win64; x64) AppleWebKit/537.36 (KHTML, like Gecko) Chrome/78.0.3904.108 Safari/537.36"
35.224.62.15 - - [21/Apr/2026:16:35:21 +0000] "GET //wp-json/wp/v2/users/ HTTP/1.1" 200 1655 "-" "Mozilla/5.0 (Windows NT 10.0; Win64; x64) AppleWebKit/537.36 (KHTML, like Gecko) Chrome/78.0.3904.108 Safari/537.36"
35.224.62.15 - - [21/Apr/2026:16:35:22 +0000] "POST //xmlrpc.php HTTP/1.1" 200 441 "-" "Mozilla/5.0 (Windows NT 10.0; Win64; x64) AppleWebKit/537.36 (KHTML, like Gecko) Chrome/78.0.3904.108 Safari/537.36"
35.224.62.15 - - [21/Apr/2026:16:35:23 +0000] "POST //xmlrpc.php HTTP/1.1" 200 441 "-" "Mozilla/5.0 (Windows NT 10.0; Win64; x64) AppleWebKit/537.36 (KHTML, like Gecko) Chrome/78.0.3904.108 Safari/537.36"
35.224.62.15 - - [21/Apr/2026:16:35:24 +0000] "POST //xmlrpc.php HTTP/1.1" 200 441 "-" "Mozilla/5.0 (Windows NT 10.0; Win64; x64) AppleWebKit/537.36 (KHTML, like Gecko) Chrome/78.0.3904.108 Safari/537.36"
35.224.62.15 - - [21/Apr/2026:16:35:25 +0000] "POST //xmlrpc.php HTTP/1.1" 200 441 "-" "Mozilla/5.0 (Windows NT 10.0; Win64; x64) AppleWebKit/537.36 (KHTML, like Gecko) Chrome/78.0.3904.108 Safari/537.36"
35.224.62.15 - - [21/Apr/2026:16:35:26 +0000] "POST //xmlrpc.php HTTP/1.1" 200 441 "-" "Mozilla/5.0 (Windows NT 10.0; Win64; x64) AppleWebKit/537.36 (KHTML, like Gecko) Chrome/78.0.3904.108 Safari/537.36"
35.224.62.15 - - [21/Apr/2026:16:35:27 +0000] "POST //xmlrpc.php HTTP/1.1" 200 441 "-" "Mozilla/5.0 (Windows NT 10.0; Win64; x64) AppleWebKit/537.36 (KHTML, like Gecko) Chrome/78.0.3904.108 Safari/537.36"
35.224.62.15 - - [21/Apr/2026:16:35:29 +0000] "POST //xmlrpc.php HTTP/1.1" 200 441 "-" "Mozilla/5.0 (Windows NT 10.0; Win64; x64) AppleWebKit/537.36 (KHTML, like Gecko) Chrome/78.0.3904.108 Safari/537.36"
35.224.62.15 - - [21/Apr/2026:16:35:32 +0000] "POST //xmlrpc.php HTTP/1.1" 200 441 "-" "Mozilla/5.0 (Windows NT 10.0; Win64; x64) AppleWebKit/537.36 (KHTML, like Gecko) Chrome/78.0.3904.108 Safari/537.36"
35.224.62.15 - - [21/Apr/2026:16:35:35 +0000] "POST //xmlrpc.php HTTP/1.1" 200 441 "-" "Mozilla/5.0 (Windows NT 10.0; Win64; x64) AppleWebKit/537.36 (KHTML, like Gecko) Chrome/78.0.3904.108 Safari/537.36"
35.224.62.15 - - [21/Apr/2026:16:35:39 +0000] "POST //xmlrpc.php HTTP/1.1" 200 441 "-" "Mozilla/5.0 (Windows NT 10.0; Win64; x64) AppleWebKit/537.36 (KHTML, like Gecko) Chrome/78.0.3904.108 Safari/537.36"
35.224.62.15 - - [21/Apr/2026:16:35:44 +0000] "POST //xmlrpc.php HTTP/1.1" 200 441 "-" "Mozilla/5.0 (Windows NT 10.0; Win64; x64) AppleWebKit/537.36 (KHTML, like Gecko) Chrome/78.0.3904.108 Safari/537.36"
35.224.62.15 - - [21/Apr/2026:16:35:49 +0000] "POST //xmlrpc.php HTTP/1.1" 200 441 "-" "Mozilla/5.0 (Windows NT 10.0; Win64; x64) AppleWebKit/537.36 (KHTML, like Gecko) Chrome/78.0.3904.108 Safari/537.36"
35.224.62.15 - - [21/Apr/2026:16:36:01 +0000] "POST //xmlrpc.php HTTP/1.1" 200 441 "-" "Mozilla/5.0 (Windows NT 10.0; Win64; x64) AppleWebKit/537.36 (KHTML, like Gecko) Chrome/78.0.3904.108 Safari/537.36"
66.249.73.97 - - [21/Apr/2026:16:36:24 +0000] "GET /?z=e3k4t9859t8u26p_gkind14524018 HTTP/1.1" 200 23000 "-" "Mozilla/5.0 (Linux; Android 6.0.1; Nexus 5X Build/MMB29P) AppleWebKit/537.36 (KHTML, like Gecko) Chrome/146.0.7680.177 Mobile Safari/537.36 (compatible; Googlebot/2.1; +http://www.google.com/bot.html)"
35.224.62.15 - - [21/Apr/2026:16:36:16 +0000] "POST //xmlrpc.php HTTP/1.1" 200 441 "-" "Mozilla/5.0 (Windows NT 10.0; Win64; x64) AppleWebKit/537.36 (KHTML, like Gecko) Chrome/78.0.3904.108 Safari/537.36"
35.224.62.15 - - [21/Apr/2026:16:36:31 +0000] "POST //xmlrpc.php HTTP/1.1" 200 441 "-" "Mozilla/5.0 (Windows NT 10.0; Win64; x64) AppleWebKit/537.36 (KHTML, like Gecko) Chrome/78.0.3904.108 Safari/537.36"
35.224.62.15 - - [21/Apr/2026:16:36:46 +0000] "POST //xmlrpc.php HTTP/1.1" 200 441 "-" "Mozilla/5.0 (Windows NT 10.0; Win64; x64) AppleWebKit/537.36 (KHTML, like Gecko) Chrome/78.0.3904.108 Safari/537.36"
35.224.62.15 - - [21/Apr/2026:16:37:01 +0000] "POST //xmlrpc.php HTTP/1.1" 200 441 "-" "Mozilla/5.0 (Windows NT 10.0; Win64; x64) AppleWebKit/537.36 (KHTML, like Gecko) Chrome/78.0.3904.108 Safari/537.36"
35.224.62.15 - - [21/Apr/2026:16:37:16 +0000] "POST //xmlrpc.php HTTP/1.1" 200 441 "-" "Mozilla/5.0 (Windows NT 10.0; Win64; x64) AppleWebKit/537.36 (KHTML, like Gecko) Chrome/78.0.3904.108 Safari/537.36"
35.224.62.15 - - [21/Apr/2026:16:37:31 +0000] "POST //xmlrpc.php HTTP/1.1" 200 441 "-" "Mozilla/5.0 (Windows NT 10.0; Win64; x64) AppleWebKit/537.36 (KHTML, like Gecko) Chrome/78.0.3904.108 Safari/537.36"
35.224.62.15 - - [21/Apr/2026:16:37:46 +0000] "POST //xmlrpc.php HTTP/1.1" 200 441 "-" "Mozilla/5.0 (Windows NT 10.0; Win64; x64) AppleWebKit/537.36 (KHTML, like Gecko) Chrome/78.0.3904.108 Safari/537.36"
35.224.62.15 - - [21/Apr/2026:16:38:01 +0000] "POST //xmlrpc.php HTTP/1.1" 200 441 "-" "Mozilla/5.0 (Windows NT 10.0; Win64; x64) AppleWebKit/537.36 (KHTML, like Gecko) Chrome/78.0.3904.108 Safari/537.36"
201.40.254.44 - - [21/Apr/2026:16:38:19 +0000] "POST /xmlrpc.php HTTP/1.1" 200 443 "-" "Mozilla/5.0 (Windows NT 6.3; arm64) AppleWebKit/537.36 (KHTML, like Gecko) Chrome/87.0.0.0 Safari/537.36"
35.224.62.15 - - [21/Apr/2026:16:38:16 +0000] "POST //xmlrpc.php HTTP/1.1" 200 441 "-" "Mozilla/5.0 (Windows NT 10.0; Win64; x64) AppleWebKit/537.36 (KHTML, like Gecko) Chrome/78.0.3904.108 Safari/537.36"
66.249.73.97 - - [21/Apr/2026:16:35:23 +0000] "GET /?z=fkmajnabzje04cv_gkind14523978 HTTP/1.1" 200 23001 "-" "Mozilla/5.0 (Linux; Android 6.0.1; Nexus 5X Build/MMB29P) AppleWebKit/537.36 (KHTML, like Gecko) Chrome/146.0.7680.177 Mobile Safari/537.36 (compatible; Googlebot/2.1; +http://www.google.com/bot.html)"
34.132.30.149 - - [21/Apr/2026:16:35:23 +0000] "POST //xmlrpc.php HTTP/1.1" 200 441 "-" "Mozilla/5.0 (Windows NT 10.0; Win64; x64) AppleWebKit/537.36 (KHTML, like Gecko) Chrome/78.0.3904.108 Safari/537.36"
34.132.30.149 - - [21/Apr/2026:16:35:31 +0000] "POST //xmlrpc.php HTTP/1.1" 200 441 "-" "Mozilla/5.0 (Windows NT 10.0; Win64; x64) AppleWebKit/537.36 (KHTML, like Gecko) Chrome/78.0.3904.108 Safari/537.36"
34.132.30.149 - - [21/Apr/2026:16:35:36 +0000] "POST //xmlrpc.php HTTP/1.1" 200 441 "-" "Mozilla/5.0 (Windows NT 10.0; Win64; x64) AppleWebKit/537.36 (KHTML, like Gecko) Chrome/78.0.3904.108 Safari/537.36"
34.132.30.149 - - [21/Apr/2026:16:35:46 +0000] "POST //xmlrpc.php HTTP/1.1" 200 441 "-" "Mozilla/5.0 (Windows NT 10.0; Win64; x64) AppleWebKit/537.36 (KHTML, like Gecko) Chrome/78.0.3904.108 Safari/537.36"
34.132.30.149 - - [21/Apr/2026:16:35:51 +0000] "POST //xmlrpc.php HTTP/1.1" 200 441 "-" "Mozilla/5.0 (Windows NT 10.0; Win64; x64) AppleWebKit/537.36 (KHTML, like Gecko) Chrome/78.0.3904.108 Safari/537.36"
34.132.30.149 - - [21/Apr/2026:16:36:01 +0000] "POST //xmlrpc.php HTTP/1.1" 200 441 "-" "Mozilla/5.0 (Windows NT 10.0; Win64; x64) AppleWebKit/537.36 (KHTML, like Gecko) Chrome/78.0.3904.108 Safari/537.36"
201.40.254.44 - - [21/Apr/2026:16:36:08 +0000] "GET /wp-json/wp/v2/users HTTP/1.1" 200 1655 "-" "Mozilla/4.0 (compatible; Win32; WinHttp.WinHttpRequest.5)"
34.132.30.149 - - [21/Apr/2026:16:36:06 +0000] "POST //xmlrpc.php HTTP/1.1" 200 441 "-" "Mozilla/5.0 (Windows NT 10.0; Win64; x64) AppleWebKit/537.36 (KHTML, like Gecko) Chrome/78.0.3904.108 Safari/537.36"
66.249.73.195 - - [21/Apr/2026:16:36:18 +0000] "GET /?z=fz28brqbrligw4z HTTP/1.1" 301 0 "-" "Mozilla/5.0 (Linux; Android 6.0.1; Nexus 5X Build/MMB29P) AppleWebKit/537.36 (KHTML, like Gecko) Chrome/146.0.7680.177 Mobile Safari/537.36 (compatible; Googlebot/2.1; +http://www.google.com/bot.html)"
66.249.73.98 - - [21/Apr/2026:16:36:19 +0000] "GET /?z=fz28brqbrligw4z HTTP/1.1" 200 22994 "-" "Mozilla/5.0 (Linux; Android 6.0.1; Nexus 5X Build/MMB29P) AppleWebKit/537.36 (KHTML, like Gecko) Chrome/146.0.7680.177 Mobile Safari/537.36 (compatible; Googlebot/2.1; +http://www.google.com/bot.html)"
34.132.30.149 - - [21/Apr/2026:16:36:16 +0000] "POST //xmlrpc.php HTTP/1.1" 200 441 "-" "Mozilla/5.0 (Windows NT 10.0; Win64; x64) AppleWebKit/537.36 (KHTML, like Gecko) Chrome/78.0.3904.108 Safari/537.36"
34.132.30.149 - - [21/Apr/2026:16:36:21 +0000] "POST //xmlrpc.php HTTP/1.1" 200 441 "-" "Mozilla/5.0 (Windows NT 10.0; Win64; x64) AppleWebKit/537.36 (KHTML, like Gecko) Chrome/78.0.3904.108 Safari/537.36"
34.132.30.149 - - [21/Apr/2026:16:36:31 +0000] "POST //xmlrpc.php HTTP/1.1" 200 441 "-" "Mozilla/5.0 (Windows NT 10.0; Win64; x64) AppleWebKit/537.36 (KHTML, like Gecko) Chrome/78.0.3904.108 Safari/537.36"
201.40.254.44 - - [21/Apr/2026:16:36:43 +0000] "POST /xmlrpc.php HTTP/1.1" 200 443 "-" "Mozilla/5.0 (X11; Ubuntu; Linux x86_64; x64) AppleWebKit/537.36 (KHTML, like Gecko) Safari/13.0.0.0 Safari/537.36"
34.132.30.149 - - [21/Apr/2026:16:36:36 +0000] "POST //xmlrpc.php HTTP/1.1" 200 441 "-" "Mozilla/5.0 (Windows NT 10.0; Win64; x64) AppleWebKit/537.36 (KHTML, like Gecko) Chrome/78.0.3904.108 Safari/537.36"
34.132.30.149 - - [21/Apr/2026:16:36:46 +0000] "POST //xmlrpc.php HTTP/1.1" 200 441 "-" "Mozilla/5.0 (Windows NT 10.0; Win64; x64) AppleWebKit/537.36 (KHTML, like Gecko) Chrome/78.0.3904.108 Safari/537.36"
34.132.30.149 - - [21/Apr/2026:16:36:51 +0000] "POST //xmlrpc.php HTTP/1.1" 200 441 "-" "Mozilla/5.0 (Windows NT 10.0; Win64; x64) AppleWebKit/537.36 (KHTML, like Gecko) Chrome/78.0.3904.108 Safari/537.36"
35.224.62.15 - - [21/Apr/2026:16:38:31 +0000] "POST //xmlrpc.php HTTP/1.1" 200 441 "-" "Mozilla/5.0 (Windows NT 10.0; Win64; x64) AppleWebKit/537.36 (KHTML, like Gecko) Chrome/78.0.3904.108 Safari/537.36"
35.224.62.15 - - [21/Apr/2026:16:38:46 +0000] "POST //xmlrpc.php HTTP/1.1" 200 441 "-" "Mozilla/5.0 (Windows NT 10.0; Win64; x64) AppleWebKit/537.36 (KHTML, like Gecko) Chrome/78.0.3904.108 Safari/537.36"
35.224.62.15 - - [21/Apr/2026:16:39:01 +0000] "POST //xmlrpc.php HTTP/1.1" 200 441 "-" "Mozilla/5.0 (Windows NT 10.0; Win64; x64) AppleWebKit/537.36 (KHTML, like Gecko) Chrome/78.0.3904.108 Safari/537.36"
66.249.73.193 - - [21/Apr/2026:16:39:19 +0000] "GET /?z=fmo291cbpgs2b29 HTTP/1.1" 301 0 "-" "Mozilla/5.0 (Linux; Android 6.0.1; Nexus 5X Build/MMB29P) AppleWebKit/537.36 (KHTML, like Gecko) Chrome/146.0.7680.177 Mobile Safari/537.36 (compatible; Googlebot/2.1; +http://www.google.com/bot.html)"
201.40.254.44 - - [21/Apr/2026:16:39:20 +0000] "POST /xmlrpc.php HTTP/1.1" 200 443 "-" "Mozilla/5.0 (Macintosh; Intel Mac OS X 10_15_7; x86) AppleWebKit/537.36 (KHTML, like Gecko) Safari/10.0.0.0 Safari/537.36"
35.224.62.15 - - [21/Apr/2026:16:39:16 +0000] "POST //xmlrpc.php HTTP/1.1" 200 441 "-" "Mozilla/5.0 (Windows NT 10.0; Win64; x64) AppleWebKit/537.36 (KHTML, like Gecko) Chrome/78.0.3904.108 Safari/537.36"
35.224.62.15 - - [21/Apr/2026:16:39:31 +0000] "POST //xmlrpc.php HTTP/1.1" 200 441 "-" "Mozilla/5.0 (Windows NT 10.0; Win64; x64) AppleWebKit/537.36 (KHTML, like Gecko) Chrome/78.0.3904.108 Safari/537.36"
35.224.62.15 - - [21/Apr/2026:16:39:46 +0000] "POST //xmlrpc.php HTTP/1.1" 200 441 "-" "Mozilla/5.0 (Windows NT 10.0; Win64; x64) AppleWebKit/537.36 (KHTML, like Gecko) Chrome/78.0.3904.108 Safari/537.36"
35.224.62.15 - - [21/Apr/2026:16:40:01 +0000] "POST //xmlrpc.php HTTP/1.1" 200 441 "-" "Mozilla/5.0 (Windows NT 10.0; Win64; x64) AppleWebKit/537.36 (KHTML, like Gecko) Chrome/78.0.3904.108 Safari/537.36"
35.224.62.15 - - [21/Apr/2026:16:40:16 +0000] "POST //xmlrpc.php HTTP/1.1" 200 441 "-" "Mozilla/5.0 (Windows NT 10.0; Win64; x64) AppleWebKit/537.36 (KHTML, like Gecko) Chrome/78.0.3904.108 Safari/537.36"
35.224.62.15 - - [21/Apr/2026:16:40:31 +0000] "POST //xmlrpc.php HTTP/1.1" 200 441 "-" "Mozilla/5.0 (Windows NT 10.0; Win64; x64) AppleWebKit/537.36 (KHTML, like Gecko) Chrome/78.0.3904.108 Safari/537.36"
201.40.254.44 - - [21/Apr/2026:16:40:55 +0000] "POST /xmlrpc.php HTTP/1.1" 200 443 "-" "Mozilla/5.0 (X11; Ubuntu; Linux x86_64; arm64) AppleWebKit/537.36 (KHTML, like Gecko) Safari/12.0.0.0 Safari/537.36"
35.224.62.15 - - [21/Apr/2026:16:40:46 +0000] "POST //xmlrpc.php HTTP/1.1" 200 441 "-" "Mozilla/5.0 (Windows NT 10.0; Win64; x64) AppleWebKit/537.36 (KHTML, like Gecko) Chrome/78.0.3904.108 Safari/537.36"
35.224.62.15 - - [21/Apr/2026:16:41:01 +0000] "POST //xmlrpc.php HTTP/1.1" 200 441 "-" "Mozilla/5.0 (Windows NT 10.0; Win64; x64) AppleWebKit/537.36 (KHTML, like Gecko) Chrome/78.0.3904.108 Safari/537.36"
35.224.62.15 - - [21/Apr/2026:16:41:16 +0000] "POST //xmlrpc.php HTTP/1.1" 200 441 "-" "Mozilla/5.0 (Windows NT 10.0; Win64; x64) AppleWebKit/537.36 (KHTML, like Gecko) Chrome/78.0.3904.108 Safari/537.36"
35.224.62.15 - - [21/Apr/2026:16:41:31 +0000] "POST //xmlrpc.php HTTP/1.1" 200 441 "-" "Mozilla/5.0 (Windows NT 10.0; Win64; x64) AppleWebKit/537.36 (KHTML, like Gecko) Chrome/78.0.3904.108 Safari/537.36"
66.249.73.96 - - [21/Apr/2026:16:41:46 +0000] "GET /?z=f2t72ihbim97evq_gkind14524022 HTTP/1.1" 200 22999 "-" "Mozilla/5.0 (Linux; Android 6.0.1; Nexus 5X Build/MMB29P) AppleWebKit/537.36 (KHTML, like Gecko) Chrome/146.0.7680.177 Mobile Safari/537.36 (compatible; Googlebot/2.1; +http://www.google.com/bot.html)"
35.224.62.15 - - [21/Apr/2026:16:41:46 +0000] "POST //xmlrpc.php HTTP/1.1" 200 441 "-" "Mozilla/5.0 (Windows NT 10.0; Win64; x64) AppleWebKit/537.36 (KHTML, like Gecko) Chrome/78.0.3904.108 Safari/537.36"
185.82.92.241 - - [21/Apr/2026:16:23:37 +0000] "GET /wp-admin/ HTTP/2" 302 0 "https://www.smilepack.net/wp-admin/" "Mozilla/5.0 (Windows NT 10.0; Win64; x64) AppleWebKit/537.36 (KHTML, like Gecko) Chrome/147.0.0.0 Safari/537.36"
185.82.92.241 - - [21/Apr/2026:16:23:37 +0000] "GET /wp-login.php?redirect_to=https%3A%2F%2Fwww.smilepack.net%2Fwp-admin%2F&reauth=1 HTTP/2" 200 3150 "https://www.smilepack.net/wp-admin/" "Mozilla/5.0 (Windows NT 10.0; Win64; x64) AppleWebKit/537.36 (KHTML, like Gecko) Chrome/147.0.0.0 Safari/537.36"
185.82.92.241 - - [21/Apr/2026:16:23:42 +0000] "GET /wp-admin/profile.php HTTP/2" 302 0 "https://www.smilepack.net/wp-admin/profile.php" "Mozilla/5.0 (Windows NT 10.0; Win64; x64) AppleWebKit/537.36 (KHTML, like Gecko) Chrome/147.0.0.0 Safari/537.36"
185.82.92.241 - - [21/Apr/2026:16:23:44 +0000] "GET /wp-login.php?redirect_to=https%3A%2F%2Fwww.smilepack.net%2Fwp-admin%2Fprofile.php&reauth=1 HTTP/2" 200 3156 "https://www.smilepack.net/wp-admin/profile.php" "Mozilla/5.0 (Windows NT 10.0; Win64; x64) AppleWebKit/537.36 (KHTML, like Gecko) Chrome/147.0.0.0 Safari/537.36"
66.249.73.97 - - [21/Apr/2026:16:24:28 +0000] "GET /?z=f39zumxbaidnsnu_gkind14524018 HTTP/1.1" 200 22997 "-" "Mozilla/5.0 (Linux; Android 6.0.1; Nexus 5X Build/MMB29P) AppleWebKit/537.36 (KHTML, like Gecko) Chrome/146.0.7680.177 Mobile Safari/537.36 (compatible; Googlebot/2.1; +http://www.google.com/bot.html)"
138.197.165.12 - - [21/Apr/2026:16:25:39 +0000] "POST /wp-login.php HTTP/1.1" 200 11157 "-" "Mozilla/5.0"
51.195.183.222 - - [21/Apr/2026:16:30:07 +0000] "GET /cart/@construction_live HTTP/2" 404 22788 "-" "Mozilla/5.0 (compatible; AhrefsBot/7.0; +http://ahrefs.com/robot/)"
201.40.254.44 - - [21/Apr/2026:16:34:40 +0000] "POST /xmlrpc.php HTTP/1.1" 200 443 "-" "Mozilla/5.0 (Macintosh; Intel Mac OS X 10_15_7; x64) AppleWebKit/537.36 (KHTML, like Gecko) Safari/10.0.0.0 Safari/537.36"
66.249.73.96 - - [21/Apr/2026:16:36:21 +0000] "GET /?p=84417585503419 HTTP/1.1" 404 22834 "-" "Mozilla/5.0 (Linux; Android 6.0.1; Nexus 5X Build/MMB29P) AppleWebKit/537.36 (KHTML, like Gecko) Chrome/146.0.7680.177 Mobile Safari/537.36 (compatible; Googlebot/2.1; +http://www.google.com/bot.html)"
138.197.165.12 - - [21/Apr/2026:16:36:36 +0000] "POST /wp-login.php HTTP/1.1" 200 11157 "-" "Mozilla/5.0"
201.40.254.44 - - [21/Apr/2026:16:37:14 +0000] "POST /xmlrpc.php HTTP/1.1" 200 443 "-" "Mozilla/5.0 (Windows NT 6.2; x64) AppleWebKit/537.36 (KHTML, like Gecko) Edge/82.0.0.0 Safari/537.36"
