144.76.32.189 - - [22/Apr/2026:03:12:31 +0000] "GET /?z=ebtr2ihji2h3xfy HTTP/1.1" 200 4624 "-" "Mozilla/5.0 (compatible; SERankingBacklinksBot/1.0; +https://seranking.com/backlinks-crawler)"
216.73.216.107 - - [22/Apr/2026:02:44:19 +0000] "GET /wp-sitemap.xml?fileloc=%2Fhome%2Fsmilepac%2Fpublic_html%2Fwp-content%2Flanguages%2Far-4bfa11da57ff2600004bb500368247f4.json&path=%2Fhome%2Fsmilepac%2Fpublic_html%2Fwp-content%2Flanguages HTTP/2" 200 2962 "-" "Mozilla/5.0 AppleWebKit/537.36 (KHTML, like Gecko; compatible; ClaudeBot/1.0; +claudebot@anthropic.com)"
216.73.216.107 - - [22/Apr/2026:02:44:19 +0000] "GET /wp-sitemap.xml?fileloc=%2Fhome%2Fsmilepac%2Fpublic_html%2Fwp-content%2Flanguages%2Far-1d17475f620f63a92e2c5d2681c51ee8.json&path=%2Fhome%2Fsmilepac%2Fpublic_html%2Fwp-content%2Flanguages HTTP/2" 200 2889 "-" "Mozilla/5.0 AppleWebKit/537.36 (KHTML, like Gecko; compatible; ClaudeBot/1.0; +claudebot@anthropic.com)"
216.73.216.107 - - [22/Apr/2026:02:44:19 +0000] "GET /wp-sitemap.xml?fileloc=%2Fhome%2Fsmilepac%2Fpublic_html%2Fwp-admin%2Fimages%2Fbrowser-rtl.png&path=%2Fhome%2Fsmilepac%2Fpublic_html%2Fwp-admin%2Fimages HTTP/2" 200 37960 "-" "Mozilla/5.0 AppleWebKit/537.36 (KHTML, like Gecko; compatible; ClaudeBot/1.0; +claudebot@anthropic.com)"
66.249.73.194 - - [22/Apr/2026:02:49:55 +0000] "GET /?z=fvn7wcbbcy31apk HTTP/1.1" 200 3732 "-" "Mozilla/5.0 (Linux; Android 6.0.1; Nexus 5X Build/MMB29P) AppleWebKit/537.36 (KHTML, like Gecko) Chrome/146.0.7680.177 Mobile Safari/537.36 (compatible; Googlebot/2.1; +http://www.google.com/bot.html)"
66.249.73.97 - - [22/Apr/2026:03:06:12 +0000] "GET /?p=7551206109453 HTTP/1.1" 200 3732 "-" "Mozilla/5.0 (Linux; Android 6.0.1; Nexus 5X Build/MMB29P) AppleWebKit/537.36 (KHTML, like Gecko) Chrome/146.0.7680.177 Mobile Safari/537.36 (compatible; Googlebot/2.1; +http://www.google.com/bot.html)"
54.39.6.143 - - [22/Apr/2026:03:12:02 +0000] "GET /jak-skutecznie-u-ywa-lebull-kod-bonusowy-podczas-rejestracji-na-platformie/?path=/home/smilepac/public_html/wp-admin HTTP/2" 200 6075 "-" "Mozilla/5.0 (compatible; AhrefsBot/7.0; +http://ahrefs.com/robot/)"
144.76.32.189 - - [22/Apr/2026:03:12:37 +0000] "GET /?z=eyqqzfeufze0jcv HTTP/1.1" 200 4630 "-" "Mozilla/5.0 (compatible; SERankingBacklinksBot/1.0; +https://seranking.com/backlinks-crawler)"
144.76.32.189 - - [22/Apr/2026:03:12:41 +0000] "GET /?z=eso091ctplcagyt HTTP/1.1" 200 4630 "-" "Mozilla/5.0 (compatible; SERankingBacklinksBot/1.0; +https://seranking.com/backlinks-crawler)"
144.76.32.189 - - [22/Apr/2026:03:12:44 +0000] "GET /?z=ebtr2ihyi2h3cfy HTTP/1.1" 200 4624 "-" "Mozilla/5.0 (compatible; SERankingBacklinksBot/1.0; +https://seranking.com/backlinks-crawler)"
144.76.32.189 - - [22/Apr/2026:03:13:08 +0000] "GET /?z=eyqszfegfze0tcv HTTP/1.1" 200 4624 "-" "Mozilla/5.0 (compatible; SERankingBacklinksBot/1.0; +https://seranking.com/backlinks-crawler)"
144.76.32.189 - - [22/Apr/2026:03:13:12 +0000] "GET /?z=eso591cbplcaayt HTTP/1.1" 200 4630 "-" "Mozilla/5.0 (compatible; SERankingBacklinksBot/1.0; +https://seranking.com/backlinks-crawler)"
144.76.32.189 - - [22/Apr/2026:03:14:20 +0000] "GET /?z=eyr6c4fosofde1w HTTP/1.1" 200 4624 "-" "Mozilla/5.0 (compatible; SERankingBacklinksBot/1.0; +https://seranking.com/backlinks-crawler)"
144.76.32.189 - - [22/Apr/2026:03:14:23 +0000] "GET /?z=ebuaf7ikvrigb4z HTTP/1.1" 200 4624 "-" "Mozilla/5.0 (compatible; SERankingBacklinksBot/1.0; +https://seranking.com/backlinks-crawler)"
144.76.32.189 - - [22/Apr/2026:03:14:50 +0000] "GET /?z=esoo91c1plcacyt HTTP/1.1" 200 4630 "-" "Mozilla/5.0 (compatible; SERankingBacklinksBot/1.0; +https://seranking.com/backlinks-crawler)"
144.76.32.189 - - [22/Apr/2026:03:15:00 +0000] "GET /?z=ebuif7izvrig24z HTTP/1.1" 200 4630 "-" "Mozilla/5.0 (compatible; SERankingBacklinksBot/1.0; +https://seranking.com/backlinks-crawler)"
144.76.32.189 - - [22/Apr/2026:03:15:03 +0000] "GET /?z=eyrfc4ffsofd51w HTTP/1.1" 200 4624 "-" "Mozilla/5.0 (compatible; SERankingBacklinksBot/1.0; +https://seranking.com/backlinks-crawler)"
144.76.32.189 - - [22/Apr/2026:03:15:06 +0000] "GET /?z=eyrfc4fssofdu1w HTTP/1.1" 200 4630 "-" "Mozilla/5.0 (compatible; SERankingBacklinksBot/1.0; +https://seranking.com/backlinks-crawler)"
144.76.32.189 - - [22/Apr/2026:03:12:20 +0000] "GET /?z=e0fi0s3kgc316pk HTTP/1.1" 200 4624 "-" "Mozilla/5.0 (compatible; SERankingBacklinksBot/1.0; +https://seranking.com/backlinks-crawler)"
144.76.32.189 - - [22/Apr/2026:03:12:24 +0000] "GET /?z=ebtm2ihki2h3yfy HTTP/1.1" 200 4624 "-" "Mozilla/5.0 (compatible; SERankingBacklinksBot/1.0; +https://seranking.com/backlinks-crawler)"
144.76.32.189 - - [22/Apr/2026:03:12:27 +0000] "GET /?z=date2ih1i2h3yfy HTTP/1.1" 200 4630 "-" "Mozilla/5.0 (compatible; SERankingBacklinksBot/1.0; +https://seranking.com/backlinks-crawler)"
144.76.32.189 - - [22/Apr/2026:03:12:47 +0000] "GET /?z=datg2ihji2h3sfy HTTP/1.1" 200 4624 "-" "Mozilla/5.0 (compatible; SERankingBacklinksBot/1.0; +https://seranking.com/backlinks-crawler)"
144.76.32.189 - - [22/Apr/2026:03:12:51 +0000] "GET /?z=ebts2ihzi2h3dfy HTTP/1.1" 200 4624 "-" "Mozilla/5.0 (compatible; SERankingBacklinksBot/1.0; +https://seranking.com/backlinks-crawler)"
144.76.32.189 - - [22/Apr/2026:03:12:54 +0000] "GET /?z=dati2ihii2h3rfy HTTP/1.1" 200 4624 "-" "Mozilla/5.0 (compatible; SERankingBacklinksBot/1.0; +https://seranking.com/backlinks-crawler)"
144.76.32.189 - - [22/Apr/2026:03:12:58 +0000] "GET /?z=e0fn0s33gc31dpk HTTP/1.1" 200 4624 "-" "Mozilla/5.0 (compatible; SERankingBacklinksBot/1.0; +https://seranking.com/backlinks-crawler)"
144.76.32.189 - - [22/Apr/2026:03:13:01 +0000] "GET /?z=ebtt2ihvi2h3lfy HTTP/1.1" 200 4624 "-" "Mozilla/5.0 (compatible; SERankingBacklinksBot/1.0; +https://seranking.com/backlinks-crawler)"
144.76.32.189 - - [22/Apr/2026:03:13:05 +0000] "GET /?z=dati2ihri2h30fy HTTP/1.1" 200 4630 "-" "Mozilla/5.0 (compatible; SERankingBacklinksBot/1.0; +https://seranking.com/backlinks-crawler)"
144.76.32.189 - - [22/Apr/2026:03:13:25 +0000] "GET /?z=ebtz2ihmi2h3cfy HTTP/1.1" 200 4630 "-" "Mozilla/5.0 (compatible; SERankingBacklinksBot/1.0; +https://seranking.com/backlinks-crawler)"
144.76.32.189 - - [22/Apr/2026:03:13:28 +0000] "GET /?z=eyqxzfeufze07cv HTTP/1.1" 200 4624 "-" "Mozilla/5.0 (compatible; SERankingBacklinksBot/1.0; +https://seranking.com/backlinks-crawler)"
144.76.32.189 - - [22/Apr/2026:03:13:59 +0000] "GET /?z=e0fu0s3tgc31fpk HTTP/1.1" 200 4630 "-" "Mozilla/5.0 (compatible; SERankingBacklinksBot/1.0; +https://seranking.com/backlinks-crawler)"
144.76.32.189 - - [22/Apr/2026:03:14:10 +0000] "GET /?z=ebu9f7iwvrigz4z HTTP/1.1" 200 4630 "-" "Mozilla/5.0 (compatible; SERankingBacklinksBot/1.0; +https://seranking.com/backlinks-crawler)"
144.76.32.189 - - [22/Apr/2026:03:14:13 +0000] "GET /?z=esoi91ccplcabyt HTTP/1.1" 200 4630 "-" "Mozilla/5.0 (compatible; SERankingBacklinksBot/1.0; +https://seranking.com/backlinks-crawler)"
144.76.32.189 - - [22/Apr/2026:03:14:16 +0000] "GET /?z=datv2ihei2h3zfy HTTP/1.1" 200 4624 "-" "Mozilla/5.0 (compatible; SERankingBacklinksBot/1.0; +https://seranking.com/backlinks-crawler)"
144.76.32.189 - - [22/Apr/2026:03:14:26 +0000] "GET /?z=datv2ihki2h35fy HTTP/1.1" 200 4624 "-" "Mozilla/5.0 (compatible; SERankingBacklinksBot/1.0; +https://seranking.com/backlinks-crawler)"
144.76.32.189 - - [22/Apr/2026:03:14:30 +0000] "GET /?z=e0g5dh46t14etel HTTP/1.1" 200 4630 "-" "Mozilla/5.0 (compatible; SERankingBacklinksBot/1.0; +https://seranking.com/backlinks-crawler)"
144.76.32.189 - - [22/Apr/2026:03:14:36 +0000] "GET /?z=ebuef7izvrige4z HTTP/1.1" 200 4630 "-" "Mozilla/5.0 (compatible; SERankingBacklinksBot/1.0; +https://seranking.com/backlinks-crawler)"
144.76.32.189 - - [22/Apr/2026:03:14:40 +0000] "GET /?z=ebuff7i5vrig84z HTTP/1.1" 200 4630 "-" "Mozilla/5.0 (compatible; SERankingBacklinksBot/1.0; +https://seranking.com/backlinks-crawler)"
142.44.220.216 - - [22/Apr/2026:03:15:02 +0000] "GET /jak-skutecznie-u-ywa-lebull-kod-bonusowy-podczas-rejestracji-na-platformie/?path=/home/smilepac/public_html/old HTTP/2" 200 3021 "-" "Mozilla/5.0 (compatible; AhrefsBot/7.0; +http://ahrefs.com/robot/)"
144.76.32.189 - - [22/Apr/2026:03:15:31 +0000] "GET /?z=ebukf7itvrig84z HTTP/1.1" 200 4624 "-" "Mozilla/5.0 (compatible; SERankingBacklinksBot/1.0; +https://seranking.com/backlinks-crawler)"
216.73.216.107 - - [22/Apr/2026:02:42:09 +0000] "GET /wp-sitemap.xml?fileloc=%2Fhome%2Fsmilepac%2Fpublic_html%2Fwp-admin%2Fincludes%2Fajax-actions.php&path=%2Fhome%2Fsmilepac%2Fpublic_html%2Fwp-admin%2Fincludes HTTP/2" 200 36883 "-" "Mozilla/5.0 AppleWebKit/537.36 (KHTML, like Gecko; compatible; ClaudeBot/1.0; +claudebot@anthropic.com)"
216.73.216.107 - - [22/Apr/2026:02:53:34 +0000] "GET /wp-sitemap.xml?path=%2Fhome%2Fsmilepac%2Fpublic_html%2Fold%2F.well-known%2Facme-challenge HTTP/2" 200 2802 "-" "Mozilla/5.0 AppleWebKit/537.36 (KHTML, like Gecko; compatible; ClaudeBot/1.0; +claudebot@anthropic.com)"
66.249.73.96 - - [22/Apr/2026:02:57:44 +0000] "GET /comment.php?h=23145479502230 HTTP/1.1" 200 3732 "-" "Mozilla/5.0 (Linux; Android 6.0.1; Nexus 5X Build/MMB29P) AppleWebKit/537.36 (KHTML, like Gecko) Chrome/146.0.7680.177 Mobile Safari/537.36 (compatible; Googlebot/2.1; +http://www.google.com/bot.html)"
66.249.73.195 - - [22/Apr/2026:03:06:08 +0000] "GET /?z=e807ldo41xomva5 HTTP/1.1" 200 3730 "-" "Mozilla/5.0 (Linux; Android 6.0.1; Nexus 5X Build/MMB29P) AppleWebKit/537.36 (KHTML, like Gecko) Chrome/146.0.7680.177 Mobile Safari/537.36 (compatible; Googlebot/2.1; +http://www.google.com/bot.html)"
66.249.73.96 - - [22/Apr/2026:03:06:09 +0000] "GET /?p=11687347506001 HTTP/1.1" 200 3730 "-" "Mozilla/5.0 (Linux; Android 6.0.1; Nexus 5X Build/MMB29P) AppleWebKit/537.36 (KHTML, like Gecko) Chrome/146.0.7680.177 Mobile Safari/537.36 (compatible; Googlebot/2.1; +http://www.google.com/bot.html)"
66.249.73.96 - - [22/Apr/2026:03:06:10 +0000] "GET /?z=etzk8oneo8n9ml4_gkind14524026 HTTP/1.1" 200 3730 "-" "Mozilla/5.0 (Linux; Android 6.0.1; Nexus 5X Build/MMB29P) AppleWebKit/537.36 (KHTML, like Gecko) Chrome/146.0.7680.177 Mobile Safari/537.36 (compatible; Googlebot/2.1; +http://www.google.com/bot.html)"
144.76.32.189 - - [22/Apr/2026:03:12:14 +0000] "GET /?z=e0fe0s30gc31apk HTTP/1.1" 200 4624 "-" "Mozilla/5.0 (compatible; SERankingBacklinksBot/1.0; +https://seranking.com/backlinks-crawler)"
144.76.32.189 - - [22/Apr/2026:03:12:17 +0000] "GET /?z=ebtl2ihti2h3jfy HTTP/1.1" 200 4624 "-" "Mozilla/5.0 (compatible; SERankingBacklinksBot/1.0; +https://seranking.com/backlinks-crawler)"
144.76.32.189 - - [22/Apr/2026:03:13:42 +0000] "GET /?z=datl2ihmi2h37fy HTTP/1.1" 200 4624 "-" "Mozilla/5.0 (compatible; SERankingBacklinksBot/1.0; +https://seranking.com/backlinks-crawler)"
144.76.32.189 - - [22/Apr/2026:03:13:46 +0000] "GET /?z=esoc91csplca3yt HTTP/1.1" 200 4624 "-" "Mozilla/5.0 (compatible; SERankingBacklinksBot/1.0; +https://seranking.com/backlinks-crawler)"
144.76.32.189 - - [22/Apr/2026:03:13:49 +0000] "GET /?z=e0ft0s3kgc31ipk HTTP/1.1" 200 4624 "-" "Mozilla/5.0 (compatible; SERankingBacklinksBot/1.0; +https://seranking.com/backlinks-crawler)"
144.76.32.189 - - [22/Apr/2026:03:14:03 +0000] "GET /?z=ebu6f7izvrig24z HTTP/1.1" 200 4630 "-" "Mozilla/5.0 (compatible; SERankingBacklinksBot/1.0; +https://seranking.com/backlinks-crawler)"
144.76.32.189 - - [22/Apr/2026:03:14:06 +0000] "GET /?z=esoh91crplca2yt HTTP/1.1" 200 4630 "-" "Mozilla/5.0 (compatible; SERankingBacklinksBot/1.0; +https://seranking.com/backlinks-crawler)"
144.76.32.189 - - [22/Apr/2026:03:14:33 +0000] "GET /?z=esok91cpplcacyt HTTP/1.1" 200 4624 "-" "Mozilla/5.0 (compatible; SERankingBacklinksBot/1.0; +https://seranking.com/backlinks-crawler)"
144.76.32.189 - - [22/Apr/2026:03:15:21 +0000] "GET /?z=ebujf7iovrigr4z HTTP/1.1" 200 4624 "-" "Mozilla/5.0 (compatible; SERankingBacklinksBot/1.0; +https://seranking.com/backlinks-crawler)"
144.76.32.189 - - [22/Apr/2026:03:15:24 +0000] "GET /?z=e0gbdh43t14eqel HTTP/1.1" 200 4630 "-" "Mozilla/5.0 (compatible; SERankingBacklinksBot/1.0; +https://seranking.com/backlinks-crawler)"
144.76.32.189 - - [22/Apr/2026:03:16:01 +0000] "GET /?z=ebuqf7ijvrigm4z HTTP/1.1" 200 4624 "-" "Mozilla/5.0 (compatible; SERankingBacklinksBot/1.0; +https://seranking.com/backlinks-crawler)"
144.76.32.189 - - [22/Apr/2026:03:12:34 +0000] "GET /?z=e254eutnuetfvra HTTP/1.1" 200 4630 "-" "Mozilla/5.0 (compatible; SERankingBacklinksBot/1.0; +https://seranking.com/backlinks-crawler)"
144.76.32.189 - - [22/Apr/2026:03:13:15 +0000] "GET /?z=e0fp0s3wgc316pk HTTP/1.1" 200 4630 "-" "Mozilla/5.0 (compatible; SERankingBacklinksBot/1.0; +https://seranking.com/backlinks-crawler)"
144.76.32.189 - - [22/Apr/2026:03:13:18 +0000] "GET /?z=esoa91c7plca6yt HTTP/1.1" 200 4630 "-" "Mozilla/5.0 (compatible; SERankingBacklinksBot/1.0; +https://seranking.com/backlinks-crawler)"
144.76.32.189 - - [22/Apr/2026:03:13:21 +0000] "GET /?z=esob91cdplca0yt HTTP/1.1" 200 4624 "-" "Mozilla/5.0 (compatible; SERankingBacklinksBot/1.0; +https://seranking.com/backlinks-crawler)"
144.76.32.189 - - [22/Apr/2026:03:13:31 +0000] "GET /?z=e0fr0s3ygc318pk HTTP/1.1" 200 4624 "-" "Mozilla/5.0 (compatible; SERankingBacklinksBot/1.0; +https://seranking.com/backlinks-crawler)"
144.76.32.189 - - [22/Apr/2026:03:13:35 +0000] "GET /?z=esoc91ceplca1yt HTTP/1.1" 200 4624 "-" "Mozilla/5.0 (compatible; SERankingBacklinksBot/1.0; +https://seranking.com/backlinks-crawler)"
144.76.32.189 - - [22/Apr/2026:03:13:38 +0000] "GET /?z=e0fs0s31gc31zpk HTTP/1.1" 200 4624 "-" "Mozilla/5.0 (compatible; SERankingBacklinksBot/1.0; +https://seranking.com/backlinks-crawler)"
144.76.32.189 - - [22/Apr/2026:03:13:53 +0000] "GET /?z=esod91cbplcamyt HTTP/1.1" 200 4630 "-" "Mozilla/5.0 (compatible; SERankingBacklinksBot/1.0; +https://seranking.com/backlinks-crawler)"
144.76.32.189 - - [22/Apr/2026:03:13:56 +0000] "GET /?z=eyr2c4ftsofdj1w HTTP/1.1" 200 4624 "-" "Mozilla/5.0 (compatible; SERankingBacklinksBot/1.0; +https://seranking.com/backlinks-crawler)"
144.76.32.189 - - [22/Apr/2026:03:14:43 +0000] "GET /?z=esom91c2plcadyt HTTP/1.1" 200 4624 "-" "Mozilla/5.0 (compatible; SERankingBacklinksBot/1.0; +https://seranking.com/backlinks-crawler)"
144.76.32.189 - - [22/Apr/2026:03:14:46 +0000] "GET /?z=ebuff7iuvrig94z HTTP/1.1" 200 4624 "-" "Mozilla/5.0 (compatible; SERankingBacklinksBot/1.0; +https://seranking.com/backlinks-crawler)"
144.76.32.189 - - [22/Apr/2026:03:14:53 +0000] "GET /?z=ebugf7ievrig54z HTTP/1.1" 200 4630 "-" "Mozilla/5.0 (compatible; SERankingBacklinksBot/1.0; +https://seranking.com/backlinks-crawler)"
144.76.32.189 - - [22/Apr/2026:03:14:56 +0000] "GET /?z=e0g8dh4xt14ekel HTTP/1.1" 200 4630 "-" "Mozilla/5.0 (compatible; SERankingBacklinksBot/1.0; +https://seranking.com/backlinks-crawler)"
144.76.32.189 - - [22/Apr/2026:03:15:10 +0000] "GET /?z=ebujf7ibvrig24z HTTP/1.1" 200 4624 "-" "Mozilla/5.0 (compatible; SERankingBacklinksBot/1.0; +https://seranking.com/backlinks-crawler)"
144.76.32.189 - - [22/Apr/2026:03:15:13 +0000] "GET /?z=f0gjdh4btk8uz6p HTTP/1.1" 200 4624 "-" "Mozilla/5.0 (compatible; SERankingBacklinksBot/1.0; +https://seranking.com/backlinks-crawler)"
144.76.32.189 - - [22/Apr/2026:03:15:38 +0000] "GET /?z=e0gedh4ot14ebel HTTP/1.1" 200 4624 "-" "Mozilla/5.0 (compatible; SERankingBacklinksBot/1.0; +https://seranking.com/backlinks-crawler)"
144.76.32.189 - - [22/Apr/2026:03:15:41 +0000] "GET /?z=db63rjud73usbgb HTTP/1.1" 200 4630 "-" "Mozilla/5.0 (compatible; SERankingBacklinksBot/1.0; +https://seranking.com/backlinks-crawler)"
144.76.32.189 - - [22/Apr/2026:03:15:44 +0000] "GET /?z=esos91cxplcakyt HTTP/1.1" 200 4630 "-" "Mozilla/5.0 (compatible; SERankingBacklinksBot/1.0; +https://seranking.com/backlinks-crawler)"
144.76.32.189 - - [22/Apr/2026:03:15:48 +0000] "GET /?z=eyrjc4f3sofdh1w HTTP/1.1" 200 4630 "-" "Mozilla/5.0 (compatible; SERankingBacklinksBot/1.0; +https://seranking.com/backlinks-crawler)"
144.76.32.189 - - [22/Apr/2026:03:15:51 +0000] "GET /?z=esou91cwplcajyt HTTP/1.1" 200 4624 "-" "Mozilla/5.0 (compatible; SERankingBacklinksBot/1.0; +https://seranking.com/backlinks-crawler)"
144.76.32.189 - - [22/Apr/2026:03:16:40 +0000] "GET /?z=ebuuf7i3vrigi4z HTTP/1.1" 200 4630 "-" "Mozilla/5.0 (compatible; SERankingBacklinksBot/1.0; +https://seranking.com/backlinks-crawler)"
144.76.32.189 - - [22/Apr/2026:03:15:17 +0000] "GET /?z=eyrgc4f3sofdh1w HTTP/1.1" 200 4624 "-" "Mozilla/5.0 (compatible; SERankingBacklinksBot/1.0; +https://seranking.com/backlinks-crawler)"
144.76.32.189 - - [22/Apr/2026:03:15:27 +0000] "GET /?z=db60rjuf73us1gb HTTP/1.1" 200 4624 "-" "Mozilla/5.0 (compatible; SERankingBacklinksBot/1.0; +https://seranking.com/backlinks-crawler)"
144.76.32.189 - - [22/Apr/2026:03:15:54 +0000] "GET /?z=db65rjub73usxgb HTTP/1.1" 200 4630 "-" "Mozilla/5.0 (compatible; SERankingBacklinksBot/1.0; +https://seranking.com/backlinks-crawler)"
144.76.32.189 - - [22/Apr/2026:03:15:57 +0000] "GET /?z=esox91cfplcaeyt HTTP/1.1" 200 4624 "-" "Mozilla/5.0 (compatible; SERankingBacklinksBot/1.0; +https://seranking.com/backlinks-crawler)"
144.76.32.189 - - [22/Apr/2026:03:16:24 +0000] "GET /?z=db68rju073usygb HTTP/1.1" 200 4624 "-" "Mozilla/5.0 (compatible; SERankingBacklinksBot/1.0; +https://seranking.com/backlinks-crawler)"
144.76.32.189 - - [22/Apr/2026:03:16:27 +0000] "GET /?z=esp3mqd72adnvnu HTTP/1.1" 200 4630 "-" "Mozilla/5.0 (compatible; SERankingBacklinksBot/1.0; +https://seranking.com/backlinks-crawler)"
158.94.208.25 - - [22/Apr/2026:03:16:28 +0000] "GET /mail/.env HTTP/1.1" 403 1242 "-" "Mozilla/5.0 (Linux; Android 14; Pixel 8 Pro) AppleWebKit/537.36 (KHTML, like Gecko) Chrome/124.0.6367.179 Mobile Safari/537.36"
144.76.32.189 - - [22/Apr/2026:03:16:31 +0000] "GET /?z=e0gqdh4ot14ebel HTTP/1.1" 200 4624 "-" "Mozilla/5.0 (compatible; SERankingBacklinksBot/1.0; +https://seranking.com/backlinks-crawler)"
51.161.65.68 - - [22/Apr/2026:03:17:03 +0000] "GET /jak-skutecznie-u-ywa-lebull-kod-bonusowy-podczas-rejestracji-na-platformie/?path=/home/smilepac/public_html/c5f9wp HTTP/2" 200 2825 "-" "Mozilla/5.0 (compatible; AhrefsBot/7.0; +http://ahrefs.com/robot/)"
144.76.32.189 - - [22/Apr/2026:03:17:04 +0000] "GET /?z=e0gudh4bt14eael HTTP/1.1" 200 4630 "-" "Mozilla/5.0 (compatible; SERankingBacklinksBot/1.0; +https://seranking.com/backlinks-crawler)"
144.76.32.189 - - [22/Apr/2026:03:17:07 +0000] "GET /?z=esp7mqd82adnwnu HTTP/1.1" 200 4630 "-" "Mozilla/5.0 (compatible; SERankingBacklinksBot/1.0; +https://seranking.com/backlinks-crawler)"
144.76.32.189 - - [22/Apr/2026:03:17:10 +0000] "GET /?z=e0gvdh4et14e1el HTTP/1.1" 200 4630 "-" "Mozilla/5.0 (compatible; SERankingBacklinksBot/1.0; +https://seranking.com/backlinks-crawler)"
144.76.32.189 - - [22/Apr/2026:03:17:27 +0000] "GET /?z=eys3ptgc5dgqfqx HTTP/1.1" 200 4630 "-" "Mozilla/5.0 (compatible; SERankingBacklinksBot/1.0; +https://seranking.com/backlinks-crawler)"
144.76.32.189 - - [22/Apr/2026:03:17:30 +0000] "GET /?z=espbmqd72adn7nu HTTP/1.1" 200 4630 "-" "Mozilla/5.0 (compatible; SERankingBacklinksBot/1.0; +https://seranking.com/backlinks-crawler)"
144.76.32.189 - - [22/Apr/2026:03:17:34 +0000] "GET /?z=ebv0swjy8gjt2t0 HTTP/1.1" 200 4630 "-" "Mozilla/5.0 (compatible; SERankingBacklinksBot/1.0; +https://seranking.com/backlinks-crawler)"
142.44.233.60 - - [22/Apr/2026:03:17:37 +0000] "GET /jak-skutecznie-u-ywa-lebull-kod-bonusowy-podczas-rejestracji-na-platformie/?path=/home/smilepac/public_html/.well-known HTTP/2" 200 2768 "-" "Mozilla/5.0 (compatible; AhrefsBot/7.0; +http://ahrefs.com/robot/)"
144.76.32.189 - - [22/Apr/2026:03:17:54 +0000] "GET /?z=e0h2q65w6q5rk3m HTTP/1.1" 200 4630 "-" "Mozilla/5.0 (compatible; SERankingBacklinksBot/1.0; +https://seranking.com/backlinks-crawler)"
144.76.32.189 - - [22/Apr/2026:03:17:57 +0000] "GET /?z=ebv2swjv8gjtbt0 HTTP/1.1" 200 4624 "-" "Mozilla/5.0 (compatible; SERankingBacklinksBot/1.0; +https://seranking.com/backlinks-crawler)"
51.222.95.246 - - [22/Apr/2026:03:18:03 +0000] "GET /jak-skutecznie-u-ywa-lebull-kod-bonusowy-podczas-rejestracji-na-platformie/?path=/home/smilepac HTTP/2" 200 4017 "-" "Mozilla/5.0 (compatible; AhrefsBot/7.0; +http://ahrefs.com/robot/)"
51.161.65.214 - - [22/Apr/2026:03:18:17 +0000] "GET /jak-skutecznie-u-ywa-lebull-kod-bonusowy-podczas-rejestracji-na-platformie/?path=/home HTTP/2" 200 2725 "-" "Mozilla/5.0 (compatible; AhrefsBot/7.0; +http://ahrefs.com/robot/)"
144.76.32.189 - - [22/Apr/2026:03:15:34 +0000] "GET /?z=db60rjus73usqgb HTTP/1.1" 200 4624 "-" "Mozilla/5.0 (compatible; SERankingBacklinksBot/1.0; +https://seranking.com/backlinks-crawler)"
148.113.130.190 - - [22/Apr/2026:03:16:10 +0000] "GET /jak-skutecznie-u-ywa-lebull-kod-bonusowy-podczas-rejestracji-na-platformie/?path=/home/smilepac/public_html/f9e0wp HTTP/2" 200 2824 "-" "Mozilla/5.0 (compatible; AhrefsBot/7.0; +http://ahrefs.com/robot/)"
144.76.32.189 - - [22/Apr/2026:03:16:17 +0000] "GET /?z=e0gndh4zt14eael HTTP/1.1" 200 4630 "-" "Mozilla/5.0 (compatible; SERankingBacklinksBot/1.0; +https://seranking.com/backlinks-crawler)"
144.76.32.189 - - [22/Apr/2026:03:16:21 +0000] "GET /?z=eyrsc4f1sofdr1w HTTP/1.1" 200 4630 "-" "Mozilla/5.0 (compatible; SERankingBacklinksBot/1.0; +https://seranking.com/backlinks-crawler)"
66.249.73.96 - - [22/Apr/2026:03:16:29 +0000] "GET /?p=27939179038542 HTTP/1.1" 200 3730 "-" "Mozilla/5.0 (Linux; Android 6.0.1; Nexus 5X Build/MMB29P) AppleWebKit/537.36 (KHTML, like Gecko) Chrome/146.0.7680.177 Mobile Safari/537.36 (compatible; Googlebot/2.1; +http://www.google.com/bot.html)"
144.76.32.189 - - [22/Apr/2026:03:16:34 +0000] "GET /?z=eyrtc4f6sofd81w HTTP/1.1" 200 4630 "-" "Mozilla/5.0 (compatible; SERankingBacklinksBot/1.0; +https://seranking.com/backlinks-crawler)"
144.76.32.189 - - [22/Apr/2026:03:16:37 +0000] "GET /?z=esp3mqdb2adnbnu HTTP/1.1" 200 4630 "-" "Mozilla/5.0 (compatible; SERankingBacklinksBot/1.0; +https://seranking.com/backlinks-crawler)"
144.76.32.189 - - [22/Apr/2026:03:16:48 +0000] "GET /?z=e0gtdh4jt14eiel HTTP/1.1" 200 4630 "-" "Mozilla/5.0 (compatible; SERankingBacklinksBot/1.0; +https://seranking.com/backlinks-crawler)"
144.76.32.189 - - [22/Apr/2026:03:16:51 +0000] "GET /?z=ebuvf7idvrigs4z HTTP/1.1" 200 4624 "-" "Mozilla/5.0 (compatible; SERankingBacklinksBot/1.0; +https://seranking.com/backlinks-crawler)"
144.76.32.189 - - [22/Apr/2026:03:16:54 +0000] "GET /?z=e0gudh42t14e1el HTTP/1.1" 200 4624 "-" "Mozilla/5.0 (compatible; SERankingBacklinksBot/1.0; +https://seranking.com/backlinks-crawler)"
144.76.32.189 - - [22/Apr/2026:03:16:57 +0000] "GET /?z=db6erjuo73usmgb HTTP/1.1" 200 4630 "-" "Mozilla/5.0 (compatible; SERankingBacklinksBot/1.0; +https://seranking.com/backlinks-crawler)"
144.76.32.189 - - [22/Apr/2026:03:17:00 +0000] "GET /?z=esp7mqd42adngnu HTTP/1.1" 200 4630 "-" "Mozilla/5.0 (compatible; SERankingBacklinksBot/1.0; +https://seranking.com/backlinks-crawler)"
142.44.233.174 - - [22/Apr/2026:03:17:55 +0000] "GET /jak-skutecznie-u-ywa-lebull-kod-bonusowy-podczas-rejestracji-na-platformie/?path=/home/smilepac/public_html HTTP/2" 200 3732 "-" "Mozilla/5.0 (compatible; AhrefsBot/7.0; +http://ahrefs.com/robot/)"
144.76.32.189 - - [22/Apr/2026:03:18:24 +0000] "GET /?z=ebv9swjp8gjttt0 HTTP/1.1" 200 4630 "-" "Mozilla/5.0 (compatible; SERankingBacklinksBot/1.0; +https://seranking.com/backlinks-crawler)"
144.76.32.189 - - [22/Apr/2026:03:18:28 +0000] "GET /?z=db6srjuy73uskgb HTTP/1.1" 200 4630 "-" "Mozilla/5.0 (compatible; SERankingBacklinksBot/1.0; +https://seranking.com/backlinks-crawler)"
144.76.32.189 - - [22/Apr/2026:03:18:31 +0000] "GET /?z=ebvaswju8gjtat0 HTTP/1.1" 200 4624 "-" "Mozilla/5.0 (compatible; SERankingBacklinksBot/1.0; +https://seranking.com/backlinks-crawler)"
144.76.32.189 - - [22/Apr/2026:03:18:35 +0000] "GET /?z=db6urjuh73usrgb HTTP/1.1" 200 4630 "-" "Mozilla/5.0 (compatible; SERankingBacklinksBot/1.0; +https://seranking.com/backlinks-crawler)"
144.76.32.189 - - [22/Apr/2026:03:18:51 +0000] "GET /?z=e0hbq65l6q5rl3m HTTP/1.1" 200 4624 "-" "Mozilla/5.0 (compatible; SERankingBacklinksBot/1.0; +https://seranking.com/backlinks-crawler)"
144.76.32.189 - - [22/Apr/2026:03:18:55 +0000] "GET /?z=dcj0gk74w47hfho HTTP/1.1" 200 4624 "-" "Mozilla/5.0 (compatible; SERankingBacklinksBot/1.0; +https://seranking.com/backlinks-crawler)"
144.76.32.189 - - [22/Apr/2026:03:18:58 +0000] "GET /?z=eysjptg85dgqnqx HTTP/1.1" 200 4624 "-" "Mozilla/5.0 (compatible; SERankingBacklinksBot/1.0; +https://seranking.com/backlinks-crawler)"
144.76.32.189 - - [22/Apr/2026:03:16:04 +0000] "GET /?z=eyroc4fmsofdo1w HTTP/1.1" 200 4624 "-" "Mozilla/5.0 (compatible; SERankingBacklinksBot/1.0; +https://seranking.com/backlinks-crawler)"
144.76.32.189 - - [22/Apr/2026:03:16:08 +0000] "GET /?z=e0gjdh4jt14euel HTTP/1.1" 200 4630 "-" "Mozilla/5.0 (compatible; SERankingBacklinksBot/1.0; +https://seranking.com/backlinks-crawler)"
144.76.32.189 - - [22/Apr/2026:03:16:11 +0000] "GET /?z=esoz91ceplcadyt HTTP/1.1" 200 4624 "-" "Mozilla/5.0 (compatible; SERankingBacklinksBot/1.0; +https://seranking.com/backlinks-crawler)"
144.76.32.189 - - [22/Apr/2026:03:16:14 +0000] "GET /?z=esp2mqdr2adnfnu HTTP/1.1" 200 4630 "-" "Mozilla/5.0 (compatible; SERankingBacklinksBot/1.0; +https://seranking.com/backlinks-crawler)"
144.76.32.189 - - [22/Apr/2026:03:17:14 +0000] "GET /?z=esp7mqde2adn2nu HTTP/1.1" 200 4624 "-" "Mozilla/5.0 (compatible; SERankingBacklinksBot/1.0; +https://seranking.com/backlinks-crawler)"
144.76.32.189 - - [22/Apr/2026:03:17:17 +0000] "GET /?z=ebuxf7i8vrigb4z HTTP/1.1" 200 4630 "-" "Mozilla/5.0 (compatible; SERankingBacklinksBot/1.0; +https://seranking.com/backlinks-crawler)"
144.76.32.189 - - [22/Apr/2026:03:17:20 +0000] "GET /?z=eys1ptgm5dgqpqx HTTP/1.1" 200 4630 "-" "Mozilla/5.0 (compatible; SERankingBacklinksBot/1.0; +https://seranking.com/backlinks-crawler)"
144.76.32.189 - - [22/Apr/2026:03:17:23 +0000] "GET /?z=ebuyf7ikvrigb4z HTTP/1.1" 200 4630 "-" "Mozilla/5.0 (compatible; SERankingBacklinksBot/1.0; +https://seranking.com/backlinks-crawler)"
144.76.32.189 - - [22/Apr/2026:03:17:37 +0000] "GET /?z=eys4ptg95dgq0qx HTTP/1.1" 200 4624 "-" "Mozilla/5.0 (compatible; SERankingBacklinksBot/1.0; +https://seranking.com/backlinks-crawler)"
144.76.32.189 - - [22/Apr/2026:03:17:40 +0000] "GET /?z=e0h2q65s6q5r43m HTTP/1.1" 200 4630 "-" "Mozilla/5.0 (compatible; SERankingBacklinksBot/1.0; +https://seranking.com/backlinks-crawler)"
144.76.32.189 - - [22/Apr/2026:03:17:44 +0000] "GET /?z=ebv1swjc8gjtst0 HTTP/1.1" 200 4624 "-" "Mozilla/5.0 (compatible; SERankingBacklinksBot/1.0; +https://seranking.com/backlinks-crawler)"
144.76.32.189 - - [22/Apr/2026:03:18:11 +0000] "GET /?z=e0h3q6596q5rx3m HTTP/1.1" 200 4624 "-" "Mozilla/5.0 (compatible; SERankingBacklinksBot/1.0; +https://seranking.com/backlinks-crawler)"
144.76.32.189 - - [22/Apr/2026:03:18:14 +0000] "GET /?z=espgmqdh2adn5nu HTTP/1.1" 200 4624 "-" "Mozilla/5.0 (compatible; SERankingBacklinksBot/1.0; +https://seranking.com/backlinks-crawler)"
15.235.96.102 - - [22/Apr/2026:03:18:29 +0000] "GET /jak-skutecznie-u-ywa-lebull-kod-bonusowy-podczas-rejestracji-na-platformie/?path=/ HTTP/2" 200 3074 "-" "Mozilla/5.0 (compatible; AhrefsBot/7.0; +http://ahrefs.com/robot/)"
54.39.136.12 - - [22/Apr/2026:03:18:51 +0000] "GET /jak-skutecznie-u-ywa-lebull-kod-bonusowy-podczas-rejestracji-na-platformie/?fileloc=/home/smilepac/public_html/wp-blog-header.php&path=/home/smilepac/public_html HTTP/2" 200 2641 "-" "Mozilla/5.0 (compatible; AhrefsBot/7.0; +http://ahrefs.com/robot/)"
144.76.32.189 - - [22/Apr/2026:03:19:01 +0000] "GET /?z=dcj1gk7dw47hcho HTTP/1.1" 200 4624 "-" "Mozilla/5.0 (compatible; SERankingBacklinksBot/1.0; +https://seranking.com/backlinks-crawler)"
144.76.32.189 - - [22/Apr/2026:03:19:05 +0000] "GET /?z=ebvfswjw8gjtct0 HTTP/1.1" 200 4624 "-" "Mozilla/5.0 (compatible; SERankingBacklinksBot/1.0; +https://seranking.com/backlinks-crawler)"
144.76.32.189 - - [22/Apr/2026:03:19:08 +0000] "GET /?z=dcj1gk7lw47h8ho HTTP/1.1" 200 4630 "-" "Mozilla/5.0 (compatible; SERankingBacklinksBot/1.0; +https://seranking.com/backlinks-crawler)"
144.76.32.189 - - [22/Apr/2026:03:19:11 +0000] "GET /?z=eyskptgc5dgqrqx HTTP/1.1" 200 4624 "-" "Mozilla/5.0 (compatible; SERankingBacklinksBot/1.0; +https://seranking.com/backlinks-crawler)"
144.76.32.189 - - [22/Apr/2026:03:19:15 +0000] "GET /?z=e0heq6586q5rw3m HTTP/1.1" 200 4630 "-" "Mozilla/5.0 (compatible; SERankingBacklinksBot/1.0; +https://seranking.com/backlinks-crawler)"
144.76.32.189 - - [22/Apr/2026:03:16:44 +0000] "GET /?z=e0gtdh4ft14e2el HTTP/1.1" 200 4630 "-" "Mozilla/5.0 (compatible; SERankingBacklinksBot/1.0; +https://seranking.com/backlinks-crawler)"
144.76.32.189 - - [22/Apr/2026:03:17:47 +0000] "GET /?z=espdmqdu2adnunu HTTP/1.1" 200 4630 "-" "Mozilla/5.0 (compatible; SERankingBacklinksBot/1.0; +https://seranking.com/backlinks-crawler)"
144.76.32.189 - - [22/Apr/2026:03:17:50 +0000] "GET /?z=edkot98p9t8ue6p HTTP/1.1" 200 4624 "-" "Mozilla/5.0 (compatible; SERankingBacklinksBot/1.0; +https://seranking.com/backlinks-crawler)"
144.76.32.189 - - [22/Apr/2026:03:18:01 +0000] "GET /?z=db6jrjur73us1gb HTTP/1.1" 200 4624 "-" "Mozilla/5.0 (compatible; SERankingBacklinksBot/1.0; +https://seranking.com/backlinks-crawler)"
144.76.32.189 - - [22/Apr/2026:03:18:04 +0000] "GET /?z=e0h3q6526q5re3m HTTP/1.1" 200 4630 "-" "Mozilla/5.0 (compatible; SERankingBacklinksBot/1.0; +https://seranking.com/backlinks-crawler)"
144.76.32.189 - - [22/Apr/2026:03:18:07 +0000] "GET /?z=db6mrjui73ussgb HTTP/1.1" 200 4624 "-" "Mozilla/5.0 (compatible; SERankingBacklinksBot/1.0; +https://seranking.com/backlinks-crawler)"
144.76.32.189 - - [22/Apr/2026:03:18:17 +0000] "GET /?z=ebv9swjf8gjt7t0 HTTP/1.1" 200 4630 "-" "Mozilla/5.0 (compatible; SERankingBacklinksBot/1.0; +https://seranking.com/backlinks-crawler)"
144.76.32.189 - - [22/Apr/2026:03:18:44 +0000] "GET /?z=espmmqds2adn4nu HTTP/1.1" 200 4624 "-" "Mozilla/5.0 (compatible; SERankingBacklinksBot/1.0; +https://seranking.com/backlinks-crawler)"
144.76.32.189 - - [22/Apr/2026:03:18:48 +0000] "GET /?z=db6yrju973usjgb HTTP/1.1" 200 4630 "-" "Mozilla/5.0 (compatible; SERankingBacklinksBot/1.0; +https://seranking.com/backlinks-crawler)"
142.44.225.128 - - [22/Apr/2026:03:19:04 +0000] "GET /jak-skutecznie-u-ywa-lebull-kod-bonusowy-podczas-rejestracji-na-platformie/?fileloc=/home/smilepac/public_html/index.php&path=/home/smilepac/public_html HTTP/2" 200 2511 "-" "Mozilla/5.0 (compatible; AhrefsBot/7.0; +http://ahrefs.com/robot/)"
54.39.6.75 - - [22/Apr/2026:03:19:09 +0000] "GET /jak-skutecznie-u-ywa-lebull-kod-bonusowy-podczas-rejestracji-na-platformie/?fileloc=/home/smilepac/public_html/.htaccess.bk&path=/home/smilepac/public_html HTTP/2" 200 3275 "-" "Mozilla/5.0 (compatible; AhrefsBot/7.0; +http://ahrefs.com/robot/)"
142.44.228.214 - - [22/Apr/2026:03:19:20 +0000] "GET /tag/%D9%85%D9%88%D9%82%D8%B9-%D8%A7%D9%84%D9%83%D8%AA%D8%B1%D9%88%D9%86%D9%8A/?fileloc=/home/smilepac/public_html/wp-activate.php&path=/home/smilepac/public_html HTTP/2" 200 5072 "-" "Mozilla/5.0 (compatible; AhrefsBot/7.0; +http://ahrefs.com/robot/)"
144.76.32.189 - - [22/Apr/2026:03:19:25 +0000] "GET /?z=e0hgq65v6q5rj3m HTTP/1.1" 200 4624 "-" "Mozilla/5.0 (compatible; SERankingBacklinksBot/1.0; +https://seranking.com/backlinks-crawler)"
144.76.32.189 - - [22/Apr/2026:03:19:28 +0000] "GET /?z=eysnptg45dgqvqx HTTP/1.1" 200 4630 "-" "Mozilla/5.0 (compatible; SERankingBacklinksBot/1.0; +https://seranking.com/backlinks-crawler)"
142.44.220.122 - - [22/Apr/2026:03:19:31 +0000] "GET /tag/%D9%85%D9%88%D9%82%D8%B9-%D8%A7%D9%84%D9%83%D8%AA%D8%B1%D9%88%D9%86%D9%8A/?fileloc=/home/smilepac/public_html/wp-includes/class-wp-xmlrpc-server.php&path=/home/smilepac/public_html/wp-includes HTTP/2" 200 41511 "-" "Mozilla/5.0 (compatible; AhrefsBot/7.0; +http://ahrefs.com/robot/)"
144.76.32.189 - - [22/Apr/2026:03:19:31 +0000] "GET /?z=e0hiq65s6q5rs3m HTTP/1.1" 200 4630 "-" "Mozilla/5.0 (compatible; SERankingBacklinksBot/1.0; +https://seranking.com/backlinks-crawler)"
51.161.37.94 - - [22/Apr/2026:03:19:33 +0000] "GET /tag/%D9%85%D9%88%D9%82%D8%B9-%D8%A7%D9%84%D9%83%D8%AA%D8%B1%D9%88%D9%86%D9%8A/?fileloc=/home/smilepac/public_html/wp-includes/class-wp-user.php&path=/home/smilepac/public_html/wp-includes HTTP/2" 200 8630 "-" "Mozilla/5.0 (compatible; AhrefsBot/7.0; +http://ahrefs.com/robot/)"
144.76.32.189 - - [22/Apr/2026:03:19:41 +0000] "GET /?z=espumqdz2adnznu HTTP/1.1" 200 4624 "-" "Mozilla/5.0 (compatible; SERankingBacklinksBot/1.0; +https://seranking.com/backlinks-crawler)"
144.76.32.189 - - [22/Apr/2026:03:18:20 +0000] "GET /?z=esphmqdw2adn8nu HTTP/1.1" 200 4624 "-" "Mozilla/5.0 (compatible; SERankingBacklinksBot/1.0; +https://seranking.com/backlinks-crawler)"
54.39.210.211 - - [22/Apr/2026:03:18:33 +0000] "GET /jak-skutecznie-u-ywa-lebull-kod-bonusowy-podczas-rejestracji-na-platformie/?fileloc=/home/smilepac/public_html/xmlrpc.php&path=/home/smilepac/public_html HTTP/2" 200 3933 "-" "Mozilla/5.0 (compatible; AhrefsBot/7.0; +http://ahrefs.com/robot/)"
144.76.32.189 - - [22/Apr/2026:03:18:38 +0000] "GET /?z=eyseptgj5dgqaqx HTTP/1.1" 200 4624 "-" "Mozilla/5.0 (compatible; SERankingBacklinksBot/1.0; +https://seranking.com/backlinks-crawler)"
142.44.220.207 - - [22/Apr/2026:03:18:38 +0000] "GET /jak-skutecznie-u-ywa-lebull-kod-bonusowy-podczas-rejestracji-na-platformie/?fileloc=/home/smilepac/public_html/wp-signup.php&path=/home/smilepac/public_html HTTP/2" 200 11248 "-" "Mozilla/5.0 (compatible; AhrefsBot/7.0; +http://ahrefs.com/robot/)"
144.76.32.189 - - [22/Apr/2026:03:18:41 +0000] "GET /?z=e0h8q65p6q5r13m HTTP/1.1" 200 4624 "-" "Mozilla/5.0 (compatible; SERankingBacklinksBot/1.0; +https://seranking.com/backlinks-crawler)"
54.39.89.134 - - [22/Apr/2026:03:18:44 +0000] "GET /jak-skutecznie-u-ywa-lebull-kod-bonusowy-podczas-rejestracji-na-platformie/?fileloc=/home/smilepac/public_html/wp-settings.php&path=/home/smilepac/public_html HTTP/2" 200 8826 "-" "Mozilla/5.0 (compatible; AhrefsBot/7.0; +http://ahrefs.com/robot/)"
54.39.210.152 - - [22/Apr/2026:03:18:56 +0000] "GET /jak-skutecznie-u-ywa-lebull-kod-bonusowy-podczas-rejestracji-na-platformie/?fileloc=/home/smilepac/public_html/wordpress.zip&path=/home/smilepac/public_html HTTP/2" 200 9490847 "-" "Mozilla/5.0 (compatible; AhrefsBot/7.0; +http://ahrefs.com/robot/)"
15.235.27.165 - - [22/Apr/2026:03:19:07 +0000] "GET /jak-skutecznie-u-ywa-lebull-kod-bonusowy-podczas-rejestracji-na-platformie/?fileloc=/home/smilepac/public_html/error_log&path=/home/smilepac/public_html HTTP/2" 500 1111 "-" "Mozilla/5.0 (compatible; AhrefsBot/7.0; +http://ahrefs.com/robot/)"
54.39.0.227 - - [22/Apr/2026:03:19:16 +0000] "GET /tag/%D9%85%D9%88%D9%82%D8%B9-%D8%A7%D9%84%D9%83%D8%AA%D8%B1%D9%88%D9%86%D9%8A/?fileloc=/home/smilepac/public_html/wp-login.php&path=/home/smilepac/public_html HTTP/2" 200 16491 "-" "Mozilla/5.0 (compatible; AhrefsBot/7.0; +http://ahrefs.com/robot/)"
54.39.0.199 - - [22/Apr/2026:03:19:18 +0000] "GET /tag/%D9%85%D9%88%D9%82%D8%B9-%D8%A7%D9%84%D9%83%D8%AA%D8%B1%D9%88%D9%86%D9%8A/?fileloc=/home/smilepac/public_html/wp-config.php&path=/home/smilepac/public_html HTTP/2" 200 4303 "-" "Mozilla/5.0 (compatible; AhrefsBot/7.0; +http://ahrefs.com/robot/)"
54.39.89.193 - - [22/Apr/2026:03:19:25 +0000] "GET /tag/%D9%85%D9%88%D9%82%D8%B9-%D8%A7%D9%84%D9%83%D8%AA%D8%B1%D9%88%D9%86%D9%8A/?fileloc=/home/smilepac/public_html/wp-includes/wp-diff.php&path=/home/smilepac/public_html/wp-includes HTTP/2" 200 2768 "-" "Mozilla/5.0 (compatible; AhrefsBot/7.0; +http://ahrefs.com/robot/)"
142.44.233.3 - - [22/Apr/2026:03:19:29 +0000] "GET /tag/%D9%85%D9%88%D9%82%D8%B9-%D8%A7%D9%84%D9%83%D8%AA%D8%B1%D9%88%D9%86%D9%8A/?fileloc=/home/smilepac/public_html/wp-includes/deprecated.php&path=/home/smilepac/public_html/wp-includes HTTP/2" 200 47885 "-" "Mozilla/5.0 (compatible; AhrefsBot/7.0; +http://ahrefs.com/robot/)"
15.235.27.49 - - [22/Apr/2026:03:19:37 +0000] "GET /tag/%D9%85%D9%88%D9%82%D8%B9-%D8%A7%D9%84%D9%83%D8%AA%D8%B1%D9%88%D9%86%D9%8A/?fileloc=/home/smilepac/public_html/wp-includes/class-wp-hook.php&path=/home/smilepac/public_html/wp-includes HTTP/2" 200 6581 "-" "Mozilla/5.0 (compatible; AhrefsBot/7.0; +http://ahrefs.com/robot/)"
54.39.0.63 - - [22/Apr/2026:03:19:47 +0000] "GET /tag/%D8%B3%D8%A6%D9%88/?path=/home/smilepac/.cpanel HTTP/2" 200 3299 "-" "Mozilla/5.0 (compatible; AhrefsBot/7.0; +http://ahrefs.com/robot/)"
144.76.32.189 - - [22/Apr/2026:03:20:12 +0000] "GET /?z=ebvlswjz8gjtft0 HTTP/1.1" 200 4630 "-" "Mozilla/5.0 (compatible; SERankingBacklinksBot/1.0; +https://seranking.com/backlinks-crawler)"
15.235.98.72 - - [22/Apr/2026:03:19:03 +0000] "GET /jak-skutecznie-u-ywa-lebull-kod-bonusowy-podczas-rejestracji-na-platformie/?fileloc=/home/smilepac/public_html/readme.html&path=/home/smilepac/public_html HTTP/2" 200 5500 "-" "Mozilla/5.0 (compatible; AhrefsBot/7.0; +http://ahrefs.com/robot/)"
51.222.95.190 - - [22/Apr/2026:03:19:14 +0000] "GET /jak-skutecznie-u-ywa-lebull-kod-bonusowy-podczas-rejestracji-na-platformie/?fileloc=/home/smilepac/public_html/.htaccess&path=/home/smilepac/public_html HTTP/2" 200 2553 "-" "Mozilla/5.0 (compatible; AhrefsBot/7.0; +http://ahrefs.com/robot/)"
144.76.32.189 - - [22/Apr/2026:03:19:18 +0000] "GET /?z=e0hfq65f6q5r33m HTTP/1.1" 200 4624 "-" "Mozilla/5.0 (compatible; SERankingBacklinksBot/1.0; +https://seranking.com/backlinks-crawler)"
144.76.32.189 - - [22/Apr/2026:03:19:21 +0000] "GET /?z=esprmqdq2adnqnu HTTP/1.1" 200 4624 "-" "Mozilla/5.0 (compatible; SERankingBacklinksBot/1.0; +https://seranking.com/backlinks-crawler)"
51.161.65.75 - - [22/Apr/2026:03:19:22 +0000] "GET /tag/%D9%85%D9%88%D9%82%D8%B9-%D8%A7%D9%84%D9%83%D8%AA%D8%B1%D9%88%D9%86%D9%8A/?path=/home/smilepac/public_html/wp-includes/theme-compat HTTP/2" 200 3089 "-" "Mozilla/5.0 (compatible; AhrefsBot/7.0; +http://ahrefs.com/robot/)"
54.39.203.141 - - [22/Apr/2026:03:19:26 +0000] "GET /tag/%D9%85%D9%88%D9%82%D8%B9-%D8%A7%D9%84%D9%83%D8%AA%D8%B1%D9%88%D9%86%D9%8A/?fileloc=/home/smilepac/public_html/wp-includes/rest-api.php&path=/home/smilepac/public_html/wp-includes HTTP/2" 200 25392 "-" "Mozilla/5.0 (compatible; AhrefsBot/7.0; +http://ahrefs.com/robot/)"
144.76.32.189 - - [22/Apr/2026:03:19:35 +0000] "GET /?z=eysnptgd5dgq4qx HTTP/1.1" 200 4624 "-" "Mozilla/5.0 (compatible; SERankingBacklinksBot/1.0; +https://seranking.com/backlinks-crawler)"
144.76.32.189 - - [22/Apr/2026:03:19:38 +0000] "GET /?z=e0hiq65z6q5rb3m HTTP/1.1" 200 4630 "-" "Mozilla/5.0 (compatible; SERankingBacklinksBot/1.0; +https://seranking.com/backlinks-crawler)"
51.161.37.58 - - [22/Apr/2026:03:19:39 +0000] "GET /tag/%D9%85%D9%88%D9%82%D8%B9-%D8%A7%D9%84%D9%83%D8%AA%D8%B1%D9%88%D9%86%D9%8A/?fileloc=/home/smilepac/public_html/wp-includes/class-wp-editor.php&path=/home/smilepac/public_html/wp-includes HTTP/2" 200 20909 "-" "Mozilla/5.0 (compatible; AhrefsBot/7.0; +http://ahrefs.com/robot/)"
54.39.0.133 - - [22/Apr/2026:03:19:42 +0000] "GET /tag/%D8%B3%D8%A6%D9%88/?pilihan&path=/ HTTP/2" 200 3076 "-" "Mozilla/5.0 (compatible; AhrefsBot/7.0; +http://ahrefs.com/robot/)"
54.39.0.12 - - [22/Apr/2026:03:19:44 +0000] "GET /tag/%D8%B3%D8%A6%D9%88/?path=//dev HTTP/2" 200 2892 "-" "Mozilla/5.0 (compatible; AhrefsBot/7.0; +http://ahrefs.com/robot/)"
15.235.96.199 - - [22/Apr/2026:03:19:49 +0000] "GET /tag/%D8%B3%D8%A6%D9%88/?fileloc=/home/smilepac/.wp-toolkit-identifier&path=/home/smilepac HTTP/2" 200 3029 "-" "Mozilla/5.0 (compatible; AhrefsBot/7.0; +http://ahrefs.com/robot/)"
167.114.139.158 - - [22/Apr/2026:03:19:56 +0000] "GET /%D9%85%D9%82%D8%AF%D9%85%D8%A9-%D9%81%D9%8A-%D8%A7%D9%84%D8%A8%D9%86%D9%88%D9%83-%D9%88%D8%A7%D9%84%D8%B9%D9%85%D9%84%D9%8A%D8%A7%D8%AA-%D8%A7%D9%84%D9%85%D8%B5%D8%B1%D9%81%D9%8A%D8%A9/?pilihan&path=/home/smilepac/public_html HTTP/2" 200 3730 "-" "Mozilla/5.0 (compatible; AhrefsBot/7.0; +http://ahrefs.com/robot/)"
144.76.32.189 - - [22/Apr/2026:03:20:43 +0000] "GET /?z=eysvptgv5dgqyqx HTTP/1.1" 200 4624 "-" "Mozilla/5.0 (compatible; SERankingBacklinksBot/1.0; +https://seranking.com/backlinks-crawler)"
144.76.32.189 - - [22/Apr/2026:03:20:47 +0000] "GET /?z=e0hrq65b6q5rn3m HTTP/1.1" 200 4630 "-" "Mozilla/5.0 (compatible; SERankingBacklinksBot/1.0; +https://seranking.com/backlinks-crawler)"
144.76.32.189 - - [22/Apr/2026:03:20:50 +0000] "GET /?z=ebvqswjz8gjtrt0 HTTP/1.1" 200 4624 "-" "Mozilla/5.0 (compatible; SERankingBacklinksBot/1.0; +https://seranking.com/backlinks-crawler)"
144.76.32.189 - - [22/Apr/2026:03:20:54 +0000] "GET /?z=dcjdgk7hw47hsho HTTP/1.1" 200 4630 "-" "Mozilla/5.0 (compatible; SERankingBacklinksBot/1.0; +https://seranking.com/backlinks-crawler)"
54.39.0.41 - - [22/Apr/2026:03:19:23 +0000] "GET /tag/%D9%85%D9%88%D9%82%D8%B9-%D8%A7%D9%84%D9%83%D8%AA%D8%B1%D9%88%D9%86%D9%8A/?path=/home/smilepac/public_html/wp-includes/l10n HTTP/2" 200 3050 "-" "Mozilla/5.0 (compatible; AhrefsBot/7.0; +http://ahrefs.com/robot/)"
15.235.27.56 - - [22/Apr/2026:03:19:27 +0000] "GET /tag/%D9%85%D9%88%D9%82%D8%B9-%D8%A7%D9%84%D9%83%D8%AA%D8%B1%D9%88%D9%86%D9%8A/?fileloc=/home/smilepac/public_html/wp-includes/meta.php&path=/home/smilepac/public_html/wp-includes HTTP/2" 200 14342 "-" "Mozilla/5.0 (compatible; AhrefsBot/7.0; +http://ahrefs.com/robot/)"
54.39.6.206 - - [22/Apr/2026:03:19:34 +0000] "GET /tag/%D9%85%D9%88%D9%82%D8%B9-%D8%A7%D9%84%D9%83%D8%AA%D8%B1%D9%88%D9%86%D9%8A/?fileloc=/home/smilepac/public_html/wp-includes/class-wp-theme-json-resolver.php&path=/home/smilepac/public_html/wp-includes HTTP/2" 200 11573 "-" "Mozilla/5.0 (compatible; AhrefsBot/7.0; +http://ahrefs.com/robot/)"
15.235.27.126 - - [22/Apr/2026:03:19:35 +0000] "GET /tag/%D9%85%D9%88%D9%82%D8%B9-%D8%A7%D9%84%D9%83%D8%AA%D8%B1%D9%88%D9%86%D9%8A/?fileloc=/home/smilepac/public_html/wp-includes/class-wp-locale-switcher.php&path=/home/smilepac/public_html/wp-includes HTTP/2" 200 4334 "-" "Mozilla/5.0 (compatible; AhrefsBot/7.0; +http://ahrefs.com/robot/)"
142.44.233.190 - - [22/Apr/2026:03:19:41 +0000] "GET /tag/%D9%85%D9%88%D9%82%D8%B9-%D8%A7%D9%84%D9%83%D8%AA%D8%B1%D9%88%D9%86%D9%8A/?fileloc=/home/smilepac/public_html/wp-includes/class-feed.php&path=/home/smilepac/public_html/wp-includes HTTP/2" 200 2689 "-" "Mozilla/5.0 (compatible; AhrefsBot/7.0; +http://ahrefs.com/robot/)"
142.44.225.230 - - [22/Apr/2026:03:19:43 +0000] "GET /tag/%D8%B3%D8%A6%D9%88/?path=//usr HTTP/2" 200 2992 "-" "Mozilla/5.0 (compatible; AhrefsBot/7.0; +http://ahrefs.com/robot/)"
54.39.6.180 - - [22/Apr/2026:03:19:45 +0000] "GET /tag/%D8%B3%D8%A6%D9%88/?path=/home/smilepac/.cphorde HTTP/2" 200 2870 "-" "Mozilla/5.0 (compatible; AhrefsBot/7.0; +http://ahrefs.com/robot/)"
87.250.224.18 - - [22/Apr/2026:03:19:48 +0000] "GET /robots.txt HTTP/1.1" 200 54805 "-" "Mozilla/5.0 (compatible; YandexBot/3.0; +http://yandex.com/bots)"
144.76.32.189 - - [22/Apr/2026:03:20:02 +0000] "GET /?z=dcj8gk7qw47hpho HTTP/1.1" 200 4630 "-" "Mozilla/5.0 (compatible; SERankingBacklinksBot/1.0; +https://seranking.com/backlinks-crawler)"
144.76.32.189 - - [22/Apr/2026:03:20:05 +0000] "GET /?z=ebvlswji8gjtat0 HTTP/1.1" 200 4624 "-" "Mozilla/5.0 (compatible; SERankingBacklinksBot/1.0; +https://seranking.com/backlinks-crawler)"
144.76.32.189 - - [22/Apr/2026:03:20:09 +0000] "GET /?z=espxmqdu2adn6nu HTTP/1.1" 200 4624 "-" "Mozilla/5.0 (compatible; SERankingBacklinksBot/1.0; +https://seranking.com/backlinks-crawler)"
144.76.32.189 - - [22/Apr/2026:03:20:30 +0000] "GET /?z=edkpt98x9t8uy6p HTTP/1.1" 200 4624 "-" "Mozilla/5.0 (compatible; SERankingBacklinksBot/1.0; +https://seranking.com/backlinks-crawler)"
144.76.32.189 - - [22/Apr/2026:03:20:33 +0000] "GET /?z=dcjbgk7xw47h8ho HTTP/1.1" 200 4630 "-" "Mozilla/5.0 (compatible; SERankingBacklinksBot/1.0; +https://seranking.com/backlinks-crawler)"
144.76.32.189 - - [22/Apr/2026:03:20:37 +0000] "GET /?z=eysvptgo5dgqfqx HTTP/1.1" 200 4630 "-" "Mozilla/5.0 (compatible; SERankingBacklinksBot/1.0; +https://seranking.com/backlinks-crawler)"
144.76.32.189 - - [22/Apr/2026:03:21:48 +0000] "GET /?z=e0hxq65r6q5rf3m HTTP/1.1" 200 4630 "-" "Mozilla/5.0 (compatible; SERankingBacklinksBot/1.0; +https://seranking.com/backlinks-crawler)"
144.76.32.189 - - [22/Apr/2026:03:21:51 +0000] "GET /?z=ebvwswjl8gjtpt0 HTTP/1.1" 200 4624 "-" "Mozilla/5.0 (compatible; SERankingBacklinksBot/1.0; +https://seranking.com/backlinks-crawler)"
144.76.32.189 - - [22/Apr/2026:03:22:32 +0000] "GET /?z=eytb2ih8i2h3ofy HTTP/1.1" 200 4624 "-" "Mozilla/5.0 (compatible; SERankingBacklinksBot/1.0; +https://seranking.com/backlinks-crawler)"
144.76.32.189 - - [22/Apr/2026:03:22:35 +0000] "GET /?z=esqmzfebfze0ccv HTTP/1.1" 200 4630 "-" "Mozilla/5.0 (compatible; SERankingBacklinksBot/1.0; +https://seranking.com/backlinks-crawler)"
144.76.32.189 - - [22/Apr/2026:03:19:45 +0000] "GET /?z=e0hjq65m6q5ra3m HTTP/1.1" 200 4630 "-" "Mozilla/5.0 (compatible; SERankingBacklinksBot/1.0; +https://seranking.com/backlinks-crawler)"
144.76.32.189 - - [22/Apr/2026:03:19:48 +0000] "GET /?z=ebvkswj98gjtdt0 HTTP/1.1" 200 4630 "-" "Mozilla/5.0 (compatible; SERankingBacklinksBot/1.0; +https://seranking.com/backlinks-crawler)"
144.76.32.189 - - [22/Apr/2026:03:19:51 +0000] "GET /?z=eysoptgb5dgq2qx HTTP/1.1" 200 4624 "-" "Mozilla/5.0 (compatible; SERankingBacklinksBot/1.0; +https://seranking.com/backlinks-crawler)"
15.235.98.168 - - [22/Apr/2026:03:19:53 +0000] "GET /tag/%D8%B3%D8%A6%D9%88/?fileloc=/home/smilepac/.bash_profile&path=/home/smilepac HTTP/2" 200 2546 "-" "Mozilla/5.0 (compatible; AhrefsBot/7.0; +http://ahrefs.com/robot/)"
144.76.32.189 - - [22/Apr/2026:03:19:55 +0000] "GET /?z=espwmqdy2adnynu HTTP/1.1" 200 4624 "-" "Mozilla/5.0 (compatible; SERankingBacklinksBot/1.0; +https://seranking.com/backlinks-crawler)"
144.76.32.189 - - [22/Apr/2026:03:19:58 +0000] "GET /?z=ebvlswj38gjtvt0 HTTP/1.1" 200 4624 "-" "Mozilla/5.0 (compatible; SERankingBacklinksBot/1.0; +https://seranking.com/backlinks-crawler)"
167.114.139.105 - - [22/Apr/2026:03:19:59 +0000] "GET /%D9%85%D9%82%D8%AF%D9%85%D8%A9-%D9%81%D9%8A-%D8%A7%D9%84%D8%A8%D9%86%D9%88%D9%83-%D9%88%D8%A7%D9%84%D8%B9%D9%85%D9%84%D9%8A%D8%A7%D8%AA-%D8%A7%D9%84%D9%85%D8%B5%D8%B1%D9%81%D9%8A%D8%A9/?fileloc=/home/smilepac/public_html/xmlrpc.php&path=/home/smilepac/public_html HTTP/2" 200 3933 "-" "Mozilla/5.0 (compatible; AhrefsBot/7.0; +http://ahrefs.com/robot/)"
54.39.210.72 - - [22/Apr/2026:03:20:05 +0000] "GET /%D9%87%D8%B0%D8%A7-%D8%A7%D9%84%D9%86%D8%B5-%D9%87%D9%88-%D9%85%D8%AB%D8%A7%D9%84/?fileloc=/home/smilepac/public_html/wp-config.php&path=/home/smilepac/public_html HTTP/2" 200 4303 "-" "Mozilla/5.0 (compatible; AhrefsBot/7.0; +http://ahrefs.com/robot/)"
144.76.32.189 - - [22/Apr/2026:03:20:22 +0000] "GET /?z=eyssptgd5dgqgqx HTTP/1.1" 200 4624 "-" "Mozilla/5.0 (compatible; SERankingBacklinksBot/1.0; +https://seranking.com/backlinks-crawler)"
144.76.32.189 - - [22/Apr/2026:03:20:26 +0000] "GET /?z=ebvoswjy8gjt2t0 HTTP/1.1" 200 4630 "-" "Mozilla/5.0 (compatible; SERankingBacklinksBot/1.0; +https://seranking.com/backlinks-crawler)"
144.76.32.189 - - [22/Apr/2026:03:20:40 +0000] "GET /?z=dcjcgk7vw47h6ho HTTP/1.1" 200 4624 "-" "Mozilla/5.0 (compatible; SERankingBacklinksBot/1.0; +https://seranking.com/backlinks-crawler)"
144.76.32.189 - - [22/Apr/2026:03:21:07 +0000] "GET /?z=esq3zfeufze0jcv HTTP/1.1" 200 4624 "-" "Mozilla/5.0 (compatible; SERankingBacklinksBot/1.0; +https://seranking.com/backlinks-crawler)"
144.76.32.189 - - [22/Apr/2026:03:21:24 +0000] "GET /?z=eyt02ihni2h3rfy HTTP/1.1" 200 4630 "-" "Mozilla/5.0 (compatible; SERankingBacklinksBot/1.0; +https://seranking.com/backlinks-crawler)"
144.76.32.189 - - [22/Apr/2026:03:21:55 +0000] "GET /?z=e0hyq65e6q5re3m HTTP/1.1" 200 4624 "-" "Mozilla/5.0 (compatible; SERankingBacklinksBot/1.0; +https://seranking.com/backlinks-crawler)"
144.76.32.189 - - [22/Apr/2026:03:22:15 +0000] "GET /?z=dcjqgk7kw47hjho HTTP/1.1" 200 4624 "-" "Mozilla/5.0 (compatible; SERankingBacklinksBot/1.0; +https://seranking.com/backlinks-crawler)"
144.76.32.189 - - [22/Apr/2026:03:22:18 +0000] "GET /?z=eyt92ihui2h3afy HTTP/1.1" 200 4624 "-" "Mozilla/5.0 (compatible; SERankingBacklinksBot/1.0; +https://seranking.com/backlinks-crawler)"
144.76.32.189 - - [22/Apr/2026:03:22:22 +0000] "GET /?z=eyta2ihhi2h39fy HTTP/1.1" 200 4624 "-" "Mozilla/5.0 (compatible; SERankingBacklinksBot/1.0; +https://seranking.com/backlinks-crawler)"
144.76.32.189 - - [22/Apr/2026:03:22:52 +0000] "GET /?z=eyth2ihfi2h37fy HTTP/1.1" 200 4624 "-" "Mozilla/5.0 (compatible; SERankingBacklinksBot/1.0; +https://seranking.com/backlinks-crawler)"
144.76.32.189 - - [22/Apr/2026:03:22:55 +0000] "GET /?z=ebwa5lk7l5k6ci1 HTTP/1.1" 200 4630 "-" "Mozilla/5.0 (compatible; SERankingBacklinksBot/1.0; +https://seranking.com/backlinks-crawler)"
144.76.32.189 - - [22/Apr/2026:03:20:16 +0000] "GET /?z=dcj9gk7rw47hqho HTTP/1.1" 200 4630 "-" "Mozilla/5.0 (compatible; SERankingBacklinksBot/1.0; +https://seranking.com/backlinks-crawler)"
144.76.32.189 - - [22/Apr/2026:03:20:19 +0000] "GET /?z=ebvmswj78gjtzt0 HTTP/1.1" 200 4624 "-" "Mozilla/5.0 (compatible; SERankingBacklinksBot/1.0; +https://seranking.com/backlinks-crawler)"
144.76.32.189 - - [22/Apr/2026:03:21:00 +0000] "GET /?z=e0htq6536q5r33m HTTP/1.1" 200 4624 "-" "Mozilla/5.0 (compatible; SERankingBacklinksBot/1.0; +https://seranking.com/backlinks-crawler)"
144.76.32.189 - - [22/Apr/2026:03:21:03 +0000] "GET /?z=eysxptgd5dgqsqx HTTP/1.1" 200 4624 "-" "Mozilla/5.0 (compatible; SERankingBacklinksBot/1.0; +https://seranking.com/backlinks-crawler)"
144.76.32.189 - - [22/Apr/2026:03:21:17 +0000] "GET /?z=dcjegk7nw47hmho HTTP/1.1" 200 4624 "-" "Mozilla/5.0 (compatible; SERankingBacklinksBot/1.0; +https://seranking.com/backlinks-crawler)"
144.76.32.189 - - [22/Apr/2026:03:21:20 +0000] "GET /?z=ebvuswj08gjtst0 HTTP/1.1" 200 4624 "-" "Mozilla/5.0 (compatible; SERankingBacklinksBot/1.0; +https://seranking.com/backlinks-crawler)"
144.76.32.189 - - [22/Apr/2026:03:21:31 +0000] "GET /?z=dcjfgk7ww47hjho HTTP/1.1" 200 4624 "-" "Mozilla/5.0 (compatible; SERankingBacklinksBot/1.0; +https://seranking.com/backlinks-crawler)"
144.76.32.189 - - [22/Apr/2026:03:21:34 +0000] "GET /?z=eyt12ihmi2h32fy HTTP/1.1" 200 4624 "-" "Mozilla/5.0 (compatible; SERankingBacklinksBot/1.0; +https://seranking.com/backlinks-crawler)"
