144.76.32.189 - - [21/Apr/2026:18:02:43 +0000] "GET /?z=fjjsgk7bwsbx09s HTTP/1.1" 200 22942 "-" "Mozilla/5.0 (compatible; SERankingBacklinksBot/1.0; +https://seranking.com/backlinks-crawler)"
144.76.32.189 - - [21/Apr/2026:18:02:48 +0000] "GET /?z=es0zldod1xomca5 HTTP/1.1" 200 22944 "-" "Mozilla/5.0 (compatible; SERankingBacklinksBot/1.0; +https://seranking.com/backlinks-crawler)"
144.76.32.189 - - [21/Apr/2026:18:02:52 +0000] "GET /?z=fjjugk7bwmbxu9s HTTP/1.1" 200 22943 "-" "Mozilla/5.0 (compatible; SERankingBacklinksBot/1.0; +https://seranking.com/backlinks-crawler)"
144.76.32.189 - - [21/Apr/2026:18:02:56 +0000] "GET /?z=es0zldom1xomla5 HTTP/1.1" 200 22943 "-" "Mozilla/5.0 (compatible; SERankingBacklinksBot/1.0; +https://seranking.com/backlinks-crawler)"
5.107.202.70 - - [21/Apr/2026:18:02:57 +0000] "POST /xmlrpc.php HTTP/1.1" 200 443 "-" "Jetpack by WordPress.com (Jetpack 13.0; WordPress 6.1)"
144.76.32.189 - - [21/Apr/2026:18:03:00 +0000] "GET /?z=es12y2poempzoz6 HTTP/1.1" 200 22943 "-" "Mozilla/5.0 (compatible; SERankingBacklinksBot/1.0; +https://seranking.com/backlinks-crawler)"
144.76.32.189 - - [21/Apr/2026:18:03:04 +0000] "GET /?z=fjjxgk7bw9bx99s HTTP/1.1" 200 22942 "-" "Mozilla/5.0 (compatible; SERankingBacklinksBot/1.0; +https://seranking.com/backlinks-crawler)"
5.107.202.70 - - [21/Apr/2026:18:03:08 +0000] "POST /xmlrpc.php HTTP/1.1" 200 443 "-" "Jetpack by WordPress.com"
5.107.202.70 - - [21/Apr/2026:18:03:18 +0000] "POST /xmlrpc.php HTTP/1.1" 200 443 "-" "Jetpack/12.1; WordPress/6.3; http://site16115381.com"
144.76.32.189 - - [21/Apr/2026:18:03:25 +0000] "GET /?z=es18y2psempz4z6 HTTP/1.1" 200 22945 "-" "Mozilla/5.0 (compatible; SERankingBacklinksBot/1.0; +https://seranking.com/backlinks-crawler)"
5.107.202.70 - - [21/Apr/2026:18:03:29 +0000] "POST /xmlrpc.php HTTP/1.1" 200 443 "-" "Jetpack/12.1; WordPress/6.3; http://site82301863.com"
5.107.202.70 - - [21/Apr/2026:18:03:39 +0000] "POST /xmlrpc.php HTTP/1.1" 200 443 "-" "Jetpack/13.0; WordPress/6.4; http://site48971277.com"
5.107.202.70 - - [21/Apr/2026:18:03:50 +0000] "POST /xmlrpc.php HTTP/1.1" 200 443 "-" "Jetpack by WordPress.com (Jetpack 12.0; WordPress 6.2)"
144.76.32.189 - - [21/Apr/2026:18:03:56 +0000] "GET /?z=fjk3t98b970ygmh HTTP/1.1" 200 22944 "-" "Mozilla/5.0 (compatible; SERankingBacklinksBot/1.0; +https://seranking.com/backlinks-crawler)"
5.107.202.70 - - [21/Apr/2026:18:04:00 +0000] "POST /xmlrpc.php HTTP/1.1" 200 443 "-" "WordPress.com; https://wordpress.com"
144.76.32.189 - - [21/Apr/2026:18:04:01 +0000] "GET /?z=es1dy2pjempz7z6 HTTP/1.1" 200 22944 "-" "Mozilla/5.0 (compatible; SERankingBacklinksBot/1.0; +https://seranking.com/backlinks-crawler)"
144.76.32.189 - - [21/Apr/2026:18:04:07 +0000] "GET /?z=fjk5t98b950ymmh HTTP/1.1" 200 22943 "-" "Mozilla/5.0 (compatible; SERankingBacklinksBot/1.0; +https://seranking.com/backlinks-crawler)"
5.107.202.70 - - [21/Apr/2026:18:04:11 +0000] "POST /xmlrpc.php HTTP/1.1" 200 443 "-" "Jetpack/13.0; WordPress/6.1; http://site67748741.com"
144.76.32.189 - - [21/Apr/2026:18:04:11 +0000] "GET /?z=es1ey2p3empz3z6 HTTP/1.1" 200 22945 "-" "Mozilla/5.0 (compatible; SERankingBacklinksBot/1.0; +https://seranking.com/backlinks-crawler)"
144.76.32.189 - - [21/Apr/2026:18:04:15 +0000] "GET /?z=fjk6t98b980y1mh HTTP/1.1" 200 22943 "-" "Mozilla/5.0 (compatible; SERankingBacklinksBot/1.0; +https://seranking.com/backlinks-crawler)"
144.76.32.189 - - [21/Apr/2026:18:04:19 +0000] "GET /?z=es1ey2pdempzpz6 HTTP/1.1" 200 22944 "-" "Mozilla/5.0 (compatible; SERankingBacklinksBot/1.0; +https://seranking.com/backlinks-crawler)"
5.107.202.70 - - [21/Apr/2026:18:04:21 +0000] "POST /xmlrpc.php HTTP/1.1" 200 443 "-" "Jetpack by WordPress.com"
144.76.32.189 - - [21/Apr/2026:18:04:22 +0000] "GET /?z=es1gy2p5empz5z6 HTTP/1.1" 200 22943 "-" "Mozilla/5.0 (compatible; SERankingBacklinksBot/1.0; +https://seranking.com/backlinks-crawler)"
144.76.32.189 - - [21/Apr/2026:17:59:15 +0000] "GET /?z=fjjagk7cwybxv9s HTTP/1.1" 200 22946 "-" "Mozilla/5.0 (compatible; SERankingBacklinksBot/1.0; +https://seranking.com/backlinks-crawler)"
144.76.32.189 - - [21/Apr/2026:17:59:19 +0000] "GET /?z=es05ldoc1xomza5 HTTP/1.1" 200 22943 "-" "Mozilla/5.0 (compatible; SERankingBacklinksBot/1.0; +https://seranking.com/backlinks-crawler)"
144.76.32.189 - - [21/Apr/2026:17:59:23 +0000] "GET /?z=fjjbgk7bwrbx39s HTTP/1.1" 200 22941 "-" "Mozilla/5.0 (compatible; SERankingBacklinksBot/1.0; +https://seranking.com/backlinks-crawler)"
144.76.32.189 - - [21/Apr/2026:17:59:39 +0000] "GET /?z=es08ldo91xomwa5 HTTP/1.1" 200 22944 "-" "Mozilla/5.0 (compatible; SERankingBacklinksBot/1.0; +https://seranking.com/backlinks-crawler)"
144.76.32.189 - - [21/Apr/2026:18:00:15 +0000] "GET /?z=es0cldo01xomba5 HTTP/1.1" 200 22944 "-" "Mozilla/5.0 (compatible; SERankingBacklinksBot/1.0; +https://seranking.com/backlinks-crawler)"
144.76.32.189 - - [21/Apr/2026:18:00:20 +0000] "GET /?z=fjjdgk7bwebxu9s HTTP/1.1" 200 22942 "-" "Mozilla/5.0 (compatible; SERankingBacklinksBot/1.0; +https://seranking.com/backlinks-crawler)"
144.76.32.189 - - [21/Apr/2026:18:00:24 +0000] "GET /?z=es0cldos1xomfa5 HTTP/1.1" 200 22946 "-" "Mozilla/5.0 (compatible; SERankingBacklinksBot/1.0; +https://seranking.com/backlinks-crawler)"
144.76.32.189 - - [21/Apr/2026:18:00:28 +0000] "GET /?z=fjjdgk7bwibx69s HTTP/1.1" 200 22942 "-" "Mozilla/5.0 (compatible; SERankingBacklinksBot/1.0; +https://seranking.com/backlinks-crawler)"
144.76.32.189 - - [21/Apr/2026:18:00:32 +0000] "GET /?z=es0dldoh1xom4a5 HTTP/1.1" 200 22943 "-" "Mozilla/5.0 (compatible; SERankingBacklinksBot/1.0; +https://seranking.com/backlinks-crawler)"
144.76.32.189 - - [21/Apr/2026:18:00:37 +0000] "GET /?z=fjjdgk7bwsbx09s HTTP/1.1" 200 22944 "-" "Mozilla/5.0 (compatible; SERankingBacklinksBot/1.0; +https://seranking.com/backlinks-crawler)"
144.76.32.189 - - [21/Apr/2026:18:00:41 +0000] "GET /?z=es0fldos1xomfa5 HTTP/1.1" 200 22941 "-" "Mozilla/5.0 (compatible; SERankingBacklinksBot/1.0; +https://seranking.com/backlinks-crawler)"
144.76.32.189 - - [21/Apr/2026:18:00:45 +0000] "GET /?z=fjjegk7bwnbxr9s HTTP/1.1" 200 22943 "-" "Mozilla/5.0 (compatible; SERankingBacklinksBot/1.0; +https://seranking.com/backlinks-crawler)"
144.76.32.189 - - [21/Apr/2026:18:00:49 +0000] "GET /?z=es0ildox1xom8a5 HTTP/1.1" 200 22942 "-" "Mozilla/5.0 (compatible; SERankingBacklinksBot/1.0; +https://seranking.com/backlinks-crawler)"
144.76.32.189 - - [21/Apr/2026:18:00:53 +0000] "GET /?z=es0jldoh1xom4a5 HTTP/1.1" 200 22942 "-" "Mozilla/5.0 (compatible; SERankingBacklinksBot/1.0; +https://seranking.com/backlinks-crawler)"
144.76.32.189 - - [21/Apr/2026:18:02:10 +0000] "GET /?z=es0uldoy1xomla5 HTTP/1.1" 200 22943 "-" "Mozilla/5.0 (compatible; SERankingBacklinksBot/1.0; +https://seranking.com/backlinks-crawler)"
144.76.32.189 - - [21/Apr/2026:18:02:20 +0000] "GET /?z=es0xldo01xomba5 HTTP/1.1" 200 22945 "-" "Mozilla/5.0 (compatible; SERankingBacklinksBot/1.0; +https://seranking.com/backlinks-crawler)"
144.76.32.189 - - [21/Apr/2026:18:03:37 +0000] "GET /?z=es1by2pxempzxz6 HTTP/1.1" 200 22944 "-" "Mozilla/5.0 (compatible; SERankingBacklinksBot/1.0; +https://seranking.com/backlinks-crawler)"
144.76.32.189 - - [21/Apr/2026:18:03:41 +0000] "GET /?z=fjk1t98b9e0y7mh HTTP/1.1" 200 22942 "-" "Mozilla/5.0 (compatible; SERankingBacklinksBot/1.0; +https://seranking.com/backlinks-crawler)"
144.76.32.189 - - [21/Apr/2026:18:03:45 +0000] "GET /?z=fjk2t98b920yvmh HTTP/1.1" 200 22941 "-" "Mozilla/5.0 (compatible; SERankingBacklinksBot/1.0; +https://seranking.com/backlinks-crawler)"
144.76.32.189 - - [21/Apr/2026:18:03:48 +0000] "GET /?z=fjk2t98b960y7mh HTTP/1.1" 200 22943 "-" "Mozilla/5.0 (compatible; SERankingBacklinksBot/1.0; +https://seranking.com/backlinks-crawler)"
144.76.32.189 - - [21/Apr/2026:18:03:52 +0000] "GET /?z=es1cy2p9empzxz6 HTTP/1.1" 200 22940 "-" "Mozilla/5.0 (compatible; SERankingBacklinksBot/1.0; +https://seranking.com/backlinks-crawler)"
144.76.32.189 - - [21/Apr/2026:18:01:15 +0000] "GET /?z=es0kldo71xom6a5 HTTP/1.1" 200 22942 "-" "Mozilla/5.0 (compatible; SERankingBacklinksBot/1.0; +https://seranking.com/backlinks-crawler)"
144.76.32.189 - - [21/Apr/2026:18:01:19 +0000] "GET /?z=fjjggk7bw8bxc9s HTTP/1.1" 200 22941 "-" "Mozilla/5.0 (compatible; SERankingBacklinksBot/1.0; +https://seranking.com/backlinks-crawler)"
144.76.32.189 - - [21/Apr/2026:18:01:23 +0000] "GET /?z=es0mldod1xomoa5 HTTP/1.1" 200 22945 "-" "Mozilla/5.0 (compatible; SERankingBacklinksBot/1.0; +https://seranking.com/backlinks-crawler)"
144.76.32.189 - - [21/Apr/2026:18:01:28 +0000] "GET /?z=es0oldo31xomea5 HTTP/1.1" 200 22944 "-" "Mozilla/5.0 (compatible; SERankingBacklinksBot/1.0; +https://seranking.com/backlinks-crawler)"
144.76.32.189 - - [21/Apr/2026:18:01:32 +0000] "GET /?z=fjjkgk7bw0bxc9s HTTP/1.1" 200 22943 "-" "Mozilla/5.0 (compatible; SERankingBacklinksBot/1.0; +https://seranking.com/backlinks-crawler)"
144.76.32.189 - - [21/Apr/2026:18:01:36 +0000] "GET /?z=fjjkgk7bwibxu9s HTTP/1.1" 200 22942 "-" "Mozilla/5.0 (compatible; SERankingBacklinksBot/1.0; +https://seranking.com/backlinks-crawler)"
144.76.32.189 - - [21/Apr/2026:18:01:40 +0000] "GET /?z=es0sldo91xom8a5 HTTP/1.1" 200 22945 "-" "Mozilla/5.0 (compatible; SERankingBacklinksBot/1.0; +https://seranking.com/backlinks-crawler)"
144.76.32.189 - - [21/Apr/2026:18:01:44 +0000] "GET /?z=fjjmgk7bwhbxl9s HTTP/1.1" 200 22944 "-" "Mozilla/5.0 (compatible; SERankingBacklinksBot/1.0; +https://seranking.com/backlinks-crawler)"
144.76.32.189 - - [21/Apr/2026:18:02:15 +0000] "GET /?z=fjjpgk7bw8bxc9s HTTP/1.1" 200 22943 "-" "Mozilla/5.0 (compatible; SERankingBacklinksBot/1.0; +https://seranking.com/backlinks-crawler)"
144.76.32.189 - - [21/Apr/2026:18:02:24 +0000] "GET /?z=fjjpgk7bwdbx99s HTTP/1.1" 200 22944 "-" "Mozilla/5.0 (compatible; SERankingBacklinksBot/1.0; +https://seranking.com/backlinks-crawler)"
144.76.32.189 - - [21/Apr/2026:18:02:28 +0000] "GET /?z=es0xldon1xomma5 HTTP/1.1" 200 22945 "-" "Mozilla/5.0 (compatible; SERankingBacklinksBot/1.0; +https://seranking.com/backlinks-crawler)"
144.76.32.189 - - [21/Apr/2026:18:03:08 +0000] "GET /?z=es12y2prempzrz6 HTTP/1.1" 200 22945 "-" "Mozilla/5.0 (compatible; SERankingBacklinksBot/1.0; +https://seranking.com/backlinks-crawler)"
144.76.32.189 - - [21/Apr/2026:18:03:12 +0000] "GET /?z=es16y2plempz9z6 HTTP/1.1" 200 22942 "-" "Mozilla/5.0 (compatible; SERankingBacklinksBot/1.0; +https://seranking.com/backlinks-crawler)"
144.76.32.189 - - [21/Apr/2026:18:03:17 +0000] "GET /?z=fjjygk7bwebxu9s HTTP/1.1" 200 22943 "-" "Mozilla/5.0 (compatible; SERankingBacklinksBot/1.0; +https://seranking.com/backlinks-crawler)"
144.76.32.189 - - [21/Apr/2026:18:03:21 +0000] "GET /?z=es17y2pyempzmz6 HTTP/1.1" 200 22942 "-" "Mozilla/5.0 (compatible; SERankingBacklinksBot/1.0; +https://seranking.com/backlinks-crawler)"
106.63.26.157 - - [21/Apr/2026:18:05:27 +0000] "GET /sitemap.xml HTTP/1.1" 404 3558 "-" "Mozilla/5.0 (Macintosh; Intel Mac OS X 10_15_7) AppleWebKit/537.36 (KHTML, like Gecko) Chrome/120.0.0.0 Safari/537.36 Edg/120.0.0.0"
144.76.32.189 - - [21/Apr/2026:18:06:31 +0000] "GET /?z=es20brqjrbqcwo7 HTTP/1.1" 200 22946 "-" "Mozilla/5.0 (compatible; SERankingBacklinksBot/1.0; +https://seranking.com/backlinks-crawler)"
144.76.32.189 - - [21/Apr/2026:18:06:36 +0000] "GET /?z=es21brq1rbqc2o7 HTTP/1.1" 200 22945 "-" "Mozilla/5.0 (compatible; SERankingBacklinksBot/1.0; +https://seranking.com/backlinks-crawler)"
144.76.32.189 - - [21/Apr/2026:18:06:40 +0000] "GET /?z=fjklt98b9y0y7mh HTTP/1.1" 200 22944 "-" "Mozilla/5.0 (compatible; SERankingBacklinksBot/1.0; +https://seranking.com/backlinks-crawler)"
144.76.32.189 - - [21/Apr/2026:18:06:45 +0000] "GET /?z=es21brq8rbqclo7 HTTP/1.1" 200 22945 "-" "Mozilla/5.0 (compatible; SERankingBacklinksBot/1.0; +https://seranking.com/backlinks-crawler)"
144.76.32.189 - - [21/Apr/2026:18:06:49 +0000] "GET /?z=es22brqhrbqcio7 HTTP/1.1" 200 22944 "-" "Mozilla/5.0 (compatible; SERankingBacklinksBot/1.0; +https://seranking.com/backlinks-crawler)"
144.76.32.189 - - [21/Apr/2026:17:57:38 +0000] "GET /?z=erzu8onco8n90l4 HTTP/1.1" 200 22946 "-" "Mozilla/5.0 (compatible; SERankingBacklinksBot/1.0; +https://seranking.com/backlinks-crawler)"
144.76.32.189 - - [21/Apr/2026:17:57:42 +0000] "GET /?z=erzv8onuo8n96l4 HTTP/1.1" 200 22945 "-" "Mozilla/5.0 (compatible; SERankingBacklinksBot/1.0; +https://seranking.com/backlinks-crawler)"
144.76.32.189 - - [21/Apr/2026:17:57:46 +0000] "GET /?z=fjiy3v6bjnmwqw3 HTTP/1.1" 200 22944 "-" "Mozilla/5.0 (compatible; SERankingBacklinksBot/1.0; +https://seranking.com/backlinks-crawler)"
144.76.32.189 - - [21/Apr/2026:17:57:50 +0000] "GET /?z=erzx8onlo8n99l4 HTTP/1.1" 200 22942 "-" "Mozilla/5.0 (compatible; SERankingBacklinksBot/1.0; +https://seranking.com/backlinks-crawler)"
144.76.32.189 - - [21/Apr/2026:17:57:55 +0000] "GET /?z=fjiz3v6bj0mwzw3 HTTP/1.1" 200 22944 "-" "Mozilla/5.0 (compatible; SERankingBacklinksBot/1.0; +https://seranking.com/backlinks-crawler)"
144.76.32.189 - - [21/Apr/2026:17:57:59 +0000] "GET /?z=erzx8onxo8n9ll4 HTTP/1.1" 200 22944 "-" "Mozilla/5.0 (compatible; SERankingBacklinksBot/1.0; +https://seranking.com/backlinks-crawler)"
144.76.32.189 - - [21/Apr/2026:17:59:28 +0000] "GET /?z=fjjbgk7cwbbx49s HTTP/1.1" 200 22944 "-" "Mozilla/5.0 (compatible; SERankingBacklinksBot/1.0; +https://seranking.com/backlinks-crawler)"
144.76.32.189 - - [21/Apr/2026:17:59:32 +0000] "GET /?z=es07ldor1xomqa5 HTTP/1.1" 200 22944 "-" "Mozilla/5.0 (compatible; SERankingBacklinksBot/1.0; +https://seranking.com/backlinks-crawler)"
144.76.32.189 - - [21/Apr/2026:17:59:48 +0000] "GET /?z=fjjcgk7bwubxi9s HTTP/1.1" 200 22944 "-" "Mozilla/5.0 (compatible; SERankingBacklinksBot/1.0; +https://seranking.com/backlinks-crawler)"
144.76.32.189 - - [21/Apr/2026:18:01:54 +0000] "GET /?z=es0tldo81xomja5 HTTP/1.1" 200 22944 "-" "Mozilla/5.0 (compatible; SERankingBacklinksBot/1.0; +https://seranking.com/backlinks-crawler)"
144.76.32.189 - - [21/Apr/2026:18:01:58 +0000] "GET /?z=fjjngk7bwjbxf9s HTTP/1.1" 200 22945 "-" "Mozilla/5.0 (compatible; SERankingBacklinksBot/1.0; +https://seranking.com/backlinks-crawler)"
144.76.32.189 - - [21/Apr/2026:18:02:02 +0000] "GET /?z=es0tldoz1xomaa5 HTTP/1.1" 200 22943 "-" "Mozilla/5.0 (compatible; SERankingBacklinksBot/1.0; +https://seranking.com/backlinks-crawler)"
144.76.32.189 - - [21/Apr/2026:18:03:29 +0000] "GET /?z=fjjygk7bwxbxx9s HTTP/1.1" 200 22944 "-" "Mozilla/5.0 (compatible; SERankingBacklinksBot/1.0; +https://seranking.com/backlinks-crawler)"
144.76.32.189 - - [21/Apr/2026:18:03:33 +0000] "GET /?z=fjjzgk7bwvbxf9s HTTP/1.1" 200 22945 "-" "Mozilla/5.0 (compatible; SERankingBacklinksBot/1.0; +https://seranking.com/backlinks-crawler)"
144.76.32.189 - - [21/Apr/2026:18:04:30 +0000] "GET /?z=fjk7t98b9e0y7mh HTTP/1.1" 200 22943 "-" "Mozilla/5.0 (compatible; SERankingBacklinksBot/1.0; +https://seranking.com/backlinks-crawler)"
144.76.32.189 - - [21/Apr/2026:18:04:34 +0000] "GET /?z=es1gy2plempzxz6 HTTP/1.1" 200 22943 "-" "Mozilla/5.0 (compatible; SERankingBacklinksBot/1.0; +https://seranking.com/backlinks-crawler)"
144.76.32.189 - - [21/Apr/2026:18:05:16 +0000] "GET /?z=fjkct98b9o0ydmh HTTP/1.1" 200 22947 "-" "Mozilla/5.0 (compatible; SERankingBacklinksBot/1.0; +https://seranking.com/backlinks-crawler)"
144.76.32.189 - - [21/Apr/2026:18:05:48 +0000] "GET /?z=fjkft98b930y4mh HTTP/1.1" 200 22944 "-" "Mozilla/5.0 (compatible; SERankingBacklinksBot/1.0; +https://seranking.com/backlinks-crawler)"
144.76.32.189 - - [21/Apr/2026:18:05:52 +0000] "GET /?z=fjkft98b960yvmh HTTP/1.1" 200 22943 "-" "Mozilla/5.0 (compatible; SERankingBacklinksBot/1.0; +https://seranking.com/backlinks-crawler)"
144.76.32.189 - - [21/Apr/2026:18:06:05 +0000] "GET /?z=fjkit98b990ymmh HTTP/1.1" 200 22942 "-" "Mozilla/5.0 (compatible; SERankingBacklinksBot/1.0; +https://seranking.com/backlinks-crawler)"
144.76.32.189 - - [21/Apr/2026:18:06:28 +0000] "GET /?z=fjklt98b9j0ygmh HTTP/1.1" 200 22944 "-" "Mozilla/5.0 (compatible; SERankingBacklinksBot/1.0; +https://seranking.com/backlinks-crawler)"
144.76.32.189 - - [21/Apr/2026:18:04:26 +0000] "GET /?z=fjk7t98b940ydmh HTTP/1.1" 200 22943 "-" "Mozilla/5.0 (compatible; SERankingBacklinksBot/1.0; +https://seranking.com/backlinks-crawler)"
5.107.202.70 - - [21/Apr/2026:18:04:32 +0000] "POST /xmlrpc.php HTTP/1.1" 200 443 "-" "Jetpack by WordPress.com"
5.107.202.70 - - [21/Apr/2026:18:04:42 +0000] "POST /xmlrpc.php HTTP/1.1" 200 443 "-" "Jetpack by WordPress.com"
5.107.202.70 - - [21/Apr/2026:18:04:53 +0000] "POST /xmlrpc.php HTTP/1.1" 200 443 "-" "Jetpack/12.0; WordPress/6.4; http://site10785095.com"
106.63.26.21 - - [21/Apr/2026:18:05:00 +0000] "GET / HTTP/1.1" 200 38085 "-" "Mozilla/5.0 (Macintosh; Intel Mac OS X 10_15_7) AppleWebKit/537.36 (KHTML, like Gecko) Chrome/120.0.0.0 Safari/537.36 Edg/120.0.0.0"
5.107.202.70 - - [21/Apr/2026:18:05:04 +0000] "POST /xmlrpc.php HTTP/1.1" 200 443 "-" "Jetpack by WordPress.com"
5.107.202.70 - - [21/Apr/2026:18:05:14 +0000] "POST /xmlrpc.php HTTP/1.1" 200 443 "-" "Jetpack by WordPress.com"
144.76.32.189 - - [21/Apr/2026:18:05:20 +0000] "GET /?z=es1sy2pmempzaz6 HTTP/1.1" 200 22945 "-" "Mozilla/5.0 (compatible; SERankingBacklinksBot/1.0; +https://seranking.com/backlinks-crawler)"
106.63.26.29 - - [21/Apr/2026:18:05:23 +0000] "GET /robots.txt HTTP/1.1" 200 26 "-" "Mozilla/5.0 (Macintosh; Intel Mac OS X 10_15_7) AppleWebKit/537.36 (KHTML, like Gecko) Chrome/120.0.0.0 Safari/537.36 Edg/120.0.0.0"
5.107.202.70 - - [21/Apr/2026:18:05:25 +0000] "POST /xmlrpc.php HTTP/1.1" 200 443 "-" "Jetpack/13.0; WordPress/6.2; http://site28478041.com"
144.76.32.189 - - [21/Apr/2026:18:05:25 +0000] "GET /?z=fjkct98b9r0y4mh HTTP/1.1" 200 22944 "-" "Mozilla/5.0 (compatible; SERankingBacklinksBot/1.0; +https://seranking.com/backlinks-crawler)"
144.76.32.189 - - [21/Apr/2026:18:05:29 +0000] "GET /?z=es1ty2pjempzvz6 HTTP/1.1" 200 22944 "-" "Mozilla/5.0 (compatible; SERankingBacklinksBot/1.0; +https://seranking.com/backlinks-crawler)"
144.76.32.189 - - [21/Apr/2026:18:05:33 +0000] "GET /?z=fjkdt98b9v0y4mh HTTP/1.1" 200 22944 "-" "Mozilla/5.0 (compatible; SERankingBacklinksBot/1.0; +https://seranking.com/backlinks-crawler)"
5.107.202.70 - - [21/Apr/2026:18:05:35 +0000] "POST /xmlrpc.php HTTP/1.1" 200 443 "-" "WordPress.com; https://wordpress.com"
144.76.32.189 - - [21/Apr/2026:18:05:37 +0000] "GET /?z=fjket98b950ymmh HTTP/1.1" 200 22944 "-" "Mozilla/5.0 (compatible; SERankingBacklinksBot/1.0; +https://seranking.com/backlinks-crawler)"
144.76.32.189 - - [21/Apr/2026:18:05:43 +0000] "GET /?z=es1uy2pbempznz6 HTTP/1.1" 200 22939 "-" "Mozilla/5.0 (compatible; SERankingBacklinksBot/1.0; +https://seranking.com/backlinks-crawler)"
5.107.202.70 - - [21/Apr/2026:18:05:46 +0000] "POST /xmlrpc.php HTTP/1.1" 200 443 "-" "Jetpack/13.0; WordPress/6.2; http://site44827423.com"
144.76.32.189 - - [21/Apr/2026:18:05:56 +0000] "GET /?z=es1vy2piempzuz6 HTTP/1.1" 200 22946 "-" "Mozilla/5.0 (compatible; SERankingBacklinksBot/1.0; +https://seranking.com/backlinks-crawler)"
5.107.202.70 - - [21/Apr/2026:18:05:56 +0000] "POST /xmlrpc.php HTTP/1.1" 200 443 "-" "WordPress.com; https://wordpress.com"
5.107.202.70 - - [21/Apr/2026:18:06:07 +0000] "POST /xmlrpc.php HTTP/1.1" 200 443 "-" "Jetpack/13.0; WordPress/6.2; http://site78657700.com"
5.107.202.70 - - [21/Apr/2026:18:06:17 +0000] "POST /xmlrpc.php HTTP/1.1" 200 443 "-" "Jetpack by WordPress.com"
5.107.202.70 - - [21/Apr/2026:18:06:28 +0000] "POST /xmlrpc.php HTTP/1.1" 200 443 "-" "Jetpack by WordPress.com (Jetpack 13.0; WordPress 6.3)"
5.107.202.70 - - [21/Apr/2026:18:06:38 +0000] "POST /xmlrpc.php HTTP/1.1" 200 443 "-" "WordPress.com; https://wordpress.com"
5.107.202.70 - - [21/Apr/2026:18:06:49 +0000] "POST /xmlrpc.php HTTP/1.1" 200 443 "-" "Jetpack by WordPress.com"
5.107.202.70 - - [21/Apr/2026:18:06:59 +0000] "POST /xmlrpc.php HTTP/1.1" 200 443 "-" "Jetpack/12.1; WordPress/6.1; http://site44252320.com"
5.107.202.70 - - [21/Apr/2026:18:07:10 +0000] "POST /xmlrpc.php HTTP/1.1" 200 443 "-" "Jetpack/12.5; WordPress/6.1; http://site45625665.com"
144.76.32.189 - - [21/Apr/2026:18:04:38 +0000] "GET /?z=fjk7t98b9j0y4mh HTTP/1.1" 200 22942 "-" "Mozilla/5.0 (compatible; SERankingBacklinksBot/1.0; +https://seranking.com/backlinks-crawler)"
144.76.32.189 - - [21/Apr/2026:18:04:42 +0000] "GET /?z=es1hy2p7empzjz6 HTTP/1.1" 200 22946 "-" "Mozilla/5.0 (compatible; SERankingBacklinksBot/1.0; +https://seranking.com/backlinks-crawler)"
144.76.32.189 - - [21/Apr/2026:18:04:46 +0000] "GET /?z=fjk8t98b960y7mh HTTP/1.1" 200 22943 "-" "Mozilla/5.0 (compatible; SERankingBacklinksBot/1.0; +https://seranking.com/backlinks-crawler)"
144.76.32.189 - - [21/Apr/2026:18:04:50 +0000] "GET /?z=es1iy2pfempz3z6 HTTP/1.1" 200 22945 "-" "Mozilla/5.0 (compatible; SERankingBacklinksBot/1.0; +https://seranking.com/backlinks-crawler)"
144.76.32.189 - - [21/Apr/2026:18:04:54 +0000] "GET /?z=fjkat98c9d0yzmh HTTP/1.1" 200 22940 "-" "Mozilla/5.0 (compatible; SERankingBacklinksBot/1.0; +https://seranking.com/backlinks-crawler)"
144.76.32.189 - - [21/Apr/2026:18:04:58 +0000] "GET /?z=es1ly2pbempznz6 HTTP/1.1" 200 22943 "-" "Mozilla/5.0 (compatible; SERankingBacklinksBot/1.0; +https://seranking.com/backlinks-crawler)"
144.76.32.189 - - [21/Apr/2026:18:05:02 +0000] "GET /?z=fjkat98c9i0ywmh HTTP/1.1" 200 22945 "-" "Mozilla/5.0 (compatible; SERankingBacklinksBot/1.0; +https://seranking.com/backlinks-crawler)"
144.76.32.189 - - [21/Apr/2026:18:05:07 +0000] "GET /?z=fjkbt98b920yvmh HTTP/1.1" 200 22942 "-" "Mozilla/5.0 (compatible; SERankingBacklinksBot/1.0; +https://seranking.com/backlinks-crawler)"
144.76.32.189 - - [21/Apr/2026:18:05:11 +0000] "GET /?z=es1ry2phempztz6 HTTP/1.1" 200 22944 "-" "Mozilla/5.0 (compatible; SERankingBacklinksBot/1.0; +https://seranking.com/backlinks-crawler)"
106.63.26.140 - - [21/Apr/2026:18:05:38 +0000] "GET /config.json HTTP/1.1" 404 3558 "-" "Mozilla/5.0 (Macintosh; Intel Mac OS X 10_7_0) AppleWebKit/535.11 (KHTML, like Gecko) Chrome/17.0.963.56 Safari/535.11"
144.76.32.189 - - [21/Apr/2026:18:06:00 +0000] "GET /?z=fjkit98b940ypmh HTTP/1.1" 200 22945 "-" "Mozilla/5.0 (compatible; SERankingBacklinksBot/1.0; +https://seranking.com/backlinks-crawler)"
144.76.32.189 - - [21/Apr/2026:18:06:09 +0000] "GET /?z=es1yy2pcempzoz6 HTTP/1.1" 200 22945 "-" "Mozilla/5.0 (compatible; SERankingBacklinksBot/1.0; +https://seranking.com/backlinks-crawler)"
144.76.32.189 - - [21/Apr/2026:18:06:13 +0000] "GET /?z=fjkit98b9q0yjmh HTTP/1.1" 200 22943 "-" "Mozilla/5.0 (compatible; SERankingBacklinksBot/1.0; +https://seranking.com/backlinks-crawler)"
144.76.32.189 - - [21/Apr/2026:18:06:18 +0000] "GET /?z=es1zy2pfempzfz6 HTTP/1.1" 200 22942 "-" "Mozilla/5.0 (compatible; SERankingBacklinksBot/1.0; +https://seranking.com/backlinks-crawler)"
144.76.32.189 - - [21/Apr/2026:18:06:22 +0000] "GET /?z=es20brqhrbqc6o7 HTTP/1.1" 200 22945 "-" "Mozilla/5.0 (compatible; SERankingBacklinksBot/1.0; +https://seranking.com/backlinks-crawler)"
5.107.202.70 - - [21/Apr/2026:18:10:09 +0000] "POST /xmlrpc.php HTTP/1.1" 200 443 "-" "Jetpack by WordPress.com"
5.107.202.70 - - [21/Apr/2026:18:10:19 +0000] "POST /xmlrpc.php HTTP/1.1" 200 443 "-" "Jetpack by WordPress.com"
5.107.202.70 - - [21/Apr/2026:18:10:29 +0000] "POST /xmlrpc.php HTTP/1.1" 200 443 "-" "WordPress.com; https://wordpress.com"
5.107.202.70 - - [21/Apr/2026:18:10:40 +0000] "POST /xmlrpc.php HTTP/1.1" 200 443 "-" "Jetpack/13.0; WordPress/6.3; http://site62057075.com"
5.107.202.70 - - [21/Apr/2026:18:10:50 +0000] "POST /xmlrpc.php HTTP/1.1" 200 443 "-" "Jetpack by WordPress.com"
5.107.202.70 - - [21/Apr/2026:18:11:01 +0000] "POST /xmlrpc.php HTTP/1.1" 200 443 "-" "Jetpack/12.1; WordPress/6.4; http://site83131438.com"
5.107.202.70 - - [21/Apr/2026:18:11:11 +0000] "POST /xmlrpc.php HTTP/1.1" 200 443 "-" "Jetpack/12.1; WordPress/6.2; http://site44692583.com"
5.107.202.70 - - [21/Apr/2026:18:11:22 +0000] "POST /xmlrpc.php HTTP/1.1" 200 443 "-" "Jetpack by WordPress.com"
5.107.202.70 - - [21/Apr/2026:18:11:32 +0000] "POST /xmlrpc.php HTTP/1.1" 200 443 "-" "Jetpack/13.0; WordPress/6.4; http://site76547680.com"
5.107.202.70 - - [21/Apr/2026:18:11:43 +0000] "POST /xmlrpc.php HTTP/1.1" 200 443 "-" "Jetpack/12.1; WordPress/6.3; http://site84407773.com"
5.107.202.70 - - [21/Apr/2026:18:11:53 +0000] "POST /xmlrpc.php HTTP/1.1" 200 443 "-" "Jetpack by WordPress.com"
5.107.202.70 - - [21/Apr/2026:18:12:04 +0000] "POST /xmlrpc.php HTTP/1.1" 200 443 "-" "Jetpack/12.0; WordPress/6.4; http://site43058601.com"
5.107.202.70 - - [21/Apr/2026:18:12:14 +0000] "POST /xmlrpc.php HTTP/1.1" 200 443 "-" "Jetpack by WordPress.com"
5.107.202.70 - - [21/Apr/2026:18:12:25 +0000] "POST /xmlrpc.php HTTP/1.1" 200 443 "-" "Jetpack by WordPress.com"
5.107.202.70 - - [21/Apr/2026:18:12:35 +0000] "POST /xmlrpc.php HTTP/1.1" 200 443 "-" "Jetpack by WordPress.com"
5.107.202.70 - - [21/Apr/2026:18:12:46 +0000] "POST /xmlrpc.php HTTP/1.1" 200 443 "-" "Jetpack by WordPress.com"
5.107.202.70 - - [21/Apr/2026:18:12:56 +0000] "POST /xmlrpc.php HTTP/1.1" 200 443 "-" "Jetpack by WordPress.com (Jetpack 12.5; WordPress 6.4)"
5.107.202.70 - - [21/Apr/2026:18:13:07 +0000] "POST /xmlrpc.php HTTP/1.1" 200 443 "-" "WordPress.com; https://wordpress.com"
5.107.202.70 - - [21/Apr/2026:18:13:17 +0000] "POST /xmlrpc.php HTTP/1.1" 200 443 "-" "Jetpack by WordPress.com"
5.107.202.70 - - [21/Apr/2026:18:13:28 +0000] "POST /xmlrpc.php HTTP/1.1" 200 443 "-" "Jetpack/12.5; WordPress/6.4; http://site48695490.com"
5.107.202.70 - - [21/Apr/2026:18:13:38 +0000] "POST /xmlrpc.php HTTP/1.1" 200 443 "-" "Jetpack by WordPress.com"
5.107.202.70 - - [21/Apr/2026:18:13:49 +0000] "POST /xmlrpc.php HTTP/1.1" 200 443 "-" "Jetpack by WordPress.com"
5.107.202.70 - - [21/Apr/2026:18:14:00 +0000] "POST /xmlrpc.php HTTP/1.1" 200 443 "-" "Jetpack by WordPress.com"
5.107.202.70 - - [21/Apr/2026:18:14:10 +0000] "POST /xmlrpc.php HTTP/1.1" 200 443 "-" "Jetpack/13.0; WordPress/6.1; http://site92823634.com"
5.107.202.70 - - [21/Apr/2026:18:14:21 +0000] "POST /xmlrpc.php HTTP/1.1" 200 443 "-" "Jetpack/12.0; WordPress/6.2; http://site10121599.com"
5.107.202.70 - - [21/Apr/2026:18:14:31 +0000] "POST /xmlrpc.php HTTP/1.1" 200 443 "-" "WordPress.com; https://wordpress.com"
5.107.202.70 - - [21/Apr/2026:18:14:42 +0000] "POST /xmlrpc.php HTTP/1.1" 200 443 "-" "WordPress.com; https://wordpress.com"
5.107.202.70 - - [21/Apr/2026:18:14:52 +0000] "POST /xmlrpc.php HTTP/1.1" 200 443 "-" "Jetpack/13.0; WordPress/6.3; http://site49787627.com"
5.107.202.70 - - [21/Apr/2026:18:15:03 +0000] "POST /xmlrpc.php HTTP/1.1" 200 443 "-" "WordPress.com; https://wordpress.com"
5.107.202.70 - - [21/Apr/2026:18:15:13 +0000] "POST /xmlrpc.php HTTP/1.1" 200 443 "-" "Jetpack by WordPress.com (Jetpack 12.5; WordPress 6.4)"
5.107.202.70 - - [21/Apr/2026:18:15:24 +0000] "POST /xmlrpc.php HTTP/1.1" 200 443 "-" "Jetpack by WordPress.com"
5.107.202.70 - - [21/Apr/2026:18:15:34 +0000] "POST /xmlrpc.php HTTP/1.1" 200 443 "-" "Jetpack by WordPress.com (Jetpack 13.0; WordPress 6.2)"
5.107.202.70 - - [21/Apr/2026:18:15:45 +0000] "POST /xmlrpc.php HTTP/1.1" 200 443 "-" "Jetpack/12.5; WordPress/6.1; http://site97766786.com"
5.107.202.70 - - [21/Apr/2026:18:15:55 +0000] "POST /xmlrpc.php HTTP/1.1" 200 443 "-" "Jetpack by WordPress.com (Jetpack 12.5; WordPress 6.2)"
5.107.202.70 - - [21/Apr/2026:18:16:06 +0000] "POST /xmlrpc.php HTTP/1.1" 200 443 "-" "WordPress.com; https://wordpress.com"
5.107.202.70 - - [21/Apr/2026:18:16:16 +0000] "POST /xmlrpc.php HTTP/1.1" 200 443 "-" "WordPress.com; https://wordpress.com"
5.107.202.70 - - [21/Apr/2026:18:16:27 +0000] "POST /xmlrpc.php HTTP/1.1" 200 443 "-" "Jetpack by WordPress.com"
5.107.202.70 - - [21/Apr/2026:18:16:37 +0000] "POST /xmlrpc.php HTTP/1.1" 200 443 "-" "Jetpack by WordPress.com"
5.107.202.70 - - [21/Apr/2026:18:16:48 +0000] "POST /xmlrpc.php HTTP/1.1" 200 443 "-" "Jetpack by WordPress.com (Jetpack 13.0; WordPress 6.4)"
5.107.202.70 - - [21/Apr/2026:18:16:58 +0000] "POST /xmlrpc.php HTTP/1.1" 200 443 "-" "Jetpack/12.5; WordPress/6.2; http://site16092876.com"
5.107.202.70 - - [21/Apr/2026:18:17:09 +0000] "POST /xmlrpc.php HTTP/1.1" 200 443 "-" "Jetpack by WordPress.com"
144.76.32.189 - - [21/Apr/2026:18:07:19 +0000] "GET /?z=fjkrt98b9l0ymmh HTTP/1.1" 200 22943 "-" "Mozilla/5.0 (compatible; SERankingBacklinksBot/1.0; +https://seranking.com/backlinks-crawler)"
5.107.202.70 - - [21/Apr/2026:18:07:20 +0000] "POST /xmlrpc.php HTTP/1.1" 200 443 "-" "Jetpack by WordPress.com (Jetpack 12.5; WordPress 6.4)"
144.76.32.189 - - [21/Apr/2026:18:07:23 +0000] "GET /?z=fjkrt98b9s0ypmh HTTP/1.1" 200 22944 "-" "Mozilla/5.0 (compatible; SERankingBacklinksBot/1.0; +https://seranking.com/backlinks-crawler)"
144.76.32.189 - - [21/Apr/2026:18:07:27 +0000] "GET /?z=es26brqfrbqcgo7 HTTP/1.1" 200 22943 "-" "Mozilla/5.0 (compatible; SERankingBacklinksBot/1.0; +https://seranking.com/backlinks-crawler)"
144.76.32.189 - - [21/Apr/2026:18:07:31 +0000] "GET /?z=fjktt98b9p0yamh HTTP/1.1" 200 22945 "-" "Mozilla/5.0 (compatible; SERankingBacklinksBot/1.0; +https://seranking.com/backlinks-crawler)"
5.107.202.70 - - [21/Apr/2026:18:07:31 +0000] "POST /xmlrpc.php HTTP/1.1" 200 443 "-" "WordPress.com; https://wordpress.com"
144.76.32.189 - - [21/Apr/2026:18:07:35 +0000] "GET /?z=es26brqrrbqcso7 HTTP/1.1" 200 22940 "-" "Mozilla/5.0 (compatible; SERankingBacklinksBot/1.0; +https://seranking.com/backlinks-crawler)"
5.107.202.70 - - [21/Apr/2026:18:07:41 +0000] "POST /xmlrpc.php HTTP/1.1" 200 443 "-" "WordPress.com; https://wordpress.com"
5.107.202.70 - - [21/Apr/2026:18:07:52 +0000] "POST /xmlrpc.php HTTP/1.1" 200 0 "-" "Jetpack by WordPress.com"
144.76.32.189 - - [21/Apr/2026:18:07:57 +0000] "GET /?z=es28brqfrbqcso7 HTTP/1.1" 200 22941 "-" "Mozilla/5.0 (compatible; SERankingBacklinksBot/1.0; +https://seranking.com/backlinks-crawler)"
144.76.32.189 - - [21/Apr/2026:18:08:02 +0000] "GET /?z=es29brqfrbqcgo7 HTTP/1.1" 200 22945 "-" "Mozilla/5.0 (compatible; SERankingBacklinksBot/1.0; +https://seranking.com/backlinks-crawler)"
66.249.73.97 - - [21/Apr/2026:18:10:04 +0000] "GET /?z=f5ean32b32us5gb_gkind14524014 HTTP/1.1" 200 23001 "-" "Mozilla/5.0 (Linux; Android 6.0.1; Nexus 5X Build/MMB29P) AppleWebKit/537.36 (KHTML, like Gecko) Chrome/146.0.7680.177 Mobile Safari/537.36 (compatible; Googlebot/2.1; +http://www.google.com/bot.html)"
181.46.66.1 - - [21/Apr/2026:18:10:25 +0000] "GET /%d8%aa%d8%b9%d8%a8%d8%a6%d8%a9-%d8%a7%d9%84%d9%85%d9%88%d8%a7%d8%af-%d8%a7%d9%84%d8%ba%d8%b0%d8%a7%d8%a6%d9%8a%d8%a9/ HTTP/1.1" 200 24110 "-" "Mozilla/5.0 (compatible; MSIE 6.0; Windows NT 5.0; Trident/3.1)"
66.249.73.98 - - [21/Apr/2026:18:11:45 +0000] "GET /?p=12933509455493 HTTP/1.1" 404 22832 "-" "Mozilla/5.0 (Linux; Android 6.0.1; Nexus 5X Build/MMB29P) AppleWebKit/537.36 (KHTML, like Gecko) Chrome/146.0.7680.177 Mobile Safari/537.36 (compatible; Googlebot/2.1; +http://www.google.com/bot.html)"
209.38.18.212 - - [21/Apr/2026:18:19:20 +0000] "POST /wp-login.php HTTP/1.1" 200 11157 "-" "Mozilla/5.0"
66.249.73.98 - - [21/Apr/2026:18:22:22 +0000] "GET /?z=fnmojnabzke0vcv HTTP/1.1" 200 22997 "-" "Mozilla/5.0 (Linux; Android 6.0.1; Nexus 5X Build/MMB29P) AppleWebKit/537.36 (KHTML, like Gecko) Chrome/146.0.7680.177 Mobile Safari/537.36 (compatible; Googlebot/2.1; +http://www.google.com/bot.html)"
216.73.216.107 - - [21/Apr/2026:18:23:10 +0000] "GET /robots.txt HTTP/2" 200 120 "-" "Mozilla/5.0 AppleWebKit/537.36 (KHTML, like Gecko; compatible; ClaudeBot/1.0; +claudebot@anthropic.com)"
216.73.216.107 - - [21/Apr/2026:18:23:11 +0000] "GET /wp-sitemap.xml HTTP/2" 200 247 "-" "Mozilla/5.0 AppleWebKit/537.36 (KHTML, like Gecko; compatible; ClaudeBot/1.0; +claudebot@anthropic.com)"
87.250.224.222 - - [21/Apr/2026:18:25:14 +0000] "GET /?z=eyz18onlo8n9vl4 HTTP/1.1" 200 22944 "-" "Mozilla/5.0 (compatible; YandexBot/3.0; +http://yandex.com/bots)"
66.249.73.97 - - [21/Apr/2026:18:31:54 +0000] "GET /?p=67621359301256 HTTP/1.1" 404 22835 "-" "Mozilla/5.0 (Linux; Android 6.0.1; Nexus 5X Build/MMB29P) AppleWebKit/537.36 (KHTML, like Gecko) Chrome/146.0.7680.177 Mobile Safari/537.36 (compatible; Googlebot/2.1; +http://www.google.com/bot.html)"
5.107.202.70 - - [21/Apr/2026:18:17:19 +0000] "POST /xmlrpc.php HTTP/1.1" 403 1242 "-" "Jetpack by WordPress.com"
5.107.202.70 - - [21/Apr/2026:18:17:30 +0000] "POST /xmlrpc.php HTTP/1.1" 403 1242 "-" "Jetpack/12.0; WordPress/6.4; http://site91353283.com"
5.107.202.70 - - [21/Apr/2026:18:17:40 +0000] "POST /xmlrpc.php HTTP/1.1" 403 1242 "-" "Jetpack/12.0; WordPress/6.4; http://site17076629.com"
5.107.202.70 - - [21/Apr/2026:18:17:51 +0000] "POST /xmlrpc.php HTTP/1.1" 403 1242 "-" "WordPress.com; https://wordpress.com"
5.107.202.70 - - [21/Apr/2026:18:18:01 +0000] "POST /xmlrpc.php HTTP/1.1" 403 1242 "-" "WordPress.com; https://wordpress.com"
66.249.73.194 - - [21/Apr/2026:18:18:07 +0000] "GET /?z=f6lr6y9bmwpzsz6 HTTP/1.1" 301 0 "-" "Mozilla/5.0 (Linux; Android 6.0.1; Nexus 5X Build/MMB29P) AppleWebKit/537.36 (KHTML, like Gecko) Chrome/146.0.7680.177 Mobile Safari/537.36 (compatible; Googlebot/2.1; +http://www.google.com/bot.html)"
5.107.202.70 - - [21/Apr/2026:18:18:12 +0000] "POST /xmlrpc.php HTTP/1.1" 403 1242 "-" "Jetpack by WordPress.com"
66.249.73.97 - - [21/Apr/2026:18:18:11 +0000] "GET /?z=f6lr6y9bmwpzsz6 HTTP/1.1" 200 23000 "-" "Mozilla/5.0 (Linux; Android 6.0.1; Nexus 5X Build/MMB29P) AppleWebKit/537.36 (KHTML, like Gecko) Chrome/146.0.7680.177 Mobile Safari/537.36 (compatible; Googlebot/2.1; +http://www.google.com/bot.html)"
5.107.202.70 - - [21/Apr/2026:18:18:22 +0000] "POST /xmlrpc.php HTTP/1.1" 403 1242 "-" "Jetpack by WordPress.com (Jetpack 13.0; WordPress 6.4)"
5.107.202.70 - - [21/Apr/2026:18:18:33 +0000] "POST /xmlrpc.php HTTP/1.1" 403 1242 "-" "Jetpack/12.1; WordPress/6.2; http://site52899424.com"
5.107.202.70 - - [21/Apr/2026:18:18:43 +0000] "POST /xmlrpc.php HTTP/1.1" 403 1242 "-" "Jetpack by WordPress.com (Jetpack 12.1; WordPress 6.1)"
5.107.202.70 - - [21/Apr/2026:18:18:54 +0000] "POST /xmlrpc.php HTTP/1.1" 403 1242 "-" "WordPress.com; https://wordpress.com"
5.107.202.70 - - [21/Apr/2026:18:19:04 +0000] "POST /xmlrpc.php HTTP/1.1" 403 1242 "-" "Jetpack/12.5; WordPress/6.2; http://site53896152.com"
138.197.165.12 - - [21/Apr/2026:18:19:10 +0000] "POST /wp-login.php HTTP/1.1" 200 11157 "-" "Mozilla/5.0"
5.107.202.70 - - [21/Apr/2026:18:19:15 +0000] "POST /xmlrpc.php HTTP/1.1" 403 1242 "-" "WordPress.com; https://wordpress.com"
5.107.202.70 - - [21/Apr/2026:18:19:25 +0000] "POST /xmlrpc.php HTTP/1.1" 403 1242 "-" "Jetpack by WordPress.com (Jetpack 12.5; WordPress 6.4)"
5.107.202.70 - - [21/Apr/2026:18:19:35 +0000] "POST /xmlrpc.php HTTP/1.1" 403 1242 "-" "Jetpack by WordPress.com"
5.107.202.70 - - [21/Apr/2026:18:19:46 +0000] "POST /xmlrpc.php HTTP/1.1" 403 1242 "-" "WordPress.com; https://wordpress.com"
5.107.202.70 - - [21/Apr/2026:18:19:56 +0000] "POST /xmlrpc.php HTTP/1.1" 403 1242 "-" "Jetpack/12.1; WordPress/6.4; http://site92186373.com"
5.107.202.70 - - [21/Apr/2026:18:20:07 +0000] "POST /xmlrpc.php HTTP/1.1" 403 1242 "-" "Jetpack by WordPress.com"
5.107.202.70 - - [21/Apr/2026:18:20:17 +0000] "POST /xmlrpc.php HTTP/1.1" 403 1242 "-" "Jetpack by WordPress.com (Jetpack 12.0; WordPress 6.3)"
104.210.140.143 - - [21/Apr/2026:18:23:28 +0000] "GET /robots.txt HTTP/2" 200 120 "-" "Mozilla/5.0 (Macintosh; Intel Mac OS X 10_15_7) AppleWebKit/537.36 (KHTML, like Gecko) Chrome/131.0.0.0 Safari/537.36; compatible; OAI-SearchBot/1.0; +https://openai.com/searchbot"
66.249.73.96 - - [21/Apr/2026:18:26:33 +0000] "GET /?z=e8jqgk7jw47htho_gkind14524022 HTTP/1.1" 200 22999 "-" "Mozilla/5.0 (Linux; Android 6.0.1; Nexus 5X Build/MMB29P) AppleWebKit/537.36 (KHTML, like Gecko) Chrome/146.0.7680.177 Mobile Safari/537.36 (compatible; Googlebot/2.1; +http://www.google.com/bot.html)"
138.197.165.12 - - [21/Apr/2026:18:30:51 +0000] "POST /wp-login.php HTTP/1.1" 200 11157 "-" "Mozilla/5.0"
66.249.73.96 - - [21/Apr/2026:18:37:25 +0000] "GET /?z=fumzjnabzye0bcv HTTP/1.1" 200 23000 "-" "Mozilla/5.0 (Linux; Android 6.0.1; Nexus 5X Build/MMB29P) AppleWebKit/537.36 (KHTML, like Gecko) Chrome/146.0.7680.177 Mobile Safari/537.36 (compatible; Googlebot/2.1; +http://www.google.com/bot.html)"
144.76.32.189 - - [21/Apr/2026:18:07:11 +0000] "GET /?z=fjkqt98b9g0y1mh HTTP/1.1" 200 22941 "-" "Mozilla/5.0 (compatible; SERankingBacklinksBot/1.0; +https://seranking.com/backlinks-crawler)"
144.76.32.189 - - [21/Apr/2026:18:07:15 +0000] "GET /?z=es24brq3rbqcso7 HTTP/1.1" 200 22944 "-" "Mozilla/5.0 (compatible; SERankingBacklinksBot/1.0; +https://seranking.com/backlinks-crawler)"
138.197.165.12 - - [21/Apr/2026:18:07:33 +0000] "POST /wp-login.php HTTP/1.1" 200 11157 "-" "Mozilla/5.0"
144.76.32.189 - - [21/Apr/2026:18:07:40 +0000] "GET /?z=fjkut98b9j0ygmh HTTP/1.1" 200 22945 "-" "Mozilla/5.0 (compatible; SERankingBacklinksBot/1.0; +https://seranking.com/backlinks-crawler)"
144.76.32.189 - - [21/Apr/2026:18:07:44 +0000] "GET /?z=es27brqrrbqcgo7 HTTP/1.1" 200 22941 "-" "Mozilla/5.0 (compatible; SERankingBacklinksBot/1.0; +https://seranking.com/backlinks-crawler)"
144.76.32.189 - - [21/Apr/2026:18:07:48 +0000] "GET /?z=es27brqxrbqcmo7 HTTP/1.1" 200 22944 "-" "Mozilla/5.0 (compatible; SERankingBacklinksBot/1.0; +https://seranking.com/backlinks-crawler)"
144.76.32.189 - - [21/Apr/2026:18:07:52 +0000] "GET /?z=fjkvt98b9i0yjmh HTTP/1.1" 200 22943 "-" "Mozilla/5.0 (compatible; SERankingBacklinksBot/1.0; +https://seranking.com/backlinks-crawler)"
5.107.202.70 - - [21/Apr/2026:18:08:03 +0000] "POST /xmlrpc.php HTTP/1.1" 200 443 "-" "Jetpack by WordPress.com"
144.76.32.189 - - [21/Apr/2026:18:08:07 +0000] "GET /?z=fjkwt98b990yymh HTTP/1.1" 200 22945 "-" "Mozilla/5.0 (compatible; SERankingBacklinksBot/1.0; +https://seranking.com/backlinks-crawler)"
144.76.32.189 - - [21/Apr/2026:18:08:11 +0000] "GET /?z=es29brqzrbqcoo7 HTTP/1.1" 200 22942 "-" "Mozilla/5.0 (compatible; SERankingBacklinksBot/1.0; +https://seranking.com/backlinks-crawler)"
5.107.202.70 - - [21/Apr/2026:18:08:13 +0000] "POST /xmlrpc.php HTTP/1.1" 200 443 "-" "Jetpack by WordPress.com (Jetpack 13.0; WordPress 6.2)"
144.76.32.189 - - [21/Apr/2026:18:08:15 +0000] "GET /?z=fjkwt98b9g0y1mh HTTP/1.1" 200 22943 "-" "Mozilla/5.0 (compatible; SERankingBacklinksBot/1.0; +https://seranking.com/backlinks-crawler)"
66.249.73.195 - - [21/Apr/2026:18:17:17 +0000] "GET / HTTP/1.1" 301 0 "-" "Mozilla/5.0 (Linux; Android 6.0.1; Nexus 5X Build/MMB29P) AppleWebKit/537.36 (KHTML, like Gecko) Chrome/146.0.7680.177 Mobile Safari/537.36 (compatible; Googlebot/2.1; +http://www.google.com/bot.html)"
66.249.73.98 - - [21/Apr/2026:18:21:21 +0000] "GET /?z=f75ueutbublj172 HTTP/1.1" 200 23000 "-" "Mozilla/5.0 (Linux; Android 6.0.1; Nexus 5X Build/MMB29P) AppleWebKit/537.36 (KHTML, like Gecko) Chrome/146.0.7680.177 Mobile Safari/537.36 (compatible; Googlebot/2.1; +http://www.google.com/bot.html)"
66.249.73.97 - - [21/Apr/2026:18:23:07 +0000] "GET /?z=ft30ogrb4h7hxho_gkind14524014 HTTP/1.1" 200 23000 "-" "Mozilla/5.0 (Linux; Android 6.0.1; Nexus 5X Build/MMB29P) AppleWebKit/537.36 (KHTML, like Gecko) Chrome/146.0.7680.177 Mobile Safari/537.36 (compatible; Googlebot/2.1; +http://www.google.com/bot.html)"
66.249.73.96 - - [21/Apr/2026:18:24:24 +0000] "GET /?z=eanrwcbxcwbxj9s HTTP/1.1" 200 22999 "-" "Mozilla/5.0 (Linux; Android 6.0.1; Nexus 5X Build/MMB29P) AppleWebKit/537.36 (KHTML, like Gecko) Chrome/146.0.7680.177 Mobile Safari/537.36 (compatible; Googlebot/2.1; +http://www.google.com/bot.html)"
66.249.73.193 - - [21/Apr/2026:18:26:32 +0000] "GET /?z=e8jqgk7jw47htho_gkind14524022 HTTP/1.1" 301 0 "-" "Mozilla/5.0 (Linux; Android 6.0.1; Nexus 5X Build/MMB29P) AppleWebKit/537.36 (KHTML, like Gecko) Chrome/146.0.7680.177 Mobile Safari/537.36 (compatible; Googlebot/2.1; +http://www.google.com/bot.html)"
158.94.208.25 - - [21/Apr/2026:18:41:32 +0000] "GET /log/.env HTTP/1.1" 403 1242 "-" "Mozilla/5.0 (Linux; Android 14; Pixel 8 Pro) AppleWebKit/537.36 (KHTML, like Gecko) Chrome/124.0.6367.179 Mobile Safari/537.36"
144.76.32.189 - - [21/Apr/2026:18:06:53 +0000] "GET /?z=fjknt98b950ymmh HTTP/1.1" 200 22943 "-" "Mozilla/5.0 (compatible; SERankingBacklinksBot/1.0; +https://seranking.com/backlinks-crawler)"
144.76.32.189 - - [21/Apr/2026:18:06:58 +0000] "GET /?z=es22brqlrbqcyo7 HTTP/1.1" 200 22942 "-" "Mozilla/5.0 (compatible; SERankingBacklinksBot/1.0; +https://seranking.com/backlinks-crawler)"
144.76.32.189 - - [21/Apr/2026:18:07:02 +0000] "GET /?z=fjkpt98b950yymh HTTP/1.1" 200 22943 "-" "Mozilla/5.0 (compatible; SERankingBacklinksBot/1.0; +https://seranking.com/backlinks-crawler)"
144.76.32.189 - - [21/Apr/2026:18:07:06 +0000] "GET /?z=es23brqyrbqcbo7 HTTP/1.1" 200 22944 "-" "Mozilla/5.0 (compatible; SERankingBacklinksBot/1.0; +https://seranking.com/backlinks-crawler)"
66.249.73.97 - - [21/Apr/2026:18:20:18 +0000] "GET /comment.php?h=41597469828207 HTTP/1.1" 404 22840 "-" "Mozilla/5.0 (Linux; Android 6.0.1; Nexus 5X Build/MMB29P) AppleWebKit/537.36 (KHTML, like Gecko) Chrome/146.0.7680.177 Mobile Safari/537.36 (compatible; Googlebot/2.1; +http://www.google.com/bot.html)"
52.167.144.145 - - [21/Apr/2026:18:22:38 +0000] "GET /?p=18729017112877 HTTP/2" 404 22779 "-" "Mozilla/5.0 AppleWebKit/537.36 (KHTML, like Gecko; compatible; bingbot/2.0; +http://www.bing.com/bingbot.htm) Chrome/116.0.1938.76 Safari/537.36"
66.249.73.97 - - [21/Apr/2026:18:22:57 +0000] "GET /?z=fbnhwcbbcx31tpk_gkind14524022 HTTP/1.1" 200 23000 "-" "Mozilla/5.0 (Linux; Android 6.0.1; Nexus 5X Build/MMB29P) AppleWebKit/537.36 (KHTML, like Gecko) Chrome/146.0.7680.177 Mobile Safari/537.36 (compatible; Googlebot/2.1; +http://www.google.com/bot.html)"
66.249.73.97 - - [21/Apr/2026:18:24:09 +0000] "GET /?z=f7za8oncodfd21w_gkind14523998 HTTP/1.1" 200 22998 "-" "Mozilla/5.0 (Linux; Android 6.0.1; Nexus 5X Build/MMB29P) AppleWebKit/537.36 (KHTML, like Gecko) Chrome/146.0.7680.177 Mobile Safari/537.36 (compatible; Googlebot/2.1; +http://www.google.com/bot.html)"
209.38.18.212 - - [21/Apr/2026:18:29:03 +0000] "POST /wp-login.php HTTP/1.1" 200 11157 "-" "Mozilla/5.0"
66.249.73.98 - - [21/Apr/2026:18:32:29 +0000] "GET /?z=e4ein32p3n2oq0j_gkind14524014 HTTP/1.1" 200 23001 "-" "Mozilla/5.0 (Linux; Android 6.0.1; Nexus 5X Build/MMB29P) AppleWebKit/537.36 (KHTML, like Gecko) Chrome/146.0.7680.177 Mobile Safari/537.36 (compatible; Googlebot/2.1; +http://www.google.com/bot.html)"
209.38.18.212 - - [21/Apr/2026:18:38:57 +0000] "POST /wp-login.php HTTP/1.1" 200 11157 "-" "Mozilla/5.0"
66.249.73.98 - - [21/Apr/2026:18:40:25 +0000] "GET /?z=f8yuvzmbbhqcao7 HTTP/1.1" 200 22999 "-" "Mozilla/5.0 (Linux; Android 6.0.1; Nexus 5X Build/MMB29P) AppleWebKit/537.36 (KHTML, like Gecko) Chrome/146.0.7680.177 Mobile Safari/537.36 (compatible; Googlebot/2.1; +http://www.google.com/bot.html)"
66.249.73.195 - - [21/Apr/2026:18:58:58 +0000] "GET /?z=eqi93v6njf64ksn HTTP/1.1" 301 0 "-" "Mozilla/5.0 (Linux; Android 6.0.1; Nexus 5X Build/MMB29P) AppleWebKit/537.36 (KHTML, like Gecko) Chrome/146.0.7680.177 Mobile Safari/537.36 (compatible; Googlebot/2.1; +http://www.google.com/bot.html)"
209.38.18.212 - - [21/Apr/2026:18:59:21 +0000] "POST /wp-login.php HTTP/1.1" 200 11157 "-" "Mozilla/5.0"
138.197.165.12 - - [21/Apr/2026:19:07:39 +0000] "POST /wp-login.php HTTP/1.1" 200 11157 "-" "Mozilla/5.0"
51.81.129.208 - - [21/Apr/2026:19:13:05 +0000] "GET /wp-content/plugins/fancy-elementor-gallery-box/assets/js/fancy-elementor-flipbox.js HTTP/2" 404 97198 "-" "Mozilla/5.0 (Macintosh; Intel Mac OS X 10_15_7) AppleWebKit/537.36 (KHTML, like Gecko) Chrome/147.0.0.0 Safari/537.36"
209.38.18.212 - - [21/Apr/2026:19:20:29 +0000] "POST /wp-login.php HTTP/1.1" 200 11157 "-" "Mozilla/5.0"
87.250.224.216 - - [21/Apr/2026:19:20:44 +0000] "GET /?z=fxypvzmbbfqcqo7 HTTP/1.1" 200 22942 "-" "Mozilla/5.0 (compatible; YandexBot/3.0; +http://yandex.com/bots)"
43.153.49.151 - - [21/Apr/2026:19:21:44 +0000] "GET / HTTP/1.1" 200 23005 "http://www.smilepack.net" "Mozilla/5.0 (iPhone; CPU iPhone OS 13_2_3 like Mac OS X) AppleWebKit/605.1.15 (KHTML, like Gecko) Version/13.0.3 Mobile/15E148 Safari/604.1"
66.249.73.98 - - [21/Apr/2026:18:41:18 +0000] "GET /?z=e7p5mqdr2adnlnu HTTP/1.1" 200 22996 "-" "Mozilla/5.0 (Linux; Android 6.0.1; Nexus 5X Build/MMB29P) AppleWebKit/537.36 (KHTML, like Gecko) Chrome/146.0.7680.177 Mobile Safari/537.36 (compatible; Googlebot/2.1; +http://www.google.com/bot.html)"
66.249.73.96 - - [21/Apr/2026:18:45:07 +0000] "GET /?z=ey3togrh40rpjd8_gkind14523986 HTTP/1.1" 200 22999 "-" "Mozilla/5.0 (Linux; Android 6.0.1; Nexus 5X Build/MMB29P) AppleWebKit/537.36 (KHTML, like Gecko) Chrome/146.0.7680.177 Mobile Safari/537.36 (compatible; Googlebot/2.1; +http://www.google.com/bot.html)"
87.250.224.222 - - [21/Apr/2026:18:50:01 +0000] "GET /?z=fs4b15schjwivud HTTP/1.1" 200 22944 "-" "Mozilla/5.0 (compatible; YandexBot/3.0; +http://yandex.com/bots)"
103.127.226.250 - - [21/Apr/2026:18:51:13 +0000] "GET /xmlrpc.php?rsd HTTP/1.1" 200 316 "-" "Mozilla/5.0 (compatible; MSIE 5.0; Windows NT 6.0; Trident/3.0)"
66.249.73.96 - - [21/Apr/2026:18:54:14 +0000] "GET /?z=evjggk7yw47hyho_gkind14524006 HTTP/1.1" 200 22999 "-" "Mozilla/5.0 (Linux; Android 6.0.1; Nexus 5X Build/MMB29P) AppleWebKit/537.36 (KHTML, like Gecko) Chrome/146.0.7680.177 Mobile Safari/537.36 (compatible; Googlebot/2.1; +http://www.google.com/bot.html)"
66.249.73.97 - - [21/Apr/2026:18:54:16 +0000] "GET /?p=1762934104114 HTTP/1.1" 404 22834 "-" "Mozilla/5.0 (Linux; Android 6.0.1; Nexus 5X Build/MMB29P) AppleWebKit/537.36 (KHTML, like Gecko) Chrome/146.0.7680.177 Mobile Safari/537.36 (compatible; Googlebot/2.1; +http://www.google.com/bot.html)"
138.197.165.12 - - [21/Apr/2026:18:55:21 +0000] "POST /wp-login.php HTTP/1.1" 200 11157 "-" "Mozilla/5.0"
66.249.73.96 - - [21/Apr/2026:18:58:59 +0000] "GET /?z=eqi93v6njf64ksn HTTP/1.1" 200 22998 "-" "Mozilla/5.0 (Linux; Android 6.0.1; Nexus 5X Build/MMB29P) AppleWebKit/537.36 (KHTML, like Gecko) Chrome/146.0.7680.177 Mobile Safari/537.36 (compatible; Googlebot/2.1; +http://www.google.com/bot.html)"
87.250.224.21 - - [21/Apr/2026:18:59:52 +0000] "GET /?z=fxcnxp0bdrgqgqx HTTP/1.1" 200 22945 "-" "Mozilla/5.0 (compatible; YandexBot/3.0; +http://yandex.com/bots)"
66.249.73.98 - - [21/Apr/2026:19:02:44 +0000] "GET /?p=2391500193555 HTTP/1.1" 404 22833 "-" "Mozilla/5.0 (Linux; Android 6.0.1; Nexus 5X Build/MMB29P) AppleWebKit/537.36 (KHTML, like Gecko) Chrome/146.0.7680.177 Mobile Safari/537.36 (compatible; Googlebot/2.1; +http://www.google.com/bot.html)"
51.81.129.208 - - [21/Apr/2026:19:13:00 +0000] "GET /wp-content/plugins/fancy-elementor-gallery-box/assets/js/fancy-elementor-flipbox.js HTTP/2" 301 0 "-" "Mozilla/5.0 (Macintosh; Intel Mac OS X 10_15_7) AppleWebKit/537.36 (KHTML, like Gecko) Chrome/147.0.0.0 Safari/537.36"
51.81.129.208 - - [21/Apr/2026:19:13:17 +0000] "GET /?ts=wixsso HTTP/2" 301 0 "-" "-"
51.81.129.208 - - [21/Apr/2026:19:13:19 +0000] "GET /?ts=wixsso HTTP/2" 200 97777 "-" "-"
66.249.73.98 - - [21/Apr/2026:19:15:45 +0000] "GET /?p=7123911396846 HTTP/1.1" 404 22835 "-" "Mozilla/5.0 (Linux; Android 6.0.1; Nexus 5X Build/MMB29P) AppleWebKit/537.36 (KHTML, like Gecko) Chrome/146.0.7680.177 Mobile Safari/537.36 (compatible; Googlebot/2.1; +http://www.google.com/bot.html)"
52.167.144.213 - - [21/Apr/2026:19:21:20 +0000] "GET /content.php?e=84416602352364 HTTP/2" 404 22786 "-" "Mozilla/5.0 AppleWebKit/537.36 (KHTML, like Gecko; compatible; bingbot/2.0; +http://www.bing.com/bingbot.htm) Chrome/116.0.1938.76 Safari/537.36"
207.46.13.125 - - [21/Apr/2026:19:23:32 +0000] "GET /?p=2761581547739 HTTP/2" 404 22780 "-" "Mozilla/5.0 AppleWebKit/537.36 (KHTML, like Gecko; compatible; bingbot/2.0; +http://www.bing.com/bingbot.htm) Chrome/116.0.1938.76 Safari/537.36"
5.231.255.78 - - [21/Apr/2026:19:26:03 +0000] "POST /33c6wp/index.php HTTP/2" 200 19700 "-" "Mozilla/5.0 (Windows NT 10.0; Win64; x64) AppleWebKit/537.36 (KHTML, like Gecko) Chrome/127.0.0.0 Safari/537.36"
52.167.144.213 - - [21/Apr/2026:19:28:02 +0000] "GET /?p=46151964667048 HTTP/2" 404 22778 "-" "Mozilla/5.0 AppleWebKit/537.36 (KHTML, like Gecko; compatible; bingbot/2.0; +http://www.bing.com/bingbot.htm) Chrome/116.0.1938.76 Safari/537.36"
66.249.73.97 - - [21/Apr/2026:18:35:45 +0000] "GET /?z=eturf7i1vrigs4z_gkind14523986 HTTP/1.1" 200 23001 "-" "Mozilla/5.0 (Linux; Android 6.0.1; Nexus 5X Build/MMB29P) AppleWebKit/537.36 (KHTML, like Gecko) Chrome/146.0.7680.177 Mobile Safari/537.36 (compatible; Googlebot/2.1; +http://www.google.com/bot.html)"
207.46.13.168 - - [21/Apr/2026:18:40:18 +0000] "GET /?p=5367260159140 HTTP/2" 404 22781 "-" "Mozilla/5.0 AppleWebKit/537.36 (KHTML, like Gecko; compatible; bingbot/2.0; +http://www.bing.com/bingbot.htm) Chrome/116.0.1938.76 Safari/537.36"
209.38.18.212 - - [21/Apr/2026:18:48:58 +0000] "POST /wp-login.php HTTP/1.1" 200 11157 "-" "Mozilla/5.0"
66.249.73.97 - - [21/Apr/2026:19:13:47 +0000] "GET /?z=fgr9c4fbs5v5z5c_gkind14524026 HTTP/1.1" 200 23001 "-" "Mozilla/5.0 (Linux; Android 6.0.1; Nexus 5X Build/MMB29P) AppleWebKit/537.36 (KHTML, like Gecko) Chrome/146.0.7680.177 Mobile Safari/537.36 (compatible; Googlebot/2.1; +http://www.google.com/bot.html)"
213.180.203.30 - - [21/Apr/2026:19:19:48 +0000] "GET /robots.txt HTTP/1.1" 200 118 "-" "Mozilla/5.0 (compatible; YandexBot/3.0; +http://yandex.com/bots)"
138.197.165.12 - - [21/Apr/2026:19:19:58 +0000] "POST /wp-login.php HTTP/1.1" 200 11157 "-" "Mozilla/5.0"
213.180.203.64 - - [21/Apr/2026:19:20:43 +0000] "GET /robots.txt HTTP/1.1" 200 118 "-" "Mozilla/5.0 (compatible; YandexBot/3.0; +http://yandex.com/bots)"
5.230.153.205 - - [21/Apr/2026:19:26:04 +0000] "POST /33c6wp/.829919039792155.php?to=submit.41tmdmp6syhwmuz3@spam.spamcop.net HTTP/2" 200 8 "-" "Mozilla/5.0 (Windows NT 10.0; Win64; x64) AppleWebKit/537.36 (KHTML, like Gecko) Chrome/127.0.0.0 Safari/537.36"
5.230.133.88 - - [21/Apr/2026:19:34:28 +0000] "POST /33c6wp/index.php HTTP/2" 200 18688 "-" "Mozilla/5.0 (Windows NT 10.0; Win64; x64) AppleWebKit/537.36 (KHTML, like Gecko) Chrome/127.0.0.0 Safari/537.36"
