66.249.73.97 - - [22/Apr/2026:01:28:17 +0000] "GET /?p=95142605359874 HTTP/1.1" 200 3730 "-" "Mozilla/5.0 (Linux; Android 6.0.1; Nexus 5X Build/MMB29P) AppleWebKit/537.36 (KHTML, like Gecko) Chrome/146.0.7680.177 Mobile Safari/537.36 (compatible; Googlebot/2.1; +http://www.google.com/bot.html)"
192.141.172.136 - - [22/Apr/2026:01:28:18 +0000] "POST /xmlrpc.php HTTP/1.1" 200 54805 "-" "Jetpack by WordPress.com"
144.76.32.189 - - [22/Apr/2026:01:28:20 +0000] "GET /?z=eyg7dh4kt14enel HTTP/1.1" 200 4630 "-" "Mozilla/5.0 (compatible; SERankingBacklinksBot/1.0; +https://seranking.com/backlinks-crawler)"
144.76.32.189 - - [22/Apr/2026:01:28:23 +0000] "GET /?z=esepn32f3n2og0j HTTP/1.1" 200 4630 "-" "Mozilla/5.0 (compatible; SERankingBacklinksBot/1.0; +https://seranking.com/backlinks-crawler)"
192.141.172.136 - - [22/Apr/2026:01:28:28 +0000] "POST /xmlrpc.php HTTP/1.1" 200 54805 "-" "Jetpack/13.0; WordPress/6.3; http://site72419488.com"
192.141.172.136 - - [22/Apr/2026:01:28:38 +0000] "POST /xmlrpc.php HTTP/1.1" 200 54805 "-" "Jetpack/12.0; WordPress/6.2; http://site86392064.com"
192.141.172.136 - - [22/Apr/2026:01:28:48 +0000] "POST /xmlrpc.php HTTP/1.1" 200 54805 "-" "Jetpack/12.5; WordPress/6.2; http://site79760821.com"
192.141.172.136 - - [22/Apr/2026:01:28:59 +0000] "POST /xmlrpc.php HTTP/1.1" 200 54805 "-" "Jetpack/13.0; WordPress/6.4; http://site50329282.com"
192.141.172.136 - - [22/Apr/2026:01:29:09 +0000] "POST /xmlrpc.php HTTP/1.1" 200 54805 "-" "Jetpack/13.0; WordPress/6.3; http://site33872637.com"
192.141.172.136 - - [22/Apr/2026:01:29:19 +0000] "POST /xmlrpc.php HTTP/1.1" 200 54805 "-" "WordPress.com; https://wordpress.com"
144.76.32.189 - - [22/Apr/2026:01:29:24 +0000] "GET /?z=ebjogk70w47hgho HTTP/1.1" 200 4624 "-" "Mozilla/5.0 (compatible; SERankingBacklinksBot/1.0; +https://seranking.com/backlinks-crawler)"
192.141.172.136 - - [22/Apr/2026:01:29:29 +0000] "POST /xmlrpc.php HTTP/1.1" 200 54805 "-" "Jetpack by WordPress.com (Jetpack 13.0; WordPress 6.3)"
192.141.172.136 - - [22/Apr/2026:01:29:40 +0000] "POST /xmlrpc.php HTTP/1.1" 200 54805 "-" "Jetpack by WordPress.com"
144.76.32.189 - - [22/Apr/2026:01:29:44 +0000] "GET /?z=d1k5t9819t8up6p HTTP/1.1" 200 4624 "-" "Mozilla/5.0 (compatible; SERankingBacklinksBot/1.0; +https://seranking.com/backlinks-crawler)"
144.76.32.189 - - [22/Apr/2026:01:29:48 +0000] "GET /?z=esf70s33gc31hpk HTTP/1.1" 200 4630 "-" "Mozilla/5.0 (compatible; SERankingBacklinksBot/1.0; +https://seranking.com/backlinks-crawler)"
192.141.172.136 - - [22/Apr/2026:01:29:50 +0000] "POST /xmlrpc.php HTTP/1.1" 200 54805 "-" "Jetpack/12.0; WordPress/6.1; http://site19819941.com"
144.76.32.189 - - [22/Apr/2026:01:29:51 +0000] "GET /?z=esf70s3ggc316pk HTTP/1.1" 200 4624 "-" "Mozilla/5.0 (compatible; SERankingBacklinksBot/1.0; +https://seranking.com/backlinks-crawler)"
192.141.172.136 - - [22/Apr/2026:01:30:00 +0000] "POST /xmlrpc.php HTTP/1.1" 200 54805 "-" "WordPress.com; https://wordpress.com"
144.76.32.189 - - [22/Apr/2026:01:26:45 +0000] "GET /?z=eyfw0s3dgc31fpk HTTP/1.1" 200 4624 "-" "Mozilla/5.0 (compatible; SERankingBacklinksBot/1.0; +https://seranking.com/backlinks-crawler)"
144.76.32.189 - - [22/Apr/2026:01:27:43 +0000] "GET /?z=d07o48v5ksv5g5c HTTP/1.1" 200 4630 "-" "Mozilla/5.0 (compatible; SERankingBacklinksBot/1.0; +https://seranking.com/backlinks-crawler)"
144.76.32.189 - - [22/Apr/2026:01:28:03 +0000] "GET /?z=esepn3293n2oa0j HTTP/1.1" 200 4630 "-" "Mozilla/5.0 (compatible; SERankingBacklinksBot/1.0; +https://seranking.com/backlinks-crawler)"
144.76.32.189 - - [22/Apr/2026:01:28:06 +0000] "GET /?z=d07p48vqksv5p5c HTTP/1.1" 200 4624 "-" "Mozilla/5.0 (compatible; SERankingBacklinksBot/1.0; +https://seranking.com/backlinks-crawler)"
66.249.73.194 - - [22/Apr/2026:01:28:27 +0000] "GET /?z=eh2jbrq5rbqcgo7 HTTP/1.1" 200 3732 "-" "Mozilla/5.0 (Linux; Android 6.0.1; Nexus 5X Build/MMB29P) AppleWebKit/537.36 (KHTML, like Gecko) Chrome/146.0.7680.177 Mobile Safari/537.36 (compatible; Googlebot/2.1; +http://www.google.com/bot.html)"
144.76.32.189 - - [22/Apr/2026:01:29:17 +0000] "GET /?z=e05beutluetf9ra HTTP/1.1" 200 4630 "-" "Mozilla/5.0 (compatible; SERankingBacklinksBot/1.0; +https://seranking.com/backlinks-crawler)"
144.76.32.189 - - [22/Apr/2026:01:29:20 +0000] "GET /?z=eygddh4it14exel HTTP/1.1" 200 4624 "-" "Mozilla/5.0 (compatible; SERankingBacklinksBot/1.0; +https://seranking.com/backlinks-crawler)"
144.76.32.189 - - [22/Apr/2026:01:29:55 +0000] "GET /?z=d1k7t98h9t8ut6p HTTP/1.1" 200 4630 "-" "Mozilla/5.0 (compatible; SERankingBacklinksBot/1.0; +https://seranking.com/backlinks-crawler)"
144.76.32.189 - - [22/Apr/2026:01:29:58 +0000] "GET /?z=e05ieut2uetf2ra HTTP/1.1" 200 4624 "-" "Mozilla/5.0 (compatible; SERankingBacklinksBot/1.0; +https://seranking.com/backlinks-crawler)"
144.76.32.189 - - [22/Apr/2026:01:30:01 +0000] "GET /?z=ebjygk7dw47htho HTTP/1.1" 200 4624 "-" "Mozilla/5.0 (compatible; SERankingBacklinksBot/1.0; +https://seranking.com/backlinks-crawler)"
144.76.32.189 - - [22/Apr/2026:01:30:05 +0000] "GET /?z=edkct98d9t8u26p HTTP/1.1" 200 4624 "-" "Mozilla/5.0 (compatible; SERankingBacklinksBot/1.0; +https://seranking.com/backlinks-crawler)"
144.76.32.189 - - [22/Apr/2026:01:30:09 +0000] "GET /?z=e05ieutkuetfkra HTTP/1.1" 200 4624 "-" "Mozilla/5.0 (compatible; SERankingBacklinksBot/1.0; +https://seranking.com/backlinks-crawler)"
144.76.32.189 - - [22/Apr/2026:01:30:13 +0000] "GET /?z=eygrdh47t14eael HTTP/1.1" 200 4624 "-" "Mozilla/5.0 (compatible; SERankingBacklinksBot/1.0; +https://seranking.com/backlinks-crawler)"
144.76.32.189 - - [22/Apr/2026:01:30:16 +0000] "GET /?z=eygudh47t14eael HTTP/1.1" 200 4630 "-" "Mozilla/5.0 (compatible; SERankingBacklinksBot/1.0; +https://seranking.com/backlinks-crawler)"
144.76.32.189 - - [22/Apr/2026:01:30:20 +0000] "GET /?z=ebjzgk7gw47hkho HTTP/1.1" 200 4624 "-" "Mozilla/5.0 (compatible; SERankingBacklinksBot/1.0; +https://seranking.com/backlinks-crawler)"
144.76.32.189 - - [22/Apr/2026:01:30:23 +0000] "GET /?z=d1k8t9889t8u86p HTTP/1.1" 200 4630 "-" "Mozilla/5.0 (compatible; SERankingBacklinksBot/1.0; +https://seranking.com/backlinks-crawler)"
144.76.32.189 - - [22/Apr/2026:01:30:27 +0000] "GET /?z=esfa0s3ngc31ppk HTTP/1.1" 200 4630 "-" "Mozilla/5.0 (compatible; SERankingBacklinksBot/1.0; +https://seranking.com/backlinks-crawler)"
144.76.32.189 - - [22/Apr/2026:01:31:02 +0000] "GET /?z=esfi0s3jgc31lpk HTTP/1.1" 200 4624 "-" "Mozilla/5.0 (compatible; SERankingBacklinksBot/1.0; +https://seranking.com/backlinks-crawler)"
66.249.73.96 - - [22/Apr/2026:01:31:18 +0000] "GET /?p=94295898229954 HTTP/1.1" 200 3730 "-" "Mozilla/5.0 (Linux; Android 6.0.1; Nexus 5X Build/MMB29P) AppleWebKit/537.36 (KHTML, like Gecko) Chrome/146.0.7680.177 Mobile Safari/537.36 (compatible; Googlebot/2.1; +http://www.google.com/bot.html)"
144.76.32.189 - - [22/Apr/2026:01:31:20 +0000] "GET /?z=eyh1q6566q5ry3m HTTP/1.1" 200 4624 "-" "Mozilla/5.0 (compatible; SERankingBacklinksBot/1.0; +https://seranking.com/backlinks-crawler)"
15.235.27.2 - - [22/Apr/2026:01:27:22 +0000] "GET /tag/%D9%85%D9%88%D9%82%D8%B9-%D8%A7%D9%84%D9%83%D8%AA%D8%B1%D9%88%D9%86%D9%8A/?fileloc=/home/smilepac/public_html/wp-signup.php&path=/home/smilepac/public_html HTTP/2" 200 11248 "-" "Mozilla/5.0 (compatible; AhrefsBot/7.0; +http://ahrefs.com/robot/)"
144.76.32.189 - - [22/Apr/2026:01:28:33 +0000] "GET /?z=d07s48viksv5t5c HTTP/1.1" 200 4630 "-" "Mozilla/5.0 (compatible; SERankingBacklinksBot/1.0; +https://seranking.com/backlinks-crawler)"
144.76.32.189 - - [22/Apr/2026:01:28:37 +0000] "GET /?z=esetn3273n2o80j HTTP/1.1" 200 4630 "-" "Mozilla/5.0 (compatible; SERankingBacklinksBot/1.0; +https://seranking.com/backlinks-crawler)"
144.76.32.189 - - [22/Apr/2026:01:28:40 +0000] "GET /?z=ebjhgk79w47h1ho HTTP/1.1" 200 4624 "-" "Mozilla/5.0 (compatible; SERankingBacklinksBot/1.0; +https://seranking.com/backlinks-crawler)"
144.76.32.189 - - [22/Apr/2026:01:28:43 +0000] "GET /?z=ebjhgk7lw47hdho HTTP/1.1" 200 4630 "-" "Mozilla/5.0 (compatible; SERankingBacklinksBot/1.0; +https://seranking.com/backlinks-crawler)"
148.113.130.162 - - [22/Apr/2026:01:28:45 +0000] "GET /tag/%D9%85%D9%88%D9%82%D8%B9-%D8%A7%D9%84%D9%83%D8%AA%D8%B1%D9%88%D9%86%D9%8A/?fileloc=/home/smilepac/public_html/wp-mail.php&path=/home/smilepac/public_html HTTP/2" 200 5650 "-" "Mozilla/5.0 (compatible; AhrefsBot/7.0; +http://ahrefs.com/robot/)"
144.76.32.189 - - [22/Apr/2026:01:28:47 +0000] "GET /?z=esewn32w3n2o90j HTTP/1.1" 200 4624 "-" "Mozilla/5.0 (compatible; SERankingBacklinksBot/1.0; +https://seranking.com/backlinks-crawler)"
144.76.32.189 - - [22/Apr/2026:01:28:50 +0000] "GET /?z=e058euteuetfqra HTTP/1.1" 200 4630 "-" "Mozilla/5.0 (compatible; SERankingBacklinksBot/1.0; +https://seranking.com/backlinks-crawler)"
144.76.32.189 - - [22/Apr/2026:01:28:54 +0000] "GET /?z=d07t48vpksv505c HTTP/1.1" 200 4624 "-" "Mozilla/5.0 (compatible; SERankingBacklinksBot/1.0; +https://seranking.com/backlinks-crawler)"
144.76.32.189 - - [22/Apr/2026:01:28:57 +0000] "GET /?z=eygbdh4ut14exel HTTP/1.1" 200 4630 "-" "Mozilla/5.0 (compatible; SERankingBacklinksBot/1.0; +https://seranking.com/backlinks-crawler)"
144.76.32.189 - - [22/Apr/2026:01:29:11 +0000] "GET /?z=ebjmgk79w47hdho HTTP/1.1" 200 4630 "-" "Mozilla/5.0 (compatible; SERankingBacklinksBot/1.0; +https://seranking.com/backlinks-crawler)"
144.76.32.189 - - [22/Apr/2026:01:29:14 +0000] "GET /?z=eygcdh4zt14eeel HTTP/1.1" 200 4630 "-" "Mozilla/5.0 (compatible; SERankingBacklinksBot/1.0; +https://seranking.com/backlinks-crawler)"
144.76.32.189 - - [22/Apr/2026:01:29:34 +0000] "GET /?z=eyghdh4jt14eyel HTTP/1.1" 200 4624 "-" "Mozilla/5.0 (compatible; SERankingBacklinksBot/1.0; +https://seranking.com/backlinks-crawler)"
144.76.32.189 - - [22/Apr/2026:01:29:37 +0000] "GET /?z=e05feutcuetfora HTTP/1.1" 200 4624 "-" "Mozilla/5.0 (compatible; SERankingBacklinksBot/1.0; +https://seranking.com/backlinks-crawler)"
144.76.32.189 - - [22/Apr/2026:01:29:41 +0000] "GET /?z=eygldh4ht14ewel HTTP/1.1" 200 4624 "-" "Mozilla/5.0 (compatible; SERankingBacklinksBot/1.0; +https://seranking.com/backlinks-crawler)"
144.76.32.189 - - [22/Apr/2026:01:30:30 +0000] "GET /?z=e05keutcuetf0ra HTTP/1.1" 200 4624 "-" "Mozilla/5.0 (compatible; SERankingBacklinksBot/1.0; +https://seranking.com/backlinks-crawler)"
144.76.32.189 - - [22/Apr/2026:01:30:34 +0000] "GET /?z=ebjzgk7ww47hcho HTTP/1.1" 200 4624 "-" "Mozilla/5.0 (compatible; SERankingBacklinksBot/1.0; +https://seranking.com/backlinks-crawler)"
144.76.32.189 - - [22/Apr/2026:01:30:38 +0000] "GET /?z=esfc0s3sgc31upk HTTP/1.1" 200 4624 "-" "Mozilla/5.0 (compatible; SERankingBacklinksBot/1.0; +https://seranking.com/backlinks-crawler)"
144.76.32.189 - - [22/Apr/2026:01:30:55 +0000] "GET /?z=e05leutiuetfura HTTP/1.1" 200 4624 "-" "Mozilla/5.0 (compatible; SERankingBacklinksBot/1.0; +https://seranking.com/backlinks-crawler)"
144.76.32.189 - - [22/Apr/2026:01:30:58 +0000] "GET /?z=e05leutxuetf9ra HTTP/1.1" 200 4630 "-" "Mozilla/5.0 (compatible; SERankingBacklinksBot/1.0; +https://seranking.com/backlinks-crawler)"
144.76.32.189 - - [22/Apr/2026:01:29:27 +0000] "GET /?z=e05eeut4uetf4ra HTTP/1.1" 200 4630 "-" "Mozilla/5.0 (compatible; SERankingBacklinksBot/1.0; +https://seranking.com/backlinks-crawler)"
144.76.32.189 - - [22/Apr/2026:01:29:30 +0000] "GET /?z=d1k2t98w9t8uw6p HTTP/1.1" 200 4624 "-" "Mozilla/5.0 (compatible; SERankingBacklinksBot/1.0; +https://seranking.com/backlinks-crawler)"
51.161.65.7 - - [22/Apr/2026:01:30:02 +0000] "GET /tag/%D9%85%D9%88%D9%82%D8%B9-%D8%A7%D9%84%D9%83%D8%AA%D8%B1%D9%88%D9%86%D9%8A/?fileloc=/home/smilepac/public_html/wp-load.php&path=/home/smilepac/public_html HTTP/2" 200 4121 "-" "Mozilla/5.0 (compatible; AhrefsBot/7.0; +http://ahrefs.com/robot/)"
144.76.32.189 - - [22/Apr/2026:01:30:45 +0000] "GET /?z=e05keutyuetfyra HTTP/1.1" 200 4624 "-" "Mozilla/5.0 (compatible; SERankingBacklinksBot/1.0; +https://seranking.com/backlinks-crawler)"
144.76.32.189 - - [22/Apr/2026:01:30:48 +0000] "GET /?z=ebk3t9859t8um6p HTTP/1.1" 200 4624 "-" "Mozilla/5.0 (compatible; SERankingBacklinksBot/1.0; +https://seranking.com/backlinks-crawler)"
144.76.32.189 - - [22/Apr/2026:01:30:52 +0000] "GET /?z=esff0s3ygc310pk HTTP/1.1" 200 4624 "-" "Mozilla/5.0 (compatible; SERankingBacklinksBot/1.0; +https://seranking.com/backlinks-crawler)"
51.161.65.93 - - [22/Apr/2026:01:31:01 +0000] "GET /tag/%D9%85%D9%88%D9%82%D8%B9-%D8%A7%D9%84%D9%83%D8%AA%D8%B1%D9%88%D9%86%D9%8A/?fileloc=/home/smilepac/public_html/index.php&path=/home/smilepac/public_html HTTP/2" 200 2509 "-" "Mozilla/5.0 (compatible; AhrefsBot/7.0; +http://ahrefs.com/robot/)"
144.76.32.189 - - [22/Apr/2026:01:31:06 +0000] "GET /?z=ebk4t98l9t8u26p HTTP/1.1" 200 4624 "-" "Mozilla/5.0 (compatible; SERankingBacklinksBot/1.0; +https://seranking.com/backlinks-crawler)"
144.76.32.189 - - [22/Apr/2026:01:31:09 +0000] "GET /?z=eyh1q6526q5ri3m HTTP/1.1" 200 4624 "-" "Mozilla/5.0 (compatible; SERankingBacklinksBot/1.0; +https://seranking.com/backlinks-crawler)"
144.76.32.189 - - [22/Apr/2026:01:31:13 +0000] "GET /?z=esfi0s3ygc310pk HTTP/1.1" 200 4624 "-" "Mozilla/5.0 (compatible; SERankingBacklinksBot/1.0; +https://seranking.com/backlinks-crawler)"
144.76.32.189 - - [22/Apr/2026:01:31:17 +0000] "GET /?z=ebk5t98f9t8uk6p HTTP/1.1" 200 4630 "-" "Mozilla/5.0 (compatible; SERankingBacklinksBot/1.0; +https://seranking.com/backlinks-crawler)"
195.178.110.103 - - [22/Apr/2026:01:31:26 +0000] "GET / HTTP/1.1" 200 37928 "-" "Mozilla/5.0 (Macintosh; Intel Mac OS X 10_15_7) AppleWebKit/537.36 (KHTML, like Gecko) Chrome/120.0.0.0 Safari/537.36"
195.178.110.103 - - [22/Apr/2026:01:31:26 +0000] "GET /php.php HTTP/1.1" 404 5749 "-" "Mozilla/5.0 (X11; Linux x86_64) AppleWebKit/537.36 (KHTML, like Gecko) Chrome/120.0.0.0 Safari/537.36"
195.178.110.103 - - [22/Apr/2026:01:31:26 +0000] "GET /.pgpass HTTP/1.1" 404 5749 "-" "Mozilla/5.0 (Windows NT 10.0; Win64; x64; rv:121.0) Gecko/20100101 Firefox/121.0"
195.178.110.103 - - [22/Apr/2026:01:31:26 +0000] "GET /.env.backup HTTP/1.1" 404 5749 "-" "Mozilla/5.0 (Windows NT 10.0; Win64; x64; rv:121.0) Gecko/20100101 Firefox/121.0"
195.178.110.103 - - [22/Apr/2026:01:31:26 +0000] "GET /phpinfo.php HTTP/1.1" 200 37928 "-" "Mozilla/5.0 (Windows NT 10.0; Win64; x64) AppleWebKit/537.36 (KHTML, like Gecko) Chrome/120.0.0.0 Safari/537.36"
195.178.110.103 - - [22/Apr/2026:01:31:26 +0000] "GET /.aws/credentials HTTP/1.1" 404 5749 "-" "Mozilla/5.0 (Windows NT 10.0; Win64; x64) AppleWebKit/537.36 (KHTML, like Gecko) Chrome/120.0.0.0 Safari/537.36"
195.178.110.103 - - [22/Apr/2026:01:31:26 +0000] "GET /wp-config.php.swp HTTP/1.1" 404 5749 "-" "Mozilla/5.0 (Macintosh; Intel Mac OS X 10_15_7) AppleWebKit/537.36 (KHTML, like Gecko) Chrome/120.0.0.0 Safari/537.36"
195.178.110.103 - - [22/Apr/2026:01:31:26 +0000] "GET /unprotected/json-minified.js HTTP/1.1" 200 1562 "-" "Mozilla/5.0 (Windows NT 10.0; Win64; x64; rv:121.0) Gecko/20100101 Firefox/121.0"
195.178.110.103 - - [22/Apr/2026:01:31:26 +0000] "GET /config/database.yml HTTP/1.1" 308 104 "-" "Mozilla/5.0 (Windows NT 10.0; Win64; x64) AppleWebKit/537.36 (KHTML, like Gecko) Chrome/120.0.0.0 Safari/537.36"
192.141.172.136 - - [22/Apr/2026:01:30:10 +0000] "POST /xmlrpc.php HTTP/1.1" 200 54805 "-" "Jetpack/13.0; WordPress/6.1; http://site93594832.com"
192.141.172.136 - - [22/Apr/2026:01:30:21 +0000] "POST /xmlrpc.php HTTP/1.1" 200 54805 "-" "Jetpack by WordPress.com (Jetpack 13.0; WordPress 6.1)"
192.141.172.136 - - [22/Apr/2026:01:30:31 +0000] "POST /xmlrpc.php HTTP/1.1" 200 54805 "-" "Jetpack/12.0; WordPress/6.2; http://site71903463.com"
144.76.32.189 - - [22/Apr/2026:01:30:41 +0000] "GET /?z=ebk1t98i9t8uz6p HTTP/1.1" 200 4630 "-" "Mozilla/5.0 (compatible; SERankingBacklinksBot/1.0; +https://seranking.com/backlinks-crawler)"
192.141.172.136 - - [22/Apr/2026:01:30:41 +0000] "POST /xmlrpc.php HTTP/1.1" 200 54805 "-" "Jetpack by WordPress.com"
192.141.172.136 - - [22/Apr/2026:01:30:51 +0000] "POST /xmlrpc.php HTTP/1.1" 200 54805 "-" "Jetpack by WordPress.com (Jetpack 12.0; WordPress 6.4)"
192.141.172.136 - - [22/Apr/2026:01:31:02 +0000] "POST /xmlrpc.php HTTP/1.1" 200 54805 "-" "Jetpack by WordPress.com (Jetpack 12.5; WordPress 6.1)"
192.141.172.136 - - [22/Apr/2026:01:31:12 +0000] "POST /xmlrpc.php HTTP/1.1" 200 54805 "-" "WordPress.com; https://wordpress.com"
192.141.172.136 - - [22/Apr/2026:01:31:22 +0000] "POST /xmlrpc.php HTTP/1.1" 200 54805 "-" "Jetpack by WordPress.com"
195.178.110.103 - - [22/Apr/2026:01:31:26 +0000] "GET /.env HTTP/1.1" 404 5749 "-" "Mozilla/5.0 (Windows NT 10.0; Win64; x64) AppleWebKit/537.36 (KHTML, like Gecko) Chrome/120.0.0.0 Safari/537.36"
195.178.110.103 - - [22/Apr/2026:01:31:26 +0000] "GET /info.php HTTP/1.1" 404 5749 "-" "Mozilla/5.0 (compatible; SecurityScanner/1.0)"
195.178.110.103 - - [22/Apr/2026:01:31:26 +0000] "GET /.npmrc HTTP/1.1" 404 5749 "-" "Mozilla/5.0 (Macintosh; Intel Mac OS X 10_15_7) AppleWebKit/537.36 (KHTML, like Gecko) Chrome/120.0.0.0 Safari/537.36"
195.178.110.103 - - [22/Apr/2026:01:31:26 +0000] "GET /debug.php HTTP/1.1" 404 5749 "-" "Mozilla/5.0 (X11; Linux x86_64) AppleWebKit/537.36 (KHTML, like Gecko) Chrome/120.0.0.0 Safari/537.36"
195.178.110.103 - - [22/Apr/2026:01:31:26 +0000] "GET /_profiler HTTP/1.1" 404 5749 "-" "Mozilla/5.0 (Windows NT 10.0; Win64; x64) AppleWebKit/537.36 (KHTML, like Gecko) Chrome/120.0.0.0 Safari/537.36"
195.178.110.103 - - [22/Apr/2026:01:31:26 +0000] "GET /wp-config.php.bak HTTP/1.1" 404 5749 "-" "Mozilla/5.0 (Windows NT 10.0; Win64; x64; rv:121.0) Gecko/20100101 Firefox/121.0"
195.178.110.103 - - [22/Apr/2026:01:31:26 +0000] "GET /wp-config.php.old HTTP/1.1" 404 5749 "-" "Mozilla/5.0 (Windows NT 10.0; Win64; x64) AppleWebKit/537.36 (KHTML, like Gecko) Chrome/120.0.0.0 Safari/537.36"
195.178.110.103 - - [22/Apr/2026:01:31:26 +0000] "GET /.env.save HTTP/1.1" 404 5749 "-" "Mozilla/5.0 (Macintosh; Intel Mac OS X 10_15_7) AppleWebKit/537.36 (KHTML, like Gecko) Chrome/120.0.0.0 Safari/537.36"
195.178.110.103 - - [22/Apr/2026:01:31:26 +0000] "GET /backup/wp-config.php HTTP/1.1" 404 5749 "-" "Mozilla/5.0 (Windows NT 10.0; Win64; x64; rv:121.0) Gecko/20100101 Firefox/121.0"
195.178.110.103 - - [22/Apr/2026:01:31:26 +0000] "GET /backend/.env HTTP/1.1" 404 5749 "-" "Mozilla/5.0 (X11; Linux x86_64) AppleWebKit/537.36 (KHTML, like Gecko) Chrome/120.0.0.0 Safari/537.36"
195.178.110.103 - - [22/Apr/2026:01:31:27 +0000] "GET /config/.env HTTP/1.1" 404 5749 "-" "Mozilla/5.0 (Windows NT 10.0; Win64; x64) AppleWebKit/537.36 (KHTML, like Gecko) Chrome/120.0.0.0 Safari/537.36"
195.178.110.103 - - [22/Apr/2026:01:31:27 +0000] "GET /laravel/.env HTTP/1.1" 404 5749 "-" "Mozilla/5.0 (Macintosh; Intel Mac OS X 10_15_7) AppleWebKit/537.36 (KHTML, like Gecko) Chrome/120.0.0.0 Safari/537.36"
195.178.110.103 - - [22/Apr/2026:01:31:27 +0000] "GET /config/mail.php HTTP/1.1" 404 5749 "-" "Mozilla/5.0 (compatible; SecurityScanner/1.0)"
195.178.110.103 - - [22/Apr/2026:01:31:27 +0000] "GET /web.config HTTP/1.1" 404 5749 "-" "Mozilla/5.0 (compatible; SecurityScanner/1.0)"
195.178.110.103 - - [22/Apr/2026:01:31:27 +0000] "GET /terraform.tfvars HTTP/1.1" 404 5749 "-" "Mozilla/5.0 (Windows NT 10.0; Win64; x64; rv:121.0) Gecko/20100101 Firefox/121.0"
144.76.32.189 - - [22/Apr/2026:01:31:24 +0000] "GET /?z=e05peut2uetfqra HTTP/1.1" 200 4624 "-" "Mozilla/5.0 (compatible; SERankingBacklinksBot/1.0; +https://seranking.com/backlinks-crawler)"
195.178.110.103 - - [22/Apr/2026:01:31:26 +0000] "GET / HTTP/1.1" 200 37928 "-" "Mozilla/5.0 (compatible; SecurityScanner/1.0)"
195.178.110.103 - - [22/Apr/2026:01:31:26 +0000] "GET /.netrc HTTP/1.1" 404 5749 "-" "Mozilla/5.0 (Windows NT 10.0; Win64; x64; rv:121.0) Gecko/20100101 Firefox/121.0"
195.178.110.103 - - [22/Apr/2026:01:31:26 +0000] "GET /.env.local HTTP/1.1" 404 5749 "-" "Mozilla/5.0 (X11; Linux x86_64) AppleWebKit/537.36 (KHTML, like Gecko) Chrome/120.0.0.0 Safari/537.36"
195.178.110.103 - - [22/Apr/2026:01:31:26 +0000] "GET /.env.old HTTP/1.1" 404 5749 "-" "Mozilla/5.0 (Windows NT 10.0; Win64; x64; rv:121.0) Gecko/20100101 Firefox/121.0"
195.178.110.103 - - [22/Apr/2026:01:31:26 +0000] "GET /config/database.php HTTP/1.1" 404 5749 "-" "Mozilla/5.0 (Macintosh; Intel Mac OS X 10_15_7) AppleWebKit/537.36 (KHTML, like Gecko) Chrome/120.0.0.0 Safari/537.36"
195.178.110.103 - - [22/Apr/2026:01:31:27 +0000] "GET /actuator/heapdump HTTP/1.1" 404 5749 "-" "Mozilla/5.0 (Windows NT 10.0; Win64; x64) AppleWebKit/537.36 (KHTML, like Gecko) Chrome/120.0.0.0 Safari/537.36"
195.178.110.103 - - [22/Apr/2026:01:31:27 +0000] "GET /.gitlab-ci.yml HTTP/1.1" 404 5749 "-" "Mozilla/5.0 (Macintosh; Intel Mac OS X 10_15_7) AppleWebKit/537.36 (KHTML, like Gecko) Chrome/120.0.0.0 Safari/537.36"
195.178.110.103 - - [22/Apr/2026:01:31:27 +0000] "GET /credentials.json HTTP/1.1" 404 5749 "-" "Mozilla/5.0 (Macintosh; Intel Mac OS X 10_15_7) AppleWebKit/537.36 (KHTML, like Gecko) Chrome/120.0.0.0 Safari/537.36"
195.178.110.103 - - [22/Apr/2026:01:31:27 +0000] "GET /dump.sql HTTP/1.1" 404 5749 "-" "Mozilla/5.0 (Macintosh; Intel Mac OS X 10_15_7) AppleWebKit/537.36 (KHTML, like Gecko) Chrome/120.0.0.0 Safari/537.36"
144.76.32.189 - - [22/Apr/2026:01:31:27 +0000] "GET /?z=ebk6t98e9t8uv6p HTTP/1.1" 200 4624 "-" "Mozilla/5.0 (compatible; SERankingBacklinksBot/1.0; +https://seranking.com/backlinks-crawler)"
144.76.32.189 - - [22/Apr/2026:01:31:45 +0000] "GET /?z=d1kkt9889t8u86p HTTP/1.1" 200 4624 "-" "Mozilla/5.0 (compatible; SERankingBacklinksBot/1.0; +https://seranking.com/backlinks-crawler)"
54.39.210.79 - - [22/Apr/2026:01:31:47 +0000] "GET /%D9%86%D8%B9%D9%85-%D8%AA%D8%B3%D8%AA%D8%B7%D9%8A%D8%B9/?pilihan&path=/home/smilepac/public_html HTTP/2" 200 3730 "-" "Mozilla/5.0 (compatible; AhrefsBot/7.0; +http://ahrefs.com/robot/)"
144.76.32.189 - - [22/Apr/2026:01:31:49 +0000] "GET /?z=eyh3q6586q5r03m HTTP/1.1" 200 4624 "-" "Mozilla/5.0 (compatible; SERankingBacklinksBot/1.0; +https://seranking.com/backlinks-crawler)"
144.76.32.189 - - [22/Apr/2026:01:32:07 +0000] "GET /?z=ebkbt9839t8u86p HTTP/1.1" 200 4624 "-" "Mozilla/5.0 (compatible; SERankingBacklinksBot/1.0; +https://seranking.com/backlinks-crawler)"
144.76.32.189 - - [22/Apr/2026:01:32:10 +0000] "GET /?z=d1kmt98d9t8ud6p HTTP/1.1" 200 4630 "-" "Mozilla/5.0 (compatible; SERankingBacklinksBot/1.0; +https://seranking.com/backlinks-crawler)"
144.76.32.189 - - [22/Apr/2026:01:32:14 +0000] "GET /?z=esfs0s3xgc31bpk HTTP/1.1" 200 4624 "-" "Mozilla/5.0 (compatible; SERankingBacklinksBot/1.0; +https://seranking.com/backlinks-crawler)"
144.76.32.189 - - [22/Apr/2026:01:32:32 +0000] "GET /?z=e05weutnuetfzra HTTP/1.1" 200 4624 "-" "Mozilla/5.0 (compatible; SERankingBacklinksBot/1.0; +https://seranking.com/backlinks-crawler)"
144.76.32.189 - - [22/Apr/2026:01:32:49 +0000] "GET /?z=esfx0s3fgc315pk HTTP/1.1" 200 4624 "-" "Mozilla/5.0 (compatible; SERankingBacklinksBot/1.0; +https://seranking.com/backlinks-crawler)"
144.76.32.189 - - [22/Apr/2026:01:33:10 +0000] "GET /?z=ebkmt98q9t8uv6p HTTP/1.1" 200 4630 "-" "Mozilla/5.0 (compatible; SERankingBacklinksBot/1.0; +https://seranking.com/backlinks-crawler)"
144.76.32.189 - - [22/Apr/2026:01:33:13 +0000] "GET /?z=ebkqt98w9t8up6p HTTP/1.1" 200 4630 "-" "Mozilla/5.0 (compatible; SERankingBacklinksBot/1.0; +https://seranking.com/backlinks-crawler)"
195.178.110.103 - - [22/Apr/2026:01:31:26 +0000] "GET /.aws/config HTTP/1.1" 404 5749 "-" "Mozilla/5.0 (compatible; SecurityScanner/1.0)"
195.178.110.103 - - [22/Apr/2026:01:31:26 +0000] "GET /test.php HTTP/1.1" 404 5749 "-" "Mozilla/5.0 (X11; Linux x86_64) AppleWebKit/537.36 (KHTML, like Gecko) Chrome/120.0.0.0 Safari/537.36"
195.178.110.103 - - [22/Apr/2026:01:31:26 +0000] "GET /.env.production HTTP/1.1" 404 5749 "-" "Mozilla/5.0 (X11; Linux x86_64) AppleWebKit/537.36 (KHTML, like Gecko) Chrome/120.0.0.0 Safari/537.36"
195.178.110.103 - - [22/Apr/2026:01:31:26 +0000] "GET /.env.prod HTTP/1.1" 404 5749 "-" "Mozilla/5.0 (Windows NT 10.0; Win64; x64) AppleWebKit/537.36 (KHTML, like Gecko) Chrome/120.0.0.0 Safari/537.36"
195.178.110.103 - - [22/Apr/2026:01:31:26 +0000] "GET /.env.bak HTTP/1.1" 404 5749 "-" "Mozilla/5.0 (compatible; SecurityScanner/1.0)"
195.178.110.103 - - [22/Apr/2026:01:31:26 +0000] "GET /wp-config.php~ HTTP/1.1" 404 5749 "-" "Mozilla/5.0 (Windows NT 10.0; Win64; x64) AppleWebKit/537.36 (KHTML, like Gecko) Chrome/120.0.0.0 Safari/537.36"
195.178.110.103 - - [22/Apr/2026:01:31:26 +0000] "GET /api/.env HTTP/1.1" 404 5749 "-" "Mozilla/5.0 (Windows NT 10.0; Win64; x64; rv:121.0) Gecko/20100101 Firefox/121.0"
195.178.110.103 - - [22/Apr/2026:01:31:26 +0000] "GET /public/.env HTTP/1.1" 404 5749 "-" "Mozilla/5.0 (Windows NT 10.0; Win64; x64; rv:121.0) Gecko/20100101 Firefox/121.0"
195.178.110.103 - - [22/Apr/2026:01:31:27 +0000] "GET /actuator/env HTTP/1.1" 404 5749 "-" "Mozilla/5.0 (Windows NT 10.0; Win64; x64; rv:121.0) Gecko/20100101 Firefox/121.0"
195.178.110.103 - - [22/Apr/2026:01:31:27 +0000] "GET /appsettings.json HTTP/1.1" 404 5749 "-" "Mozilla/5.0 (compatible; SecurityScanner/1.0)"
195.178.110.103 - - [22/Apr/2026:01:31:27 +0000] "GET /secrets.json HTTP/1.1" 404 5749 "-" "Mozilla/5.0 (compatible; SecurityScanner/1.0)"
195.178.110.103 - - [22/Apr/2026:01:31:27 +0000] "GET /backup.sql HTTP/1.1" 404 5749 "-" "Mozilla/5.0 (X11; Linux x86_64) AppleWebKit/537.36 (KHTML, like Gecko) Chrome/120.0.0.0 Safari/537.36"
144.76.32.189 - - [22/Apr/2026:01:31:42 +0000] "GET /?z=e05reutsuetfgra HTTP/1.1" 200 4630 "-" "Mozilla/5.0 (compatible; SERankingBacklinksBot/1.0; +https://seranking.com/backlinks-crawler)"
144.76.32.189 - - [22/Apr/2026:01:31:53 +0000] "GET /?z=ebk9t98u9t8un6p HTTP/1.1" 200 4630 "-" "Mozilla/5.0 (compatible; SERankingBacklinksBot/1.0; +https://seranking.com/backlinks-crawler)"
66.249.73.98 - - [22/Apr/2026:01:32:19 +0000] "GET /content.php?e=67944376020424 HTTP/1.1" 200 3732 "-" "Mozilla/5.0 (Linux; Android 6.0.1; Nexus 5X Build/MMB29P) AppleWebKit/537.36 (KHTML, like Gecko) Chrome/146.0.7680.177 Mobile Safari/537.36 (compatible; Googlebot/2.1; +http://www.google.com/bot.html)"
144.76.32.189 - - [22/Apr/2026:01:32:21 +0000] "GET /?z=esft0s3egc314pk HTTP/1.1" 200 4630 "-" "Mozilla/5.0 (compatible; SERankingBacklinksBot/1.0; +https://seranking.com/backlinks-crawler)"
144.76.32.189 - - [22/Apr/2026:01:32:25 +0000] "GET /?z=e05veutyuetfara HTTP/1.1" 200 4630 "-" "Mozilla/5.0 (compatible; SERankingBacklinksBot/1.0; +https://seranking.com/backlinks-crawler)"
15.235.96.141 - - [22/Apr/2026:01:32:33 +0000] "GET /%D9%86%D8%B9%D9%85-%D8%AA%D8%B3%D8%AA%D8%B7%D9%8A%D8%B9/?path=/home/smilepac/public_html/wp-content HTTP/2" 200 3206 "-" "Mozilla/5.0 (compatible; AhrefsBot/7.0; +http://ahrefs.com/robot/)"
144.76.32.189 - - [22/Apr/2026:01:33:20 +0000] "GET /?z=d1kwt98w9t8uw6p HTTP/1.1" 200 4624 "-" "Mozilla/5.0 (compatible; SERankingBacklinksBot/1.0; +https://seranking.com/backlinks-crawler)"
144.76.32.189 - - [22/Apr/2026:01:33:23 +0000] "GET /?z=eyhlq6506q5r43m HTTP/1.1" 200 4630 "-" "Mozilla/5.0 (compatible; SERankingBacklinksBot/1.0; +https://seranking.com/backlinks-crawler)"
142.44.228.48 - - [22/Apr/2026:01:33:30 +0000] "GET /%D9%86%D8%B9%D9%85-%D8%AA%D8%B3%D8%AA%D8%B7%D9%8A%D8%B9/?path=/home/smilepac/public_html/wp-admin HTTP/2" 200 6075 "-" "Mozilla/5.0 (compatible; AhrefsBot/7.0; +http://ahrefs.com/robot/)"
195.178.110.103 - - [22/Apr/2026:01:31:27 +0000] "GET /.git-credentials HTTP/1.1" 404 5749 "-" "Mozilla/5.0 (Windows NT 10.0; Win64; x64; rv:121.0) Gecko/20100101 Firefox/121.0"
195.178.110.103 - - [22/Apr/2026:01:31:27 +0000] "GET /error_log HTTP/1.1" 404 5749 "-" "Mozilla/5.0 (Windows NT 10.0; Win64; x64) AppleWebKit/537.36 (KHTML, like Gecko) Chrome/120.0.0.0 Safari/537.36"
144.76.32.189 - - [22/Apr/2026:01:31:31 +0000] "GET /?z=d1kht98e9t8ue6p HTTP/1.1" 200 4624 "-" "Mozilla/5.0 (compatible; SERankingBacklinksBot/1.0; +https://seranking.com/backlinks-crawler)"
192.141.172.136 - - [22/Apr/2026:01:31:33 +0000] "POST /xmlrpc.php HTTP/1.1" 200 54805 "-" "Jetpack/12.0; WordPress/6.4; http://site77127422.com"
144.76.32.189 - - [22/Apr/2026:01:31:34 +0000] "GET /?z=e05peutyuetfara HTTP/1.1" 200 4624 "-" "Mozilla/5.0 (compatible; SERankingBacklinksBot/1.0; +https://seranking.com/backlinks-crawler)"
144.76.32.189 - - [22/Apr/2026:01:31:38 +0000] "GET /?z=ebk6t98z9t8ug6p HTTP/1.1" 200 4624 "-" "Mozilla/5.0 (compatible; SERankingBacklinksBot/1.0; +https://seranking.com/backlinks-crawler)"
192.141.172.136 - - [22/Apr/2026:01:31:43 +0000] "POST /xmlrpc.php HTTP/1.1" 200 54805 "-" "WordPress.com; https://wordpress.com"
192.141.172.136 - - [22/Apr/2026:01:31:53 +0000] "POST /xmlrpc.php HTTP/1.1" 200 54805 "-" "Jetpack by WordPress.com"
144.76.32.189 - - [22/Apr/2026:01:31:57 +0000] "GET /?z=eyh4q65c6q5r43m HTTP/1.1" 200 4624 "-" "Mozilla/5.0 (compatible; SERankingBacklinksBot/1.0; +https://seranking.com/backlinks-crawler)"
144.76.32.189 - - [22/Apr/2026:01:32:00 +0000] "GET /?z=d1klt98p9t8u16p HTTP/1.1" 200 4630 "-" "Mozilla/5.0 (compatible; SERankingBacklinksBot/1.0; +https://seranking.com/backlinks-crawler)"
144.76.32.189 - - [22/Apr/2026:01:32:03 +0000] "GET /?z=esfq0s3mgc310pk HTTP/1.1" 200 4624 "-" "Mozilla/5.0 (compatible; SERankingBacklinksBot/1.0; +https://seranking.com/backlinks-crawler)"
144.76.32.189 - - [22/Apr/2026:01:32:28 +0000] "GET /?z=d1kpt9839t8ur6p HTTP/1.1" 200 4624 "-" "Mozilla/5.0 (compatible; SERankingBacklinksBot/1.0; +https://seranking.com/backlinks-crawler)"
144.76.32.189 - - [22/Apr/2026:01:32:42 +0000] "GET /?z=eyhdq65p6q5rt3m HTTP/1.1" 200 4630 "-" "Mozilla/5.0 (compatible; SERankingBacklinksBot/1.0; +https://seranking.com/backlinks-crawler)"
144.76.32.189 - - [22/Apr/2026:01:32:46 +0000] "GET /?z=e060rjud73usegb HTTP/1.1" 200 4624 "-" "Mozilla/5.0 (compatible; SERankingBacklinksBot/1.0; +https://seranking.com/backlinks-crawler)"
144.76.32.189 - - [22/Apr/2026:01:32:53 +0000] "GET /?z=e24u15swhps2329 HTTP/1.1" 200 4624 "-" "Mozilla/5.0 (compatible; SERankingBacklinksBot/1.0; +https://seranking.com/backlinks-crawler)"
144.76.32.189 - - [22/Apr/2026:01:32:56 +0000] "GET /?z=e061rju873us9gb HTTP/1.1" 200 4630 "-" "Mozilla/5.0 (compatible; SERankingBacklinksBot/1.0; +https://seranking.com/backlinks-crawler)"
144.76.32.189 - - [22/Apr/2026:01:33:50 +0000] "GET /?z=ebkxt98l9t8ue6p HTTP/1.1" 200 4630 "-" "Mozilla/5.0 (compatible; SERankingBacklinksBot/1.0; +https://seranking.com/backlinks-crawler)"
144.76.32.189 - - [22/Apr/2026:01:33:53 +0000] "GET /?z=e06crjus73ustgb HTTP/1.1" 200 4630 "-" "Mozilla/5.0 (compatible; SERankingBacklinksBot/1.0; +https://seranking.com/backlinks-crawler)"
144.76.32.189 - - [22/Apr/2026:01:34:13 +0000] "GET /?z=e06erjuz73usogb HTTP/1.1" 200 4624 "-" "Mozilla/5.0 (compatible; SERankingBacklinksBot/1.0; +https://seranking.com/backlinks-crawler)"
144.76.32.189 - - [22/Apr/2026:01:34:17 +0000] "GET /?z=esg9dh4xt14e0el HTTP/1.1" 200 4624 "-" "Mozilla/5.0 (compatible; SERankingBacklinksBot/1.0; +https://seranking.com/backlinks-crawler)"
144.76.32.189 - - [22/Apr/2026:01:34:51 +0000] "GET /?z=esgedh43t14eiel HTTP/1.1" 200 4624 "-" "Mozilla/5.0 (compatible; SERankingBacklinksBot/1.0; +https://seranking.com/backlinks-crawler)"
144.76.32.189 - - [22/Apr/2026:01:35:06 +0000] "GET /?z=d2xcialeyuljf72 HTTP/1.1" 200 4624 "-" "Mozilla/5.0 (compatible; SERankingBacklinksBot/1.0; +https://seranking.com/backlinks-crawler)"
144.76.32.189 - - [22/Apr/2026:01:33:30 +0000] "GET /?z=esg5dh42t14e5el HTTP/1.1" 200 4630 "-" "Mozilla/5.0 (compatible; SERankingBacklinksBot/1.0; +https://seranking.com/backlinks-crawler)"
144.76.32.189 - - [22/Apr/2026:01:33:40 +0000] "GET /?z=esg6dh4wt14enel HTTP/1.1" 200 4624 "-" "Mozilla/5.0 (compatible; SERankingBacklinksBot/1.0; +https://seranking.com/backlinks-crawler)"
144.76.32.189 - - [22/Apr/2026:01:33:43 +0000] "GET /?z=d2x1ialgyuljt72 HTTP/1.1" 200 4630 "-" "Mozilla/5.0 (compatible; SERankingBacklinksBot/1.0; +https://seranking.com/backlinks-crawler)"
144.76.32.189 - - [22/Apr/2026:01:33:47 +0000] "GET /?z=e06crju473us5gb HTTP/1.1" 200 4624 "-" "Mozilla/5.0 (compatible; SERankingBacklinksBot/1.0; +https://seranking.com/backlinks-crawler)"
144.76.32.189 - - [22/Apr/2026:01:34:20 +0000] "GET /?z=ebl06y9qmi97kvq HTTP/1.1" 200 4630 "-" "Mozilla/5.0 (compatible; SERankingBacklinksBot/1.0; +https://seranking.com/backlinks-crawler)"
144.76.32.189 - - [22/Apr/2026:01:34:23 +0000] "GET /?z=d2x6ialxyulja72 HTTP/1.1" 200 4630 "-" "Mozilla/5.0 (compatible; SERankingBacklinksBot/1.0; +https://seranking.com/backlinks-crawler)"
144.76.32.189 - - [22/Apr/2026:01:34:27 +0000] "GET /?z=e06grjux73usagb HTTP/1.1" 200 4624 "-" "Mozilla/5.0 (compatible; SERankingBacklinksBot/1.0; +https://seranking.com/backlinks-crawler)"
144.76.32.189 - - [22/Apr/2026:01:34:31 +0000] "GET /?z=esgbdh4ot14e3el HTTP/1.1" 200 4624 "-" "Mozilla/5.0 (compatible; SERankingBacklinksBot/1.0; +https://seranking.com/backlinks-crawler)"
144.76.32.189 - - [22/Apr/2026:01:34:34 +0000] "GET /?z=eyhwq6516q5rt3m HTTP/1.1" 200 4624 "-" "Mozilla/5.0 (compatible; SERankingBacklinksBot/1.0; +https://seranking.com/backlinks-crawler)"
144.76.32.189 - - [22/Apr/2026:01:34:38 +0000] "GET /?z=esgbdh4rt14e6el HTTP/1.1" 200 4624 "-" "Mozilla/5.0 (compatible; SERankingBacklinksBot/1.0; +https://seranking.com/backlinks-crawler)"
144.76.32.189 - - [22/Apr/2026:01:34:41 +0000] "GET /?z=ebl26y9vmi97pvq HTTP/1.1" 200 4624 "-" "Mozilla/5.0 (compatible; SERankingBacklinksBot/1.0; +https://seranking.com/backlinks-crawler)"
144.76.32.189 - - [22/Apr/2026:01:34:45 +0000] "GET /?z=d2x8ial9yuljy72 HTTP/1.1" 200 4624 "-" "Mozilla/5.0 (compatible; SERankingBacklinksBot/1.0; +https://seranking.com/backlinks-crawler)"
144.76.32.189 - - [22/Apr/2026:01:34:48 +0000] "GET /?z=eyhyq6536q5rv3m HTTP/1.1" 200 4630 "-" "Mozilla/5.0 (compatible; SERankingBacklinksBot/1.0; +https://seranking.com/backlinks-crawler)"
144.76.32.189 - - [22/Apr/2026:01:34:55 +0000] "GET /?z=esgfdh4wt14enel HTTP/1.1" 200 4630 "-" "Mozilla/5.0 (compatible; SERankingBacklinksBot/1.0; +https://seranking.com/backlinks-crawler)"
144.76.32.189 - - [22/Apr/2026:01:34:59 +0000] "GET /?z=e06jrjuj73us8gb HTTP/1.1" 200 4624 "-" "Mozilla/5.0 (compatible; SERankingBacklinksBot/1.0; +https://seranking.com/backlinks-crawler)"
144.76.32.189 - - [22/Apr/2026:01:35:02 +0000] "GET /?z=e06lrju373ussgb HTTP/1.1" 200 4624 "-" "Mozilla/5.0 (compatible; SERankingBacklinksBot/1.0; +https://seranking.com/backlinks-crawler)"
142.44.225.220 - - [22/Apr/2026:01:35:07 +0000] "GET /%D9%86%D8%B9%D9%85-%D8%AA%D8%B3%D8%AA%D8%B7%D9%8A%D8%B9/?path=/home/smilepac/public_html/f9e0wp HTTP/2" 200 2822 "-" "Mozilla/5.0 (compatible; AhrefsBot/7.0; +http://ahrefs.com/robot/)"
167.114.139.13 - - [22/Apr/2026:01:35:21 +0000] "GET /%D9%86%D8%B9%D9%85-%D8%AA%D8%B3%D8%AA%D8%B7%D9%8A%D8%B9/?path=/home/smilepac/public_html/c5f9wp HTTP/2" 200 2823 "-" "Mozilla/5.0 (compatible; AhrefsBot/7.0; +http://ahrefs.com/robot/)"
144.76.32.189 - - [22/Apr/2026:01:35:27 +0000] "GET /?z=esgkdh4ht14ekel HTTP/1.1" 200 4624 "-" "Mozilla/5.0 (compatible; SERankingBacklinksBot/1.0; +https://seranking.com/backlinks-crawler)"
144.76.32.189 - - [22/Apr/2026:01:35:30 +0000] "GET /?z=e06orjuo73usdgb HTTP/1.1" 200 4630 "-" "Mozilla/5.0 (compatible; SERankingBacklinksBot/1.0; +https://seranking.com/backlinks-crawler)"
195.178.110.103 - - [22/Apr/2026:01:31:26 +0000] "GET /config/secrets.yml HTTP/1.1" 404 5749 "-" "Mozilla/5.0 (compatible; SecurityScanner/1.0)"
195.178.110.103 - - [22/Apr/2026:01:31:27 +0000] "GET /config/database.yml HTTP/1.1" 404 5749 "https://cpanel.smilepack.net/config/database.yml" "Mozilla/5.0 (Windows NT 10.0; Win64; x64) AppleWebKit/537.36 (KHTML, like Gecko) Chrome/120.0.0.0 Safari/537.36"
195.178.110.103 - - [22/Apr/2026:01:31:27 +0000] "GET /application.yml HTTP/1.1" 404 5749 "-" "Mozilla/5.0 (Windows NT 10.0; Win64; x64) AppleWebKit/537.36 (KHTML, like Gecko) Chrome/120.0.0.0 Safari/537.36"
195.178.110.103 - - [22/Apr/2026:01:31:27 +0000] "GET /application.properties HTTP/1.1" 404 5749 "-" "Mozilla/5.0 (X11; Linux x86_64) AppleWebKit/537.36 (KHTML, like Gecko) Chrome/120.0.0.0 Safari/537.36"
195.178.110.103 - - [22/Apr/2026:01:31:27 +0000] "GET /terraform.tfstate HTTP/1.1" 404 5749 "-" "Mozilla/5.0 (Windows NT 10.0; Win64; x64) AppleWebKit/537.36 (KHTML, like Gecko) Chrome/120.0.0.0 Safari/537.36"
195.178.110.103 - - [22/Apr/2026:01:31:27 +0000] "GET /secrets.yml HTTP/1.1" 404 5749 "-" "Mozilla/5.0 (Windows NT 10.0; Win64; x64) AppleWebKit/537.36 (KHTML, like Gecko) Chrome/120.0.0.0 Safari/537.36"
195.178.110.103 - - [22/Apr/2026:01:31:27 +0000] "GET /.git/config HTTP/1.1" 404 5749 "-" "Mozilla/5.0 (Windows NT 10.0; Win64; x64; rv:121.0) Gecko/20100101 Firefox/121.0"
195.178.110.103 - - [22/Apr/2026:01:31:27 +0000] "GET /.git/HEAD HTTP/1.1" 404 5749 "-" "Mozilla/5.0 (Macintosh; Intel Mac OS X 10_15_7) AppleWebKit/537.36 (KHTML, like Gecko) Chrome/120.0.0.0 Safari/537.36"
195.178.110.103 - - [22/Apr/2026:01:31:27 +0000] "GET /database.sql HTTP/1.1" 404 5749 "-" "Mozilla/5.0 (compatible; SecurityScanner/1.0)"
195.178.110.103 - - [22/Apr/2026:01:31:27 +0000] "GET /wp-content/debug.log HTTP/1.1" 404 5749 "-" "Mozilla/5.0 (Windows NT 10.0; Win64; x64; rv:121.0) Gecko/20100101 Firefox/121.0"
144.76.32.189 - - [22/Apr/2026:01:32:17 +0000] "GET /?z=e05veut7uetfjra HTTP/1.1" 200 4630 "-" "Mozilla/5.0 (compatible; SERankingBacklinksBot/1.0; +https://seranking.com/backlinks-crawler)"
144.76.32.189 - - [22/Apr/2026:01:32:36 +0000] "GET /?z=eyhcq65p6q5r53m HTTP/1.1" 200 4624 "-" "Mozilla/5.0 (compatible; SERankingBacklinksBot/1.0; +https://seranking.com/backlinks-crawler)"
144.76.32.189 - - [22/Apr/2026:01:32:39 +0000] "GET /?z=eyhdq65l6q5rd3m HTTP/1.1" 200 4630 "-" "Mozilla/5.0 (compatible; SERankingBacklinksBot/1.0; +https://seranking.com/backlinks-crawler)"
144.76.32.189 - - [22/Apr/2026:01:32:59 +0000] "GET /?z=eyhhq6556q5r93m HTTP/1.1" 200 4624 "-" "Mozilla/5.0 (compatible; SERankingBacklinksBot/1.0; +https://seranking.com/backlinks-crawler)"
144.76.32.189 - - [22/Apr/2026:01:33:03 +0000] "GET /?z=esfz0s35gc31vpk HTTP/1.1" 200 4624 "-" "Mozilla/5.0 (compatible; SERankingBacklinksBot/1.0; +https://seranking.com/backlinks-crawler)"
144.76.32.189 - - [22/Apr/2026:01:33:06 +0000] "GET /?z=ebkmt98o9t8u56p HTTP/1.1" 200 4624 "-" "Mozilla/5.0 (compatible; SERankingBacklinksBot/1.0; +https://seranking.com/backlinks-crawler)"
144.76.32.189 - - [22/Apr/2026:01:33:26 +0000] "GET /?z=e066rju573usigb HTTP/1.1" 200 4624 "-" "Mozilla/5.0 (compatible; SERankingBacklinksBot/1.0; +https://seranking.com/backlinks-crawler)"
144.76.32.189 - - [22/Apr/2026:01:33:33 +0000] "GET /?z=ebktt98k9t8ud6p HTTP/1.1" 200 4630 "-" "Mozilla/5.0 (compatible; SERankingBacklinksBot/1.0; +https://seranking.com/backlinks-crawler)"
144.76.32.189 - - [22/Apr/2026:01:33:37 +0000] "GET /?z=d1kzt98r9t8u36p HTTP/1.1" 200 4630 "-" "Mozilla/5.0 (compatible; SERankingBacklinksBot/1.0; +https://seranking.com/backlinks-crawler)"
144.76.32.189 - - [22/Apr/2026:01:34:03 +0000] "GET /?z=ebkyt98n9t8us6p HTTP/1.1" 200 4624 "-" "Mozilla/5.0 (compatible; SERankingBacklinksBot/1.0; +https://seranking.com/backlinks-crawler)"
15.235.27.132 - - [22/Apr/2026:01:34:30 +0000] "GET /%D9%86%D8%B9%D9%85-%D8%AA%D8%B3%D8%AA%D8%B7%D9%8A%D8%B9/?path=/home/smilepac/public_html/old HTTP/2" 200 3021 "-" "Mozilla/5.0 (compatible; AhrefsBot/7.0; +http://ahrefs.com/robot/)"
144.76.32.189 - - [22/Apr/2026:01:35:09 +0000] "GET /?z=eyi03v6tjf64ysn HTTP/1.1" 200 4630 "-" "Mozilla/5.0 (compatible; SERankingBacklinksBot/1.0; +https://seranking.com/backlinks-crawler)"
144.76.32.189 - - [22/Apr/2026:01:35:13 +0000] "GET /?z=d2xcialqyuljr72 HTTP/1.1" 200 4624 "-" "Mozilla/5.0 (compatible; SERankingBacklinksBot/1.0; +https://seranking.com/backlinks-crawler)"
144.76.32.189 - - [22/Apr/2026:01:35:16 +0000] "GET /?z=eyi13v66jf64bsn HTTP/1.1" 200 4624 "-" "Mozilla/5.0 (compatible; SERankingBacklinksBot/1.0; +https://seranking.com/backlinks-crawler)"
144.76.32.189 - - [22/Apr/2026:01:35:20 +0000] "GET /?z=e06nrjub73us0gb HTTP/1.1" 200 4630 "-" "Mozilla/5.0 (compatible; SERankingBacklinksBot/1.0; +https://seranking.com/backlinks-crawler)"
144.76.32.189 - - [22/Apr/2026:01:35:23 +0000] "GET /?z=d2xfialbyuljc72 HTTP/1.1" 200 4624 "-" "Mozilla/5.0 (compatible; SERankingBacklinksBot/1.0; +https://seranking.com/backlinks-crawler)"
54.39.203.43 - - [22/Apr/2026:01:35:48 +0000] "GET /%D9%86%D8%B9%D9%85-%D8%AA%D8%B3%D8%AA%D8%B7%D9%8A%D8%B9/?path=/home/smilepac/public_html/33c6wp HTTP/2" 200 3042 "-" "Mozilla/5.0 (compatible; AhrefsBot/7.0; +http://ahrefs.com/robot/)"
144.76.32.189 - - [22/Apr/2026:01:36:10 +0000] "GET /?z=eblb6y9gmi97avq HTTP/1.1" 200 4630 "-" "Mozilla/5.0 (compatible; SERankingBacklinksBot/1.0; +https://seranking.com/backlinks-crawler)"
142.44.225.217 - - [22/Apr/2026:01:36:13 +0000] "GET /%D9%86%D8%B9%D9%85-%D8%AA%D8%B3%D8%AA%D8%B7%D9%8A%D8%B9/?path=/home HTTP/2" 200 2727 "-" "Mozilla/5.0 (compatible; AhrefsBot/7.0; +http://ahrefs.com/robot/)"
144.76.32.189 - - [22/Apr/2026:01:36:14 +0000] "GET /?z=d2xliallyuljy72 HTTP/1.1" 200 4624 "-" "Mozilla/5.0 (compatible; SERankingBacklinksBot/1.0; +https://seranking.com/backlinks-crawler)"
144.76.32.189 - - [22/Apr/2026:01:36:17 +0000] "GET /?z=e06vrjul73usygb HTTP/1.1" 200 4624 "-" "Mozilla/5.0 (compatible; SERankingBacklinksBot/1.0; +https://seranking.com/backlinks-crawler)"
144.76.32.189 - - [22/Apr/2026:01:36:20 +0000] "GET /?z=d2xnialkyuljx72 HTTP/1.1" 200 4630 "-" "Mozilla/5.0 (compatible; SERankingBacklinksBot/1.0; +https://seranking.com/backlinks-crawler)"
144.76.32.189 - - [22/Apr/2026:01:36:24 +0000] "GET /?z=esgudh4wt14enel HTTP/1.1" 200 4630 "-" "Mozilla/5.0 (compatible; SERankingBacklinksBot/1.0; +https://seranking.com/backlinks-crawler)"
144.76.32.189 - - [22/Apr/2026:01:36:34 +0000] "GET /?z=esgzdh4it14exel HTTP/1.1" 200 4630 "-" "Mozilla/5.0 (compatible; SERankingBacklinksBot/1.0; +https://seranking.com/backlinks-crawler)"
144.76.32.189 - - [22/Apr/2026:01:36:37 +0000] "GET /?z=ebli6y9pmi977vq HTTP/1.1" 200 4630 "-" "Mozilla/5.0 (compatible; SERankingBacklinksBot/1.0; +https://seranking.com/backlinks-crawler)"
142.44.225.19 - - [22/Apr/2026:01:36:39 +0000] "GET /%D9%86%D8%B9%D9%85-%D8%AA%D8%B3%D8%AA%D8%B7%D9%8A%D8%B9/?fileloc=/home/smilepac/public_html/wp-signup.php&path=/home/smilepac/public_html HTTP/2" 200 11248 "-" "Mozilla/5.0 (compatible; AhrefsBot/7.0; +http://ahrefs.com/robot/)"
144.76.32.189 - - [22/Apr/2026:01:36:41 +0000] "GET /?z=eyij3v6ujf64zsn HTTP/1.1" 200 4624 "-" "Mozilla/5.0 (compatible; SERankingBacklinksBot/1.0; +https://seranking.com/backlinks-crawler)"
142.44.233.78 - - [22/Apr/2026:01:37:05 +0000] "GET /%D9%86%D8%B9%D9%85-%D8%AA%D8%B3%D8%AA%D8%B7%D9%8A%D8%B9/?fileloc=/home/smilepac/public_html/wp-links-opml.php&path=/home/smilepac/public_html HTTP/2" 200 3627 "-" "Mozilla/5.0 (compatible; AhrefsBot/7.0; +http://ahrefs.com/robot/)"
54.39.0.149 - - [22/Apr/2026:01:37:09 +0000] "GET /%D9%86%D8%B9%D9%85-%D8%AA%D8%B3%D8%AA%D8%B7%D9%8A%D8%B9/?fileloc=/home/smilepac/public_html/wp-cron.php&path=/home/smilepac/public_html HTTP/2" 200 4587 "-" "Mozilla/5.0 (compatible; AhrefsBot/7.0; +http://ahrefs.com/robot/)"
54.39.6.55 - - [22/Apr/2026:01:37:14 +0000] "GET /%D9%86%D8%B9%D9%85-%D8%AA%D8%B3%D8%AA%D8%B7%D9%8A%D8%B9/?fileloc=/home/smilepac/public_html/wp-config.php&path=/home/smilepac/public_html HTTP/2" 200 4305 "-" "Mozilla/5.0 (compatible; AhrefsBot/7.0; +http://ahrefs.com/robot/)"
15.235.98.77 - - [22/Apr/2026:01:35:34 +0000] "GET /%D9%86%D8%B9%D9%85-%D8%AA%D8%B3%D8%AA%D8%B7%D9%8A%D8%B9/?path=/home/smilepac/public_html/59dfwp HTTP/2" 200 2825 "-" "Mozilla/5.0 (compatible; AhrefsBot/7.0; +http://ahrefs.com/robot/)"
144.76.32.189 - - [22/Apr/2026:01:35:37 +0000] "GET /?z=ebl86y91mi97vvq HTTP/1.1" 200 4624 "-" "Mozilla/5.0 (compatible; SERankingBacklinksBot/1.0; +https://seranking.com/backlinks-crawler)"
144.76.32.189 - - [22/Apr/2026:01:35:40 +0000] "GET /?z=eyi33v64jf64xsn HTTP/1.1" 200 4630 "-" "Mozilla/5.0 (compatible; SERankingBacklinksBot/1.0; +https://seranking.com/backlinks-crawler)"
87.250.224.21 - - [22/Apr/2026:01:35:47 +0000] "GET /?z=fck9t98b9i0yxmh HTTP/1.1" 200 4630 "-" "Mozilla/5.0 (compatible; YandexBot/3.0; +http://yandex.com/bots)"
144.76.32.189 - - [22/Apr/2026:01:35:54 +0000] "GET /?z=ebla6y94mi97avq HTTP/1.1" 200 4624 "-" "Mozilla/5.0 (compatible; SERankingBacklinksBot/1.0; +https://seranking.com/backlinks-crawler)"
144.76.32.189 - - [22/Apr/2026:01:35:57 +0000] "GET /?z=eyi73v6xjf642sn HTTP/1.1" 200 4630 "-" "Mozilla/5.0 (compatible; SERankingBacklinksBot/1.0; +https://seranking.com/backlinks-crawler)"
144.76.32.189 - - [22/Apr/2026:01:36:00 +0000] "GET /?z=esgrdh4dt14esel HTTP/1.1" 200 4630 "-" "Mozilla/5.0 (compatible; SERankingBacklinksBot/1.0; +https://seranking.com/backlinks-crawler)"
144.76.32.189 - - [22/Apr/2026:01:36:03 +0000] "GET /?z=e06urjuy73uszgb HTTP/1.1" 200 4624 "-" "Mozilla/5.0 (compatible; SERankingBacklinksBot/1.0; +https://seranking.com/backlinks-crawler)"
51.222.95.197 - - [22/Apr/2026:01:36:07 +0000] "GET /%D9%86%D8%B9%D9%85-%D8%AA%D8%B3%D8%AA%D8%B7%D9%8A%D8%B9/?path=/home/smilepac HTTP/2" 200 4017 "-" "Mozilla/5.0 (compatible; AhrefsBot/7.0; +http://ahrefs.com/robot/)"
144.76.32.189 - - [22/Apr/2026:01:36:07 +0000] "GET /?z=eyi83v6cjf645sn HTTP/1.1" 200 4624 "-" "Mozilla/5.0 (compatible; SERankingBacklinksBot/1.0; +https://seranking.com/backlinks-crawler)"
54.39.136.21 - - [22/Apr/2026:01:36:23 +0000] "GET /%D9%86%D8%B9%D9%85-%D8%AA%D8%B3%D8%AA%D8%B7%D9%8A%D8%B9/?path=/ HTTP/2" 200 3074 "-" "Mozilla/5.0 (compatible; AhrefsBot/7.0; +http://ahrefs.com/robot/)"
144.76.32.189 - - [22/Apr/2026:01:36:27 +0000] "GET /?z=eblf6y9tmi97nvq HTTP/1.1" 200 4624 "-" "Mozilla/5.0 (compatible; SERankingBacklinksBot/1.0; +https://seranking.com/backlinks-crawler)"
54.39.0.169 - - [22/Apr/2026:01:36:31 +0000] "GET /%D9%86%D8%B9%D9%85-%D8%AA%D8%B3%D8%AA%D8%B7%D9%8A%D8%B9/?fileloc=/home/smilepac/public_html/xmlrpc.php&path=/home/smilepac/public_html HTTP/2" 200 3932 "-" "Mozilla/5.0 (compatible; AhrefsBot/7.0; +http://ahrefs.com/robot/)"
144.76.32.189 - - [22/Apr/2026:01:36:31 +0000] "GET /?z=eyif3v68jf64dsn HTTP/1.1" 200 4630 "-" "Mozilla/5.0 (compatible; SERankingBacklinksBot/1.0; +https://seranking.com/backlinks-crawler)"
144.76.32.189 - - [22/Apr/2026:01:36:51 +0000] "GET /?z=esh6q65l6q5r13m HTTP/1.1" 200 4630 "-" "Mozilla/5.0 (compatible; SERankingBacklinksBot/1.0; +https://seranking.com/backlinks-crawler)"
144.76.32.189 - - [22/Apr/2026:01:36:54 +0000] "GET /?z=d2xwialoyuljd72 HTTP/1.1" 200 4624 "-" "Mozilla/5.0 (compatible; SERankingBacklinksBot/1.0; +https://seranking.com/backlinks-crawler)"
144.76.32.189 - - [22/Apr/2026:01:36:58 +0000] "GET /?z=eblp6y94mi97avq HTTP/1.1" 200 4630 "-" "Mozilla/5.0 (compatible; SERankingBacklinksBot/1.0; +https://seranking.com/backlinks-crawler)"
144.76.32.189 - - [22/Apr/2026:01:37:01 +0000] "GET /?z=d2xxial2yulj372 HTTP/1.1" 200 4624 "-" "Mozilla/5.0 (compatible; SERankingBacklinksBot/1.0; +https://seranking.com/backlinks-crawler)"
144.76.32.189 - - [22/Apr/2026:01:37:04 +0000] "GET /?z=eblp6y9cmi976vq HTTP/1.1" 200 4630 "-" "Mozilla/5.0 (compatible; SERankingBacklinksBot/1.0; +https://seranking.com/backlinks-crawler)"
54.39.0.86 - - [22/Apr/2026:01:37:25 +0000] "GET /%D9%86%D8%B9%D9%85-%D8%AA%D8%B3%D8%AA%D8%B7%D9%8A%D8%B9/?fileloc=/home/smilepac/public_html/wp-blog-header.php&path=/home/smilepac/public_html HTTP/2" 200 2641 "-" "Mozilla/5.0 (compatible; AhrefsBot/7.0; +http://ahrefs.com/robot/)"
144.76.32.189 - - [22/Apr/2026:01:33:16 +0000] "GET /?z=eyhkq6576q5rz3m HTTP/1.1" 200 4630 "-" "Mozilla/5.0 (compatible; SERankingBacklinksBot/1.0; +https://seranking.com/backlinks-crawler)"
144.76.32.189 - - [22/Apr/2026:01:33:57 +0000] "GET /?z=ebkyt98c9t8ut6p HTTP/1.1" 200 4630 "-" "Mozilla/5.0 (compatible; SERankingBacklinksBot/1.0; +https://seranking.com/backlinks-crawler)"
144.76.32.189 - - [22/Apr/2026:01:34:00 +0000] "GET /?z=esg8dh4ct14erel HTTP/1.1" 200 4624 "-" "Mozilla/5.0 (compatible; SERankingBacklinksBot/1.0; +https://seranking.com/backlinks-crawler)"
144.76.32.189 - - [22/Apr/2026:01:34:07 +0000] "GET /?z=eyhqq6596q5rp3m HTTP/1.1" 200 4630 "-" "Mozilla/5.0 (compatible; SERankingBacklinksBot/1.0; +https://seranking.com/backlinks-crawler)"
144.76.32.189 - - [22/Apr/2026:01:34:10 +0000] "GET /?z=esg9dh4dt14esel HTTP/1.1" 200 4624 "-" "Mozilla/5.0 (compatible; SERankingBacklinksBot/1.0; +https://seranking.com/backlinks-crawler)"
14.231.184.22 - - [22/Apr/2026:01:34:40 +0000] "GET /?z=eczo8onno8n9tl4 HTTP/1.1" 200 3730 "-" "Mozilla/5.0 (Windows NT 10.0; Win64; x64) AppleWebKit/537.36 (KHTML, like Gecko) Chrome/104.0.0.0 Safari/537.36"
144.76.32.189 - - [22/Apr/2026:01:35:34 +0000] "GET /?z=euecn3293n2o60j HTTP/1.1" 200 4630 "-" "Mozilla/5.0 (compatible; SERankingBacklinksBot/1.0; +https://seranking.com/backlinks-crawler)"
54.39.210.84 - - [22/Apr/2026:01:35:58 +0000] "GET /%D9%86%D8%B9%D9%85-%D8%AA%D8%B3%D8%AA%D8%B7%D9%8A%D8%B9/?path=/home/smilepac/public_html/.well-known HTTP/2" 200 2767 "-" "Mozilla/5.0 (compatible; AhrefsBot/7.0; +http://ahrefs.com/robot/)"
66.249.73.98 - - [22/Apr/2026:01:36:33 +0000] "GET /?z=e73qogrt40rpdd8_gkind14523978 HTTP/1.1" 200 3732 "-" "Mozilla/5.0 (Linux; Android 6.0.1; Nexus 5X Build/MMB29P) AppleWebKit/537.36 (KHTML, like Gecko) Chrome/146.0.7680.177 Mobile Safari/537.36 (compatible; Googlebot/2.1; +http://www.google.com/bot.html)"
144.76.32.189 - - [22/Apr/2026:01:36:44 +0000] "GET /?z=esh1q65j6q5rz3m HTTP/1.1" 200 4624 "-" "Mozilla/5.0 (compatible; SERankingBacklinksBot/1.0; +https://seranking.com/backlinks-crawler)"
54.39.6.30 - - [22/Apr/2026:01:36:44 +0000] "GET /%D9%86%D8%B9%D9%85-%D8%AA%D8%B3%D8%AA%D8%B7%D9%8A%D8%B9/?fileloc=/home/smilepac/public_html/wp-settings.php&path=/home/smilepac/public_html HTTP/2" 200 8824 "-" "Mozilla/5.0 (compatible; AhrefsBot/7.0; +http://ahrefs.com/robot/)"
144.76.32.189 - - [22/Apr/2026:01:36:48 +0000] "GET /?z=eblm6y9mmi97svq HTTP/1.1" 200 4630 "-" "Mozilla/5.0 (compatible; SERankingBacklinksBot/1.0; +https://seranking.com/backlinks-crawler)"
