216.73.216.107 - - [22/Apr/2026:23:42:53 +0000] "GET /wp-sitemap.xml?fileloc=%2F%2Fproc%2Fthread-self%2Froot%2Flib64%2Flibthai.so.0&path=%2F%2Fproc%2Fthread-self%2Froot%2Flib64 HTTP/2" 200 18874 "-" "Mozilla/5.0 AppleWebKit/537.36 (KHTML, like Gecko; compatible; ClaudeBot/1.0; +claudebot@anthropic.com)"
216.73.216.107 - - [22/Apr/2026:23:42:53 +0000] "GET /wp-sitemap.xml?fileloc=%2F%2Flib%2Fpython3.6%2Fsite-packages%2Fsyspurpose-1.28.44-py3.6.egg-info%2FSOURCES.txt&path=%2F%2Flib%2Fpython3.6%2Fsite-packages%2Fsyspurpose-1.28.44-py3.6.egg-info HTTP/2" 200 2602 "-" "Mozilla/5.0 AppleWebKit/537.36 (KHTML, like Gecko; compatible; ClaudeBot/1.0; +claudebot@anthropic.com)"
216.73.216.107 - - [22/Apr/2026:23:42:53 +0000] "GET /wp-sitemap.xml?path=%2F%2Fusr%2Fshare%2Fmysql%2Fgreek HTTP/2" 200 2790 "-" "Mozilla/5.0 AppleWebKit/537.36 (KHTML, like Gecko; compatible; ClaudeBot/1.0; +claudebot@anthropic.com)"
216.73.216.107 - - [22/Apr/2026:23:42:53 +0000] "GET /wp-sitemap.xml?path=%2Fhome%2Fsmilepac%2Fpublic_html%2Fwp-content%2Fplugins%2Felementor%2Fcore%2Fbreakpoints HTTP/2" 200 2879 "-" "Mozilla/5.0 AppleWebKit/537.36 (KHTML, like Gecko; compatible; ClaudeBot/1.0; +claudebot@anthropic.com)"
216.73.216.107 - - [22/Apr/2026:23:42:53 +0000] "GET /wp-sitemap.xml?fileloc=%2F%2Fproc%2Fthread-self%2Froot%2Flib64%2Flibm-2.28.so&path=%2F%2Fproc%2Fthread-self%2Froot%2Flib64 HTTP/2" 200 925274 "-" "Mozilla/5.0 AppleWebKit/537.36 (KHTML, like Gecko; compatible; ClaudeBot/1.0; +claudebot@anthropic.com)"
216.73.216.107 - - [22/Apr/2026:23:42:53 +0000] "GET /wp-sitemap.xml?fileloc=%2F%2Fproc%2Fthread-self%2Froot%2Flib64%2Flibtiff.so.5&path=%2F%2Fproc%2Fthread-self%2Froot%2Flib64 HTTP/2" 200 164922 "-" "Mozilla/5.0 AppleWebKit/537.36 (KHTML, like Gecko; compatible; ClaudeBot/1.0; +claudebot@anthropic.com)"
216.73.216.107 - - [22/Apr/2026:23:42:53 +0000] "GET /wp-sitemap.xml?fileloc=%2F%2Fusr%2Fsrc%2Flitespeed-wp-plugin%2F6.0.0.1%2Flitespeed-cache%2Ftpl%2Fpage_optm%2Fsettings_localization.tpl.php&path=%2F%2Fusr%2Fsrc%2Flitespeed-wp-plugin%2F6.0.0.1%2Flitespeed-cache%2Ftpl%2Fpage_optm HTTP/2" 200 4092 "-" "Mozilla/5.0 AppleWebKit/537.36 (KHTML, like Gecko; compatible; ClaudeBot/1.0; +claudebot@anthropic.com)"
216.73.216.107 - - [22/Apr/2026:23:42:54 +0000] "GET /wp-sitemap.xml?path=%2F%2Fusr%2Fshare%2Flocale%2Fsr_RS%2FLC_MESSAGES HTTP/2" 200 2533 "-" "Mozilla/5.0 AppleWebKit/537.36 (KHTML, like Gecko; compatible; ClaudeBot/1.0; +claudebot@anthropic.com)"
57.141.20.62 - - [22/Apr/2026:23:42:53 +0000] "GET /wp-sitemap.xml?fileloc=/home/smilepac/lscache/3/e/2/3e245c6e04566372&path=/home/smilepac/lscache/3/e/2 HTTP/2" 200 77498 "-" "meta-externalagent/1.1 (+https://developers.facebook.com/docs/sharing/webmasters/crawler)"
216.73.216.107 - - [22/Apr/2026:23:42:54 +0000] "GET /wp-sitemap.xml?fileloc=%2F%2Flib%2Fpython3.6%2Fsite-packages%2Fsepolicy%2Fhelp%2Flogin.txt&path=%2F%2Flib%2Fpython3.6%2Fsite-packages%2Fsepolicy%2Fhelp HTTP/2" 200 2856 "-" "Mozilla/5.0 AppleWebKit/537.36 (KHTML, like Gecko; compatible; ClaudeBot/1.0; +claudebot@anthropic.com)"
216.73.216.107 - - [22/Apr/2026:23:42:54 +0000] "GET /wp-sitemap.xml?fileloc=%2F%2Flib%2Fpython3.6%2Fsite-packages%2Fsyspurpose-1.28.44-py3.6.egg-info%2FPKG-INFO&path=%2F%2Flib%2Fpython3.6%2Fsite-packages%2Fsyspurpose-1.28.44-py3.6.egg-info HTTP/2" 200 2639 "-" "Mozilla/5.0 AppleWebKit/537.36 (KHTML, like Gecko; compatible; ClaudeBot/1.0; +claudebot@anthropic.com)"
216.73.216.107 - - [22/Apr/2026:23:42:54 +0000] "GET /wp-sitemap.xml?path=%2F%2Fusr%2Fshare%2Flocale%2Fkaa%2FLC_MESSAGES HTTP/2" 200 2532 "-" "Mozilla/5.0 AppleWebKit/537.36 (KHTML, like Gecko; compatible; ClaudeBot/1.0; +claudebot@anthropic.com)"
216.73.216.107 - - [22/Apr/2026:23:42:55 +0000] "GET /wp-sitemap.xml?fileloc=%2F%2Fproc%2Fthread-self%2Froot%2Flib64%2Fxtables%2Flibebt_among.so&path=%2F%2Fproc%2Fthread-self%2Froot%2Flib64%2Fxtables HTTP/2" 200 7364 "-" "Mozilla/5.0 AppleWebKit/537.36 (KHTML, like Gecko; compatible; ClaudeBot/1.0; +claudebot@anthropic.com)"
216.73.216.107 - - [22/Apr/2026:23:42:55 +0000] "GET /wp-sitemap.xml?fileloc=%2F%2Fproc%2Fthread-self%2Froot%2Flib64%2Fgconv%2FCP771.so&path=%2F%2Fproc%2Fthread-self%2Froot%2Flib64%2Fgconv HTTP/2" 200 8002 "-" "Mozilla/5.0 AppleWebKit/537.36 (KHTML, like Gecko; compatible; ClaudeBot/1.0; +claudebot@anthropic.com)"
216.73.216.107 - - [22/Apr/2026:23:42:54 +0000] "GET /wp-sitemap.xml?fileloc=%2F%2Fproc%2Fself%2Froot%2Fbin%2Fmariadb-tzinfo-to-sql&path=%2F%2Fproc%2Fself%2Froot%2Fbin HTTP/2" 200 667000 "-" "Mozilla/5.0 AppleWebKit/537.36 (KHTML, like Gecko; compatible; ClaudeBot/1.0; +claudebot@anthropic.com)"
216.73.216.107 - - [22/Apr/2026:23:42:55 +0000] "GET /wp-sitemap.xml?fileloc=%2F%2Fusr%2Flib64%2Fperl5%2Fvendor_perl%2Fauto%2FEncode%2FEncode.so&path=%2F%2Fusr%2Flib64%2Fperl5%2Fvendor_perl%2Fauto%2FEncode HTTP/2" 200 18528 "-" "Mozilla/5.0 AppleWebKit/537.36 (KHTML, like Gecko; compatible; ClaudeBot/1.0; +claudebot@anthropic.com)"
216.73.216.107 - - [22/Apr/2026:23:42:54 +0000] "GET /wp-sitemap.xml?fileloc=%2F%2Fproc%2Fself%2Froot%2Fbin%2Flogname&path=%2F%2Fproc%2Fself%2Froot%2Fbin HTTP/2" 200 15667 "-" "Mozilla/5.0 AppleWebKit/537.36 (KHTML, like Gecko; compatible; ClaudeBot/1.0; +claudebot@anthropic.com)"
216.73.216.107 - - [22/Apr/2026:23:42:55 +0000] "GET /wp-sitemap.xml?fileloc=%2F%2Fusr%2Fshare%2Fman%2Fman3%2FIsFunctionKey.3.gz&path=%2F%2Fusr%2Fshare%2Fman%2Fman3 HTTP/2" 200 2536 "-" "Mozilla/5.0 AppleWebKit/537.36 (KHTML, like Gecko; compatible; ClaudeBot/1.0; +claudebot@anthropic.com)"
216.73.216.107 - - [22/Apr/2026:23:42:55 +0000] "GET /wp-sitemap.xml?fileloc=%2F%2Fproc%2Fthread-self%2Froot%2Flib64%2Flibmatio.so.9&path=%2F%2Fproc%2Fthread-self%2Froot%2Flib64 HTTP/2" 200 107742 "-" "Mozilla/5.0 AppleWebKit/537.36 (KHTML, like Gecko; compatible; ClaudeBot/1.0; +claudebot@anthropic.com)"
57.141.20.28 - - [22/Apr/2026:23:42:55 +0000] "GET /wp-sitemap.xml?path=//home/smilepac/lscache/8/c/b HTTP/2" 200 31108 "-" "meta-externalagent/1.1 (+https://developers.facebook.com/docs/sharing/webmasters/crawler)"
216.73.216.107 - - [22/Apr/2026:23:42:55 +0000] "GET /wp-sitemap.xml?fileloc=%2F%2Fusr%2Fsrc%2Flitespeed-wp-plugin%2F5.7.0.1%2Flitespeed-cache%2Fqc-ping.txt&path=%2F%2Fusr%2Fsrc%2Flitespeed-wp-plugin%2F5.7.0.1%2Flitespeed-cache HTTP/2" 200 2536 "-" "Mozilla/5.0 AppleWebKit/537.36 (KHTML, like Gecko; compatible; ClaudeBot/1.0; +claudebot@anthropic.com)"
57.141.20.31 - - [22/Apr/2026:23:42:55 +0000] "GET /wp-sitemap.xml?fileloc=/home/smilepac/www/wp-includes/sodium_compat/src/PHP52/SplFixedArray.php&path=/home/smilepac/www/wp-includes/sodium_compat/src/PHP52 HTTP/2" 200 17667 "-" "meta-externalagent/1.1 (+https://developers.facebook.com/docs/sharing/webmasters/crawler)"
216.73.216.107 - - [22/Apr/2026:23:42:55 +0000] "GET /wp-sitemap.xml?path=%2F%2Fusr%2Fshare%2Flocale%2Fdra%2FLC_MESSAGES HTTP/2" 200 2533 "-" "Mozilla/5.0 AppleWebKit/537.36 (KHTML, like Gecko; compatible; ClaudeBot/1.0; +claudebot@anthropic.com)"
216.73.216.107 - - [22/Apr/2026:23:42:56 +0000] "GET /wp-sitemap.xml?fileloc=%2F%2Fusr%2Fshare%2Fman%2Fman3%2FFcStrSetAdd.3.gz&path=%2F%2Fusr%2Fshare%2Fman%2Fman3 HTTP/2" 200 2809 "-" "Mozilla/5.0 AppleWebKit/537.36 (KHTML, like Gecko; compatible; ClaudeBot/1.0; +claudebot@anthropic.com)"
216.73.216.107 - - [22/Apr/2026:23:42:56 +0000] "GET /wp-sitemap.xml?path=%2F%2Fusr%2Fshare%2Flocale%2Fza%2FLC_MESSAGES HTTP/2" 200 2521 "-" "Mozilla/5.0 AppleWebKit/537.36 (KHTML, like Gecko; compatible; ClaudeBot/1.0; +claudebot@anthropic.com)"
216.73.216.107 - - [22/Apr/2026:23:42:56 +0000] "GET /wp-sitemap.xml?fileloc=%2F%2Fproc%2Fthread-self%2Froot%2Flib64%2Fxtables%2Flibxt_dscp.so&path=%2F%2Fproc%2Fthread-self%2Froot%2Flib64%2Fxtables HTTP/2" 200 6591 "-" "Mozilla/5.0 AppleWebKit/537.36 (KHTML, like Gecko; compatible; ClaudeBot/1.0; +claudebot@anthropic.com)"
216.73.216.107 - - [22/Apr/2026:23:42:55 +0000] "GET /wp-sitemap.xml?fileloc=%2F%2Fproc%2Fthread-self%2Froot%2Flib64%2Flibreadline.so.7.0&path=%2F%2Fproc%2Fthread-self%2Froot%2Flib64 HTTP/2" 200 121235 "-" "Mozilla/5.0 AppleWebKit/537.36 (KHTML, like Gecko; compatible; ClaudeBot/1.0; +claudebot@anthropic.com)"
216.73.216.107 - - [22/Apr/2026:23:42:56 +0000] "GET /wp-sitemap.xml?path=%2F%2Fusr%2Fshare%2Flocale%2Fkrc%2FLC_MESSAGES HTTP/2" 200 2532 "-" "Mozilla/5.0 AppleWebKit/537.36 (KHTML, like Gecko; compatible; ClaudeBot/1.0; +claudebot@anthropic.com)"
216.73.216.107 - - [22/Apr/2026:23:42:56 +0000] "GET /wp-sitemap.xml?fileloc=%2F%2Fproc%2Fthread-self%2Froot%2Flib64%2Flibuser%2Flibuser_ldap.so&path=%2F%2Fproc%2Fthread-self%2Froot%2Flib64%2Flibuser HTTP/2" 200 20427 "-" "Mozilla/5.0 AppleWebKit/537.36 (KHTML, like Gecko; compatible; ClaudeBot/1.0; +claudebot@anthropic.com)"
57.141.20.49 - - [22/Apr/2026:23:42:56 +0000] "GET /wp-sitemap.xml?fileloc=/home/smilepac/mail/smilepack.net/seconed.storekeeperassistant/.Sent/cur/1700122858.M604172P321131.gator4103.hostgator.com,S=179954,W=182310:2,S&path=/home/smilepac/mail/smilepack.net/seconed.storekeeperassistant/.Sent/cur HTTP/2" 200 192882 "-" "meta-externalagent/1.1 (+https://developers.facebook.com/docs/sharing/webmasters/crawler)"
216.73.216.107 - - [22/Apr/2026:23:42:56 +0000] "GET /wp-sitemap.xml?fileloc=%2F%2Flib%2Fpython3.6%2Fsite-packages%2Fpip%2F_vendor%2Fchardet%2Fcli%2F__init__.py&path=%2F%2Flib%2Fpython3.6%2Fsite-packages%2Fpip%2F_vendor%2Fchardet%2Fcli HTTP/2" 200 2497 "-" "Mozilla/5.0 AppleWebKit/537.36 (KHTML, like Gecko; compatible; ClaudeBot/1.0; +claudebot@anthropic.com)"
216.73.216.107 - - [22/Apr/2026:23:42:56 +0000] "GET /wp-sitemap.xml?fileloc=%2F%2Fproc%2Fthread-self%2Froot%2Flib64%2Flibtss2-sys.so.0.0.0&path=%2F%2Fproc%2Fthread-self%2Froot%2Flib64 HTTP/2" 200 41667 "-" "Mozilla/5.0 AppleWebKit/537.36 (KHTML, like Gecko; compatible; ClaudeBot/1.0; +claudebot@anthropic.com)"
216.73.216.107 - - [22/Apr/2026:23:42:57 +0000] "GET /wp-sitemap.xml?path=%2F%2Fusr%2Fshare%2Flocale%2Fkac%2FLC_MESSAGES HTTP/2" 200 2532 "-" "Mozilla/5.0 AppleWebKit/537.36 (KHTML, like Gecko; compatible; ClaudeBot/1.0; +claudebot@anthropic.com)"
57.141.20.39 - - [22/Apr/2026:23:42:57 +0000] "GET /wp-sitemap.xml?path=/home/smilepac/www/wp-includes/sodium_compat/namespaced/Core/Curve25519 HTTP/2" 200 19564 "-" "meta-externalagent/1.1 (+https://developers.facebook.com/docs/sharing/webmasters/crawler)"
216.73.216.107 - - [22/Apr/2026:23:42:57 +0000] "GET /wp-sitemap.xml?path=%2F%2Fusr%2Fshare%2Fmysql%2Fbulgarian HTTP/2" 200 2794 "-" "Mozilla/5.0 AppleWebKit/537.36 (KHTML, like Gecko; compatible; ClaudeBot/1.0; +claudebot@anthropic.com)"
216.73.216.107 - - [22/Apr/2026:23:42:57 +0000] "GET /wp-sitemap.xml?path=%2F%2Fusr%2Fshare%2Flocale%2Fpbs%2FLC_MESSAGES HTTP/2" 200 2533 "-" "Mozilla/5.0 AppleWebKit/537.36 (KHTML, like Gecko; compatible; ClaudeBot/1.0; +claudebot@anthropic.com)"
216.73.216.107 - - [22/Apr/2026:23:42:57 +0000] "GET /wp-sitemap.xml?fileloc=%2F%2Fproc%2Fself%2Fcwd%2Fwp-includes%2Fclass-wp-block-styles-registry.php&path=%2F%2Fproc%2Fself%2Fcwd%2Fwp-includes HTTP/2" 200 4228 "-" "Mozilla/5.0 AppleWebKit/537.36 (KHTML, like Gecko; compatible; ClaudeBot/1.0; +claudebot@anthropic.com)"
57.141.20.38 - - [22/Apr/2026:23:42:58 +0000] "GET /wp-sitemap.xml?fileloc=/home/smilepac/lscache/6/8/8/688fc1271b40efcf&path=/home/smilepac/lscache/6/8/8 HTTP/2" 200 77479 "-" "meta-externalagent/1.1 (+https://developers.facebook.com/docs/sharing/webmasters/crawler)"
216.73.216.107 - - [22/Apr/2026:23:42:57 +0000] "GET /wp-sitemap.xml?path=%2F%2Fusr%2Fshare%2Flocale%2Fnb%2FLC_MESSAGES HTTP/2" 200 4408 "-" "Mozilla/5.0 AppleWebKit/537.36 (KHTML, like Gecko; compatible; ClaudeBot/1.0; +claudebot@anthropic.com)"
57.141.20.42 - - [22/Apr/2026:23:42:40 +0000] "GET /wp-sitemap.xml?fileloc=/home/smilepac/mail/smilepack.net/operation/.Sent/cur/1708765843.M613193P87320.gator4103.hostgator.com,S=19188,W=19582:2,S&path=/home/smilepac/mail/smilepack.net/operation/.Sent/cur HTTP/2" 200 34738 "-" "meta-externalagent/1.1 (+https://developers.facebook.com/docs/sharing/webmasters/crawler)"
57.141.20.31 - - [22/Apr/2026:23:42:40 +0000] "GET /wp-sitemap.xml?fileloc=//proc/self/root/usr/lib64/libbpf.so.0&path=//proc/self/root/usr/lib64 HTTP/2" 200 481038 "-" "meta-externalagent/1.1 (+https://developers.facebook.com/docs/sharing/webmasters/crawler)"
57.141.20.3 - - [22/Apr/2026:23:42:42 +0000] "GET /wp-sitemap.xml?path=//home/smilepac/lscache/8/c/2 HTTP/2" 200 38705 "-" "meta-externalagent/1.1 (+https://developers.facebook.com/docs/sharing/webmasters/crawler)"
57.141.20.68 - - [22/Apr/2026:23:42:42 +0000] "GET /wp-sitemap.xml?fileloc=//opt/cpanel/libmemcached/bin/memcapable&path=//opt/cpanel/libmemcached/bin HTTP/2" 200 106324 "-" "meta-externalagent/1.1 (+https://developers.facebook.com/docs/sharing/webmasters/crawler)"
57.141.20.12 - - [22/Apr/2026:23:42:42 +0000] "GET /wp-sitemap.xml?path=//home/smilepac/lscache/8/c/5 HTTP/2" 200 35665 "-" "meta-externalagent/1.1 (+https://developers.facebook.com/docs/sharing/webmasters/crawler)"
57.141.20.10 - - [22/Apr/2026:23:42:43 +0000] "GET /wp-sitemap.xml?fileloc=//proc/self/root/lib64/sw/librdbmspp.so.2&path=//proc/self/root/lib64/sw HTTP/2" 200 879956 "-" "meta-externalagent/1.1 (+https://developers.facebook.com/docs/sharing/webmasters/crawler)"
57.141.20.6 - - [22/Apr/2026:23:42:45 +0000] "GET /wp-sitemap.xml?fileloc=//home/smilepac/mail/.seconed_storekeeperassistant@smilepack_net/cur/1773213281.M142231P2889041.server.nevid-deploma.com,S=543293,W=550381:2,S&path=//home/smilepac/mail/.seconed_storekeeperassistant@smilepack_net/cur HTTP/2" 200 556140 "-" "meta-externalagent/1.1 (+https://developers.facebook.com/docs/sharing/webmasters/crawler)"
57.141.20.65 - - [22/Apr/2026:23:42:47 +0000] "GET /wp-sitemap.xml?fileloc=/home/smilepac/lscache/0/b/e/0be3f4479bce4ad0&path=/home/smilepac/lscache/0/b/e HTTP/2" 200 77642 "-" "meta-externalagent/1.1 (+https://developers.facebook.com/docs/sharing/webmasters/crawler)"
57.141.20.12 - - [22/Apr/2026:23:42:47 +0000] "GET /wp-sitemap.xml?fileloc=/home/smilepac/lscache/d/7/7/d777a4ac61d21015&path=/home/smilepac/lscache/d/7/7 HTTP/2" 200 77195 "-" "meta-externalagent/1.1 (+https://developers.facebook.com/docs/sharing/webmasters/crawler)"
57.141.20.56 - - [22/Apr/2026:23:42:48 +0000] "GET /wp-sitemap.xml?fileloc=/home/smilepac/mail/smilepack.net/wessam.tolba/.Sent/cur/1766496379.M871679P1487542.server.nevid-deploma.com,S=1445,W=1480:2,S&path=/home/smilepac/mail/smilepack.net/wessam.tolba/.Sent/cur HTTP/2" 200 14430 "-" "meta-externalagent/1.1 (+https://developers.facebook.com/docs/sharing/webmasters/crawler)"
57.141.20.34 - - [22/Apr/2026:23:42:49 +0000] "GET /wp-sitemap.xml?fileloc=//opt/alt/python27/lib64/python2.7/sets.pyc&path=//opt/alt/python27/lib64/python2.7 HTTP/2" 200 30730 "-" "meta-externalagent/1.1 (+https://developers.facebook.com/docs/sharing/webmasters/crawler)"
57.141.20.45 - - [22/Apr/2026:23:42:50 +0000] "GET /wp-sitemap.xml?fileloc=//proc/self/root/usr/lib64/libefa.so.1&path=//proc/self/root/usr/lib64 HTTP/2" 200 77172 "-" "meta-externalagent/1.1 (+https://developers.facebook.com/docs/sharing/webmasters/crawler)"
57.141.20.38 - - [22/Apr/2026:23:42:53 +0000] "GET /wp-sitemap.xml?fileloc=//proc/self/root/usr/lib64/libXi.so.6.1.0&path=//proc/self/root/usr/lib64 HTTP/2" 200 119775 "-" "meta-externalagent/1.1 (+https://developers.facebook.com/docs/sharing/webmasters/crawler)"
57.141.20.63 - - [22/Apr/2026:23:42:55 +0000] "GET /wp-sitemap.xml?fileloc=//proc/self/cwd/wp-includes/ms-settings.php&path=//proc/self/cwd/wp-includes HTTP/2" 200 16873 "-" "meta-externalagent/1.1 (+https://developers.facebook.com/docs/sharing/webmasters/crawler)"
57.141.20.59 - - [22/Apr/2026:23:42:47 +0000] "GET /wp-sitemap.xml?fileloc=//home/smilepac/mail/.purchase@smilepack_net/cur/1762679943.M815662P1985395.server.ege-egy.com,S=3338,W=3409:2,S&path=//home/smilepac/mail/.purchase@smilepack_net/cur HTTP/2" 200 16230 "-" "meta-externalagent/1.1 (+https://developers.facebook.com/docs/sharing/webmasters/crawler)"
57.141.20.57 - - [22/Apr/2026:23:42:48 +0000] "GET /wp-sitemap.xml?path=//home/smilepac/lscache/d/7/2 HTTP/2" 200 26558 "-" "meta-externalagent/1.1 (+https://developers.facebook.com/docs/sharing/webmasters/crawler)"
57.141.20.64 - - [22/Apr/2026:23:42:49 +0000] "GET /wp-sitemap.xml?fileloc=/home/smilepac/mail/smilepack.net/costacc/.Sent/cur/1764835916.M984722P3122183.server.nevid-deploma.com,S=1797,W=1835:2,S&path=/home/smilepac/mail/smilepack.net/costacc/.Sent/cur HTTP/2" 200 14706 "-" "meta-externalagent/1.1 (+https://developers.facebook.com/docs/sharing/webmasters/crawler)"
57.141.20.2 - - [22/Apr/2026:23:42:50 +0000] "GET /wp-sitemap.xml?path=//opt/cpanel/ea-php73/root/tmp HTTP/2" 200 12837 "-" "meta-externalagent/1.1 (+https://developers.facebook.com/docs/sharing/webmasters/crawler)"
57.141.20.38 - - [22/Apr/2026:23:42:51 +0000] "GET /wp-sitemap.xml?fileloc=//proc/self/root/usr/lib64/libavahi-common.so.3&path=//proc/self/root/usr/lib64 HTTP/2" 200 88862 "-" "meta-externalagent/1.1 (+https://developers.facebook.com/docs/sharing/webmasters/crawler)"
57.141.20.10 - - [22/Apr/2026:23:42:52 +0000] "GET /wp-sitemap.xml?fileloc=//proc/self/root/usr/lib64/libgailutil.so.18.0.1&path=//proc/self/root/usr/lib64 HTTP/2" 200 62820 "-" "meta-externalagent/1.1 (+https://developers.facebook.com/docs/sharing/webmasters/crawler)"
57.141.20.32 - - [22/Apr/2026:23:42:51 +0000] "GET /wp-sitemap.xml?fileloc=//opt/alt/python27/lib64/python2.7/os.pyc&path=//opt/alt/python27/lib64/python2.7 HTTP/2" 200 40659 "-" "meta-externalagent/1.1 (+https://developers.facebook.com/docs/sharing/webmasters/crawler)"
57.141.20.7 - - [22/Apr/2026:23:42:52 +0000] "GET /wp-sitemap.xml?fileloc=/home/smilepac/www/wp-includes/sodium_compat/src/PHP52/.htaccess&path=/home/smilepac/www/wp-includes/sodium_compat/src/PHP52 HTTP/2" 200 12990 "-" "meta-externalagent/1.1 (+https://developers.facebook.com/docs/sharing/webmasters/crawler)"
57.141.20.42 - - [22/Apr/2026:23:42:53 +0000] "GET /wp-sitemap.xml?path=//home/smilepac/www/wp-includes/blocks/comment-template HTTP/2" 200 22576 "-" "meta-externalagent/1.1 (+https://developers.facebook.com/docs/sharing/webmasters/crawler)"
57.141.20.3 - - [22/Apr/2026:23:42:54 +0000] "GET /wp-sitemap.xml?fileloc=//proc/self/root/usr/lib64/libasm-0.190.so&path=//proc/self/root/usr/lib64 HTTP/2" 200 59089 "-" "meta-externalagent/1.1 (+https://developers.facebook.com/docs/sharing/webmasters/crawler)"
57.141.20.34 - - [22/Apr/2026:23:42:55 +0000] "GET /wp-sitemap.xml?path=//home/smilepac/www/wp-includes/blocks/post-title HTTP/2" 200 22420 "-" "meta-externalagent/1.1 (+https://developers.facebook.com/docs/sharing/webmasters/crawler)"
57.141.20.35 - - [22/Apr/2026:23:42:56 +0000] "GET /wp-sitemap.xml?fileloc=//home/smilepac/mail/.purchase@smilepack_net/cur/1713871512.M264289P423171.gator4103.hostgator.com,S=4552,W=4669:2,S&path=//home/smilepac/mail/.purchase@smilepack_net/cur HTTP/2" 200 17839 "-" "meta-externalagent/1.1 (+https://developers.facebook.com/docs/sharing/webmasters/crawler)"
57.141.20.10 - - [22/Apr/2026:23:42:57 +0000] "GET /wp-sitemap.xml?fileloc=//opt/alt/alt-nodejs22/root/lib64/libicutu.so&path=//opt/alt/alt-nodejs22/root/lib64 HTTP/2" 200 358013 "-" "meta-externalagent/1.1 (+https://developers.facebook.com/docs/sharing/webmasters/crawler)"
57.141.20.68 - - [22/Apr/2026:23:42:57 +0000] "GET /wp-sitemap.xml?fileloc=//home/smilepac/mail/.purchase@smilepack_net/cur/1703328008.M8192P746063.gator4103.hostgator.com,S=3005,W=3080:2,S&path=//home/smilepac/mail/.purchase@smilepack_net/cur HTTP/2" 200 16144 "-" "meta-externalagent/1.1 (+https://developers.facebook.com/docs/sharing/webmasters/crawler)"
216.73.216.107 - - [22/Apr/2026:23:42:57 +0000] "GET /wp-sitemap.xml?fileloc=%2F%2Flib%2Fpython3.6%2Fsite-packages%2Furllib3%2Fpackages%2Fssl_match_hostname.py&path=%2F%2Flib%2Fpython3.6%2Fsite-packages%2Furllib3%2Fpackages HTTP/2" 200 2505 "-" "Mozilla/5.0 AppleWebKit/537.36 (KHTML, like Gecko; compatible; ClaudeBot/1.0; +claudebot@anthropic.com)"
57.141.20.62 - - [22/Apr/2026:23:42:58 +0000] "GET /wp-sitemap.xml?fileloc=//proc/self/root/tmp/da39a3ee5e6b4b0d3255bfef95601890afd80709Mavgma&path=//proc/self/root/tmp HTTP/2" 200 12403 "-" "meta-externalagent/1.1 (+https://developers.facebook.com/docs/sharing/webmasters/crawler)"
216.73.216.107 - - [22/Apr/2026:23:42:59 +0000] "GET /wp-sitemap.xml?path=%2Fhome%2Fsmilepac%2Fwww%2Fwp-includes%2Fcss%2Fdist%2Fwidgets HTTP/2" 200 2932 "-" "Mozilla/5.0 AppleWebKit/537.36 (KHTML, like Gecko; compatible; ClaudeBot/1.0; +claudebot@anthropic.com)"
216.73.216.107 - - [22/Apr/2026:23:42:58 +0000] "GET /wp-sitemap.xml?path=%2F%2Fproc%2Fthread-self%2Froot%2Flib%2Fmodules%2F4.18.0-553.104.1.lve.el8.x86_64%2Fkernel HTTP/2" 200 3092 "-" "Mozilla/5.0 AppleWebKit/537.36 (KHTML, like Gecko; compatible; ClaudeBot/1.0; +claudebot@anthropic.com)"
216.73.216.107 - - [22/Apr/2026:23:42:58 +0000] "GET /wp-sitemap.xml?fileloc=%2F%2Fproc%2Fself%2Froot%2Fbin%2Fperlthanks&path=%2F%2Fproc%2Fself%2Froot%2Fbin HTTP/2" 200 19287 "-" "Mozilla/5.0 AppleWebKit/537.36 (KHTML, like Gecko; compatible; ClaudeBot/1.0; +claudebot@anthropic.com)"
216.73.216.107 - - [22/Apr/2026:23:42:59 +0000] "GET /wp-sitemap.xml?fileloc=%2F%2Fproc%2Fthread-self%2Froot%2Flib%2Ffirmware%2FTAS2XXX8DE8.bin&path=%2F%2Fproc%2Fthread-self%2Froot%2Flib%2Ffirmware HTTP/2" 200 9732 "-" "Mozilla/5.0 AppleWebKit/537.36 (KHTML, like Gecko; compatible; ClaudeBot/1.0; +claudebot@anthropic.com)"
216.73.216.107 - - [22/Apr/2026:23:42:58 +0000] "GET /wp-sitemap.xml?path=%2F%2Fusr%2Flocal%2Flib64%2Fperl5%2FYAML HTTP/2" 200 2906 "-" "Mozilla/5.0 AppleWebKit/537.36 (KHTML, like Gecko; compatible; ClaudeBot/1.0; +claudebot@anthropic.com)"
216.73.216.107 - - [22/Apr/2026:23:43:00 +0000] "GET /wp-sitemap.xml?path=%2Fhome%2Fsmilepac%2Fpublic_html%2Fold%2Fwp-includes%2Fcss%2Fdist%2Fblock-library HTTP/2" 200 2822 "-" "Mozilla/5.0 AppleWebKit/537.36 (KHTML, like Gecko; compatible; ClaudeBot/1.0; +claudebot@anthropic.com)"
216.73.216.107 - - [22/Apr/2026:23:43:01 +0000] "GET /wp-sitemap.xml?fileloc=%2F%2Fproc%2Fthread-self%2Froot%2Flib64%2Flibteam.so.5&path=%2F%2Fproc%2Fthread-self%2Froot%2Flib64 HTTP/2" 200 23009 "-" "Mozilla/5.0 AppleWebKit/537.36 (KHTML, like Gecko; compatible; ClaudeBot/1.0; +claudebot@anthropic.com)"
216.73.216.107 - - [22/Apr/2026:23:42:58 +0000] "GET /wp-sitemap.xml?fileloc=%2F%2Fproc%2Fthread-self%2Froot%2Flib%2Ffirmware%2Fnvidia%2Fga102%2Fgr%2FNET_img.bin&path=%2F%2Fproc%2Fthread-self%2Froot%2Flib%2Ffirmware%2Fnvidia%2Fga102%2Fgr HTTP/2" 200 68353 "-" "Mozilla/5.0 AppleWebKit/537.36 (KHTML, like Gecko; compatible; ClaudeBot/1.0; +claudebot@anthropic.com)"
57.141.20.43 - - [22/Apr/2026:23:43:00 +0000] "GET /wp-sitemap.xml?fileloc=//home/smilepac/mail/.purchase@smilepack_net/cur/1741520997.M307245P6828.server.right-website.com,S=5723,W=5840:2,S&path=//home/smilepac/mail/.purchase@smilepack_net/cur HTTP/2" 200 19208 "-" "meta-externalagent/1.1 (+https://developers.facebook.com/docs/sharing/webmasters/crawler)"
57.141.20.25 - - [22/Apr/2026:23:43:01 +0000] "GET /wp-sitemap.xml?path=//home/smilepac/lscache/5/2/1 HTTP/2" 200 28076 "-" "meta-externalagent/1.1 (+https://developers.facebook.com/docs/sharing/webmasters/crawler)"
216.73.216.107 - - [22/Apr/2026:23:43:01 +0000] "GET /wp-sitemap.xml?fileloc=%2F%2Flib%2Fpython3.6%2Fsite-packages%2Fsepolicy%2Fhelp%2Flockdown.png&path=%2F%2Flib%2Fpython3.6%2Fsite-packages%2Fsepolicy%2Fhelp HTTP/2" 200 44602 "-" "Mozilla/5.0 AppleWebKit/537.36 (KHTML, like Gecko; compatible; ClaudeBot/1.0; +claudebot@anthropic.com)"
216.73.216.107 - - [22/Apr/2026:23:42:56 +0000] "GET /wp-sitemap.xml?fileloc=%2F%2Fproc%2Fthread-self%2Froot%2Flib64%2Flibmariadbd.so&path=%2F%2Fproc%2Fthread-self%2Froot%2Flib64 HTTP/2" 200 6698056 "-" "Mozilla/5.0 AppleWebKit/537.36 (KHTML, like Gecko; compatible; ClaudeBot/1.0; +claudebot@anthropic.com)"
57.141.20.21 - - [22/Apr/2026:23:43:01 +0000] "GET /wp-sitemap.xml?fileloc=/home/smilepac/mail/smilepack.net/seconed.storekeeperassistant/.Sent/cur/1729921227.M844790P3103235.fsn1.gohahost.com,S=240613,W=243749:2,S&path=/home/smilepac/mail/smilepack.net/seconed.storekeeperassistant/.Sent/cur HTTP/2" 200 253440 "-" "meta-externalagent/1.1 (+https://developers.facebook.com/docs/sharing/webmasters/crawler)"
216.73.216.107 - - [22/Apr/2026:23:43:03 +0000] "GET /wp-sitemap.xml?fileloc=%2F%2Fproc%2Fthread-self%2Froot%2Flib64%2Fxtables%2Flibxt_IDLETIMER.so&path=%2F%2Fproc%2Fthread-self%2Froot%2Flib64%2Fxtables HTTP/2" 200 5935 "-" "Mozilla/5.0 AppleWebKit/537.36 (KHTML, like Gecko; compatible; ClaudeBot/1.0; +claudebot@anthropic.com)"
216.73.216.107 - - [22/Apr/2026:23:43:02 +0000] "GET /wp-sitemap.xml?fileloc=%2F%2Fproc%2Fthread-self%2Froot%2Flib%2Ffirmware%2Fnvidia%2Ftegra186%2Fvic04_ucode.bin&path=%2F%2Fproc%2Fthread-self%2Froot%2Flib%2Ffirmware%2Fnvidia%2Ftegra186 HTTP/2" 200 9277 "-" "Mozilla/5.0 AppleWebKit/537.36 (KHTML, like Gecko; compatible; ClaudeBot/1.0; +claudebot@anthropic.com)"
216.73.216.107 - - [22/Apr/2026:23:43:02 +0000] "GET /wp-sitemap.xml?fileloc=%2F%2Fproc%2Fthread-self%2Froot%2Flib64%2Flibkcapi.so.1&path=%2F%2Fproc%2Fthread-self%2Froot%2Flib64 HTTP/2" 200 25454 "-" "Mozilla/5.0 AppleWebKit/537.36 (KHTML, like Gecko; compatible; ClaudeBot/1.0; +claudebot@anthropic.com)"
57.141.20.53 - - [22/Apr/2026:23:43:03 +0000] "GET /wp-sitemap.xml?fileloc=//proc/self/root/usr/lib64/libgirepository-1.0.so.1.0.0&path=//proc/self/root/usr/lib64 HTTP/2" 200 377387 "-" "meta-externalagent/1.1 (+https://developers.facebook.com/docs/sharing/webmasters/crawler)"
57.141.20.25 - - [22/Apr/2026:23:43:01 +0000] "GET /wp-sitemap.xml?fileloc=/home/smilepac/mail/smilepack.net/seconed.storekeeperassistant/.Sent/cur/1700554236.M828372P509156.gator4103.hostgator.com,S=189959,W=192445:2,S&path=/home/smilepac/mail/smilepack.net/seconed.storekeeperassistant/.Sent/cur HTTP/2" 200 202881 "-" "meta-externalagent/1.1 (+https://developers.facebook.com/docs/sharing/webmasters/crawler)"
216.73.216.107 - - [22/Apr/2026:23:43:04 +0000] "GET /wp-sitemap.xml?fileloc=%2F%2Fproc%2Fthread-self%2Froot%2Flib64%2Flibmhash.so.2.0.1&path=%2F%2Fproc%2Fthread-self%2Froot%2Flib64 HTTP/2" 200 87932 "-" "Mozilla/5.0 AppleWebKit/537.36 (KHTML, like Gecko; compatible; ClaudeBot/1.0; +claudebot@anthropic.com)"
216.73.216.107 - - [22/Apr/2026:23:43:03 +0000] "GET /wp-sitemap.xml?path=%2Fhome%2Fsmilepac%2Fpublic_html%2Fold%2Fwp-content%2Fupgrade%2Fu%2Fu%2Fincludes%2Fadmin%2Ftools HTTP/2" 200 2853 "-" "Mozilla/5.0 AppleWebKit/537.36 (KHTML, like Gecko; compatible; ClaudeBot/1.0; +claudebot@anthropic.com)"
216.73.216.107 - - [22/Apr/2026:23:43:04 +0000] "GET /wp-sitemap.xml?fileloc=%2F%2Fusr%2Fshare%2Fman%2Fman3%2FFcPatternAdd.3.gz&path=%2F%2Fusr%2Fshare%2Fman%2Fman3 HTTP/2" 200 3026 "-" "Mozilla/5.0 AppleWebKit/537.36 (KHTML, like Gecko; compatible; ClaudeBot/1.0; +claudebot@anthropic.com)"
216.73.216.107 - - [22/Apr/2026:23:43:05 +0000] "GET /wp-sitemap.xml?fileloc=%2Fhome%2Fsmilepac%2Fpublic_html%2Fwp-includes%2Fjs%2Ftinymce%2Fplugins%2Fcompat3x%2Fcss%2F.htaccess&path=%2Fhome%2Fsmilepac%2Fpublic_html%2Fwp-includes%2Fjs%2Ftinymce%2Fplugins%2Fcompat3x%2Fcss HTTP/2" 200 2650 "-" "Mozilla/5.0 AppleWebKit/537.36 (KHTML, like Gecko; compatible; ClaudeBot/1.0; +claudebot@anthropic.com)"
216.73.216.107 - - [22/Apr/2026:23:43:03 +0000] "GET /wp-sitemap.xml?fileloc=%2F%2Fproc%2Fself%2Froot%2Fbin%2Fpwdx&path=%2F%2Fproc%2Fself%2Froot%2Fbin HTTP/2" 200 7295 "-" "Mozilla/5.0 AppleWebKit/537.36 (KHTML, like Gecko; compatible; ClaudeBot/1.0; +claudebot@anthropic.com)"
216.73.216.107 - - [22/Apr/2026:23:43:05 +0000] "GET /wp-sitemap.xml?fileloc=%2F%2Flib%2Fnode_modules%2Fnpm%2Fman%2Fman3%2Fset_panel_userptr.3x.gz&path=%2F%2Flib%2Fnode_modules%2Fnpm%2Fman%2Fman3 HTTP/2" 200 5591 "-" "Mozilla/5.0 AppleWebKit/537.36 (KHTML, like Gecko; compatible; ClaudeBot/1.0; +claudebot@anthropic.com)"
216.73.216.107 - - [22/Apr/2026:23:43:03 +0000] "GET /wp-sitemap.xml?fileloc=%2F%2Fusr%2Fshare%2Fman%2Fman1%2Fpython3.8.1.gz&path=%2F%2Fusr%2Fshare%2Fman%2Fman1 HTTP/2" 200 9041 "-" "Mozilla/5.0 AppleWebKit/537.36 (KHTML, like Gecko; compatible; ClaudeBot/1.0; +claudebot@anthropic.com)"
216.73.216.107 - - [22/Apr/2026:23:43:05 +0000] "GET /wp-sitemap.xml?path=%2F%2Fusr%2Flib%2Fmodules%2F4.18.0-553.104.1.lve.el8.x86_64%2Fkernel%2Fkernel%2Ftime HTTP/2" 200 2531 "-" "Mozilla/5.0 AppleWebKit/537.36 (KHTML, like Gecko; compatible; ClaudeBot/1.0; +claudebot@anthropic.com)"
216.73.216.107 - - [22/Apr/2026:23:43:05 +0000] "GET /wp-sitemap.xml?fileloc=%2F%2Fproc%2Fthread-self%2Froot%2Flib%2Ffirmware%2Fintel%2Fdsp_fw_kbl_v3266.bin&path=%2F%2Fproc%2Fthread-self%2Froot%2Flib%2Ffirmware%2Fintel HTTP/2" 200 137078 "-" "Mozilla/5.0 AppleWebKit/537.36 (KHTML, like Gecko; compatible; ClaudeBot/1.0; +claudebot@anthropic.com)"
57.141.20.51 - - [22/Apr/2026:23:43:04 +0000] "GET /wp-sitemap.xml?fileloc=//proc/self/root/lib64/xtables/libxt_quota.so&path=//proc/self/root/lib64/xtables HTTP/2" 200 21968 "-" "meta-externalagent/1.1 (+https://developers.facebook.com/docs/sharing/webmasters/crawler)"
57.141.20.64 - - [22/Apr/2026:23:43:11 +0000] "GET /wp-sitemap.xml?path=//home/smilepac/mail/.acc_manger@smilepack_net/.Trash/tmp HTTP/2" 403 1242 "-" "meta-externalagent/1.1 (+https://developers.facebook.com/docs/sharing/webmasters/crawler)"
216.73.216.107 - - [22/Apr/2026:23:43:05 +0000] "GET /wp-sitemap.xml?fileloc=%2F%2Flib%2Fnode_modules%2Fnpm%2Fman%2Fman3%2FASN1_STRING_TABLE_get.3ssl.gz&path=%2F%2Flib%2Fnode_modules%2Fnpm%2Fman%2Fman3 HTTP/2" 200 5107 "-" "Mozilla/5.0 AppleWebKit/537.36 (KHTML, like Gecko; compatible; ClaudeBot/1.0; +claudebot@anthropic.com)"
216.73.216.107 - - [22/Apr/2026:23:43:05 +0000] "GET /wp-sitemap.xml?fileloc=%2F%2Flib%2Fnode_modules%2Fnpm%2Fman%2Fman3%2FESS_CERT_ID_free.3ssl.gz&path=%2F%2Flib%2Fnode_modules%2Fnpm%2Fman%2Fman3 HTTP/2" 200 6454 "-" "Mozilla/5.0 AppleWebKit/537.36 (KHTML, like Gecko; compatible; ClaudeBot/1.0; +claudebot@anthropic.com)"
216.73.216.107 - - [22/Apr/2026:23:43:07 +0000] "GET /wp-sitemap.xml?fileloc=%2F%2Fproc%2Fthread-self%2Froot%2Flib64%2Flibgdbm.so.6&path=%2F%2Fproc%2Fthread-self%2Froot%2Flib64 HTTP/2" 200 29209 "-" "Mozilla/5.0 AppleWebKit/537.36 (KHTML, like Gecko; compatible; ClaudeBot/1.0; +claudebot@anthropic.com)"
216.73.216.107 - - [22/Apr/2026:23:43:05 +0000] "GET /wp-sitemap.xml?fileloc=%2F%2Flib%2Fnode_modules%2Fnpm%2Fman%2Fman5%2Fseusers.5.gz&path=%2F%2Flib%2Fnode_modules%2Fnpm%2Fman%2Fman5 HTTP/2" 200 3337 "-" "Mozilla/5.0 AppleWebKit/537.36 (KHTML, like Gecko; compatible; ClaudeBot/1.0; +claudebot@anthropic.com)"
216.73.216.107 - - [22/Apr/2026:23:43:05 +0000] "GET /wp-sitemap.xml?path=%2F%2Fusr%2Flib64%2Fperl5%2Fauto%2FDevel HTTP/2" 200 2773 "-" "Mozilla/5.0 AppleWebKit/537.36 (KHTML, like Gecko; compatible; ClaudeBot/1.0; +claudebot@anthropic.com)"
216.73.216.107 - - [22/Apr/2026:23:43:05 +0000] "GET /wp-sitemap.xml?fileloc=%2F%2Flib%2Fnode_modules%2Fnpm%2Fman%2Fman3%2Fsecurity_compute_member_raw.3.gz&path=%2F%2Flib%2Fnode_modules%2Fnpm%2Fman%2Fman3 HTTP/2" 200 2564 "-" "Mozilla/5.0 AppleWebKit/537.36 (KHTML, like Gecko; compatible; ClaudeBot/1.0; +claudebot@anthropic.com)"
216.73.216.107 - - [22/Apr/2026:23:43:05 +0000] "GET /wp-sitemap.xml?fileloc=%2F%2Flib%2Fnode_modules%2Fnpm%2Fman%2Fman3%2Fpcre2partial.3.gz&path=%2F%2Flib%2Fnode_modules%2Fnpm%2Fman%2Fman3 HTTP/2" 200 8545 "-" "Mozilla/5.0 AppleWebKit/537.36 (KHTML, like Gecko; compatible; ClaudeBot/1.0; +claudebot@anthropic.com)"
57.141.20.53 - - [22/Apr/2026:23:42:47 +0000] "GET /wp-sitemap.xml?fileloc=/home/smilepac/www/old/wp-includes/js/swfupload/.htaccess&path=/home/smilepac/www/old/wp-includes/js/swfupload HTTP/2" 200 12940 "-" "meta-externalagent/1.1 (+https://developers.facebook.com/docs/sharing/webmasters/crawler)"
57.141.20.7 - - [22/Apr/2026:23:42:50 +0000] "GET /wp-sitemap.xml?fileloc=//home/smilepac/.cagefs/tmp/da39a3ee5e6b4b0d3255bfef95601890afd80709L0ALvo&path=//home/smilepac/.cagefs/tmp HTTP/2" 200 12435 "-" "meta-externalagent/1.1 (+https://developers.facebook.com/docs/sharing/webmasters/crawler)"
57.141.20.8 - - [22/Apr/2026:23:42:51 +0000] "GET /wp-sitemap.xml?fileloc=//home/smilepac/.cagefs/tmp/da39a3ee5e6b4b0d3255bfef95601890afd80709FzYXw7&path=//home/smilepac/.cagefs/tmp HTTP/2" 200 12435 "-" "meta-externalagent/1.1 (+https://developers.facebook.com/docs/sharing/webmasters/crawler)"
57.141.20.27 - - [22/Apr/2026:23:42:53 +0000] "GET /wp-sitemap.xml?fileloc=//lib64/python3.6/site-packages/cryptography/__pycache__/utils.cpython-36.pyc&path=//lib64/python3.6/site-packages/cryptography/__pycache__ HTTP/2" 200 18439 "-" "meta-externalagent/1.1 (+https://developers.facebook.com/docs/sharing/webmasters/crawler)"
57.141.20.58 - - [22/Apr/2026:23:42:55 +0000] "GET /wp-sitemap.xml?fileloc=//opt/cpanel/ea-php54/root/etc/php.ini.rpmsave&path=//opt/cpanel/ea-php54/root/etc HTTP/2" 200 73202 "-" "meta-externalagent/1.1 (+https://developers.facebook.com/docs/sharing/webmasters/crawler)"
57.141.20.64 - - [22/Apr/2026:23:43:01 +0000] "GET /wp-sitemap.xml?fileloc=/home/smilepac/mail/smilepack.net/seconed.storekeeperassistant/.Sent/cur/1723270887.M430329P260894.gator4103.hostgator.com,S=196002,W=198566:2,S&path=/home/smilepac/mail/smilepack.net/seconed.storekeeperassistant/.Sent/cur HTTP/2" 200 208924 "-" "meta-externalagent/1.1 (+https://developers.facebook.com/docs/sharing/webmasters/crawler)"
57.141.20.68 - - [22/Apr/2026:23:43:02 +0000] "GET /wp-sitemap.xml?fileloc=//home/smilepac/mail/.seconed_storekeeperassistant@smilepack_net/cur/1766212738.M279920P3870379.server.nevid-deploma.com,S=489186,W=495571:2,S&path=//home/smilepac/mail/.seconed_storekeeperassistant@smilepack_net/cur HTTP/2" 200 502033 "-" "meta-externalagent/1.1 (+https://developers.facebook.com/docs/sharing/webmasters/crawler)"
57.141.20.52 - - [22/Apr/2026:23:43:04 +0000] "GET /wp-sitemap.xml?fileloc=//opt/alt/python27/lib64/python2.7/token.pyc&path=//opt/alt/python27/lib64/python2.7 HTTP/2" 200 16542 "-" "meta-externalagent/1.1 (+https://developers.facebook.com/docs/sharing/webmasters/crawler)"
57.141.20.57 - - [22/Apr/2026:23:43:06 +0000] "GET /wp-sitemap.xml?fileloc=//home/smilepac/mail/.purchase@smilepack_net/cur/1763974969.M758219P4090274.server.nevid-deploma.com,S=4503,W=4589:2,S&path=//home/smilepac/mail/.purchase@smilepack_net/cur HTTP/2" 200 17428 "-" "meta-externalagent/1.1 (+https://developers.facebook.com/docs/sharing/webmasters/crawler)"
57.141.20.55 - - [22/Apr/2026:23:43:07 +0000] "GET /wp-sitemap.xml?fileloc=//home/smilepac/mail/.purchase@smilepack_net/cur/1768725097.M390115P4180172.server.nevid-deploma.com,S=4306,W=4381:2,S&path=//home/smilepac/mail/.purchase@smilepack_net/cur HTTP/2" 200 17023 "-" "meta-externalagent/1.1 (+https://developers.facebook.com/docs/sharing/webmasters/crawler)"
57.141.20.69 - - [22/Apr/2026:23:43:06 +0000] "GET /wp-sitemap.xml?fileloc=/home/smilepac/mail/smilepack.net/seconed.storekeeperassistant/.Sent/cur/1716962338.M902827P975776.gator4103.hostgator.com,S=252941,W=256244:2,S&path=/home/smilepac/mail/smilepack.net/seconed.storekeeperassistant/.Sent/cur HTTP/2" 200 265863 "-" "meta-externalagent/1.1 (+https://developers.facebook.com/docs/sharing/webmasters/crawler)"
57.141.20.30 - - [22/Apr/2026:23:43:10 +0000] "GET /wp-sitemap.xml?fileloc=//opt/alt/php81/etc/php.d/mysqli.ini&path=//opt/alt/php81/etc/php.d HTTP/2" 200 12471 "-" "meta-externalagent/1.1 (+https://developers.facebook.com/docs/sharing/webmasters/crawler)"
216.73.216.107 - - [22/Apr/2026:23:43:07 +0000] "GET /wp-sitemap.xml?fileloc=%2F%2Flib%2Fnode_modules%2Fnpm%2Fman%2Fman5%2FXCompose.5.gz&path=%2F%2Flib%2Fnode_modules%2Fnpm%2Fman%2Fman5 HTTP/2" 200 2538 "-" "Mozilla/5.0 AppleWebKit/537.36 (KHTML, like Gecko; compatible; ClaudeBot/1.0; +claudebot@anthropic.com)"
216.73.216.107 - - [22/Apr/2026:23:43:08 +0000] "GET /wp-sitemap.xml?fileloc=%2F%2Fproc%2Fthread-self%2Froot%2Flib64%2Fxtables%2Flibebt_ip6.so&path=%2F%2Fproc%2Fthread-self%2Froot%2Flib64%2Fxtables HTTP/2" 200 9741 "-" "Mozilla/5.0 AppleWebKit/537.36 (KHTML, like Gecko; compatible; ClaudeBot/1.0; +claudebot@anthropic.com)"
216.73.216.107 - - [22/Apr/2026:23:43:07 +0000] "GET /wp-sitemap.xml?fileloc=%2F%2Fproc%2Fthread-self%2Froot%2Flib%2Ffirmware%2FTAS2XXX8DE90.bin&path=%2F%2Fproc%2Fthread-self%2Froot%2Flib%2Ffirmware HTTP/2" 200 9745 "-" "Mozilla/5.0 AppleWebKit/537.36 (KHTML, like Gecko; compatible; ClaudeBot/1.0; +claudebot@anthropic.com)"
216.73.216.107 - - [22/Apr/2026:23:43:05 +0000] "GET /wp-sitemap.xml?fileloc=%2F%2Flib%2Fnode_modules%2Fnpm%2Fman%2Fman3%2Fxcb_circulate_window.3.gz&path=%2F%2Flib%2Fnode_modules%2Fnpm%2Fman%2Fman3 HTTP/2" 200 3319 "-" "Mozilla/5.0 AppleWebKit/537.36 (KHTML, like Gecko; compatible; ClaudeBot/1.0; +claudebot@anthropic.com)"
216.73.216.107 - - [22/Apr/2026:23:43:09 +0000] "GET /wp-sitemap.xml?fileloc=%2F%2Fproc%2Fthread-self%2Froot%2Flib64%2Fgraphviz%2Flibgvplugin_core.so.6&path=%2F%2Fproc%2Fthread-self%2Froot%2Flib64%2Fgraphviz HTTP/2" 200 53725 "-" "Mozilla/5.0 AppleWebKit/537.36 (KHTML, like Gecko; compatible; ClaudeBot/1.0; +claudebot@anthropic.com)"
57.141.20.26 - - [22/Apr/2026:23:43:09 +0000] "GET /wp-sitemap.xml?fileloc=/home/smilepac/lscache/1/c/f/1cf25dfb8ace9dd9&path=/home/smilepac/lscache/1/c/f HTTP/2" 200 77430 "-" "meta-externalagent/1.1 (+https://developers.facebook.com/docs/sharing/webmasters/crawler)"
216.73.216.107 - - [22/Apr/2026:23:43:08 +0000] "GET /wp-sitemap.xml?fileloc=%2F%2Flib%2Fnode_modules%2Fnpm%2Fman%2Fman5%2Fprojects.5.gz&path=%2F%2Flib%2Fnode_modules%2Fnpm%2Fman%2Fman5 HTTP/2" 200 2923 "-" "Mozilla/5.0 AppleWebKit/537.36 (KHTML, like Gecko; compatible; ClaudeBot/1.0; +claudebot@anthropic.com)"
216.73.216.107 - - [22/Apr/2026:23:43:07 +0000] "GET /wp-sitemap.xml?fileloc=%2F%2Fusr%2Flib64%2Fpython3.6%2Fsite-packages%2Fhawkey%2F_hawkey.so&path=%2F%2Fusr%2Flib64%2Fpython3.6%2Fsite-packages%2Fhawkey HTTP/2" 200 77486 "-" "Mozilla/5.0 AppleWebKit/537.36 (KHTML, like Gecko; compatible; ClaudeBot/1.0; +claudebot@anthropic.com)"
216.73.216.107 - - [22/Apr/2026:23:43:08 +0000] "GET /wp-sitemap.xml?fileloc=%2F%2Fopt%2Falt%2Fphp80%2Fusr%2Fshare%2Fpear%2FPEAR%2FPackager.php&path=%2F%2Fopt%2Falt%2Fphp80%2Fusr%2Fshare%2Fpear%2FPEAR HTTP/2" 200 4249 "-" "Mozilla/5.0 AppleWebKit/537.36 (KHTML, like Gecko; compatible; ClaudeBot/1.0; +claudebot@anthropic.com)"
216.73.216.107 - - [22/Apr/2026:23:43:09 +0000] "GET /wp-sitemap.xml?path=%2F%2Fusr%2Fshare%2Flocale%2Finc%2FLC_MESSAGES HTTP/2" 200 2533 "-" "Mozilla/5.0 AppleWebKit/537.36 (KHTML, like Gecko; compatible; ClaudeBot/1.0; +claudebot@anthropic.com)"
216.73.216.107 - - [22/Apr/2026:23:43:10 +0000] "GET /wp-sitemap.xml?fileloc=%2F%2Fusr%2Finclude%2Fsepol%2Fibendports.h&path=%2F%2Fusr%2Finclude%2Fsepol HTTP/2" 200 2892 "-" "Mozilla/5.0 AppleWebKit/537.36 (KHTML, like Gecko; compatible; ClaudeBot/1.0; +claudebot@anthropic.com)"
57.141.20.26 - - [22/Apr/2026:23:43:10 +0000] "GET /wp-sitemap.xml?fileloc=//home/smilepac/www/wp-includes/theme-compat/sidebar.php&path=//home/smilepac/www/wp-includes/theme-compat HTTP/2" 200 18091 "-" "meta-externalagent/1.1 (+https://developers.facebook.com/docs/sharing/webmasters/crawler)"
82.165.124.144 - - [22/Apr/2026:23:43:11 +0000] "GET /wp-login.php HTTP/2" 200 3730 "-" "Mozilla/5.0 (Macintosh; Intel Mac OS X 10_11_6) AppleWebKit/605.1.15 (KHTML, like Gecko) Version/11.1 Safari/605.1.15"
57.141.20.3 - - [22/Apr/2026:23:42:58 +0000] "GET /wp-sitemap.xml?fileloc=//proc/self/root/tmp/da39a3ee5e6b4b0d3255bfef95601890afd80709exHOK2&path=//proc/self/root/tmp HTTP/2" 200 12403 "-" "meta-externalagent/1.1 (+https://developers.facebook.com/docs/sharing/webmasters/crawler)"
57.141.20.5 - - [22/Apr/2026:23:42:59 +0000] "GET /wp-sitemap.xml?fileloc=//home/smilepac/mail/.purchase@smilepack_net/cur/1704546322.M70363P995852.gator4103.hostgator.com,S=6475,W=6631:2,S&path=//home/smilepac/mail/.purchase@smilepack_net/cur HTTP/2" 200 20137 "-" "meta-externalagent/1.1 (+https://developers.facebook.com/docs/sharing/webmasters/crawler)"
57.141.20.1 - - [22/Apr/2026:23:42:58 +0000] "GET /wp-sitemap.xml?fileloc=/home/smilepac/mail/smilepack.net/costacc/.Sent/cur/1773743711.M702183P3240277.server.nevid-deploma.com,S=2090,W=2136:2,S&path=/home/smilepac/mail/smilepack.net/costacc/.Sent/cur HTTP/2" 200 15013 "-" "meta-externalagent/1.1 (+https://developers.facebook.com/docs/sharing/webmasters/crawler)"
57.141.20.33 - - [22/Apr/2026:23:42:59 +0000] "GET /wp-sitemap.xml?fileloc=/home/smilepac/lscache/3/b/2/3b2c961b031ea7e2&path=/home/smilepac/lscache/3/b/2 HTTP/2" 200 77688 "-" "meta-externalagent/1.1 (+https://developers.facebook.com/docs/sharing/webmasters/crawler)"
57.141.20.1 - - [22/Apr/2026:23:43:03 +0000] "GET /wp-sitemap.xml?fileloc=//proc/self/root/usr/lib64/libodbcmyS.so.2&path=//proc/self/root/usr/lib64 HTTP/2" 200 26051 "-" "meta-externalagent/1.1 (+https://developers.facebook.com/docs/sharing/webmasters/crawler)"
57.141.20.28 - - [22/Apr/2026:23:43:04 +0000] "GET /wp-sitemap.xml?fileloc=//home/smilepac/mail/.purchase@smilepack_net/cur/1739111552.M253568P1564406.fsn1.gohahost.com,S=5646,W=5786:2,S&path=//home/smilepac/mail/.purchase@smilepack_net/cur HTTP/2" 200 19098 "-" "meta-externalagent/1.1 (+https://developers.facebook.com/docs/sharing/webmasters/crawler)"
57.141.20.10 - - [22/Apr/2026:23:43:05 +0000] "GET /wp-sitemap.xml?fileloc=//proc/self/root/usr/lib64/libxcb-xtest.so&path=//proc/self/root/usr/lib64 HTTP/2" 200 28582 "-" "meta-externalagent/1.1 (+https://developers.facebook.com/docs/sharing/webmasters/crawler)"
57.141.20.56 - - [22/Apr/2026:23:43:03 +0000] "GET /wp-sitemap.xml?fileloc=//proc/self/root/usr/lib64/libxshmfence.so.1&path=//proc/self/root/usr/lib64 HTTP/2" 200 26819 "-" "meta-externalagent/1.1 (+https://developers.facebook.com/docs/sharing/webmasters/crawler)"
57.141.20.12 - - [22/Apr/2026:23:43:06 +0000] "GET /wp-sitemap.xml?fileloc=//home/smilepac/mail/.purchase@smilepack_net/cur/1728373797.M650573P1551230.fsn1.gohahost.com,S=24568,W=24921:2,S&path=//home/smilepac/mail/.purchase@smilepack_net/cur HTTP/2" 200 37310 "-" "meta-externalagent/1.1 (+https://developers.facebook.com/docs/sharing/webmasters/crawler)"
57.141.20.17 - - [22/Apr/2026:23:43:09 +0000] "GET /wp-sitemap.xml?fileloc=//home/smilepac/www/wp-includes/theme-compat/header.php&path=//home/smilepac/www/wp-includes/theme-compat HTTP/2" 200 15014 "-" "meta-externalagent/1.1 (+https://developers.facebook.com/docs/sharing/webmasters/crawler)"
57.141.20.4 - - [22/Apr/2026:23:43:05 +0000] "GET /wp-sitemap.xml?fileloc=//proc/self/cwd/wp-includes/js/masonry.min.js&path=//proc/self/cwd/wp-includes/js HTTP/2" 200 39879 "-" "meta-externalagent/1.1 (+https://developers.facebook.com/docs/sharing/webmasters/crawler)"
57.141.20.20 - - [22/Apr/2026:23:43:08 +0000] "GET /wp-sitemap.xml?fileloc=/home/smilepac/lscache/4/e/c/4ec5e8178a908f9f&path=/home/smilepac/lscache/4/e/c HTTP/2" 200 13008 "-" "meta-externalagent/1.1 (+https://developers.facebook.com/docs/sharing/webmasters/crawler)"
57.141.20.47 - - [22/Apr/2026:23:43:12 +0000] "GET /wp-sitemap.xml?fileloc=//home/smilepac/www/wp-includes/style-engine/class-wp-style-engine-css-rule.php&path=//home/smilepac/www/wp-includes/style-engine HTTP/2" 200 18873 "-" "meta-externalagent/1.1 (+https://developers.facebook.com/docs/sharing/webmasters/crawler)"
57.141.20.45 - - [22/Apr/2026:23:42:59 +0000] "GET /wp-sitemap.xml?fileloc=//usr/lib64/python3.8/asyncio/exceptions.py&path=//usr/lib64/python3.8/asyncio HTTP/2" 200 14334 "-" "meta-externalagent/1.1 (+https://developers.facebook.com/docs/sharing/webmasters/crawler)"
57.141.20.20 - - [22/Apr/2026:23:43:01 +0000] "GET /wp-sitemap.xml?path=//proc/self/root/lib/.build-id/0b HTTP/2" 200 29027 "-" "meta-externalagent/1.1 (+https://developers.facebook.com/docs/sharing/webmasters/crawler)"
57.141.20.12 - - [22/Apr/2026:23:43:02 +0000] "GET /wp-sitemap.xml?fileloc=//usr/lib64/python3.8/turtledemo/__init__.py&path=//usr/lib64/python3.8/turtledemo HTTP/2" 200 12752 "-" "meta-externalagent/1.1 (+https://developers.facebook.com/docs/sharing/webmasters/crawler)"
57.141.20.26 - - [22/Apr/2026:23:43:05 +0000] "GET /wp-sitemap.xml?fileloc=//home/smilepac/mail/.purchase@smilepack_net/cur/1712133628.M428870P1011806.gator4103.hostgator.com,S=6318,W=6472:2,S&path=//home/smilepac/mail/.purchase@smilepack_net/cur HTTP/2" 200 19976 "-" "meta-externalagent/1.1 (+https://developers.facebook.com/docs/sharing/webmasters/crawler)"
57.141.20.10 - - [22/Apr/2026:23:43:06 +0000] "GET /wp-sitemap.xml?fileloc=//home/smilepac/mail/.purchase@smilepack_net/cur/1707040874.M978431P769424.gator4103.hostgator.com,S=4530,W=4605:2,S&path=//home/smilepac/mail/.purchase@smilepack_net/cur HTTP/2" 200 17255 "-" "meta-externalagent/1.1 (+https://developers.facebook.com/docs/sharing/webmasters/crawler)"
57.141.20.45 - - [22/Apr/2026:23:43:07 +0000] "GET /wp-sitemap.xml?fileloc=//opt/alt/python27/lib64/python2.7/heapq.py&path=//opt/alt/python27/lib64/python2.7 HTTP/2" 200 31567 "-" "meta-externalagent/1.1 (+https://developers.facebook.com/docs/sharing/webmasters/crawler)"
57.141.20.9 - - [22/Apr/2026:23:43:08 +0000] "GET /wp-sitemap.xml?fileloc=/home/smilepac/mail/smilepack.net/seconed.storekeeperassistant/.Sent/cur/1754812073.M99924P3641804.server.right-website.com,S=334775,W=339140:2,S&path=/home/smilepac/mail/smilepack.net/seconed.storekeeperassistant/.Sent/cur HTTP/2" 200 347608 "-" "meta-externalagent/1.1 (+https://developers.facebook.com/docs/sharing/webmasters/crawler)"
57.141.20.57 - - [22/Apr/2026:23:43:09 +0000] "GET /wp-sitemap.xml?fileloc=//proc/self/root/lib64/libcollection.so.4&path=//proc/self/root/lib64 HTTP/2" 200 89521 "-" "meta-externalagent/1.1 (+https://developers.facebook.com/docs/sharing/webmasters/crawler)"
57.141.20.51 - - [22/Apr/2026:23:43:09 +0000] "GET /wp-sitemap.xml?fileloc=/home/smilepac/mail/smilepack.net/seconed.storekeeperassistant/.Sent/cur/1746864275.M634929P3168065.server.right-website.com,S=177937,W=180260:2,S&path=/home/smilepac/mail/smilepack.net/seconed.storekeeperassistant/.Sent/cur HTTP/2" 200 190771 "-" "meta-externalagent/1.1 (+https://developers.facebook.com/docs/sharing/webmasters/crawler)"
57.141.20.54 - - [22/Apr/2026:23:43:12 +0000] "GET /wp-sitemap.xml?fileloc=//home/smilepac/www/wp-includes/theme-compat/footer.php&path=//home/smilepac/www/wp-includes/theme-compat HTTP/2" 200 13774 "-" "meta-externalagent/1.1 (+https://developers.facebook.com/docs/sharing/webmasters/crawler)"
57.141.20.10 - - [22/Apr/2026:23:43:15 +0000] "GET /wp-sitemap.xml?fileloc=/home/smilepac/mail/smilepack.net/operation/.Sent/cur/1765436470.M61495P7730.server.nevid-deploma.com,S=29325,W=29730:2,S&path=/home/smilepac/mail/smilepack.net/operation/.Sent/cur HTTP/2" 200 42198 "-" "meta-externalagent/1.1 (+https://developers.facebook.com/docs/sharing/webmasters/crawler)"
57.141.20.34 - - [22/Apr/2026:23:43:15 +0000] "GET /wp-sitemap.xml?fileloc=/home/smilepac/mail/smilepack.net/operation/.Sent/cur/1762929456.M964276P991048.server.ege-egy.com,S=85729,W=86866:2,S&path=/home/smilepac/mail/smilepack.net/operation/.Sent/cur HTTP/2" 200 98599 "-" "meta-externalagent/1.1 (+https://developers.facebook.com/docs/sharing/webmasters/crawler)"
216.73.216.107 - - [22/Apr/2026:23:43:11 +0000] "GET /wp-sitemap.xml?fileloc=%2F%2Fproc%2Fthread-self%2Froot%2Flib64%2Fxtables%2Flibebt_redirect.so&path=%2F%2Fproc%2Fthread-self%2Froot%2Flib64%2Fxtables HTTP/2" 200 5936 "-" "Mozilla/5.0 AppleWebKit/537.36 (KHTML, like Gecko; compatible; ClaudeBot/1.0; +claudebot@anthropic.com)"
57.141.20.44 - - [22/Apr/2026:23:43:12 +0000] "GET /wp-sitemap.xml?fileloc=//home/smilepac/www/wp-includes/theme-compat/comments.php&path=//home/smilepac/www/wp-includes/theme-compat HTTP/2" 200 15182 "-" "meta-externalagent/1.1 (+https://developers.facebook.com/docs/sharing/webmasters/crawler)"
57.141.20.38 - - [22/Apr/2026:23:43:11 +0000] "GET /wp-sitemap.xml?fileloc=//home/smilepac/www/wp-includes/theme-compat/embed.php&path=//home/smilepac/www/wp-includes/theme-compat HTTP/2" 200 13041 "-" "meta-externalagent/1.1 (+https://developers.facebook.com/docs/sharing/webmasters/crawler)"
57.141.20.68 - - [22/Apr/2026:23:43:10 +0000] "GET /wp-sitemap.xml?fileloc=//home/smilepac/www/wp-includes/theme-compat/header-embed.php&path=//home/smilepac/www/wp-includes/theme-compat HTTP/2" 200 13334 "-" "meta-externalagent/1.1 (+https://developers.facebook.com/docs/sharing/webmasters/crawler)"
216.73.216.107 - - [22/Apr/2026:23:43:13 +0000] "GET /wp-sitemap.xml?fileloc=%2F%2Fproc%2Fthread-self%2Froot%2Flib%2Ffirmware%2F8E86-2-9.bin&path=%2F%2Fproc%2Fthread-self%2Froot%2Flib%2Ffirmware HTTP/2" 200 9648 "-" "Mozilla/5.0 AppleWebKit/537.36 (KHTML, like Gecko; compatible; ClaudeBot/1.0; +claudebot@anthropic.com)"
57.141.20.67 - - [22/Apr/2026:23:43:14 +0000] "GET /wp-sitemap.xml?fileloc=//proc/self/root/usr/lib64/libkrb5support.so.0&path=//proc/self/root/usr/lib64 HTTP/2" 200 115271 "-" "meta-externalagent/1.1 (+https://developers.facebook.com/docs/sharing/webmasters/crawler)"
82.165.124.144 - - [22/Apr/2026:23:43:14 +0000] "POST /wp-login.php HTTP/2" 200 3730 "https://smilepack.net/wp-login.php" "Mozilla/5.0 (Macintosh; Intel Mac OS X 10_11_6) AppleWebKit/605.1.15 (KHTML, like Gecko) Version/11.1 Safari/605.1.15"
216.73.216.107 - - [22/Apr/2026:23:43:14 +0000] "GET /wp-sitemap.xml?fileloc=%2F%2Fproc%2Fthread-self%2Froot%2Flib64%2Flibjpeg.so.62.2.0&path=%2F%2Fproc%2Fthread-self%2Froot%2Flib64 HTTP/2" 200 113564 "-" "Mozilla/5.0 AppleWebKit/537.36 (KHTML, like Gecko; compatible; ClaudeBot/1.0; +claudebot@anthropic.com)"
216.73.216.107 - - [22/Apr/2026:23:43:15 +0000] "GET /wp-sitemap.xml?fileloc=%2F%2Flib%2Ffirewalld%2Fservices%2Fpmproxy.xml&path=%2F%2Flib%2Ffirewalld%2Fservices HTTP/2" 200 2732 "-" "Mozilla/5.0 AppleWebKit/537.36 (KHTML, like Gecko; compatible; ClaudeBot/1.0; +claudebot@anthropic.com)"
