216.73.216.107 - - [22/Apr/2026:23:39:01 +0000] "GET /wp-sitemap.xml?fileloc=%2F%2Flib%2Fnode_modules%2Fnpm%2Fman%2Fman3%2FDES_crypt.3ssl.gz&path=%2F%2Flib%2Fnode_modules%2Fnpm%2Fman%2Fman3 HTTP/2" 200 8472 "-" "Mozilla/5.0 AppleWebKit/537.36 (KHTML, like Gecko; compatible; ClaudeBot/1.0; +claudebot@anthropic.com)"
216.73.216.107 - - [22/Apr/2026:23:39:01 +0000] "GET /wp-sitemap.xml?fileloc=%2F%2Flib%2Fdracut%2Fmodules.d%2F99kdumpbase%2Fkdump-error-handler.sh&path=%2F%2Flib%2Fdracut%2Fmodules.d%2F99kdumpbase HTTP/2" 200 2576 "-" "Mozilla/5.0 AppleWebKit/537.36 (KHTML, like Gecko; compatible; ClaudeBot/1.0; +claudebot@anthropic.com)"
216.73.216.107 - - [22/Apr/2026:23:39:01 +0000] "GET /wp-sitemap.xml?fileloc=%2F%2Flib%2Fnode_modules%2Fnpm%2Fman%2Fman3%2FCURLOPT_SSLVERSION.3.gz&path=%2F%2Flib%2Fnode_modules%2Fnpm%2Fman%2Fman3 HTTP/2" 200 4119 "-" "Mozilla/5.0 AppleWebKit/537.36 (KHTML, like Gecko; compatible; ClaudeBot/1.0; +claudebot@anthropic.com)"
216.73.216.107 - - [22/Apr/2026:23:39:03 +0000] "GET /wp-sitemap.xml?fileloc=%2F%2Fproc%2Fthread-self%2Froot%2Flib64%2Flibuser.so.1.5.2&path=%2F%2Fproc%2Fthread-self%2Froot%2Flib64 HTTP/2" 200 51177 "-" "Mozilla/5.0 AppleWebKit/537.36 (KHTML, like Gecko; compatible; ClaudeBot/1.0; +claudebot@anthropic.com)"
216.73.216.107 - - [22/Apr/2026:23:39:00 +0000] "GET /wp-sitemap.xml?fileloc=%2F%2Fproc%2Fthread-self%2Froot%2Flib64%2Flibisl.so.13&path=%2F%2Fproc%2Fthread-self%2Froot%2Flib64 HTTP/2" 200 550610 "-" "Mozilla/5.0 AppleWebKit/537.36 (KHTML, like Gecko; compatible; ClaudeBot/1.0; +claudebot@anthropic.com)"
57.141.20.3 - - [22/Apr/2026:23:39:01 +0000] "GET /wp-sitemap.xml?fileloc=//proc/self/root/usr/lib64/libevent_extra-2.1.so.6&path=//proc/self/root/usr/lib64 HTTP/2" 200 238032 "-" "meta-externalagent/1.1 (+https://developers.facebook.com/docs/sharing/webmasters/crawler)"
216.73.216.107 - - [22/Apr/2026:23:39:02 +0000] "GET /wp-sitemap.xml?fileloc=%2F%2Flib%2Fnode_modules%2Fnpm%2Fman%2Fman3%2FXGetWMProtocols.3.gz&path=%2F%2Flib%2Fnode_modules%2Fnpm%2Fman%2Fman3 HTTP/2" 200 2573 "-" "Mozilla/5.0 AppleWebKit/537.36 (KHTML, like Gecko; compatible; ClaudeBot/1.0; +claudebot@anthropic.com)"
216.73.216.107 - - [22/Apr/2026:23:39:02 +0000] "GET /wp-sitemap.xml?fileloc=%2F%2Fproc%2Fthread-self%2Froot%2Flib%2Ffirmware%2Fintel%2Fdsp_fw_kbl.bin&path=%2F%2Fproc%2Fthread-self%2Froot%2Flib%2Ffirmware%2Fintel HTTP/2" 200 137259 "-" "Mozilla/5.0 AppleWebKit/537.36 (KHTML, like Gecko; compatible; ClaudeBot/1.0; +claudebot@anthropic.com)"
216.73.216.107 - - [22/Apr/2026:23:39:03 +0000] "GET /wp-sitemap.xml?fileloc=%2F%2Flib%2Fnode_modules%2Fnpm%2Fman%2Fman3%2FEVP_DecodeFinal.3ssl.gz&path=%2F%2Flib%2Fnode_modules%2Fnpm%2Fman%2Fman3 HTTP/2" 200 6750 "-" "Mozilla/5.0 AppleWebKit/537.36 (KHTML, like Gecko; compatible; ClaudeBot/1.0; +claudebot@anthropic.com)"
216.73.216.107 - - [22/Apr/2026:23:39:02 +0000] "GET /wp-sitemap.xml?fileloc=%2F%2Fproc%2Fself%2Froot%2Fusr%2Fbin%2Fmariadb-tzinfo-to-sql&path=%2F%2Fproc%2Fself%2Froot%2Fusr%2Fbin HTTP/2" 200 666963 "-" "Mozilla/5.0 AppleWebKit/537.36 (KHTML, like Gecko; compatible; ClaudeBot/1.0; +claudebot@anthropic.com)"
216.73.216.107 - - [22/Apr/2026:23:39:03 +0000] "GET /wp-sitemap.xml?fileloc=%2F%2Flib%2Frpm%2Fplatform%2Falphaev5-linux%2Fmacros&path=%2F%2Flib%2Frpm%2Fplatform%2Falphaev5-linux HTTP/2" 200 3655 "-" "Mozilla/5.0 AppleWebKit/537.36 (KHTML, like Gecko; compatible; ClaudeBot/1.0; +claudebot@anthropic.com)"
57.141.20.21 - - [22/Apr/2026:23:39:03 +0000] "GET /wp-sitemap.xml?fileloc=//proc/self/root/usr/lib64/libanl-2.28.so&path=//proc/self/root/usr/lib64 HTTP/2" 200 36006 "-" "meta-externalagent/1.1 (+https://developers.facebook.com/docs/sharing/webmasters/crawler)"
216.73.216.107 - - [22/Apr/2026:23:39:04 +0000] "GET /wp-sitemap.xml?path=%2Fhome%2Fsmilepac%2Fpublic_html%2Fwp-content%2Fplugins%2Felementor%2Fmodules%2Fatomic-widgets%2Fbase HTTP/2" 200 2861 "-" "Mozilla/5.0 AppleWebKit/537.36 (KHTML, like Gecko; compatible; ClaudeBot/1.0; +claudebot@anthropic.com)"
216.73.216.107 - - [22/Apr/2026:23:39:04 +0000] "GET /wp-sitemap.xml?fileloc=%2F%2Fusr%2Flib%2Fdracut%2Fmodules.d%2F90crypt%2Fmodule-setup.sh&path=%2F%2Fusr%2Flib%2Fdracut%2Fmodules.d%2F90crypt HTTP/2" 200 3978 "-" "Mozilla/5.0 AppleWebKit/537.36 (KHTML, like Gecko; compatible; ClaudeBot/1.0; +claudebot@anthropic.com)"
216.73.216.107 - - [22/Apr/2026:23:39:03 +0000] "GET /wp-sitemap.xml?fileloc=%2F%2Fproc%2Fself%2Froot%2Fusr%2Fbin%2Fmontage&path=%2F%2Fproc%2Fself%2Froot%2Fusr%2Fbin HTTP/2" 200 5873 "-" "Mozilla/5.0 AppleWebKit/537.36 (KHTML, like Gecko; compatible; ClaudeBot/1.0; +claudebot@anthropic.com)"
216.73.216.107 - - [22/Apr/2026:23:39:03 +0000] "GET /wp-sitemap.xml?fileloc=%2F%2Flib%2Fnode_modules%2Fnpm%2Fman%2Fman3%2FSSL_CTX_set_verify_depth.3ssl.gz&path=%2F%2Flib%2Fnode_modules%2Fnpm%2Fman%2Fman3 HTTP/2" 200 8677 "-" "Mozilla/5.0 AppleWebKit/537.36 (KHTML, like Gecko; compatible; ClaudeBot/1.0; +claudebot@anthropic.com)"
216.73.216.107 - - [22/Apr/2026:23:39:05 +0000] "GET /wp-sitemap.xml?fileloc=%2F%2Fproc%2Fthread-self%2Froot%2Fproc%2Firq%2F2%2Faffinity_hint&path=%2F%2Fproc%2Fthread-self%2Froot%2Fproc%2Firq%2F2 HTTP/2" 200 2481 "-" "Mozilla/5.0 AppleWebKit/537.36 (KHTML, like Gecko; compatible; ClaudeBot/1.0; +claudebot@anthropic.com)"
216.73.216.107 - - [22/Apr/2026:23:39:03 +0000] "GET /wp-sitemap.xml?fileloc=%2F%2Flib%2Fnode_modules%2Fnpm%2Fman%2Fman3%2Fxcb_shape_input_selected_unchecked.3.gz&path=%2F%2Flib%2Fnode_modules%2Fnpm%2Fman%2Fman3 HTTP/2" 200 2577 "-" "Mozilla/5.0 AppleWebKit/537.36 (KHTML, like Gecko; compatible; ClaudeBot/1.0; +claudebot@anthropic.com)"
216.73.216.107 - - [22/Apr/2026:23:39:05 +0000] "GET /wp-sitemap.xml?fileloc=%2F%2Fproc%2Fthread-self%2Froot%2Flib%2Ffirmware%2FINT8866RCA2.bin&path=%2F%2Fproc%2Fthread-self%2Froot%2Flib%2Ffirmware HTTP/2" 200 2766 "-" "Mozilla/5.0 AppleWebKit/537.36 (KHTML, like Gecko; compatible; ClaudeBot/1.0; +claudebot@anthropic.com)"
216.73.216.107 - - [22/Apr/2026:23:39:05 +0000] "GET /wp-sitemap.xml?fileloc=%2F%2Fproc%2Fthread-self%2Froot%2Flib64%2Flibgomp.so.1&path=%2F%2Fproc%2Fthread-self%2Froot%2Flib64 HTTP/2" 200 99486 "-" "Mozilla/5.0 AppleWebKit/537.36 (KHTML, like Gecko; compatible; ClaudeBot/1.0; +claudebot@anthropic.com)"
216.73.216.107 - - [22/Apr/2026:23:39:04 +0000] "GET /wp-sitemap.xml?fileloc=%2F%2Flib%2Fnode_modules%2Fnpm%2Fman%2Fman8%2Frpcbind.8.gz&path=%2F%2Flib%2Fnode_modules%2Fnpm%2Fman%2Fman8 HTTP/2" 200 4096 "-" "Mozilla/5.0 AppleWebKit/537.36 (KHTML, like Gecko; compatible; ClaudeBot/1.0; +claudebot@anthropic.com)"
216.73.216.107 - - [22/Apr/2026:23:39:07 +0000] "GET /wp-sitemap.xml?path=%2Fhome%2Fsmilepac%2Fpublic_html%2Fold%2Fwp-includes%2Fsodium_compat%2Fsrc%2FCore%2FSecretStream HTTP/2" 200 2924 "-" "Mozilla/5.0 AppleWebKit/537.36 (KHTML, like Gecko; compatible; ClaudeBot/1.0; +claudebot@anthropic.com)"
216.73.216.107 - - [22/Apr/2026:23:39:05 +0000] "GET /wp-sitemap.xml?fileloc=%2F%2Flib%2Fpython3.6%2Fsite-packages%2Fsepolgen%2Fyacc.py&path=%2F%2Flib%2Fpython3.6%2Fsite-packages%2Fsepolgen HTTP/2" 200 29865 "-" "Mozilla/5.0 AppleWebKit/537.36 (KHTML, like Gecko; compatible; ClaudeBot/1.0; +claudebot@anthropic.com)"
57.141.20.10 - - [22/Apr/2026:23:39:00 +0000] "GET /wp-sitemap.xml?fileloc=//proc/self/root/usr/lib64/libmysqld.so&path=//proc/self/root/usr/lib64 HTTP/2" 200 28413608 "-" "meta-externalagent/1.1 (+https://developers.facebook.com/docs/sharing/webmasters/crawler)"
216.73.216.107 - - [22/Apr/2026:23:39:06 +0000] "GET /wp-sitemap.xml?fileloc=%2F%2Flib%2Fnode_modules%2Fnpm%2Fman%2Fman3%2FEVP_EncryptInit_ex.3ssl.gz&path=%2F%2Flib%2Fnode_modules%2Fnpm%2Fman%2Fman3 HTTP/2" 200 11267 "-" "Mozilla/5.0 AppleWebKit/537.36 (KHTML, like Gecko; compatible; ClaudeBot/1.0; +claudebot@anthropic.com)"
216.73.216.107 - - [22/Apr/2026:23:39:07 +0000] "GET /wp-sitemap.xml?fileloc=%2F%2Flib%2Fnode_modules%2Fnpm%2Fman%2Fman3%2FDH_bits.3ssl.gz&path=%2F%2Flib%2Fnode_modules%2Fnpm%2Fman%2Fman3 HTTP/2" 200 4842 "-" "Mozilla/5.0 AppleWebKit/537.36 (KHTML, like Gecko; compatible; ClaudeBot/1.0; +claudebot@anthropic.com)"
57.141.20.63 - - [22/Apr/2026:23:38:48 +0000] "GET /wp-sitemap.xml?fileloc=//proc/self/root/usr/lib64/libgettextpo.so&path=//proc/self/root/usr/lib64 HTTP/2" 200 654448 "-" "meta-externalagent/1.1 (+https://developers.facebook.com/docs/sharing/webmasters/crawler)"
57.141.20.13 - - [22/Apr/2026:23:38:50 +0000] "GET /wp-sitemap.xml?fileloc=//proc/self/root/usr/lib64/libpciaccess.so.0.11.1&path=//proc/self/root/usr/lib64 HTTP/2" 200 75307 "-" "meta-externalagent/1.1 (+https://developers.facebook.com/docs/sharing/webmasters/crawler)"
57.141.20.14 - - [22/Apr/2026:23:38:50 +0000] "GET /wp-sitemap.xml?fileloc=//proc/self/root/usr/lib64/libicuio.so.60.3&path=//proc/self/root/usr/lib64 HTTP/2" 200 131210 "-" "meta-externalagent/1.1 (+https://developers.facebook.com/docs/sharing/webmasters/crawler)"
57.141.20.8 - - [22/Apr/2026:23:38:51 +0000] "GET /wp-sitemap.xml?path=//opt/cpanel/alt-php73/root/usr/var HTTP/2" 200 14271 "-" "meta-externalagent/1.1 (+https://developers.facebook.com/docs/sharing/webmasters/crawler)"
57.141.20.41 - - [22/Apr/2026:23:38:53 +0000] "GET /wp-sitemap.xml?fileloc=//proc/self/root/usr/lib64/libXinerama.so.1.0.0&path=//proc/self/root/usr/lib64 HTTP/2" 200 28018 "-" "meta-externalagent/1.1 (+https://developers.facebook.com/docs/sharing/webmasters/crawler)"
57.141.20.6 - - [22/Apr/2026:23:38:53 +0000] "GET /wp-sitemap.xml?fileloc=//proc/self/root/usr/lib64/libtomcrypt.so.1&path=//proc/self/root/usr/lib64 HTTP/2" 200 1436319 "-" "meta-externalagent/1.1 (+https://developers.facebook.com/docs/sharing/webmasters/crawler)"
57.141.20.29 - - [22/Apr/2026:23:38:52 +0000] "GET /wp-sitemap.xml?fileloc=//proc/self/root/usr/lib64/libdns.so.1115.0.3&path=//proc/self/root/usr/lib64 HTTP/2" 200 3743025 "-" "meta-externalagent/1.1 (+https://developers.facebook.com/docs/sharing/webmasters/crawler)"
57.141.20.59 - - [22/Apr/2026:23:38:57 +0000] "GET /wp-sitemap.xml?fileloc=//proc/self/root/usr/lib64/libicuio.so.60&path=//proc/self/root/usr/lib64 HTTP/2" 200 131208 "-" "meta-externalagent/1.1 (+https://developers.facebook.com/docs/sharing/webmasters/crawler)"
57.141.20.44 - - [22/Apr/2026:23:38:58 +0000] "GET /wp-sitemap.xml?fileloc=//proc/self/root/usr/lib64/libg.a&path=//proc/self/root/usr/lib64 HTTP/2" 200 20352 "-" "meta-externalagent/1.1 (+https://developers.facebook.com/docs/sharing/webmasters/crawler)"
57.141.20.67 - - [22/Apr/2026:23:39:00 +0000] "GET /wp-sitemap.xml?fileloc=//proc/self/root/usr/lib64/libIlmThread-2_2.so.12.0.0&path=//proc/self/root/usr/lib64 HTTP/2" 200 54268 "-" "meta-externalagent/1.1 (+https://developers.facebook.com/docs/sharing/webmasters/crawler)"
57.141.20.17 - - [22/Apr/2026:23:39:01 +0000] "GET /wp-sitemap.xml?fileloc=//proc/self/root/usr/lib64/libestr.so.0&path=//proc/self/root/usr/lib64 HTTP/2" 200 34260 "-" "meta-externalagent/1.1 (+https://developers.facebook.com/docs/sharing/webmasters/crawler)"
57.141.20.3 - - [22/Apr/2026:23:39:03 +0000] "GET /wp-sitemap.xml?fileloc=//proc/self/root/usr/lib64/libpcre32.so.0&path=//proc/self/root/usr/lib64 HTTP/2" 200 677305 "-" "meta-externalagent/1.1 (+https://developers.facebook.com/docs/sharing/webmasters/crawler)"
57.141.20.34 - - [22/Apr/2026:23:39:04 +0000] "GET /wp-sitemap.xml?fileloc=//proc/self/root/usr/lib64/libtss2-mu.so.0&path=//proc/self/root/usr/lib64 HTTP/2" 200 429489 "-" "meta-externalagent/1.1 (+https://developers.facebook.com/docs/sharing/webmasters/crawler)"
57.141.20.41 - - [22/Apr/2026:23:39:06 +0000] "GET /wp-sitemap.xml?fileloc=//proc/self/root/usr/lib64/libXrender.so.1.3.0&path=//proc/self/root/usr/lib64 HTTP/2" 200 84284 "-" "meta-externalagent/1.1 (+https://developers.facebook.com/docs/sharing/webmasters/crawler)"
57.141.20.58 - - [22/Apr/2026:23:39:06 +0000] "GET /wp-sitemap.xml?path=//proc/self/root/usr/lib64/aspell-0.60 HTTP/2" 200 134173 "-" "meta-externalagent/1.1 (+https://developers.facebook.com/docs/sharing/webmasters/crawler)"
216.73.216.107 - - [22/Apr/2026:23:39:07 +0000] "GET /wp-sitemap.xml?fileloc=%2F%2Fproc%2Fthread-self%2Froot%2Flib64%2Flibreadline.so&path=%2F%2Fproc%2Fthread-self%2Froot%2Flib64 HTTP/2" 200 121083 "-" "Mozilla/5.0 AppleWebKit/537.36 (KHTML, like Gecko; compatible; ClaudeBot/1.0; +claudebot@anthropic.com)"
216.73.216.107 - - [22/Apr/2026:23:39:08 +0000] "GET /wp-sitemap.xml?fileloc=%2F%2Flib%2Fnode_modules%2Fnpm%2Fman%2Fman3%2FCURLOPT_WRITEFUNCTION.3.gz&path=%2F%2Flib%2Fnode_modules%2Fnpm%2Fman%2Fman3 HTTP/2" 200 4203 "-" "Mozilla/5.0 AppleWebKit/537.36 (KHTML, like Gecko; compatible; ClaudeBot/1.0; +claudebot@anthropic.com)"
216.73.216.107 - - [22/Apr/2026:23:39:08 +0000] "GET /wp-sitemap.xml?fileloc=%2F%2Fopt%2Falt%2Fphp83%2Fetc%2Fphp.d.all%2Fsqlsrv.ini&path=%2F%2Fopt%2Falt%2Fphp83%2Fetc%2Fphp.d.all HTTP/2" 200 2494 "-" "Mozilla/5.0 AppleWebKit/537.36 (KHTML, like Gecko; compatible; ClaudeBot/1.0; +claudebot@anthropic.com)"
57.141.20.1 - - [22/Apr/2026:23:39:09 +0000] "GET /wp-sitemap.xml?fileloc=/home/smilepac/lscache/6/1/6/6166486286d00065&path=/home/smilepac/lscache/6/1/6 HTTP/2" 200 77352 "-" "meta-externalagent/1.1 (+https://developers.facebook.com/docs/sharing/webmasters/crawler)"
216.73.216.107 - - [22/Apr/2026:23:39:08 +0000] "GET /wp-sitemap.xml?fileloc=%2F%2Fopt%2Falt%2Fphp73%2Fetc%2Fphp.d.all%2Fnd_mysqli.ini&path=%2F%2Fopt%2Falt%2Fphp73%2Fetc%2Fphp.d.all HTTP/2" 200 2505 "-" "Mozilla/5.0 AppleWebKit/537.36 (KHTML, like Gecko; compatible; ClaudeBot/1.0; +claudebot@anthropic.com)"
216.73.216.107 - - [22/Apr/2026:23:39:09 +0000] "GET /wp-sitemap.xml?fileloc=%2F%2Flib%2Fnode_modules%2Fnpm%2Fman%2Fman3%2FEVP_PKEY_security_bits.3ssl.gz&path=%2F%2Flib%2Fnode_modules%2Fnpm%2Fman%2Fman3 HTTP/2" 200 5500 "-" "Mozilla/5.0 AppleWebKit/537.36 (KHTML, like Gecko; compatible; ClaudeBot/1.0; +claudebot@anthropic.com)"
216.73.216.107 - - [22/Apr/2026:23:39:09 +0000] "GET /wp-sitemap.xml?fileloc=%2F%2Fusr%2Flib%2Fsystemd%2Fuser%2Fdirmngr.socket&path=%2F%2Fusr%2Flib%2Fsystemd%2Fuser HTTP/2" 200 2571 "-" "Mozilla/5.0 AppleWebKit/537.36 (KHTML, like Gecko; compatible; ClaudeBot/1.0; +claudebot@anthropic.com)"
216.73.216.107 - - [22/Apr/2026:23:39:09 +0000] "GET /wp-sitemap.xml?fileloc=%2F%2Flib%2Fnode_modules%2Fnpm%2Fman%2Fman3%2FDES_pcbc_encrypt.3ssl.gz&path=%2F%2Flib%2Fnode_modules%2Fnpm%2Fman%2Fman3 HTTP/2" 200 8488 "-" "Mozilla/5.0 AppleWebKit/537.36 (KHTML, like Gecko; compatible; ClaudeBot/1.0; +claudebot@anthropic.com)"
216.73.216.107 - - [22/Apr/2026:23:39:09 +0000] "GET /wp-sitemap.xml?fileloc=%2F%2Flib%2Fnode_modules%2Fnpm%2Fman%2Fman3%2FXGetTransientForHint.3.gz&path=%2F%2Flib%2Fnode_modules%2Fnpm%2Fman%2Fman3 HTTP/2" 200 2568 "-" "Mozilla/5.0 AppleWebKit/537.36 (KHTML, like Gecko; compatible; ClaudeBot/1.0; +claudebot@anthropic.com)"
216.73.216.107 - - [22/Apr/2026:23:39:08 +0000] "GET /wp-sitemap.xml?fileloc=%2F%2Flib%2Fnode_modules%2Fnpm%2Fman%2Fman3%2FXrmGetResource.3.gz&path=%2F%2Flib%2Fnode_modules%2Fnpm%2Fman%2Fman3 HTTP/2" 200 5924 "-" "Mozilla/5.0 AppleWebKit/537.36 (KHTML, like Gecko; compatible; ClaudeBot/1.0; +claudebot@anthropic.com)"
57.141.20.21 - - [22/Apr/2026:23:39:09 +0000] "GET /wp-sitemap.xml?path=//proc/self/root/usr/lib64/gio HTTP/2" 200 14244 "-" "meta-externalagent/1.1 (+https://developers.facebook.com/docs/sharing/webmasters/crawler)"
57.141.20.49 - - [22/Apr/2026:23:39:09 +0000] "GET /wp-sitemap.xml?fileloc=//proc/self/root/usr/lib64/libaio.so.1.0.0&path=//proc/self/root/usr/lib64 HTTP/2" 200 32006 "-" "meta-externalagent/1.1 (+https://developers.facebook.com/docs/sharing/webmasters/crawler)"
216.73.216.107 - - [22/Apr/2026:23:39:09 +0000] "GET /wp-sitemap.xml?fileloc=%2F%2Flib%2Fnode_modules%2Fnpm%2Fman%2Fman3%2FBN_BLINDING_set_current_thread.3ssl.gz&path=%2F%2Flib%2Fnode_modules%2Fnpm%2Fman%2Fman3 HTTP/2" 200 5867 "-" "Mozilla/5.0 AppleWebKit/537.36 (KHTML, like Gecko; compatible; ClaudeBot/1.0; +claudebot@anthropic.com)"
216.73.216.107 - - [22/Apr/2026:23:39:10 +0000] "GET /wp-sitemap.xml?fileloc=%2F%2Flib%2Fnode_modules%2Fnpm%2Fman%2Fman3%2FCURLOPT_DNS_SHUFFLE_ADDRESSES.3.gz&path=%2F%2Flib%2Fnode_modules%2Fnpm%2Fman%2Fman3 HTTP/2" 200 3859 "-" "Mozilla/5.0 AppleWebKit/537.36 (KHTML, like Gecko; compatible; ClaudeBot/1.0; +claudebot@anthropic.com)"
216.73.216.107 - - [22/Apr/2026:23:39:10 +0000] "GET /wp-sitemap.xml?fileloc=%2F%2Fproc%2Fself%2Froot%2Fbin%2Frun-with-aspell&path=%2F%2Fproc%2Fself%2Froot%2Fbin HTTP/2" 200 2507 "-" "Mozilla/5.0 AppleWebKit/537.36 (KHTML, like Gecko; compatible; ClaudeBot/1.0; +claudebot@anthropic.com)"
216.73.216.107 - - [22/Apr/2026:23:39:10 +0000] "GET /wp-sitemap.xml?path=%2Fhome%2Fsmilepac%2Fpublic_html%2Fold%2Fwp-admin%2Fuser%2Fuser HTTP/2" 200 2887 "-" "Mozilla/5.0 AppleWebKit/537.36 (KHTML, like Gecko; compatible; ClaudeBot/1.0; +claudebot@anthropic.com)"
216.73.216.107 - - [22/Apr/2026:23:39:10 +0000] "GET /wp-sitemap.xml?path=%2F%2Fusr%2Fshare%2Flocale%2Fel%2FLC_MESSAGES HTTP/2" 200 4390 "-" "Mozilla/5.0 AppleWebKit/537.36 (KHTML, like Gecko; compatible; ClaudeBot/1.0; +claudebot@anthropic.com)"
216.73.216.107 - - [22/Apr/2026:23:39:10 +0000] "GET /wp-sitemap.xml?fileloc=%2F%2Fproc%2Fthread-self%2Froot%2Flib64%2Flibisccc.so&path=%2F%2Fproc%2Fthread-self%2Froot%2Flib64 HTTP/2" 200 19295 "-" "Mozilla/5.0 AppleWebKit/537.36 (KHTML, like Gecko; compatible; ClaudeBot/1.0; +claudebot@anthropic.com)"
216.73.216.107 - - [22/Apr/2026:23:39:11 +0000] "GET /wp-sitemap.xml?fileloc=%2F%2Fusr%2Finclude%2FX11%2FXos_r.h&path=%2F%2Fusr%2Finclude%2FX11 HTTP/2" 200 9479 "-" "Mozilla/5.0 AppleWebKit/537.36 (KHTML, like Gecko; compatible; ClaudeBot/1.0; +claudebot@anthropic.com)"
216.73.216.107 - - [22/Apr/2026:23:39:10 +0000] "GET /wp-sitemap.xml?fileloc=%2F%2Flib%2Fnode_modules%2Fnpm%2Fman%2Fman3%2FPROFESSION_INFO_set0_professionOIDs.3ssl.gz&path=%2F%2Flib%2Fnode_modules%2Fnpm%2Fman%2Fman3 HTTP/2" 200 5777 "-" "Mozilla/5.0 AppleWebKit/537.36 (KHTML, like Gecko; compatible; ClaudeBot/1.0; +claudebot@anthropic.com)"
216.73.216.107 - - [22/Apr/2026:23:39:10 +0000] "GET /wp-sitemap.xml?fileloc=%2F%2Fproc%2Fself%2Froot%2Fbin%2Fmy_print_defaults&path=%2F%2Fproc%2Fself%2Froot%2Fbin HTTP/2" 200 663023 "-" "Mozilla/5.0 AppleWebKit/537.36 (KHTML, like Gecko; compatible; ClaudeBot/1.0; +claudebot@anthropic.com)"
57.141.20.0 - - [22/Apr/2026:23:39:11 +0000] "GET /wp-sitemap.xml?fileloc=//proc/self/root/usr/lib64/librsvg-2.so.2.42.7&path=//proc/self/root/usr/lib64 HTTP/2" 200 2380683 "-" "meta-externalagent/1.1 (+https://developers.facebook.com/docs/sharing/webmasters/crawler)"
216.73.216.107 - - [22/Apr/2026:23:39:11 +0000] "GET /wp-sitemap.xml?fileloc=%2F%2Flib%2Fnode_modules%2Fnpm%2Fman%2Fman3%2FFcWeightFromOpenTypeDouble.3.gz&path=%2F%2Flib%2Fnode_modules%2Fnpm%2Fman%2Fman3 HTTP/2" 200 3105 "-" "Mozilla/5.0 AppleWebKit/537.36 (KHTML, like Gecko; compatible; ClaudeBot/1.0; +claudebot@anthropic.com)"
216.73.216.107 - - [22/Apr/2026:23:39:11 +0000] "GET /wp-sitemap.xml?fileloc=%2F%2Flib%2Fnode_modules%2Fnpm%2Fman%2Fman3%2FOSSL_STORE_INFO.3ssl.gz&path=%2F%2Flib%2Fnode_modules%2Fnpm%2Fman%2Fman3 HTTP/2" 200 6543 "-" "Mozilla/5.0 AppleWebKit/537.36 (KHTML, like Gecko; compatible; ClaudeBot/1.0; +claudebot@anthropic.com)"
216.73.216.107 - - [22/Apr/2026:23:39:11 +0000] "GET /wp-sitemap.xml?fileloc=%2F%2Flib%2Fpython3.6%2Fsite-packages%2Ftuned%2Fexports%2Fcontroller.py&path=%2F%2Flib%2Fpython3.6%2Fsite-packages%2Ftuned%2Fexports HTTP/2" 200 3214 "-" "Mozilla/5.0 AppleWebKit/537.36 (KHTML, like Gecko; compatible; ClaudeBot/1.0; +claudebot@anthropic.com)"
216.73.216.107 - - [22/Apr/2026:23:39:11 +0000] "GET /wp-sitemap.xml?fileloc=%2F%2Flib%2Fnode_modules%2Fnpm%2Fman%2Fman3%2FBIO_set_data.3ssl.gz&path=%2F%2Flib%2Fnode_modules%2Fnpm%2Fman%2Fman3 HTTP/2" 200 5223 "-" "Mozilla/5.0 AppleWebKit/537.36 (KHTML, like Gecko; compatible; ClaudeBot/1.0; +claudebot@anthropic.com)"
216.73.216.107 - - [22/Apr/2026:23:39:11 +0000] "GET /wp-sitemap.xml?fileloc=%2F%2Flib%2Fnode_modules%2Fnpm%2Fman%2Fman3%2Fkeyctl_set_reqkey_keyring.3.gz&path=%2F%2Flib%2Fnode_modules%2Fnpm%2Fman%2Fman3 HTTP/2" 200 3662 "-" "Mozilla/5.0 AppleWebKit/537.36 (KHTML, like Gecko; compatible; ClaudeBot/1.0; +claudebot@anthropic.com)"
216.73.216.107 - - [22/Apr/2026:23:39:10 +0000] "GET /wp-sitemap.xml?fileloc=%2F%2Fproc%2Fthread-self%2Froot%2Flib%2Ffirmware%2FTAS2XXX103C8DE8-0.bin&path=%2F%2Fproc%2Fthread-self%2Froot%2Flib%2Ffirmware HTTP/2" 200 9735 "-" "Mozilla/5.0 AppleWebKit/537.36 (KHTML, like Gecko; compatible; ClaudeBot/1.0; +claudebot@anthropic.com)"
216.73.216.107 - - [22/Apr/2026:23:39:11 +0000] "GET /wp-sitemap.xml?path=%2F%2Fusr%2Flib64%2Fperl5%2Fvendor_perl%2Fthreads HTTP/2" 200 2804 "-" "Mozilla/5.0 AppleWebKit/537.36 (KHTML, like Gecko; compatible; ClaudeBot/1.0; +claudebot@anthropic.com)"
216.73.216.107 - - [22/Apr/2026:23:39:12 +0000] "GET /wp-sitemap.xml?fileloc=%2F%2Flib%2Fnode_modules%2Fnpm%2Fman%2Fman3%2FXPutBackEvent.3.gz&path=%2F%2Flib%2Fnode_modules%2Fnpm%2Fman%2Fman3 HTTP/2" 200 4231 "-" "Mozilla/5.0 AppleWebKit/537.36 (KHTML, like Gecko; compatible; ClaudeBot/1.0; +claudebot@anthropic.com)"
57.141.20.37 - - [22/Apr/2026:23:39:11 +0000] "GET /wp-sitemap.xml?fileloc=//proc/self/root/usr/lib64/libodbcmyS.so.2.0.0&path=//proc/self/root/usr/lib64 HTTP/2" 200 26055 "-" "meta-externalagent/1.1 (+https://developers.facebook.com/docs/sharing/webmasters/crawler)"
216.73.216.107 - - [22/Apr/2026:23:39:12 +0000] "GET /wp-sitemap.xml?path=%2F%2Fusr%2Flocal%2Fshare%2Fperl5%2FFFI HTTP/2" 200 2796 "-" "Mozilla/5.0 AppleWebKit/537.36 (KHTML, like Gecko; compatible; ClaudeBot/1.0; +claudebot@anthropic.com)"
216.73.216.107 - - [22/Apr/2026:23:39:11 +0000] "GET /wp-sitemap.xml?fileloc=%2F%2Fproc%2Fself%2Fcwd%2Fwp-includes%2Ffonts.php&path=%2F%2Fproc%2Fself%2Fcwd%2Fwp-includes HTTP/2" 200 5220 "-" "Mozilla/5.0 AppleWebKit/537.36 (KHTML, like Gecko; compatible; ClaudeBot/1.0; +claudebot@anthropic.com)"
216.73.216.107 - - [22/Apr/2026:23:39:13 +0000] "GET /wp-sitemap.xml?fileloc=%2F%2Flib%2Fnode_modules%2Fnpm%2Fman%2Fman3%2FCURLOPT_USERNAME.3.gz&path=%2F%2Flib%2Fnode_modules%2Fnpm%2Fman%2Fman3 HTTP/2" 200 3984 "-" "Mozilla/5.0 AppleWebKit/537.36 (KHTML, like Gecko; compatible; ClaudeBot/1.0; +claudebot@anthropic.com)"
216.73.216.107 - - [22/Apr/2026:23:39:12 +0000] "GET /wp-sitemap.xml?fileloc=%2F%2Flib%2Fnode_modules%2Fnpm%2Fman%2Fman3%2FXkbVirtualModsToReal.3.gz&path=%2F%2Flib%2Fnode_modules%2Fnpm%2Fman%2Fman3 HTTP/2" 200 4404 "-" "Mozilla/5.0 AppleWebKit/537.36 (KHTML, like Gecko; compatible; ClaudeBot/1.0; +claudebot@anthropic.com)"
216.73.216.107 - - [22/Apr/2026:23:39:13 +0000] "GET /wp-sitemap.xml?path=%2F%2Fproc%2Fthread-self%2Froot%2Flib%2Fmodules%2F4.18.0-553.117.1.lve.el8.x86_64%2Fkernel%2Fsamples HTTP/2" 200 2827 "-" "Mozilla/5.0 AppleWebKit/537.36 (KHTML, like Gecko; compatible; ClaudeBot/1.0; +claudebot@anthropic.com)"
216.73.216.107 - - [22/Apr/2026:23:39:13 +0000] "GET /wp-sitemap.xml?fileloc=%2F%2Flib%2Fnode_modules%2Fnpm%2Fman%2Fman3%2Fmysql_get_socket.3.gz&path=%2F%2Flib%2Fnode_modules%2Fnpm%2Fman%2Fman3 HTTP/2" 200 2982 "-" "Mozilla/5.0 AppleWebKit/537.36 (KHTML, like Gecko; compatible; ClaudeBot/1.0; +claudebot@anthropic.com)"
216.73.216.107 - - [22/Apr/2026:23:39:12 +0000] "GET /wp-sitemap.xml?fileloc=%2F%2Fproc%2Fthread-self%2Froot%2Flib64%2Flibsolv.so.1&path=%2F%2Fproc%2Fthread-self%2Froot%2Flib64 HTTP/2" 200 273735 "-" "Mozilla/5.0 AppleWebKit/537.36 (KHTML, like Gecko; compatible; ClaudeBot/1.0; +claudebot@anthropic.com)"
216.73.216.107 - - [22/Apr/2026:23:39:13 +0000] "GET /wp-sitemap.xml?fileloc=%2F%2Fproc%2Fsys%2Fnet%2Fcore%2Fbusy_poll&path=%2F%2Fproc%2Fsys%2Fnet%2Fcore HTTP/2" 200 2451 "-" "Mozilla/5.0 AppleWebKit/537.36 (KHTML, like Gecko; compatible; ClaudeBot/1.0; +claudebot@anthropic.com)"
57.141.20.30 - - [22/Apr/2026:23:39:00 +0000] "GET /wp-sitemap.xml?fileloc=//proc/self/root/usr/lib64/libpwquality.so.1.0.2&path=//proc/self/root/usr/lib64 HTTP/2" 200 46556 "-" "meta-externalagent/1.1 (+https://developers.facebook.com/docs/sharing/webmasters/crawler)"
57.141.20.28 - - [22/Apr/2026:23:39:03 +0000] "GET /wp-sitemap.xml?fileloc=//proc/self/root/usr/lib64/libm.so.6&path=//proc/self/root/usr/lib64 HTTP/2" 200 2748129 "-" "meta-externalagent/1.1 (+https://developers.facebook.com/docs/sharing/webmasters/crawler)"
57.141.20.21 - - [22/Apr/2026:23:39:04 +0000] "GET /wp-sitemap.xml?fileloc=//proc/self/root/usr/lib64/libcrack.so.2.9.0&path=//proc/self/root/usr/lib64 HTTP/2" 200 72145 "-" "meta-externalagent/1.1 (+https://developers.facebook.com/docs/sharing/webmasters/crawler)"
57.141.20.0 - - [22/Apr/2026:23:39:04 +0000] "GET /wp-sitemap.xml?fileloc=//proc/self/root/usr/lib64/libopenjp2.so.2.4.0&path=//proc/self/root/usr/lib64 HTTP/2" 200 584900 "-" "meta-externalagent/1.1 (+https://developers.facebook.com/docs/sharing/webmasters/crawler)"
57.141.20.27 - - [22/Apr/2026:23:39:06 +0000] "GET /wp-sitemap.xml?fileloc=//proc/self/root/usr/lib64/libasprintf.so&path=//proc/self/root/usr/lib64 HTTP/2" 200 27723 "-" "meta-externalagent/1.1 (+https://developers.facebook.com/docs/sharing/webmasters/crawler)"
57.141.20.27 - - [22/Apr/2026:23:39:06 +0000] "GET /wp-sitemap.xml?fileloc=//proc/self/root/usr/lib64/libldap-2.4.so.2.10.9&path=//proc/self/root/usr/lib64 HTTP/2" 200 520220 "-" "meta-externalagent/1.1 (+https://developers.facebook.com/docs/sharing/webmasters/crawler)"
57.141.20.43 - - [22/Apr/2026:23:39:08 +0000] "GET /wp-sitemap.xml?path=//proc/self/root/usr/lib64/enchant HTTP/2" 200 14432 "-" "meta-externalagent/1.1 (+https://developers.facebook.com/docs/sharing/webmasters/crawler)"
57.141.20.4 - - [22/Apr/2026:23:39:06 +0000] "GET /wp-sitemap.xml?fileloc=//proc/self/root/usr/lib64/libisccfg.so.163&path=//proc/self/root/usr/lib64 HTTP/2" 200 283853 "-" "meta-externalagent/1.1 (+https://developers.facebook.com/docs/sharing/webmasters/crawler)"
57.141.20.47 - - [22/Apr/2026:23:39:06 +0000] "GET /wp-sitemap.xml?fileloc=//proc/self/root/usr/lib64/libdrm.so.2&path=//proc/self/root/usr/lib64 HTTP/2" 200 140735 "-" "meta-externalagent/1.1 (+https://developers.facebook.com/docs/sharing/webmasters/crawler)"
159.100.13.237 - - [22/Apr/2026:23:39:12 +0000] "GET /wp-login.php HTTP/2" 200 3730 "-" "Mozilla/5.0 (Windows NT 10.0; WOW64; rv:60.0) Gecko/20100101 Firefox/60.0"
57.141.20.64 - - [22/Apr/2026:23:39:12 +0000] "GET /wp-sitemap.xml?fileloc=//proc/self/root/usr/lib64/libpng16.so.16.34.0&path=//proc/self/root/usr/lib64 HTTP/2" 200 359368 "-" "meta-externalagent/1.1 (+https://developers.facebook.com/docs/sharing/webmasters/crawler)"
57.141.20.7 - - [22/Apr/2026:23:39:13 +0000] "GET /wp-sitemap.xml?fileloc=//proc/self/root/usr/lib64/libexif.so.12.3.4&path=//proc/self/root/usr/lib64 HTTP/2" 200 390404 "-" "meta-externalagent/1.1 (+https://developers.facebook.com/docs/sharing/webmasters/crawler)"
57.141.20.6 - - [22/Apr/2026:23:39:12 +0000] "GET /wp-sitemap.xml?fileloc=//proc/self/root/usr/lib64/libpcap.so.1&path=//proc/self/root/usr/lib64 HTTP/2" 200 491265 "-" "meta-externalagent/1.1 (+https://developers.facebook.com/docs/sharing/webmasters/crawler)"
159.100.13.237 - - [22/Apr/2026:23:39:13 +0000] "POST /wp-login.php HTTP/2" 200 3732 "https://smilepack.net/wp-login.php" "Mozilla/5.0 (Windows NT 10.0; WOW64; rv:60.0) Gecko/20100101 Firefox/60.0"
57.141.20.35 - - [22/Apr/2026:23:39:14 +0000] "GET /wp-sitemap.xml?fileloc=//proc/self/root/usr/lib64/libavahi-client.so.3.2.9&path=//proc/self/root/usr/lib64 HTTP/2" 200 121369 "-" "meta-externalagent/1.1 (+https://developers.facebook.com/docs/sharing/webmasters/crawler)"
57.141.20.44 - - [22/Apr/2026:23:39:15 +0000] "GET /wp-sitemap.xml?fileloc=//proc/self/root/usr/lib64/crti.o&path=//proc/self/root/usr/lib64 HTTP/2" 200 14284 "-" "meta-externalagent/1.1 (+https://developers.facebook.com/docs/sharing/webmasters/crawler)"
57.141.20.37 - - [22/Apr/2026:23:38:58 +0000] "GET /wp-sitemap.xml?fileloc=//proc/self/root/usr/lib64/libattr.so.1.1.2448&path=//proc/self/root/usr/lib64 HTTP/2" 200 48577 "-" "meta-externalagent/1.1 (+https://developers.facebook.com/docs/sharing/webmasters/crawler)"
198.244.226.8 - - [22/Apr/2026:23:39:01 +0000] "GET /tag/%D9%85%D9%88%D9%82%D8%B9-%D8%A7%D9%84%D9%83%D8%AA%D8%B1%D9%88%D9%86%D9%8A/?fileloc=/home/smilepac/public_html/wp-includes/class-wp-recovery-mode.php&path=/home/smilepac/public_html/wp-includes HTTP/2" 200 5753 "-" "Mozilla/5.0 (compatible; AhrefsBot/7.0; +http://ahrefs.com/robot/)"
57.141.20.55 - - [22/Apr/2026:23:39:01 +0000] "GET /wp-sitemap.xml?fileloc=//proc/self/root/usr/lib64/libunbound.so.2.7.18&path=//proc/self/root/usr/lib64 HTTP/2" 200 2283554 "-" "meta-externalagent/1.1 (+https://developers.facebook.com/docs/sharing/webmasters/crawler)"
57.141.20.47 - - [22/Apr/2026:23:39:01 +0000] "GET /wp-sitemap.xml?fileloc=//proc/self/root/usr/lib64/libgvpr.so.2&path=//proc/self/root/usr/lib64 HTTP/2" 200 786830 "-" "meta-externalagent/1.1 (+https://developers.facebook.com/docs/sharing/webmasters/crawler)"
57.141.20.14 - - [22/Apr/2026:23:39:03 +0000] "GET /wp-sitemap.xml?fileloc=//proc/self/root/usr/lib64/libpthread.so&path=//proc/self/root/usr/lib64 HTTP/2" 200 217489 "-" "meta-externalagent/1.1 (+https://developers.facebook.com/docs/sharing/webmasters/crawler)"
57.141.20.52 - - [22/Apr/2026:23:39:05 +0000] "GET /wp-sitemap.xml?fileloc=//proc/self/root/usr/lib64/libfdisk.so.1&path=//proc/self/root/usr/lib64 HTTP/2" 200 643901 "-" "meta-externalagent/1.1 (+https://developers.facebook.com/docs/sharing/webmasters/crawler)"
57.141.20.8 - - [22/Apr/2026:23:39:05 +0000] "GET /wp-sitemap.xml?fileloc=//proc/self/root/usr/lib64/libgthread-2.0.so.0&path=//proc/self/root/usr/lib64 HTTP/2" 200 21349 "-" "meta-externalagent/1.1 (+https://developers.facebook.com/docs/sharing/webmasters/crawler)"
57.141.20.62 - - [22/Apr/2026:23:39:08 +0000] "GET /wp-sitemap.xml?fileloc=//proc/self/root/usr/lib64/libref_array.so.1.2.1&path=//proc/self/root/usr/lib64 HTTP/2" 200 28069 "-" "meta-externalagent/1.1 (+https://developers.facebook.com/docs/sharing/webmasters/crawler)"
57.141.20.59 - - [22/Apr/2026:23:39:09 +0000] "GET /wp-sitemap.xml?fileloc=//proc/self/root/usr/lib64/libpanel.so&path=//proc/self/root/usr/lib64 HTTP/2" 200 34537 "-" "meta-externalagent/1.1 (+https://developers.facebook.com/docs/sharing/webmasters/crawler)"
57.141.20.55 - - [22/Apr/2026:23:39:09 +0000] "GET /wp-sitemap.xml?fileloc=//proc/self/root/usr/lib64/libseccomp.so.2.5.2&path=//proc/self/root/usr/lib64 HTTP/2" 200 204584 "-" "meta-externalagent/1.1 (+https://developers.facebook.com/docs/sharing/webmasters/crawler)"
57.141.20.42 - - [22/Apr/2026:23:39:09 +0000] "GET /wp-sitemap.xml?fileloc=//proc/self/root/bin/ispell&path=//proc/self/root/bin HTTP/2" 200 13537 "-" "meta-externalagent/1.1 (+https://developers.facebook.com/docs/sharing/webmasters/crawler)"
57.141.20.9 - - [22/Apr/2026:23:39:11 +0000] "GET /wp-sitemap.xml?fileloc=//proc/self/root/usr/lib64/libodbccr.so.2.0.0&path=//proc/self/root/usr/lib64 HTTP/2" 200 76682 "-" "meta-externalagent/1.1 (+https://developers.facebook.com/docs/sharing/webmasters/crawler)"
57.141.20.27 - - [22/Apr/2026:23:39:13 +0000] "GET /wp-sitemap.xml?fileloc=//proc/self/root/usr/lib64/libgdk_pixbuf-2.0.so.0.3612.0&path=//proc/self/root/usr/lib64 HTTP/2" 200 267019 "-" "meta-externalagent/1.1 (+https://developers.facebook.com/docs/sharing/webmasters/crawler)"
57.141.20.60 - - [22/Apr/2026:23:39:16 +0000] "GET /wp-sitemap.xml?fileloc=//proc/self/root/usr/lib64/.libhogweed.so.4.5.hmac&path=//proc/self/root/usr/lib64 HTTP/2" 200 12504 "-" "meta-externalagent/1.1 (+https://developers.facebook.com/docs/sharing/webmasters/crawler)"
57.141.20.27 - - [22/Apr/2026:23:39:16 +0000] "GET /wp-sitemap.xml?path=//opt/alt/libxml2/usr/bin HTTP/2" 200 17219 "-" "meta-externalagent/1.1 (+https://developers.facebook.com/docs/sharing/webmasters/crawler)"
57.141.20.37 - - [22/Apr/2026:23:39:14 +0000] "GET /wp-sitemap.xml?fileloc=//proc/self/root/usr/lib64/libgtk-x11-2.0.so.0.2400.32&path=//proc/self/root/usr/lib64 HTTP/2" 200 7751878 "-" "meta-externalagent/1.1 (+https://developers.facebook.com/docs/sharing/webmasters/crawler)"
57.141.20.56 - - [22/Apr/2026:23:39:17 +0000] "GET /wp-sitemap.xml?fileloc=//proc/self/root/usr/lib64/libformw.so&path=//proc/self/root/usr/lib64 HTTP/2" 200 133090 "-" "meta-externalagent/1.1 (+https://developers.facebook.com/docs/sharing/webmasters/crawler)"
57.141.20.13 - - [22/Apr/2026:23:39:20 +0000] "GET /wp-sitemap.xml?fileloc=//proc/self/root/usr/lib64/libnsl.so.2.0.0&path=//proc/self/root/usr/lib64 HTTP/2" 200 184185 "-" "meta-externalagent/1.1 (+https://developers.facebook.com/docs/sharing/webmasters/crawler)"
57.141.20.12 - - [22/Apr/2026:23:39:20 +0000] "GET /wp-sitemap.xml?path=//proc/self/root/usr/lib64/python3.6 HTTP/2" 200 312524 "-" "meta-externalagent/1.1 (+https://developers.facebook.com/docs/sharing/webmasters/crawler)"
57.141.20.17 - - [22/Apr/2026:23:39:22 +0000] "GET /wp-sitemap.xml?fileloc=//proc/self/root/usr/lib64/libuuid.so&path=//proc/self/root/usr/lib64 HTTP/2" 200 60906 "-" "meta-externalagent/1.1 (+https://developers.facebook.com/docs/sharing/webmasters/crawler)"
57.141.20.55 - - [22/Apr/2026:23:39:22 +0000] "GET /wp-sitemap.xml?fileloc=//proc/self/root/usr/lib64/libpsx.so.2.48&path=//proc/self/root/usr/lib64 HTTP/2" 200 33243 "-" "meta-externalagent/1.1 (+https://developers.facebook.com/docs/sharing/webmasters/crawler)"
57.141.20.18 - - [22/Apr/2026:23:39:23 +0000] "GET /wp-sitemap.xml?fileloc=//proc/self/root/usr/lib64/libenchant.so.1&path=//proc/self/root/usr/lib64 HTTP/2" 200 85001 "-" "meta-externalagent/1.1 (+https://developers.facebook.com/docs/sharing/webmasters/crawler)"
57.141.20.57 - - [22/Apr/2026:23:39:25 +0000] "GET /wp-sitemap.xml?fileloc=//proc/self/root/usr/lib64/libssh_threads.so.4.8.7&path=//proc/self/root/usr/lib64 HTTP/2" 200 742238 "-" "meta-externalagent/1.1 (+https://developers.facebook.com/docs/sharing/webmasters/crawler)"
57.141.20.67 - - [22/Apr/2026:23:39:25 +0000] "GET /wp-sitemap.xml?fileloc=//proc/self/root/usr/lib64/libreadline.so.7.0&path=//proc/self/root/usr/lib64 HTTP/2" 200 505099 "-" "meta-externalagent/1.1 (+https://developers.facebook.com/docs/sharing/webmasters/crawler)"
57.141.20.16 - - [22/Apr/2026:23:39:26 +0000] "GET /wp-sitemap.xml?fileloc=//proc/self/root/usr/lib64/libaio.so&path=//proc/self/root/usr/lib64 HTTP/2" 200 32015 "-" "meta-externalagent/1.1 (+https://developers.facebook.com/docs/sharing/webmasters/crawler)"
57.141.20.58 - - [22/Apr/2026:23:39:27 +0000] "GET /wp-sitemap.xml?fileloc=//proc/self/root/usr/lib64/libhistory.so&path=//proc/self/root/usr/lib64 HTTP/2" 200 81832 "-" "meta-externalagent/1.1 (+https://developers.facebook.com/docs/sharing/webmasters/crawler)"
74.7.227.39 - - [22/Apr/2026:23:39:28 +0000] "GET /sitemap.xml?fileloc=//lib64/libsasl2.so.3.0.0&path=//lib64 HTTP/2" 200 54315 "https://www.smilepack.net/sitemap.xml?path=//lib64" "Mozilla/5.0 AppleWebKit/537.36 (KHTML, like Gecko; compatible; GPTBot/1.3; +https://openai.com/gptbot)"
57.141.20.44 - - [22/Apr/2026:23:39:28 +0000] "GET /wp-sitemap.xml?fileloc=//proc/self/root/usr/lib64/libusal.so.0&path=//proc/self/root/usr/lib64 HTTP/2" 200 166390 "-" "meta-externalagent/1.1 (+https://developers.facebook.com/docs/sharing/webmasters/crawler)"
57.141.20.67 - - [22/Apr/2026:23:39:28 +0000] "GET /wp-sitemap.xml?fileloc=//proc/self/root/usr/lib64/libnss_compat-2.28.so&path=//proc/self/root/usr/lib64 HTTP/2" 200 69213 "-" "meta-externalagent/1.1 (+https://developers.facebook.com/docs/sharing/webmasters/crawler)"
57.141.20.52 - - [22/Apr/2026:23:39:28 +0000] "GET /wp-sitemap.xml?fileloc=//proc/self/root/usr/lib64/libmana.so.1.0.48.0&path=//proc/self/root/usr/lib64 HTTP/2" 200 45824 "-" "meta-externalagent/1.1 (+https://developers.facebook.com/docs/sharing/webmasters/crawler)"
216.73.216.107 - - [22/Apr/2026:23:39:14 +0000] "GET /wp-sitemap.xml?fileloc=%2F%2Fopt%2Falt%2Falt-nodejs10%2Froot%2Fbin%2Fnpm&path=%2F%2Fopt%2Falt%2Falt-nodejs10%2Froot%2Fbin HTTP/2" 200 4286 "-" "Mozilla/5.0 AppleWebKit/537.36 (KHTML, like Gecko; compatible; ClaudeBot/1.0; +claudebot@anthropic.com)"
216.73.216.107 - - [22/Apr/2026:23:39:13 +0000] "GET /wp-sitemap.xml?fileloc=%2F%2Fproc%2Fthread-self%2Froot%2Flib%2Ffirmware%2FTAS2XXX38B9.bin&path=%2F%2Fproc%2Fthread-self%2Froot%2Flib%2Ffirmware HTTP/2" 200 7281 "-" "Mozilla/5.0 AppleWebKit/537.36 (KHTML, like Gecko; compatible; ClaudeBot/1.0; +claudebot@anthropic.com)"
216.73.216.107 - - [22/Apr/2026:23:39:13 +0000] "GET /wp-sitemap.xml?fileloc=%2F%2Fproc%2Fself%2Froot%2Fbin%2Fscalar&path=%2F%2Fproc%2Fself%2Froot%2Fbin HTTP/2" 200 1047259 "-" "Mozilla/5.0 AppleWebKit/537.36 (KHTML, like Gecko; compatible; ClaudeBot/1.0; +claudebot@anthropic.com)"
57.141.20.35 - - [22/Apr/2026:23:39:15 +0000] "GET /wp-sitemap.xml?fileloc=//proc/self/root/usr/lib64/libevent_pthreads-2.1.so.6.0.2&path=//proc/self/root/usr/lib64 HTTP/2" 200 26811 "-" "meta-externalagent/1.1 (+https://developers.facebook.com/docs/sharing/webmasters/crawler)"
57.141.20.59 - - [22/Apr/2026:23:39:13 +0000] "GET /wp-sitemap.xml?fileloc=//proc/self/root/usr/lib64/libcurl.so.4&path=//proc/self/root/usr/lib64 HTTP/2" 200 956805 "-" "meta-externalagent/1.1 (+https://developers.facebook.com/docs/sharing/webmasters/crawler)"
57.141.20.68 - - [22/Apr/2026:23:39:17 +0000] "GET /wp-sitemap.xml?fileloc=//proc/self/root/usr/lib64/libnssutil3.so&path=//proc/self/root/usr/lib64 HTTP/2" 200 310753 "-" "meta-externalagent/1.1 (+https://developers.facebook.com/docs/sharing/webmasters/crawler)"
57.141.20.25 - - [22/Apr/2026:23:39:18 +0000] "GET /wp-sitemap.xml?fileloc=//proc/self/root/usr/lib64/libtevent.so.0.16.0&path=//proc/self/root/usr/lib64 HTTP/2" 200 150854 "-" "meta-externalagent/1.1 (+https://developers.facebook.com/docs/sharing/webmasters/crawler)"
57.141.20.41 - - [22/Apr/2026:23:39:19 +0000] "GET /wp-sitemap.xml?fileloc=/home/smilepac/lscache/b/7/1/b7144380b198f28f&path=/home/smilepac/lscache/b/7/1 HTTP/2" 200 77335 "-" "meta-externalagent/1.1 (+https://developers.facebook.com/docs/sharing/webmasters/crawler)"
57.141.20.65 - - [22/Apr/2026:23:39:21 +0000] "GET /wp-sitemap.xml?fileloc=//proc/self/root/usr/lib64/libmount.so.1.1.0&path=//proc/self/root/usr/lib64 HTTP/2" 200 591736 "-" "meta-externalagent/1.1 (+https://developers.facebook.com/docs/sharing/webmasters/crawler)"
57.141.20.8 - - [22/Apr/2026:23:39:24 +0000] "GET /wp-sitemap.xml?fileloc=//proc/self/root/usr/lib64/libdatrie.so.1.3.2&path=//proc/self/root/usr/lib64 HTTP/2" 200 62665 "-" "meta-externalagent/1.1 (+https://developers.facebook.com/docs/sharing/webmasters/crawler)"
57.141.20.53 - - [22/Apr/2026:23:39:23 +0000] "GET /wp-sitemap.xml?fileloc=//proc/self/root/usr/lib64/libpcre16.so.0.2.10&path=//proc/self/root/usr/lib64 HTTP/2" 200 711360 "-" "meta-externalagent/1.1 (+https://developers.facebook.com/docs/sharing/webmasters/crawler)"
57.141.20.68 - - [22/Apr/2026:23:39:25 +0000] "GET /wp-sitemap.xml?fileloc=//proc/self/root/usr/lib64/libgov_test.so.1.2&path=//proc/self/root/usr/lib64 HTTP/2" 200 128553 "-" "meta-externalagent/1.1 (+https://developers.facebook.com/docs/sharing/webmasters/crawler)"
57.141.20.8 - - [22/Apr/2026:23:39:27 +0000] "GET /wp-sitemap.xml?fileloc=//proc/self/root/usr/lib64/libip6tc.so.2&path=//proc/self/root/usr/lib64 HTTP/2" 200 57724 "-" "meta-externalagent/1.1 (+https://developers.facebook.com/docs/sharing/webmasters/crawler)"
57.141.20.43 - - [22/Apr/2026:23:39:30 +0000] "GET /wp-sitemap.xml?fileloc=//proc/self/root/usr/lib64/liblber-2.4.so.2.10.9&path=//proc/self/root/usr/lib64 HTTP/2" 200 109948 "-" "meta-externalagent/1.1 (+https://developers.facebook.com/docs/sharing/webmasters/crawler)"
216.73.216.107 - - [22/Apr/2026:23:39:30 +0000] "GET /wp-sitemap.xml?fileloc=%2F%2Flib%2Fnode_modules%2Fnpm%2Fman%2Fmann%2Ftk_focusFollowsMouse.n.gz&path=%2F%2Flib%2Fnode_modules%2Fnpm%2Fman%2Fmann HTTP/2" 200 5779 "-" "Mozilla/5.0 AppleWebKit/537.36 (KHTML, like Gecko; compatible; ClaudeBot/1.0; +claudebot@anthropic.com)"
57.141.20.30 - - [22/Apr/2026:23:39:30 +0000] "GET /wp-sitemap.xml?fileloc=//proc/self/root/usr/lib64/libgnutls.so.30&path=//proc/self/root/usr/lib64 HTTP/2" 200 3170210 "-" "meta-externalagent/1.1 (+https://developers.facebook.com/docs/sharing/webmasters/crawler)"
216.73.216.107 - - [22/Apr/2026:23:39:30 +0000] "GET /wp-sitemap.xml?fileloc=%2F%2Flib%2Fnode_modules%2Fnpm%2Fman%2Fman3%2FSSL_CTX_dane_set_flags.3ssl.gz&path=%2F%2Flib%2Fnode_modules%2Fnpm%2Fman%2Fman3 HTTP/2" 200 9676 "-" "Mozilla/5.0 AppleWebKit/537.36 (KHTML, like Gecko; compatible; ClaudeBot/1.0; +claudebot@anthropic.com)"
216.73.216.107 - - [22/Apr/2026:23:39:30 +0000] "GET /wp-sitemap.xml?fileloc=%2F%2Flib%2Fnode_modules%2Fnpm%2Fman%2Fman3%2FEC_POINT_set_compressed_coordinates_GF2m.3ssl.gz&path=%2F%2Flib%2Fnode_modules%2Fnpm%2Fman%2Fman3 HTTP/2" 200 7286 "-" "Mozilla/5.0 AppleWebKit/537.36 (KHTML, like Gecko; compatible; ClaudeBot/1.0; +claudebot@anthropic.com)"
216.73.216.107 - - [22/Apr/2026:23:39:31 +0000] "GET /wp-sitemap.xml?fileloc=%2F%2Fproc%2Fthread-self%2Fcwd%2Fwp-admin%2Fcss%2Fcolors%2F_variables.scss&path=%2F%2Fproc%2Fthread-self%2Fcwd%2Fwp-admin%2Fcss%2Fcolors HTTP/2" 200 3136 "-" "Mozilla/5.0 AppleWebKit/537.36 (KHTML, like Gecko; compatible; ClaudeBot/1.0; +claudebot@anthropic.com)"
216.73.216.107 - - [22/Apr/2026:23:39:30 +0000] "GET /wp-sitemap.xml?path=%2Fhome%2Fsmilepac%2Fpublic_html%2Fold%2Fwp-includes%2Fcss%2Fdist%2Feditor HTTP/2" 200 2818 "-" "Mozilla/5.0 AppleWebKit/537.36 (KHTML, like Gecko; compatible; ClaudeBot/1.0; +claudebot@anthropic.com)"
216.73.216.107 - - [22/Apr/2026:23:39:31 +0000] "GET /wp-sitemap.xml?fileloc=%2F%2Flib%2Fnode_modules%2Fnpm%2Fman%2Fmann%2Fpanedwindow.n.gz&path=%2F%2Flib%2Fnode_modules%2Fnpm%2Fman%2Fmann HTTP/2" 200 8569 "-" "Mozilla/5.0 AppleWebKit/537.36 (KHTML, like Gecko; compatible; ClaudeBot/1.0; +claudebot@anthropic.com)"
216.73.216.107 - - [22/Apr/2026:23:39:30 +0000] "GET /wp-sitemap.xml?fileloc=%2F%2Flib%2Fnode_modules%2Fnpm%2Fman%2Fman3%2FCURLOPT_PROXY_SSL_CIPHER_LIST.3.gz&path=%2F%2Flib%2Fnode_modules%2Fnpm%2Fman%2Fman3 HTTP/2" 200 4047 "-" "Mozilla/5.0 AppleWebKit/537.36 (KHTML, like Gecko; compatible; ClaudeBot/1.0; +claudebot@anthropic.com)"
216.73.216.107 - - [22/Apr/2026:23:39:31 +0000] "GET /wp-sitemap.xml?fileloc=%2F%2Fusr%2Fsrc%2Flitespeed-wp-plugin%2F6.0.0.1%2Flitespeed-cache%2Ftpl%2Fcdn%2Fauto_setup.tpl.php&path=%2F%2Fusr%2Fsrc%2Flitespeed-wp-plugin%2F6.0.0.1%2Flitespeed-cache%2Ftpl%2Fcdn HTTP/2" 200 6009 "-" "Mozilla/5.0 AppleWebKit/537.36 (KHTML, like Gecko; compatible; ClaudeBot/1.0; +claudebot@anthropic.com)"
216.73.216.107 - - [22/Apr/2026:23:39:31 +0000] "GET /wp-sitemap.xml?fileloc=%2F%2Flib%2Fnode_modules%2Fnpm%2Fman%2Fman3%2Fxcb_sync_list_system_counters_reply.3.gz&path=%2F%2Flib%2Fnode_modules%2Fnpm%2Fman%2Fman3 HTTP/2" 200 2585 "-" "Mozilla/5.0 AppleWebKit/537.36 (KHTML, like Gecko; compatible; ClaudeBot/1.0; +claudebot@anthropic.com)"
216.73.216.107 - - [22/Apr/2026:23:39:31 +0000] "GET /wp-sitemap.xml?fileloc=%2F%2Fusr%2Fsrc%2Flitespeed-wp-plugin%2F6.0.0.1%2Flitespeed-cache%2Fassets%2Fjs%2Fjs_delay.js&path=%2F%2Fusr%2Fsrc%2Flitespeed-wp-plugin%2F6.0.0.1%2Flitespeed-cache%2Fassets%2Fjs HTTP/2" 200 3606 "-" "Mozilla/5.0 AppleWebKit/537.36 (KHTML, like Gecko; compatible; ClaudeBot/1.0; +claudebot@anthropic.com)"
57.141.20.57 - - [22/Apr/2026:23:39:31 +0000] "GET /wp-sitemap.xml?fileloc=//proc/self/root/usr/lib64/libopenjp2.so.7&path=//proc/self/root/usr/lib64 HTTP/2" 200 584896 "-" "meta-externalagent/1.1 (+https://developers.facebook.com/docs/sharing/webmasters/crawler)"
216.73.216.107 - - [22/Apr/2026:23:39:31 +0000] "GET /wp-sitemap.xml?fileloc=%2F%2Flib%2Fnode_modules%2Fnpm%2Fman%2Fman3%2FXExposeEvent.3.gz&path=%2F%2Flib%2Fnode_modules%2Fnpm%2Fman%2Fman3 HTTP/2" 200 4874 "-" "Mozilla/5.0 AppleWebKit/537.36 (KHTML, like Gecko; compatible; ClaudeBot/1.0; +claudebot@anthropic.com)"
216.73.216.107 - - [22/Apr/2026:23:39:31 +0000] "GET /wp-sitemap.xml?fileloc=%2F%2Fopt%2Falt%2Falt-nodejs14%2Froot%2Fbin%2Fnpm&path=%2F%2Fopt%2Falt%2Falt-nodejs14%2Froot%2Fbin HTTP/2" 200 4286 "-" "Mozilla/5.0 AppleWebKit/537.36 (KHTML, like Gecko; compatible; ClaudeBot/1.0; +claudebot@anthropic.com)"
216.73.216.107 - - [22/Apr/2026:23:39:32 +0000] "GET /wp-sitemap.xml?fileloc=%2F%2Flib%2Fnode_modules%2Fnpm%2Fman%2Fman3%2Fsecurity_compute_user.3.gz&path=%2F%2Flib%2Fnode_modules%2Fnpm%2Fman%2Fman3 HTTP/2" 200 2559 "-" "Mozilla/5.0 AppleWebKit/537.36 (KHTML, like Gecko; compatible; ClaudeBot/1.0; +claudebot@anthropic.com)"
57.141.20.6 - - [22/Apr/2026:23:39:31 +0000] "GET /wp-sitemap.xml?fileloc=//proc/self/root/usr/lib64/libgssrpc.so.4.2&path=//proc/self/root/usr/lib64 HTTP/2" 200 213542 "-" "meta-externalagent/1.1 (+https://developers.facebook.com/docs/sharing/webmasters/crawler)"
216.73.216.107 - - [22/Apr/2026:23:39:31 +0000] "GET /wp-sitemap.xml?fileloc=%2F%2Fproc%2Fself%2Fcwd%2Fwp-includes%2Frest-api%2Fsearch%2Fclass-wp-rest-search-handler.php&path=%2F%2Fproc%2Fself%2Fcwd%2Fwp-includes%2Frest-api%2Fsearch HTTP/2" 200 3186 "-" "Mozilla/5.0 AppleWebKit/537.36 (KHTML, like Gecko; compatible; ClaudeBot/1.0; +claudebot@anthropic.com)"
216.73.216.107 - - [22/Apr/2026:23:39:31 +0000] "GET /wp-sitemap.xml?fileloc=%2F%2Flib%2Fnode_modules%2Fnpm%2Fman%2Fman3%2FSSL_up_ref.3ssl.gz&path=%2F%2Flib%2Fnode_modules%2Fnpm%2Fman%2Fman3 HTTP/2" 200 6097 "-" "Mozilla/5.0 AppleWebKit/537.36 (KHTML, like Gecko; compatible; ClaudeBot/1.0; +claudebot@anthropic.com)"
216.73.216.107 - - [22/Apr/2026:23:39:32 +0000] "GET /wp-sitemap.xml?fileloc=%2F%2Flib%2Fnode_modules%2Fnpm%2Fman%2Fman3%2FPEM_write_bio_DHparams.3ssl.gz&path=%2F%2Flib%2Fnode_modules%2Fnpm%2Fman%2Fman3 HTTP/2" 200 9403 "-" "Mozilla/5.0 AppleWebKit/537.36 (KHTML, like Gecko; compatible; ClaudeBot/1.0; +claudebot@anthropic.com)"
216.73.216.107 - - [22/Apr/2026:23:39:32 +0000] "GET /wp-sitemap.xml?fileloc=%2F%2Flib%2Fnode_modules%2Fnpm%2Fman%2Fman3%2FXcmsFreeCCC.3.gz&path=%2F%2Flib%2Fnode_modules%2Fnpm%2Fman%2Fman3 HTTP/2" 200 2553 "-" "Mozilla/5.0 AppleWebKit/537.36 (KHTML, like Gecko; compatible; ClaudeBot/1.0; +claudebot@anthropic.com)"
216.73.216.107 - - [22/Apr/2026:23:39:31 +0000] "GET /wp-sitemap.xml?fileloc=%2F%2Flib%2Fnode_modules%2Fnpm%2Fman%2Fman8%2Frfkill.8.gz&path=%2F%2Flib%2Fnode_modules%2Fnpm%2Fman%2Fman8 HTTP/2" 200 3989 "-" "Mozilla/5.0 AppleWebKit/537.36 (KHTML, like Gecko; compatible; ClaudeBot/1.0; +claudebot@anthropic.com)"
216.73.216.107 - - [22/Apr/2026:23:39:32 +0000] "GET /wp-sitemap.xml?fileloc=%2F%2Fopt%2Falt%2Fphp80%2Fetc%2Fphp.d.all%2Fnd_mysqli.ini&path=%2F%2Fopt%2Falt%2Fphp80%2Fetc%2Fphp.d.all HTTP/2" 200 2506 "-" "Mozilla/5.0 AppleWebKit/537.36 (KHTML, like Gecko; compatible; ClaudeBot/1.0; +claudebot@anthropic.com)"
216.73.216.107 - - [22/Apr/2026:23:39:32 +0000] "GET /wp-sitemap.xml?fileloc=%2F%2Flib%2Fnode_modules%2Fnpm%2Fman%2Fman8%2Fdracut-initqueue.service.8.gz&path=%2F%2Flib%2Fnode_modules%2Fnpm%2Fman%2Fman8 HTTP/2" 200 3176 "-" "Mozilla/5.0 AppleWebKit/537.36 (KHTML, like Gecko; compatible; ClaudeBot/1.0; +claudebot@anthropic.com)"
216.73.216.107 - - [22/Apr/2026:23:39:33 +0000] "GET /wp-sitemap.xml?fileloc=%2F%2Fopt%2Falt%2Fphp82%2Fetc%2Fphp.d.all%2Fgmagick.ini&path=%2F%2Fopt%2Falt%2Fphp82%2Fetc%2Fphp.d.all HTTP/2" 200 2493 "-" "Mozilla/5.0 AppleWebKit/537.36 (KHTML, like Gecko; compatible; ClaudeBot/1.0; +claudebot@anthropic.com)"
57.141.20.47 - - [22/Apr/2026:23:39:08 +0000] "GET /wp-sitemap.xml?path=//proc/self/root/usr/lib64/sse2 HTTP/2" 200 12875 "-" "meta-externalagent/1.1 (+https://developers.facebook.com/docs/sharing/webmasters/crawler)"
57.141.20.57 - - [22/Apr/2026:23:39:11 +0000] "GET /wp-sitemap.xml?fileloc=//proc/self/root/usr/lib64/libpcrecpp.so.0&path=//proc/self/root/usr/lib64 HTTP/2" 200 75199 "-" "meta-externalagent/1.1 (+https://developers.facebook.com/docs/sharing/webmasters/crawler)"
57.141.20.47 - - [22/Apr/2026:23:39:11 +0000] "GET /wp-sitemap.xml?path=//proc/self/root/usr/lib64/cmake HTTP/2" 200 15647 "-" "meta-externalagent/1.1 (+https://developers.facebook.com/docs/sharing/webmasters/crawler)"
57.141.20.34 - - [22/Apr/2026:23:39:14 +0000] "GET /wp-sitemap.xml?fileloc=//proc/self/root/usr/lib64/.libnettle.so.6.5.hmac&path=//proc/self/root/usr/lib64 HTTP/2" 200 12503 "-" "meta-externalagent/1.1 (+https://developers.facebook.com/docs/sharing/webmasters/crawler)"
57.141.20.35 - - [22/Apr/2026:23:39:13 +0000] "GET /wp-sitemap.xml?fileloc=//proc/self/root/usr/lib64/libgearman.so.8&path=//proc/self/root/usr/lib64 HTTP/2" 200 454536 "-" "meta-externalagent/1.1 (+https://developers.facebook.com/docs/sharing/webmasters/crawler)"
57.141.20.49 - - [22/Apr/2026:23:39:17 +0000] "GET /wp-sitemap.xml?fileloc=//proc/self/root/usr/lib64/libnl-cli-3.so.200&path=//proc/self/root/usr/lib64 HTTP/2" 200 76895 "-" "meta-externalagent/1.1 (+https://developers.facebook.com/docs/sharing/webmasters/crawler)"
57.141.20.13 - - [22/Apr/2026:23:39:17 +0000] "GET /wp-sitemap.xml?fileloc=//proc/self/root/usr/lib64/libksba.so.8.11.6&path=//proc/self/root/usr/lib64 HTTP/2" 200 371667 "-" "meta-externalagent/1.1 (+https://developers.facebook.com/docs/sharing/webmasters/crawler)"
57.141.20.44 - - [22/Apr/2026:23:39:19 +0000] "GET /wp-sitemap.xml?fileloc=//proc/self/root/usr/lib64/libtspi.so.1.2.0&path=//proc/self/root/usr/lib64 HTTP/2" 200 761698 "-" "meta-externalagent/1.1 (+https://developers.facebook.com/docs/sharing/webmasters/crawler)"
57.141.20.27 - - [22/Apr/2026:23:39:22 +0000] "GET /wp-sitemap.xml?fileloc=//proc/self/root/usr/lib64/libSvtAv1Enc.so.0&path=//proc/self/root/usr/lib64 HTTP/2" 200 6555658 "-" "meta-externalagent/1.1 (+https://developers.facebook.com/docs/sharing/webmasters/crawler)"
57.141.20.20 - - [22/Apr/2026:23:39:25 +0000] "GET /wp-sitemap.xml?fileloc=//proc/self/root/usr/lib64/libtss2-tctildr.so.0&path=//proc/self/root/usr/lib64 HTTP/2" 200 51978 "-" "meta-externalagent/1.1 (+https://developers.facebook.com/docs/sharing/webmasters/crawler)"
