57.141.20.60 - - [22/Apr/2026:23:37:25 +0000] "GET /wp-sitemap.xml?fileloc=//opt/alt/libicu/usr/bin/icu-config-64&path=//opt/alt/libicu/usr/bin HTTP/2" 200 37544 "-" "meta-externalagent/1.1 (+https://developers.facebook.com/docs/sharing/webmasters/crawler)"
57.141.20.28 - - [22/Apr/2026:23:37:26 +0000] "GET /wp-sitemap-taxonomies-post_tag-1.xml?fileloc=/home/smilepac/public_html/wp-includes/theme-compat/.htaccess&path=/home/smilepac/public_html/wp-includes/theme-compat HTTP/2" 200 12863 "-" "meta-externalagent/1.1 (+https://developers.facebook.com/docs/sharing/webmasters/crawler)"
57.141.20.59 - - [22/Apr/2026:23:37:26 +0000] "GET /wp-sitemap.xml?fileloc=/home/smilepac/lscache/3/3/5/335558c9d8c919db&path=/home/smilepac/lscache/3/3/5 HTTP/2" 200 13060 "-" "meta-externalagent/1.1 (+https://developers.facebook.com/docs/sharing/webmasters/crawler)"
57.141.20.4 - - [22/Apr/2026:23:37:28 +0000] "GET /wp-sitemap.xml?fileloc=/home/smilepac/lscache/6/2/9/629e2eba9a364ca5&path=/home/smilepac/lscache/6/2/9 HTTP/2" 200 77422 "-" "meta-externalagent/1.1 (+https://developers.facebook.com/docs/sharing/webmasters/crawler)"
57.141.20.5 - - [22/Apr/2026:23:37:28 +0000] "GET /wp-sitemap.xml?path=//home/smilepac/lscache/6/7/7 HTTP/2" 200 32633 "-" "meta-externalagent/1.1 (+https://developers.facebook.com/docs/sharing/webmasters/crawler)"
57.141.20.60 - - [22/Apr/2026:23:37:29 +0000] "GET /wp-sitemap-taxonomies-post_tag-1.xml?fileloc=/home/smilepac/public_html/wp-includes/abilities-api/.htaccess&path=/home/smilepac/public_html/wp-includes/abilities-api HTTP/2" 200 12866 "-" "meta-externalagent/1.1 (+https://developers.facebook.com/docs/sharing/webmasters/crawler)"
57.141.20.54 - - [22/Apr/2026:23:37:31 +0000] "GET /wp-sitemap.xml?fileloc=//home/smilepac/mail/.purchase@smilepack_net/cur/1770563656.M319794P3021881.server.nevid-deploma.com,S=3438,W=3513:2,S&path=//home/smilepac/mail/.purchase@smilepack_net/cur HTTP/2" 200 16512 "-" "meta-externalagent/1.1 (+https://developers.facebook.com/docs/sharing/webmasters/crawler)"
57.141.20.53 - - [22/Apr/2026:23:37:31 +0000] "GET /wp-sitemap.xml?fileloc=//home/smilepac/mail/.purchase@smilepack_net/cur/1762411523.M174697P2937157.server.ege-egy.com,S=195808,W=198384:2,S&path=//home/smilepac/mail/.purchase@smilepack_net/cur HTTP/2" 200 208569 "-" "meta-externalagent/1.1 (+https://developers.facebook.com/docs/sharing/webmasters/crawler)"
57.141.20.9 - - [22/Apr/2026:23:37:36 +0000] "GET /wp-sitemap.xml?fileloc=//proc/self/root/usr/lib64/libjasper.so.4&path=//proc/self/root/usr/lib64 HTTP/2" 200 575718 "-" "meta-externalagent/1.1 (+https://developers.facebook.com/docs/sharing/webmasters/crawler)"
57.141.20.14 - - [22/Apr/2026:23:37:39 +0000] "GET /wp-sitemap.xml?path=//home/smilepac/lscache/d/0/4 HTTP/2" 200 32629 "-" "meta-externalagent/1.1 (+https://developers.facebook.com/docs/sharing/webmasters/crawler)"
57.141.20.43 - - [22/Apr/2026:23:37:40 +0000] "GET /wp-sitemap.xml?fileloc=//proc/self/root/usr/lib64/libdbus-1.so.3&path=//proc/self/root/usr/lib64 HTTP/2" 200 547674 "-" "meta-externalagent/1.1 (+https://developers.facebook.com/docs/sharing/webmasters/crawler)"
57.141.20.30 - - [22/Apr/2026:23:37:41 +0000] "GET /wp-sitemap.xml?fileloc=//proc/self/root/usr/lib64/libmysqlclient.so.18&path=//proc/self/root/usr/lib64 HTTP/2" 200 560786 "-" "meta-externalagent/1.1 (+https://developers.facebook.com/docs/sharing/webmasters/crawler)"
57.141.20.4 - - [22/Apr/2026:23:37:44 +0000] "GET /wp-sitemap.xml?fileloc=//proc/self/root/usr/lib64/libcollection.so.4.1.1&path=//proc/self/root/usr/lib64 HTTP/2" 200 89578 "-" "meta-externalagent/1.1 (+https://developers.facebook.com/docs/sharing/webmasters/crawler)"
216.73.216.107 - - [22/Apr/2026:23:37:43 +0000] "GET /wp-sitemap.xml?fileloc=%2F%2Flib%2Fnode_modules%2Fnpm%2Fman%2Fman3%2Fxcb_present_select_input_checked.3.gz&path=%2F%2Flib%2Fnode_modules%2Fnpm%2Fman%2Fman3 HTTP/2" 200 2572 "-" "Mozilla/5.0 AppleWebKit/537.36 (KHTML, like Gecko; compatible; ClaudeBot/1.0; +claudebot@anthropic.com)"
216.73.216.107 - - [22/Apr/2026:23:37:43 +0000] "GET /wp-sitemap.xml?fileloc=%2F%2Fproc%2Fthread-self%2Froot%2Flib%2Ffirmware%2Fusbdux_firmware.bin&path=%2F%2Fproc%2Fthread-self%2Froot%2Flib%2Ffirmware HTTP/2" 200 3300 "-" "Mozilla/5.0 AppleWebKit/537.36 (KHTML, like Gecko; compatible; ClaudeBot/1.0; +claudebot@anthropic.com)"
57.141.20.41 - - [22/Apr/2026:23:37:42 +0000] "GET /wp-sitemap.xml?fileloc=//proc/self/root/usr/lib64/libXi.so.6&path=//proc/self/root/usr/lib64 HTTP/2" 200 119771 "-" "meta-externalagent/1.1 (+https://developers.facebook.com/docs/sharing/webmasters/crawler)"
216.73.216.107 - - [22/Apr/2026:23:37:43 +0000] "GET /wp-sitemap.xml?path=%2F%2Fusr%2Fshare%2Fperl5%2Fvendor_perl%2FGetopt HTTP/2" 200 2797 "-" "Mozilla/5.0 AppleWebKit/537.36 (KHTML, like Gecko; compatible; ClaudeBot/1.0; +claudebot@anthropic.com)"
216.73.216.107 - - [22/Apr/2026:23:37:43 +0000] "GET /wp-sitemap.xml?fileloc=%2F%2Flib%2Fnode_modules%2Fnpm%2Fman%2Fman3%2FSSL_client_hello_get0_ciphers.3ssl.gz&path=%2F%2Flib%2Fnode_modules%2Fnpm%2Fman%2Fman3 HTTP/2" 200 6546 "-" "Mozilla/5.0 AppleWebKit/537.36 (KHTML, like Gecko; compatible; ClaudeBot/1.0; +claudebot@anthropic.com)"
216.73.216.107 - - [22/Apr/2026:23:37:43 +0000] "GET /wp-sitemap.xml?fileloc=%2F%2Fproc%2Fthread-self%2Froot%2Flib64%2Flibwebp.so.7.0.2&path=%2F%2Fproc%2Fthread-self%2Froot%2Flib64 HTTP/2" 200 198306 "-" "Mozilla/5.0 AppleWebKit/537.36 (KHTML, like Gecko; compatible; ClaudeBot/1.0; +claudebot@anthropic.com)"
216.73.216.107 - - [22/Apr/2026:23:37:43 +0000] "GET /wp-sitemap.xml?fileloc=%2F%2Flib%2Fnode_modules%2Fnpm%2Fman%2Fman3%2FDTLSv1_2_method.3ssl.gz&path=%2F%2Flib%2Fnode_modules%2Fnpm%2Fman%2Fman3 HTTP/2" 200 6631 "-" "Mozilla/5.0 AppleWebKit/537.36 (KHTML, like Gecko; compatible; ClaudeBot/1.0; +claudebot@anthropic.com)"
216.73.216.107 - - [22/Apr/2026:23:37:44 +0000] "GET /wp-sitemap.xml?fileloc=%2F%2Flib%2Fnode_modules%2Fnpm%2Fman%2Fman3%2FEVP_CIPHER_CTX_set_cipher_data.3ssl.gz&path=%2F%2Flib%2Fnode_modules%2Fnpm%2Fman%2Fman3 HTTP/2" 200 4986 "-" "Mozilla/5.0 AppleWebKit/537.36 (KHTML, like Gecko; compatible; ClaudeBot/1.0; +claudebot@anthropic.com)"
216.73.216.107 - - [22/Apr/2026:23:37:43 +0000] "GET /wp-sitemap.xml?fileloc=%2F%2Fopt%2Falt%2Falt-nodejs20%2Froot%2Flib64%2Ficu%2Fcurrent%2Fpkgdata.inc&path=%2F%2Fopt%2Falt%2Falt-nodejs20%2Froot%2Flib64%2Ficu%2Fcurrent HTTP/2" 200 3108 "-" "Mozilla/5.0 AppleWebKit/537.36 (KHTML, like Gecko; compatible; ClaudeBot/1.0; +claudebot@anthropic.com)"
216.73.216.107 - - [22/Apr/2026:23:37:43 +0000] "GET /wp-sitemap.xml?fileloc=%2F%2Fopt%2Falt%2Falt-nodejs16%2Froot%2Fbin%2Fnpm&path=%2F%2Fopt%2Falt%2Falt-nodejs16%2Froot%2Fbin HTTP/2" 200 2505 "-" "Mozilla/5.0 AppleWebKit/537.36 (KHTML, like Gecko; compatible; ClaudeBot/1.0; +claudebot@anthropic.com)"
216.73.216.107 - - [22/Apr/2026:23:37:43 +0000] "GET /wp-sitemap.xml?fileloc=%2F%2Fproc%2Fthread-self%2Froot%2Flib%2Ffirmware%2FTAS2XXX11540.bin&path=%2F%2Fproc%2Fthread-self%2Froot%2Flib%2Ffirmware HTTP/2" 200 9900 "-" "Mozilla/5.0 AppleWebKit/537.36 (KHTML, like Gecko; compatible; ClaudeBot/1.0; +claudebot@anthropic.com)"
57.141.20.45 - - [22/Apr/2026:23:37:43 +0000] "GET /wp-sitemap.xml?fileloc=//proc/self/root/usr/lib64/libgmp.so.10&path=//proc/self/root/usr/lib64 HTTP/2" 200 1065738 "-" "meta-externalagent/1.1 (+https://developers.facebook.com/docs/sharing/webmasters/crawler)"
216.73.216.107 - - [22/Apr/2026:23:37:44 +0000] "GET /wp-sitemap.xml?fileloc=%2F%2Flib%2Fpython3.6%2Fsite-packages%2Fsepolicy%2Fhelp%2Flockdown.txt&path=%2F%2Flib%2Fpython3.6%2Fsite-packages%2Fsepolicy%2Fhelp HTTP/2" 200 2641 "-" "Mozilla/5.0 AppleWebKit/537.36 (KHTML, like Gecko; compatible; ClaudeBot/1.0; +claudebot@anthropic.com)"
216.73.216.107 - - [22/Apr/2026:23:37:44 +0000] "GET /wp-sitemap.xml?fileloc=%2F%2Fopt%2Falt%2Falt-nodejs10%2Froot%2Fbin%2Fgenrb&path=%2F%2Fopt%2Falt%2Falt-nodejs10%2Froot%2Fbin HTTP/2" 200 58523 "-" "Mozilla/5.0 AppleWebKit/537.36 (KHTML, like Gecko; compatible; ClaudeBot/1.0; +claudebot@anthropic.com)"
216.73.216.107 - - [22/Apr/2026:23:37:44 +0000] "GET /wp-sitemap.xml?fileloc=%2F%2Fproc%2Fthread-self%2Froot%2Flib%2Ffirmware%2FTAS2XXX3920.bin&path=%2F%2Fproc%2Fthread-self%2Froot%2Flib%2Ffirmware HTTP/2" 200 10558 "-" "Mozilla/5.0 AppleWebKit/537.36 (KHTML, like Gecko; compatible; ClaudeBot/1.0; +claudebot@anthropic.com)"
74.7.227.39 - - [22/Apr/2026:23:37:44 +0000] "GET /sitemap.xml?fileloc=//lib64/libhogweed.so.4.5&path=//lib64 HTTP/2" 200 107991 "https://www.smilepack.net/sitemap.xml?path=//lib64" "Mozilla/5.0 AppleWebKit/537.36 (KHTML, like Gecko; compatible; GPTBot/1.3; +https://openai.com/gptbot)"
216.73.216.107 - - [22/Apr/2026:23:37:45 +0000] "GET /wp-sitemap.xml?fileloc=%2F%2Flib%2Fnode_modules%2Fnpm%2Fman%2Fmann%2Fmenu.n.gz&path=%2F%2Flib%2Fnode_modules%2Fnpm%2Fman%2Fmann HTTP/2" 200 13944 "-" "Mozilla/5.0 AppleWebKit/537.36 (KHTML, like Gecko; compatible; ClaudeBot/1.0; +claudebot@anthropic.com)"
216.73.216.107 - - [22/Apr/2026:23:37:45 +0000] "GET /wp-sitemap.xml?path=%2F%2Fopt%2Falt%2Falt-nodejs6%2Froot%2Fusr%2Fshare%2Flocale%2Fen%40boldquot HTTP/2" 200 2825 "-" "Mozilla/5.0 AppleWebKit/537.36 (KHTML, like Gecko; compatible; ClaudeBot/1.0; +claudebot@anthropic.com)"
216.73.216.107 - - [22/Apr/2026:23:37:46 +0000] "GET /wp-sitemap.xml?fileloc=%2F%2Fopt%2Falt%2Fphp84%2Fetc%2Fphp.d.all%2Fnd_pdo_mysql.ini&path=%2F%2Fopt%2Falt%2Fphp84%2Fetc%2Fphp.d.all HTTP/2" 200 2509 "-" "Mozilla/5.0 AppleWebKit/537.36 (KHTML, like Gecko; compatible; ClaudeBot/1.0; +claudebot@anthropic.com)"
216.73.216.107 - - [22/Apr/2026:23:37:46 +0000] "GET /wp-sitemap.xml?fileloc=%2F%2Fusr%2Fshare%2Fgit-core%2Ftemplates%2Fhooks%2Fpre-receive.sample&path=%2F%2Fusr%2Fshare%2Fgit-core%2Ftemplates%2Fhooks HTTP/2" 200 2813 "-" "Mozilla/5.0 AppleWebKit/537.36 (KHTML, like Gecko; compatible; ClaudeBot/1.0; +claudebot@anthropic.com)"
216.73.216.107 - - [22/Apr/2026:23:37:46 +0000] "GET /wp-sitemap.xml?fileloc=%2F%2Fopt%2Fcpanel%2Fea-ruby27%2Fsrc%2Fpassenger-release-6.1.2%2Fdoc%2FCodingTipsAndPitfalls.md&path=%2F%2Fopt%2Fcpanel%2Fea-ruby27%2Fsrc%2Fpassenger-release-6.1.2%2Fdoc HTTP/2" 200 3767 "-" "Mozilla/5.0 AppleWebKit/537.36 (KHTML, like Gecko; compatible; ClaudeBot/1.0; +claudebot@anthropic.com)"
216.73.216.107 - - [22/Apr/2026:23:37:45 +0000] "GET /wp-sitemap.xml?fileloc=%2F%2Fproc%2Fsys%2Ffs%2Fdatacycle%2Fevents&path=%2F%2Fproc%2Fsys%2Ffs%2Fdatacycle HTTP/2" 200 2448 "-" "Mozilla/5.0 AppleWebKit/537.36 (KHTML, like Gecko; compatible; ClaudeBot/1.0; +claudebot@anthropic.com)"
216.73.216.107 - - [22/Apr/2026:23:37:45 +0000] "GET /wp-sitemap.xml?fileloc=%2Fhome%2Fsmilepac%2Fpublic_html%2Fwp-content%2Fplugins%2Felementor%2Fmodules%2Fwp-cli%2Flibrary.php&path=%2Fhome%2Fsmilepac%2Fpublic_html%2Fwp-content%2Fplugins%2Felementor%2Fmodules%2Fwp-cli HTTP/2" 200 4706 "-" "Mozilla/5.0 AppleWebKit/537.36 (KHTML, like Gecko; compatible; ClaudeBot/1.0; +claudebot@anthropic.com)"
216.73.216.107 - - [22/Apr/2026:23:37:46 +0000] "GET /wp-sitemap.xml?path=%2F%2Fusr%2Flocal%2Fshare%2Fperl5%2FTest HTTP/2" 200 2867 "-" "Mozilla/5.0 AppleWebKit/537.36 (KHTML, like Gecko; compatible; ClaudeBot/1.0; +claudebot@anthropic.com)"
216.73.216.107 - - [22/Apr/2026:23:37:46 +0000] "GET /wp-sitemap.xml?path=%2F%2Fproc%2Fthread-self%2Froot%2Flib%2Fmodules%2F4.18.0-553.117.1.lve.el8.x86_64%2Fkernel%2Fkernel%2Ftime HTTP/2" 200 2562 "-" "Mozilla/5.0 AppleWebKit/537.36 (KHTML, like Gecko; compatible; ClaudeBot/1.0; +claudebot@anthropic.com)"
216.73.216.107 - - [22/Apr/2026:23:37:47 +0000] "GET /wp-sitemap.xml?fileloc=%2F%2Fusr%2Fsrc%2Flitespeed-wp-plugin%2F6.0.0.1%2Flitespeed-cache%2Fassets%2Fjs%2Fwebfontloader.js&path=%2F%2Fusr%2Fsrc%2Flitespeed-wp-plugin%2F6.0.0.1%2Flitespeed-cache%2Fassets%2Fjs HTTP/2" 200 7740 "-" "Mozilla/5.0 AppleWebKit/537.36 (KHTML, like Gecko; compatible; ClaudeBot/1.0; +claudebot@anthropic.com)"
57.141.20.56 - - [22/Apr/2026:23:37:45 +0000] "GET /wp-sitemap.xml?fileloc=//proc/self/root/usr/lib64/libprotobuf.so.15.0.0&path=//proc/self/root/usr/lib64 HTTP/2" 200 4688432 "-" "meta-externalagent/1.1 (+https://developers.facebook.com/docs/sharing/webmasters/crawler)"
216.73.216.107 - - [22/Apr/2026:23:37:47 +0000] "GET /wp-sitemap.xml?fileloc=%2F%2Flib%2Fpython3.6%2Fsite-packages%2Furllib3%2Fpackages%2Fbackports%2F__pycache__%2Fmakefile.cpython-36.pyc&path=%2F%2Flib%2Fpython3.6%2Fsite-packages%2Furllib3%2Fpackages%2Fbackports%2F__pycache__ HTTP/2" 200 3377 "-" "Mozilla/5.0 AppleWebKit/537.36 (KHTML, like Gecko; compatible; ClaudeBot/1.0; +claudebot@anthropic.com)"
216.73.216.107 - - [22/Apr/2026:23:37:46 +0000] "GET /wp-sitemap.xml?path=%2F%2Fopt%2Fcpanel%2Fea-ruby27%2Fsrc%2Fpassenger-release-6.1.2%2Fresources%2Ftemplates%2Finstaller_common HTTP/2" 200 3088 "-" "Mozilla/5.0 AppleWebKit/537.36 (KHTML, like Gecko; compatible; ClaudeBot/1.0; +claudebot@anthropic.com)"
216.73.216.107 - - [22/Apr/2026:23:37:47 +0000] "GET /wp-sitemap.xml?fileloc=%2F%2Fusr%2Fsrc%2Flitespeed-wp-plugin%2F6.0.0.1%2Flitespeed-cache%2Fassets%2Fjs%2Fcomponent.crawler.js&path=%2F%2Fusr%2Fsrc%2Flitespeed-wp-plugin%2F6.0.0.1%2Flitespeed-cache%2Fassets%2Fjs HTTP/2" 200 3500 "-" "Mozilla/5.0 AppleWebKit/537.36 (KHTML, like Gecko; compatible; ClaudeBot/1.0; +claudebot@anthropic.com)"
216.73.216.107 - - [22/Apr/2026:23:37:46 +0000] "GET /wp-sitemap.xml?path=%2F%2Fopt%2Fcpanel%2Fea-ruby27%2Fsrc%2Fpassenger-release-6.1.2%2Fdoc%2Fimages HTTP/2" 200 2850 "-" "Mozilla/5.0 AppleWebKit/537.36 (KHTML, like Gecko; compatible; ClaudeBot/1.0; +claudebot@anthropic.com)"
216.73.216.107 - - [22/Apr/2026:23:37:47 +0000] "GET /wp-sitemap.xml?path=%2F%2Fusr%2Flocal%2Fshare%2Fperl5%2FCPAN HTTP/2" 200 3921 "-" "Mozilla/5.0 AppleWebKit/537.36 (KHTML, like Gecko; compatible; ClaudeBot/1.0; +claudebot@anthropic.com)"
216.73.216.107 - - [22/Apr/2026:23:37:46 +0000] "GET /wp-sitemap.xml?fileloc=%2F%2Fproc%2Fthread-self%2Froot%2Fhome%2Fsmilepac%2F.sitepad%2Fuser.php&path=%2F%2Fproc%2Fthread-self%2Froot%2Fhome%2Fsmilepac%2F.sitepad HTTP/2" 200 2598 "-" "Mozilla/5.0 AppleWebKit/537.36 (KHTML, like Gecko; compatible; ClaudeBot/1.0; +claudebot@anthropic.com)"
216.73.216.107 - - [22/Apr/2026:23:37:47 +0000] "GET /wp-sitemap.xml?fileloc=%2F%2Fopt%2Falt%2Fphp80%2Fusr%2Fshare%2Fpear%2FPEAR%2FFrontend.php&path=%2F%2Fopt%2Falt%2Fphp80%2Fusr%2Fshare%2Fpear%2FPEAR HTTP/2" 200 4557 "-" "Mozilla/5.0 AppleWebKit/537.36 (KHTML, like Gecko; compatible; ClaudeBot/1.0; +claudebot@anthropic.com)"
216.73.216.107 - - [22/Apr/2026:23:37:47 +0000] "GET /wp-sitemap.xml?path=%2F%2Flib%2Ffirmware%2Fnvidia%2Fga106%2Fgsp HTTP/2" 200 3060 "-" "Mozilla/5.0 AppleWebKit/537.36 (KHTML, like Gecko; compatible; ClaudeBot/1.0; +claudebot@anthropic.com)"
216.73.216.107 - - [22/Apr/2026:23:37:48 +0000] "GET /wp-sitemap.xml?path=%2F%2Flib%2Ffirmware%2Fnvidia%2Ftu117%2Fgsp HTTP/2" 200 3088 "-" "Mozilla/5.0 AppleWebKit/537.36 (KHTML, like Gecko; compatible; ClaudeBot/1.0; +claudebot@anthropic.com)"
74.7.227.39 - - [22/Apr/2026:23:37:48 +0000] "GET /sitemap.xml?fileloc=//lib64/libhistory.so.7.0&path=//lib64 HTTP/2" 200 21145 "https://www.smilepack.net/sitemap.xml?path=//lib64" "Mozilla/5.0 AppleWebKit/537.36 (KHTML, like Gecko; compatible; GPTBot/1.3; +https://openai.com/gptbot)"
216.73.216.107 - - [22/Apr/2026:23:37:48 +0000] "GET /wp-sitemap.xml?fileloc=%2Fhome%2Fsmilepac%2Fpublic_html%2Fwp-includes%2Fjs%2Ftinymce%2Fplugins%2Fdirectionality%2Fdirectionality%2Fcache.php&path=%2Fhome%2Fsmilepac%2Fpublic_html%2Fwp-includes%2Fjs%2Ftinymce%2Fplugins%2Fdirectionality%2Fdirectionality HTTP/2" 200 2748 "-" "Mozilla/5.0 AppleWebKit/537.36 (KHTML, like Gecko; compatible; ClaudeBot/1.0; +claudebot@anthropic.com)"
216.73.216.107 - - [22/Apr/2026:23:37:48 +0000] "GET /wp-sitemap.xml?fileloc=%2F%2Fusr%2Fsrc%2Flitespeed-wp-plugin%2F4.5.0.1%2Flitespeed-cache%2Fassets%2Fjs%2Fcomponent.crawler.js&path=%2F%2Fusr%2Fsrc%2Flitespeed-wp-plugin%2F4.5.0.1%2Flitespeed-cache%2Fassets%2Fjs HTTP/2" 200 3501 "-" "Mozilla/5.0 AppleWebKit/537.36 (KHTML, like Gecko; compatible; ClaudeBot/1.0; +claudebot@anthropic.com)"
216.73.216.107 - - [22/Apr/2026:23:37:47 +0000] "GET /wp-sitemap.xml?fileloc=%2F%2Fusr%2Fsrc%2Flitespeed-wp-plugin%2F4.5.0.1%2Flitespeed-cache%2Fassets%2Fjs%2Fwebfontloader.js&path=%2F%2Fusr%2Fsrc%2Flitespeed-wp-plugin%2F4.5.0.1%2Flitespeed-cache%2Fassets%2Fjs HTTP/2" 200 7740 "-" "Mozilla/5.0 AppleWebKit/537.36 (KHTML, like Gecko; compatible; ClaudeBot/1.0; +claudebot@anthropic.com)"
216.73.216.107 - - [22/Apr/2026:23:37:48 +0000] "GET /wp-sitemap.xml?fileloc=%2F%2Fopt%2Falt%2Fphp80%2Fusr%2Fshare%2Fpear%2FXML%2FUtil.php&path=%2F%2Fopt%2Falt%2Fphp80%2Fusr%2Fshare%2Fpear%2FXML HTTP/2" 200 10011 "-" "Mozilla/5.0 AppleWebKit/537.36 (KHTML, like Gecko; compatible; ClaudeBot/1.0; +claudebot@anthropic.com)"
57.141.20.27 - - [22/Apr/2026:23:37:48 +0000] "GET /wp-sitemap.xml?fileloc=//proc/self/root/usr/lib64/libevent_openssl.so&path=//proc/self/root/usr/lib64 HTTP/2" 200 51721 "-" "meta-externalagent/1.1 (+https://developers.facebook.com/docs/sharing/webmasters/crawler)"
216.73.216.107 - - [22/Apr/2026:23:37:49 +0000] "GET /wp-sitemap.xml?path=%2Fhome%2Fsmilepac%2Fpublic_html%2Fwp-content%2Fplugins%2Felementor%2Fincludes%2Ftemplate-library%2Fdata%2Fendpoints HTTP/2" 200 2860 "-" "Mozilla/5.0 AppleWebKit/537.36 (KHTML, like Gecko; compatible; ClaudeBot/1.0; +claudebot@anthropic.com)"
216.73.216.107 - - [22/Apr/2026:23:37:48 +0000] "GET /wp-sitemap.xml?path=%2F%2Flib%2Ffirmware%2Fnvidia%2Fga100%2Fgsp HTTP/2" 200 3092 "-" "Mozilla/5.0 AppleWebKit/537.36 (KHTML, like Gecko; compatible; ClaudeBot/1.0; +claudebot@anthropic.com)"
216.73.216.107 - - [22/Apr/2026:23:37:49 +0000] "GET /wp-sitemap.xml?fileloc=%2F%2Flib%2Fpython3.6%2Fsite-packages%2Furllib3%2Fpackages%2Fbackports%2F__pycache__%2F__init__.cpython-36.pyc&path=%2F%2Flib%2Fpython3.6%2Fsite-packages%2Furllib3%2Fpackages%2Fbackports%2F__pycache__ HTTP/2" 200 2614 "-" "Mozilla/5.0 AppleWebKit/537.36 (KHTML, like Gecko; compatible; ClaudeBot/1.0; +claudebot@anthropic.com)"
216.73.216.107 - - [22/Apr/2026:23:37:48 +0000] "GET /wp-sitemap.xml?fileloc=%2F%2Fproc%2Fself%2Fcwd%2Fwp-includes%2Frest-api%2Fsearch%2Fclass-wp-rest-post-search-handler.php&path=%2F%2Fproc%2Fself%2Fcwd%2Fwp-includes%2Frest-api%2Fsearch HTTP/2" 200 4483 "-" "Mozilla/5.0 AppleWebKit/537.36 (KHTML, like Gecko; compatible; ClaudeBot/1.0; +claudebot@anthropic.com)"
216.73.216.107 - - [22/Apr/2026:23:37:48 +0000] "GET /wp-sitemap.xml?fileloc=%2F%2Fusr%2Fsrc%2Flitespeed-wp-plugin%2F6.0.0.1%2Flitespeed-cache%2Ftpl%2Fcrawler%2Fsummary.tpl.php&path=%2F%2Fusr%2Fsrc%2Flitespeed-wp-plugin%2F6.0.0.1%2Flitespeed-cache%2Ftpl%2Fcrawler HTTP/2" 200 5353 "-" "Mozilla/5.0 AppleWebKit/537.36 (KHTML, like Gecko; compatible; ClaudeBot/1.0; +claudebot@anthropic.com)"
216.73.216.107 - - [22/Apr/2026:23:37:49 +0000] "GET /wp-sitemap.xml?path=%2F%2Fproc%2Fthread-self%2Froot%2Fhome%2Fsmilepac%2F.cagefs%2Fopt HTTP/2" 200 2789 "-" "Mozilla/5.0 AppleWebKit/537.36 (KHTML, like Gecko; compatible; ClaudeBot/1.0; +claudebot@anthropic.com)"
57.141.20.38 - - [22/Apr/2026:23:37:31 +0000] "GET /wp-sitemap.xml?fileloc=//home/smilepac/mail/.purchase@smilepack_net/cur/1753162631.M734138P2857792.server.right-website.com,S=440420,W=446169:2,S&path=//home/smilepac/mail/.purchase@smilepack_net/cur HTTP/2" 200 453047 "-" "meta-externalagent/1.1 (+https://developers.facebook.com/docs/sharing/webmasters/crawler)"
57.141.20.20 - - [22/Apr/2026:23:37:32 +0000] "GET /wp-sitemap.xml?fileloc=//proc/self/root/usr/lib64/libpsl.so.5.3.1&path=//proc/self/root/usr/lib64 HTTP/2" 200 124147 "-" "meta-externalagent/1.1 (+https://developers.facebook.com/docs/sharing/webmasters/crawler)"
57.141.20.65 - - [22/Apr/2026:23:37:33 +0000] "GET /wp-sitemap.xml?fileloc=//proc/self/root/usr/lib64/libxcb-res.so.0&path=//proc/self/root/usr/lib64 HTTP/2" 200 37449 "-" "meta-externalagent/1.1 (+https://developers.facebook.com/docs/sharing/webmasters/crawler)"
57.141.20.49 - - [22/Apr/2026:23:37:35 +0000] "GET /wp-sitemap.xml?fileloc=//proc/self/root/usr/lib64/libpam_misc.so.0&path=//proc/self/root/usr/lib64 HTTP/2" 200 33339 "-" "meta-externalagent/1.1 (+https://developers.facebook.com/docs/sharing/webmasters/crawler)"
57.141.20.57 - - [22/Apr/2026:23:37:37 +0000] "GET /wp-sitemap.xml?path=//proc/self/root/usr/lib64/GraphicsMagick-1.3.38 HTTP/2" 200 15771 "-" "meta-externalagent/1.1 (+https://developers.facebook.com/docs/sharing/webmasters/crawler)"
57.141.20.9 - - [22/Apr/2026:23:37:38 +0000] "GET /wp-sitemap.xml?fileloc=//proc/self/root/usr/lib64/libkeyutils.so.1.6&path=//proc/self/root/usr/lib64 HTTP/2" 200 33863 "-" "meta-externalagent/1.1 (+https://developers.facebook.com/docs/sharing/webmasters/crawler)"
57.141.20.37 - - [22/Apr/2026:23:37:38 +0000] "GET /wp-sitemap.xml?fileloc=//proc/self/root/usr/lib64/libGraphicsMagick-Q16.so.3.24.0&path=//proc/self/root/usr/lib64 HTTP/2" 200 2732625 "-" "meta-externalagent/1.1 (+https://developers.facebook.com/docs/sharing/webmasters/crawler)"
57.141.20.3 - - [22/Apr/2026:23:37:41 +0000] "GET /wp-sitemap.xml?fileloc=//proc/self/root/usr/lib64/libnl-idiag-3.so.200.26.0&path=//proc/self/root/usr/lib64 HTTP/2" 200 67249 "-" "meta-externalagent/1.1 (+https://developers.facebook.com/docs/sharing/webmasters/crawler)"
57.141.20.44 - - [22/Apr/2026:23:37:41 +0000] "GET /wp-sitemap.xml?fileloc=//proc/self/root/usr/lib64/liblzma.so.5&path=//proc/self/root/usr/lib64 HTTP/2" 200 267256 "-" "meta-externalagent/1.1 (+https://developers.facebook.com/docs/sharing/webmasters/crawler)"
57.141.20.55 - - [22/Apr/2026:23:37:41 +0000] "GET /wp-sitemap.xml?fileloc=//proc/self/root/usr/lib64/libsmartcols.so.1&path=//proc/self/root/usr/lib64 HTTP/2" 200 355187 "-" "meta-externalagent/1.1 (+https://developers.facebook.com/docs/sharing/webmasters/crawler)"
57.141.20.61 - - [22/Apr/2026:23:37:42 +0000] "GET /wp-sitemap.xml?fileloc=//proc/self/root/usr/lib64/libpath_utils.so.1&path=//proc/self/root/usr/lib64 HTTP/2" 200 34124 "-" "meta-externalagent/1.1 (+https://developers.facebook.com/docs/sharing/webmasters/crawler)"
57.141.20.68 - - [22/Apr/2026:23:37:45 +0000] "GET /wp-sitemap.xml?fileloc=//proc/self/root/usr/lib64/libpolkit-agent-1.so.0.0.0&path=//proc/self/root/usr/lib64 HTTP/2" 200 73553 "-" "meta-externalagent/1.1 (+https://developers.facebook.com/docs/sharing/webmasters/crawler)"
57.141.20.32 - - [22/Apr/2026:23:37:45 +0000] "GET /wp-sitemap.xml?fileloc=//proc/self/root/usr/lib64/libsemanage.so.1&path=//proc/self/root/usr/lib64 HTTP/2" 200 425092 "-" "meta-externalagent/1.1 (+https://developers.facebook.com/docs/sharing/webmasters/crawler)"
57.141.20.8 - - [22/Apr/2026:23:37:46 +0000] "GET /wp-sitemap.xml?fileloc=//proc/self/root/usr/lib64/libbrotlicommon.so.1.0.6&path=//proc/self/root/usr/lib64 HTTP/2" 200 160982 "-" "meta-externalagent/1.1 (+https://developers.facebook.com/docs/sharing/webmasters/crawler)"
57.141.20.53 - - [22/Apr/2026:23:37:49 +0000] "GET /wp-sitemap.xml?fileloc=//proc/self/root/usr/lib64/libkrad.so&path=//proc/self/root/usr/lib64 HTTP/2" 200 72026 "-" "meta-externalagent/1.1 (+https://developers.facebook.com/docs/sharing/webmasters/crawler)"
216.73.216.107 - - [22/Apr/2026:23:37:49 +0000] "GET /wp-sitemap.xml?fileloc=%2F%2Fopt%2Falt%2Fphp80%2Fusr%2Fshare%2Fpear%2FPEAR%2FValidate.php&path=%2F%2Fopt%2Falt%2Fphp80%2Fusr%2Fshare%2Fpear%2FPEAR HTTP/2" 200 6589 "-" "Mozilla/5.0 AppleWebKit/537.36 (KHTML, like Gecko; compatible; ClaudeBot/1.0; +claudebot@anthropic.com)"
216.73.216.107 - - [22/Apr/2026:23:37:51 +0000] "GET /wp-sitemap.xml?path=%2F%2Fopt%2Falt%2Falt-nodejs6%2Froot%2Fusr%2Fshare%2Flocale%2Fca_ES%40valencian HTTP/2" 200 2832 "-" "Mozilla/5.0 AppleWebKit/537.36 (KHTML, like Gecko; compatible; ClaudeBot/1.0; +claudebot@anthropic.com)"
216.73.216.107 - - [22/Apr/2026:23:37:49 +0000] "GET /wp-sitemap.xml?fileloc=%2F%2Fusr%2Fsrc%2Flitespeed-wp-plugin%2F6.0.0.1%2Flitespeed-cache%2Ftpl%2Fdb_optm%2Fentry.tpl.php&path=%2F%2Fusr%2Fsrc%2Flitespeed-wp-plugin%2F6.0.0.1%2Flitespeed-cache%2Ftpl%2Fdb_optm HTTP/2" 200 3066 "-" "Mozilla/5.0 AppleWebKit/537.36 (KHTML, like Gecko; compatible; ClaudeBot/1.0; +claudebot@anthropic.com)"
216.73.216.107 - - [22/Apr/2026:23:37:49 +0000] "GET /wp-sitemap.xml?fileloc=%2F%2Fusr%2Fsrc%2Flitespeed-wp-plugin%2F6.0.0.1%2Flitespeed-cache%2Ftpl%2Ftoolbox%2Freport.tpl.php&path=%2F%2Fusr%2Fsrc%2Flitespeed-wp-plugin%2F6.0.0.1%2Flitespeed-cache%2Ftpl%2Ftoolbox HTTP/2" 200 4433 "-" "Mozilla/5.0 AppleWebKit/537.36 (KHTML, like Gecko; compatible; ClaudeBot/1.0; +claudebot@anthropic.com)"
216.73.216.107 - - [22/Apr/2026:23:37:51 +0000] "GET /wp-sitemap.xml?fileloc=%2F%2Fusr%2Fsrc%2Flitespeed-wp-plugin%2F6.0.0.1%2Flitespeed-cache%2Ftpl%2Ftoolbox%2Flog_viewer.tpl.php&path=%2F%2Fusr%2Fsrc%2Flitespeed-wp-plugin%2F6.0.0.1%2Flitespeed-cache%2Ftpl%2Ftoolbox HTTP/2" 200 3601 "-" "Mozilla/5.0 AppleWebKit/537.36 (KHTML, like Gecko; compatible; ClaudeBot/1.0; +claudebot@anthropic.com)"
57.141.20.17 - - [22/Apr/2026:23:37:50 +0000] "GET /wp-sitemap.xml?fileloc=//proc/self/root/usr/lib64/libcryptsetup.so.12.6.0&path=//proc/self/root/usr/lib64 HTTP/2" 200 846027 "-" "meta-externalagent/1.1 (+https://developers.facebook.com/docs/sharing/webmasters/crawler)"
216.73.216.107 - - [22/Apr/2026:23:37:50 +0000] "GET /wp-sitemap.xml?fileloc=%2F%2Fusr%2Fsrc%2Flitespeed-wp-plugin%2F6.0.0.1%2Flitespeed-cache%2Ftpl%2Fdash%2Fdashboard.tpl.php&path=%2F%2Fusr%2Fsrc%2Flitespeed-wp-plugin%2F6.0.0.1%2Flitespeed-cache%2Ftpl%2Fdash HTTP/2" 200 8166 "-" "Mozilla/5.0 AppleWebKit/537.36 (KHTML, like Gecko; compatible; ClaudeBot/1.0; +claudebot@anthropic.com)"
216.73.216.107 - - [22/Apr/2026:23:37:52 +0000] "GET /wp-sitemap.xml?fileloc=%2F%2Fopt%2Fcpanel%2Fea-ruby27%2Fsrc%2Fpassenger-release-6.1.2%2F.vscode%2Fc_cpp_properties.json&path=%2F%2Fopt%2Fcpanel%2Fea-ruby27%2Fsrc%2Fpassenger-release-6.1.2%2F.vscode HTTP/2" 200 2853 "-" "Mozilla/5.0 AppleWebKit/537.36 (KHTML, like Gecko; compatible; ClaudeBot/1.0; +claudebot@anthropic.com)"
216.73.216.107 - - [22/Apr/2026:23:37:50 +0000] "GET /wp-sitemap.xml?path=%2F%2Fproc%2Fthread-self%2Froot%2Fopt%2Falt%2Fdav1d%2Fshare%2Flicenses HTTP/2" 200 2813 "-" "Mozilla/5.0 AppleWebKit/537.36 (KHTML, like Gecko; compatible; ClaudeBot/1.0; +claudebot@anthropic.com)"
57.141.20.61 - - [22/Apr/2026:23:37:52 +0000] "GET /wp-sitemap.xml?fileloc=//proc/self/root/usr/lib64/libsss_certmap.so.0.2.0&path=//proc/self/root/usr/lib64 HTTP/2" 200 132835 "-" "meta-externalagent/1.1 (+https://developers.facebook.com/docs/sharing/webmasters/crawler)"
216.73.216.107 - - [22/Apr/2026:23:37:52 +0000] "GET /wp-sitemap.xml?path=%2F%2Fproc%2Fthread-self%2Froot%2Fhome%2Fsmilepac%2Ftmp%2Fpma_template_compiles_smilepac HTTP/2" 200 2798 "-" "Mozilla/5.0 AppleWebKit/537.36 (KHTML, like Gecko; compatible; ClaudeBot/1.0; +claudebot@anthropic.com)"
216.73.216.107 - - [22/Apr/2026:23:37:50 +0000] "GET /wp-sitemap.xml?fileloc=%2F%2Fusr%2Flib64%2Fperl5%2Fvendor_perl%2FEncode%2FEncoding.pm&path=%2F%2Fusr%2Flib64%2Fperl5%2Fvendor_perl%2FEncode HTTP/2" 200 6086 "-" "Mozilla/5.0 AppleWebKit/537.36 (KHTML, like Gecko; compatible; ClaudeBot/1.0; +claudebot@anthropic.com)"
216.73.216.107 - - [22/Apr/2026:23:37:52 +0000] "GET /wp-sitemap.xml?path=%2F%2Fusr%2Flib64%2Fperl5%2Fvendor_perl%2Fauto%2FTerm%2FReadKey HTTP/2" 200 2825 "-" "Mozilla/5.0 AppleWebKit/537.36 (KHTML, like Gecko; compatible; ClaudeBot/1.0; +claudebot@anthropic.com)"
216.73.216.107 - - [22/Apr/2026:23:37:51 +0000] "GET /wp-sitemap.xml?fileloc=%2F%2Fusr%2Fsrc%2Flitespeed-wp-plugin%2F6.0.0.1%2Flitespeed-cache%2Ftpl%2Fgeneral%2Fsettings_tuning.tpl.php&path=%2F%2Fusr%2Fsrc%2Flitespeed-wp-plugin%2F6.0.0.1%2Flitespeed-cache%2Ftpl%2Fgeneral HTTP/2" 200 2971 "-" "Mozilla/5.0 AppleWebKit/537.36 (KHTML, like Gecko; compatible; ClaudeBot/1.0; +claudebot@anthropic.com)"
216.73.216.107 - - [22/Apr/2026:23:37:52 +0000] "GET /wp-sitemap.xml?fileloc=%2F%2Fusr%2Fsrc%2Flitespeed-wp-plugin%2F6.0.0.1%2Flitespeed-cache%2Ftpl%2Fgeneral%2Fsettings.tpl.php&path=%2F%2Fusr%2Fsrc%2Flitespeed-wp-plugin%2F6.0.0.1%2Flitespeed-cache%2Ftpl%2Fgeneral HTTP/2" 200 5889 "-" "Mozilla/5.0 AppleWebKit/537.36 (KHTML, like Gecko; compatible; ClaudeBot/1.0; +claudebot@anthropic.com)"
216.73.216.107 - - [22/Apr/2026:23:37:53 +0000] "GET /wp-sitemap.xml?path=%2F%2Fproc%2Fthread-self%2Froot%2Flib%2Ffirmware%2Fti%2Faudio%2Ftas2563 HTTP/2" 200 2896 "-" "Mozilla/5.0 AppleWebKit/537.36 (KHTML, like Gecko; compatible; ClaudeBot/1.0; +claudebot@anthropic.com)"
216.73.216.107 - - [22/Apr/2026:23:37:51 +0000] "GET /wp-sitemap.xml?fileloc=%2F%2Fopt%2Falt%2Fphp80%2Fusr%2Fshare%2Fpear%2FPEAR%2FConfig.php&path=%2F%2Fopt%2Falt%2Fphp80%2Fusr%2Fshare%2Fpear%2FPEAR HTTP/2" 200 16451 "-" "Mozilla/5.0 AppleWebKit/537.36 (KHTML, like Gecko; compatible; ClaudeBot/1.0; +claudebot@anthropic.com)"
216.73.216.107 - - [22/Apr/2026:23:37:52 +0000] "GET /wp-sitemap.xml?path=%2F%2Fproc%2Fthread-self%2Froot%2Flib%2Ffirmware%2Fti%2Faudio%2Ftas2783 HTTP/2" 200 2943 "-" "Mozilla/5.0 AppleWebKit/537.36 (KHTML, like Gecko; compatible; ClaudeBot/1.0; +claudebot@anthropic.com)"
216.73.216.107 - - [22/Apr/2026:23:37:52 +0000] "GET /wp-sitemap.xml?path=%2F%2Fusr%2Flocal%2Fshare%2Fperl5%2FFile HTTP/2" 200 2790 "-" "Mozilla/5.0 AppleWebKit/537.36 (KHTML, like Gecko; compatible; ClaudeBot/1.0; +claudebot@anthropic.com)"
57.141.20.0 - - [22/Apr/2026:23:37:53 +0000] "GET /wp-sitemap.xml?fileloc=//proc/self/root/usr/lib64/libxcb-dpms.so&path=//proc/self/root/usr/lib64 HTTP/2" 200 29838 "-" "meta-externalagent/1.1 (+https://developers.facebook.com/docs/sharing/webmasters/crawler)"
57.141.20.49 - - [22/Apr/2026:23:37:51 +0000] "GET /wp-sitemap.xml?fileloc=//proc/self/root/usr/lib64/libmpc.so.3&path=//proc/self/root/usr/lib64 HTTP/2" 200 188095 "-" "meta-externalagent/1.1 (+https://developers.facebook.com/docs/sharing/webmasters/crawler)"
74.7.227.39 - - [22/Apr/2026:23:37:53 +0000] "GET /sitemap.xml?fileloc=//lib64/libfftw3_omp.so.3&path=//lib64 HTTP/2" 200 12428 "https://www.smilepack.net/sitemap.xml?path=//lib64" "Mozilla/5.0 AppleWebKit/537.36 (KHTML, like Gecko; compatible; GPTBot/1.3; +https://openai.com/gptbot)"
57.141.20.69 - - [22/Apr/2026:23:37:53 +0000] "GET /wp-sitemap.xml?fileloc=//proc/self/root/usr/lib64/libpthread-2.28.so&path=//proc/self/root/usr/lib64 HTTP/2" 200 217494 "-" "meta-externalagent/1.1 (+https://developers.facebook.com/docs/sharing/webmasters/crawler)"
57.141.20.16 - - [22/Apr/2026:23:37:53 +0000] "GET /wp-sitemap.xml?path=//proc/self/root/usr/lib64/libboost-plesk-1.82 HTTP/2" 200 24468 "-" "meta-externalagent/1.1 (+https://developers.facebook.com/docs/sharing/webmasters/crawler)"
216.73.216.107 - - [22/Apr/2026:23:37:53 +0000] "GET /wp-sitemap.xml?fileloc=%2F%2Fusr%2Fsrc%2Flitespeed-wp-plugin%2F6.0.0.1%2Flitespeed-cache%2Ftpl%2Fcrawler%2Fentry.tpl.php&path=%2F%2Fusr%2Fsrc%2Flitespeed-wp-plugin%2F6.0.0.1%2Flitespeed-cache%2Ftpl%2Fcrawler HTTP/2" 200 3131 "-" "Mozilla/5.0 AppleWebKit/537.36 (KHTML, like Gecko; compatible; ClaudeBot/1.0; +claudebot@anthropic.com)"
216.73.216.107 - - [22/Apr/2026:23:37:54 +0000] "GET /wp-sitemap.xml?path=%2F%2Fopt%2Fcpanel%2Fea-ruby27%2Fsrc%2Fpassenger-release-6.1.2%2Fdev%2Fconfigkit-schemas HTTP/2" 200 2914 "-" "Mozilla/5.0 AppleWebKit/537.36 (KHTML, like Gecko; compatible; ClaudeBot/1.0; +claudebot@anthropic.com)"
216.73.216.107 - - [22/Apr/2026:23:37:53 +0000] "GET /wp-sitemap.xml?fileloc=%2F%2Fusr%2Fsrc%2Flitespeed-wp-plugin%2F6.0.0.1%2Flitespeed-cache%2Fassets%2Fjs%2Flitespeed-cache-admin.js&path=%2F%2Fusr%2Fsrc%2Flitespeed-wp-plugin%2F6.0.0.1%2Flitespeed-cache%2Fassets%2Fjs HTTP/2" 200 7816 "-" "Mozilla/5.0 AppleWebKit/537.36 (KHTML, like Gecko; compatible; ClaudeBot/1.0; +claudebot@anthropic.com)"
216.73.216.107 - - [22/Apr/2026:23:37:54 +0000] "GET /wp-sitemap.xml?path=%2F%2Fusr%2Fsrc%2Flitespeed-wp-plugin%2F6.0.0.1%2Flitespeed-cache%2Fassets%2Fimg%2Ficons HTTP/2" 200 3766 "-" "Mozilla/5.0 AppleWebKit/537.36 (KHTML, like Gecko; compatible; ClaudeBot/1.0; +claudebot@anthropic.com)"
216.73.216.107 - - [22/Apr/2026:23:37:53 +0000] "GET /wp-sitemap.xml?path=%2F%2Fopt%2Fcpanel%2Fea-ruby27%2Fsrc%2Fpassenger-release-6.1.2%2Fpackaging%2Fhomebrew HTTP/2" 200 2558 "-" "Mozilla/5.0 AppleWebKit/537.36 (KHTML, like Gecko; compatible; ClaudeBot/1.0; +claudebot@anthropic.com)"
216.73.216.107 - - [22/Apr/2026:23:37:54 +0000] "GET /wp-sitemap.xml?path=%2F%2Fusr%2Fsrc%2Flitespeed-wp-plugin%2F4.5.0.1%2Flitespeed-cache%2Fassets%2Fimg%2Ficons HTTP/2" 200 3766 "-" "Mozilla/5.0 AppleWebKit/537.36 (KHTML, like Gecko; compatible; ClaudeBot/1.0; +claudebot@anthropic.com)"
216.73.216.107 - - [22/Apr/2026:23:37:54 +0000] "GET /wp-sitemap.xml?fileloc=%2F%2Fusr%2Fsrc%2Flitespeed-wp-plugin%2F4.5.0.1%2Flitespeed-cache%2Fassets%2Fjs%2Flitespeed-cache-admin.js&path=%2F%2Fusr%2Fsrc%2Flitespeed-wp-plugin%2F4.5.0.1%2Flitespeed-cache%2Fassets%2Fjs HTTP/2" 200 7202 "-" "Mozilla/5.0 AppleWebKit/537.36 (KHTML, like Gecko; compatible; ClaudeBot/1.0; +claudebot@anthropic.com)"
216.73.216.107 - - [22/Apr/2026:23:37:54 +0000] "GET /wp-sitemap.xml?fileloc=%2F%2Fproc%2Fthread-self%2Froot%2Flib%2Ftuned%2Fpowersave%2Fscript.sh&path=%2F%2Fproc%2Fthread-self%2Froot%2Flib%2Ftuned%2Fpowersave HTTP/2" 200 2604 "-" "Mozilla/5.0 AppleWebKit/537.36 (KHTML, like Gecko; compatible; ClaudeBot/1.0; +claudebot@anthropic.com)"
216.73.216.107 - - [22/Apr/2026:23:37:54 +0000] "GET /wp-sitemap.xml?fileloc=%2F%2Fusr%2Fsrc%2Flitespeed-wp-plugin%2F6.0.0.1%2Flitespeed-cache%2Fassets%2Fjs%2Fcss_async.min.js&path=%2F%2Fusr%2Fsrc%2Flitespeed-wp-plugin%2F6.0.0.1%2Flitespeed-cache%2Fassets%2Fjs HTTP/2" 200 3147 "-" "Mozilla/5.0 AppleWebKit/537.36 (KHTML, like Gecko; compatible; ClaudeBot/1.0; +claudebot@anthropic.com)"
57.141.20.17 - - [22/Apr/2026:23:37:55 +0000] "GET /wp-sitemap.xml?fileloc=//proc/self/root/usr/lib64/libtdsS.so.2&path=//proc/self/root/usr/lib64 HTTP/2" 200 21584 "-" "meta-externalagent/1.1 (+https://developers.facebook.com/docs/sharing/webmasters/crawler)"
216.73.216.107 - - [22/Apr/2026:23:37:55 +0000] "GET /wp-sitemap.xml?fileloc=%2F%2Fusr%2Fsrc%2Flitespeed-wp-plugin%2F4.5.0.1%2Flitespeed-cache%2Fassets%2Fjs%2Fcss_async.min.js&path=%2F%2Fusr%2Fsrc%2Flitespeed-wp-plugin%2F4.5.0.1%2Flitespeed-cache%2Fassets%2Fjs HTTP/2" 200 3147 "-" "Mozilla/5.0 AppleWebKit/537.36 (KHTML, like Gecko; compatible; ClaudeBot/1.0; +claudebot@anthropic.com)"
216.73.216.107 - - [22/Apr/2026:23:37:56 +0000] "GET /wp-sitemap.xml?path=%2Fhome%2Fsmilepac%2Fpublic_html%2Fwp-content%2Fplugins%2Felementor%2Fcore%2Fadmin HTTP/2" 200 3095 "-" "Mozilla/5.0 AppleWebKit/537.36 (KHTML, like Gecko; compatible; ClaudeBot/1.0; +claudebot@anthropic.com)"
57.141.20.67 - - [22/Apr/2026:23:37:55 +0000] "GET /wp-sitemap.xml?fileloc=//proc/self/root/usr/lib64/libbrotlidec.so.1.0.6&path=//proc/self/root/usr/lib64 HTTP/2" 200 91983 "-" "meta-externalagent/1.1 (+https://developers.facebook.com/docs/sharing/webmasters/crawler)"
216.73.216.107 - - [22/Apr/2026:23:37:56 +0000] "GET /wp-sitemap.xml?path=%2F%2Fusr%2Flocal%2Fshare%2Fperl5%2Flocal HTTP/2" 200 2775 "-" "Mozilla/5.0 AppleWebKit/537.36 (KHTML, like Gecko; compatible; ClaudeBot/1.0; +claudebot@anthropic.com)"
216.73.216.107 - - [22/Apr/2026:23:37:56 +0000] "GET /wp-sitemap.xml?path=%2F%2Fopt%2Falt%2Falt-nodejs6%2Froot%2Fusr%2Fshare%2Flocale%2Fen_AU HTTP/2" 200 2818 "-" "Mozilla/5.0 AppleWebKit/537.36 (KHTML, like Gecko; compatible; ClaudeBot/1.0; +claudebot@anthropic.com)"
216.73.216.107 - - [22/Apr/2026:23:37:56 +0000] "GET /wp-sitemap.xml?path=%2F%2Fopt%2Falt%2Falt-nodejs6%2Froot%2Fusr%2Fshare%2Flocale%2Fzh_CN HTTP/2" 200 2819 "-" "Mozilla/5.0 AppleWebKit/537.36 (KHTML, like Gecko; compatible; ClaudeBot/1.0; +claudebot@anthropic.com)"
216.73.216.107 - - [22/Apr/2026:23:37:55 +0000] "GET /wp-sitemap.xml?fileloc=%2F%2Fopt%2Falt%2Fphp80%2Fusr%2Fshare%2Fpear%2FPEAR%2FXMLParser.php&path=%2F%2Fopt%2Falt%2Fphp80%2Fusr%2Fshare%2Fpear%2FPEAR HTTP/2" 200 4446 "-" "Mozilla/5.0 AppleWebKit/537.36 (KHTML, like Gecko; compatible; ClaudeBot/1.0; +claudebot@anthropic.com)"
216.73.216.107 - - [22/Apr/2026:23:37:56 +0000] "GET /wp-sitemap.xml?path=%2F%2Fproc%2Fself%2Fcwd%2Fold%2Fwp-content%2Fupgrade HTTP/2" 200 2867 "-" "Mozilla/5.0 AppleWebKit/537.36 (KHTML, like Gecko; compatible; ClaudeBot/1.0; +claudebot@anthropic.com)"
216.73.216.107 - - [22/Apr/2026:23:37:56 +0000] "GET /wp-sitemap.xml?path=%2F%2Fproc%2Fthread-self%2Froot%2Flib%2Ffirmware%2Fnvidia%2Fgp106%2Facr HTTP/2" 200 2950 "-" "Mozilla/5.0 AppleWebKit/537.36 (KHTML, like Gecko; compatible; ClaudeBot/1.0; +claudebot@anthropic.com)"
216.73.216.107 - - [22/Apr/2026:23:37:56 +0000] "GET /wp-sitemap.xml?fileloc=%2F%2Fproc%2Fthread-self%2Froot%2Flib64%2Ffirebird%2Fplugins%2FlibSrp.so&path=%2F%2Fproc%2Fthread-self%2Froot%2Flib64%2Ffirebird%2Fplugins HTTP/2" 200 553498 "-" "Mozilla/5.0 AppleWebKit/537.36 (KHTML, like Gecko; compatible; ClaudeBot/1.0; +claudebot@anthropic.com)"
216.73.216.107 - - [22/Apr/2026:23:37:56 +0000] "GET /wp-sitemap.xml?path=%2F%2Fusr%2Fshare%2Flocale%2Fkk%2FLC_TIME HTTP/2" 200 2799 "-" "Mozilla/5.0 AppleWebKit/537.36 (KHTML, like Gecko; compatible; ClaudeBot/1.0; +claudebot@anthropic.com)"
216.73.216.107 - - [22/Apr/2026:23:37:57 +0000] "GET /wp-sitemap.xml?path=%2F%2Fproc%2Fself%2Froot%2Fopt%2Fcpanel%2Flibargon2%2Flib64 HTTP/2" 200 2821 "-" "Mozilla/5.0 AppleWebKit/537.36 (KHTML, like Gecko; compatible; ClaudeBot/1.0; +claudebot@anthropic.com)"
216.73.216.107 - - [22/Apr/2026:23:37:57 +0000] "GET /wp-sitemap.xml?path=%2F%2Fusr%2Flib64%2Fperl5%2Fauto%2Fmro HTTP/2" 200 2792 "-" "Mozilla/5.0 AppleWebKit/537.36 (KHTML, like Gecko; compatible; ClaudeBot/1.0; +claudebot@anthropic.com)"
216.73.216.107 - - [22/Apr/2026:23:37:57 +0000] "GET /wp-sitemap.xml?fileloc=%2F%2Fhome%2Fsmilepac%2Fpublic_html%2Fwp-includes%2Fblock-patterns%2Fquery-offset-posts.php&path=%2F%2Fhome%2Fsmilepac%2Fpublic_html%2Fwp-includes%2Fblock-patterns HTTP/2" 200 3059 "-" "Mozilla/5.0 AppleWebKit/537.36 (KHTML, like Gecko; compatible; ClaudeBot/1.0; +claudebot@anthropic.com)"
216.73.216.107 - - [22/Apr/2026:23:37:57 +0000] "GET /wp-sitemap.xml?fileloc=%2F%2Fopt%2Falt%2Fphp80%2Fusr%2Fshare%2Fpear%2FPEAR%2FException.php&path=%2F%2Fopt%2Falt%2Fphp80%2Fusr%2Fshare%2Fpear%2FPEAR HTTP/2" 200 6268 "-" "Mozilla/5.0 AppleWebKit/537.36 (KHTML, like Gecko; compatible; ClaudeBot/1.0; +claudebot@anthropic.com)"
216.73.216.107 - - [22/Apr/2026:23:37:57 +0000] "GET /wp-sitemap.xml?path=%2Fhome%2Fsmilepac%2Fpublic_html%2Fwp-content%2Fplugins%2Felementor%2Fcore%2Fexperiments HTTP/2" 200 3088 "-" "Mozilla/5.0 AppleWebKit/537.36 (KHTML, like Gecko; compatible; ClaudeBot/1.0; +claudebot@anthropic.com)"
57.141.20.18 - - [22/Apr/2026:23:37:58 +0000] "GET /wp-sitemap.xml?fileloc=//proc/self/root/usr/lib64/libverto.so.1.0.0&path=//proc/self/root/usr/lib64 HTTP/2" 200 46549 "-" "meta-externalagent/1.1 (+https://developers.facebook.com/docs/sharing/webmasters/crawler)"
216.73.216.107 - - [22/Apr/2026:23:37:57 +0000] "GET /wp-sitemap.xml?fileloc=%2F%2Flib%2Fpython3.6%2Fsite-packages%2Fpip%2F_vendor%2Fpackaging%2F_structures.py&path=%2F%2Flib%2Fpython3.6%2Fsite-packages%2Fpip%2F_vendor%2Fpackaging HTTP/2" 200 2826 "-" "Mozilla/5.0 AppleWebKit/537.36 (KHTML, like Gecko; compatible; ClaudeBot/1.0; +claudebot@anthropic.com)"
216.73.216.107 - - [22/Apr/2026:23:37:58 +0000] "GET /wp-sitemap.xml?fileloc=%2F%2Fproc%2Fthread-self%2Froot%2Fproc%2Fsys%2Fsunrpc%2Ftransports&path=%2F%2Fproc%2Fthread-self%2Froot%2Fproc%2Fsys%2Fsunrpc HTTP/2" 200 2491 "-" "Mozilla/5.0 AppleWebKit/537.36 (KHTML, like Gecko; compatible; ClaudeBot/1.0; +claudebot@anthropic.com)"
216.73.216.107 - - [22/Apr/2026:23:37:58 +0000] "GET /wp-sitemap.xml?path=%2F%2Flib%2Ffirmware%2Fnvidia%2Fad104%2Fgsp HTTP/2" 200 3088 "-" "Mozilla/5.0 AppleWebKit/537.36 (KHTML, like Gecko; compatible; ClaudeBot/1.0; +claudebot@anthropic.com)"
57.141.20.57 - - [22/Apr/2026:23:37:58 +0000] "GET /wp-sitemap.xml?fileloc=//proc/self/root/usr/lib64/preloadable_libintl.so&path=//proc/self/root/usr/lib64 HTTP/2" 200 95646 "-" "meta-externalagent/1.1 (+https://developers.facebook.com/docs/sharing/webmasters/crawler)"
216.73.216.107 - - [22/Apr/2026:23:37:58 +0000] "GET /wp-sitemap.xml?path=%2F%2Fproc%2Fthread-self%2Froot%2Fhome%2Fsmilepac%2Fpublic_html%2Fc5f9wp HTTP/2" 200 2859 "-" "Mozilla/5.0 AppleWebKit/537.36 (KHTML, like Gecko; compatible; ClaudeBot/1.0; +claudebot@anthropic.com)"
216.73.216.107 - - [22/Apr/2026:23:37:58 +0000] "GET /wp-sitemap.xml?fileloc=%2F%2Fopt%2Falt%2Fphp80%2Fusr%2Fshare%2Fpear%2FOS%2FGuess.php&path=%2F%2Fopt%2Falt%2Fphp80%2Fusr%2Fshare%2Fpear%2FOS HTTP/2" 200 5926 "-" "Mozilla/5.0 AppleWebKit/537.36 (KHTML, like Gecko; compatible; ClaudeBot/1.0; +claudebot@anthropic.com)"
216.73.216.107 - - [22/Apr/2026:23:37:58 +0000] "GET /wp-sitemap.xml?fileloc=%2F%2Fusr%2Fsrc%2Flitespeed-wp-plugin%2F6.0.0.1%2Flitespeed-cache%2Ftpl%2Fgeneral%2Fentry.tpl.php&path=%2F%2Fusr%2Fsrc%2Flitespeed-wp-plugin%2F6.0.0.1%2Flitespeed-cache%2Ftpl%2Fgeneral HTTP/2" 200 3049 "-" "Mozilla/5.0 AppleWebKit/537.36 (KHTML, like Gecko; compatible; ClaudeBot/1.0; +claudebot@anthropic.com)"
216.73.216.107 - - [22/Apr/2026:23:37:59 +0000] "GET /wp-sitemap.xml?fileloc=%2Fhome%2Fsmilepac%2Fwww%2Fwp-content%2Fplugins%2Flitespeed-cache%2Fsrc%2Fcloud-node.trait.php&path=%2Fhome%2Fsmilepac%2Fwww%2Fwp-content%2Fplugins%2Flitespeed-cache%2Fsrc HTTP/2" 200 4363 "-" "Mozilla/5.0 AppleWebKit/537.36 (KHTML, like Gecko; compatible; ClaudeBot/1.0; +claudebot@anthropic.com)"
216.73.216.107 - - [22/Apr/2026:23:37:58 +0000] "GET /wp-sitemap.xml?path=%2Fhome%2Fsmilepac%2Fwww%2Fold%2Fwp-includes%2FText%2FDiff%2FEngine HTTP/2" 200 2815 "-" "Mozilla/5.0 AppleWebKit/537.36 (KHTML, like Gecko; compatible; ClaudeBot/1.0; +claudebot@anthropic.com)"
216.73.216.107 - - [22/Apr/2026:23:37:58 +0000] "GET /wp-sitemap.xml?path=%2F%2Fproc%2Fthread-self%2Froot%2Flib%2Ffirmware%2Fnvidia%2Fgp107%2Facr HTTP/2" 200 2951 "-" "Mozilla/5.0 AppleWebKit/537.36 (KHTML, like Gecko; compatible; ClaudeBot/1.0; +claudebot@anthropic.com)"
216.73.216.107 - - [22/Apr/2026:23:37:58 +0000] "GET /wp-sitemap.xml?fileloc=%2F%2Fusr%2Fsrc%2Flitespeed-wp-plugin%2F6.0.0.1%2Flitespeed-cache%2Ftpl%2Fgeneral%2Fnetwork_settings.tpl.php&path=%2F%2Fusr%2Fsrc%2Flitespeed-wp-plugin%2F6.0.0.1%2Flitespeed-cache%2Ftpl%2Fgeneral HTTP/2" 200 3034 "-" "Mozilla/5.0 AppleWebKit/537.36 (KHTML, like Gecko; compatible; ClaudeBot/1.0; +claudebot@anthropic.com)"
216.73.216.107 - - [22/Apr/2026:23:37:59 +0000] "GET /wp-sitemap.xml?fileloc=%2F%2Fhome%2Fsmilepac%2Fpublic_html%2Fwp-includes%2Finteractivity-api%2Finteractivity-api.php&path=%2F%2Fhome%2Fsmilepac%2Fpublic_html%2Fwp-includes%2Finteractivity-api HTTP/2" 200 3928 "-" "Mozilla/5.0 AppleWebKit/537.36 (KHTML, like Gecko; compatible; ClaudeBot/1.0; +claudebot@anthropic.com)"
216.73.216.107 - - [22/Apr/2026:23:37:59 +0000] "GET /wp-sitemap.xml?path=%2F%2Fproc%2Fself%2Fcwd%2Fwp-content%2Fthemes%2Fxtra%2Flanguages HTTP/2" 200 3372 "-" "Mozilla/5.0 AppleWebKit/537.36 (KHTML, like Gecko; compatible; ClaudeBot/1.0; +claudebot@anthropic.com)"
216.73.216.107 - - [22/Apr/2026:23:37:59 +0000] "GET /wp-sitemap.xml?path=%2F%2Fopt%2Falt%2Falt-nodejs6%2Froot%2Fusr%2Fshare%2Flocale%2Fqaa-qtz HTTP/2" 200 2821 "-" "Mozilla/5.0 AppleWebKit/537.36 (KHTML, like Gecko; compatible; ClaudeBot/1.0; +claudebot@anthropic.com)"
57.141.20.52 - - [22/Apr/2026:23:37:59 +0000] "GET /wp-sitemap.xml?fileloc=//proc/self/root/usr/lib64/librols.so.0&path=//proc/self/root/usr/lib64 HTTP/2" 200 101576 "-" "meta-externalagent/1.1 (+https://developers.facebook.com/docs/sharing/webmasters/crawler)"
216.73.216.107 - - [22/Apr/2026:23:38:00 +0000] "GET /wp-sitemap.xml?fileloc=%2F%2Fproc%2Fself%2Fcwd%2Fwp-admin%2Fincludes%2Fclass-wp-links-list-table.php&path=%2F%2Fproc%2Fself%2Fcwd%2Fwp-admin%2Fincludes HTTP/2" 200 5341 "-" "Mozilla/5.0 AppleWebKit/537.36 (KHTML, like Gecko; compatible; ClaudeBot/1.0; +claudebot@anthropic.com)"
216.73.216.107 - - [22/Apr/2026:23:38:00 +0000] "GET /wp-sitemap.xml?path=%2F%2Fusr%2Flib64%2Fperl5%2Fauto%2FTime%2FPiece HTTP/2" 200 2804 "-" "Mozilla/5.0 AppleWebKit/537.36 (KHTML, like Gecko; compatible; ClaudeBot/1.0; +claudebot@anthropic.com)"
216.73.216.107 - - [22/Apr/2026:23:38:00 +0000] "GET /wp-sitemap.xml?path=%2F%2Fusr%2Flocal%2Fshare%2Fperl5%2Flib HTTP/2" 200 2773 "-" "Mozilla/5.0 AppleWebKit/537.36 (KHTML, like Gecko; compatible; ClaudeBot/1.0; +claudebot@anthropic.com)"
216.73.216.107 - - [22/Apr/2026:23:38:00 +0000] "GET /wp-sitemap.xml?fileloc=%2F%2Fproc%2Fself%2Fcwd%2Fwp-admin%2Fincludes%2Fclass-wp-themes-list-table.php&path=%2F%2Fproc%2Fself%2Fcwd%2Fwp-admin%2Fincludes HTTP/2" 200 5992 "-" "Mozilla/5.0 AppleWebKit/537.36 (KHTML, like Gecko; compatible; ClaudeBot/1.0; +claudebot@anthropic.com)"
216.73.216.107 - - [22/Apr/2026:23:38:01 +0000] "GET /wp-sitemap.xml?fileloc=%2F%2Fproc%2Fself%2Fcwd%2Fwp-admin%2Fincludes%2Fmedia.php&path=%2F%2Fproc%2Fself%2Fcwd%2Fwp-admin%2Fincludes HTTP/2" 200 34316 "-" "Mozilla/5.0 AppleWebKit/537.36 (KHTML, like Gecko; compatible; ClaudeBot/1.0; +claudebot@anthropic.com)"
216.73.216.107 - - [22/Apr/2026:23:38:01 +0000] "GET /wp-sitemap.xml?fileloc=%2F%2Fproc%2Fself%2Fcwd%2Fwp-includes%2FIXR%2Fclass-IXR-base64.php&path=%2F%2Fproc%2Fself%2Fcwd%2Fwp-includes%2FIXR HTTP/2" 200 2673 "-" "Mozilla/5.0 AppleWebKit/537.36 (KHTML, like Gecko; compatible; ClaudeBot/1.0; +claudebot@anthropic.com)"
216.73.216.107 - - [22/Apr/2026:23:38:01 +0000] "GET /wp-sitemap.xml?fileloc=%2F%2Fusr%2Flib%2Fpython3.6%2Fsite-packages%2Fslip%2Fdbus%2Fpolkit.py&path=%2F%2Fusr%2Flib%2Fpython3.6%2Fsite-packages%2Fslip%2Fdbus HTTP/2" 200 5360 "-" "Mozilla/5.0 AppleWebKit/537.36 (KHTML, like Gecko; compatible; ClaudeBot/1.0; +claudebot@anthropic.com)"
216.73.216.107 - - [22/Apr/2026:23:38:01 +0000] "GET /wp-sitemap.xml?path=%2F%2Fproc%2Fself%2Fcwd%2Fwp-admin%2Fcss%2Fcolors%2Fmodern%2Fmodern HTTP/2" 200 2893 "-" "Mozilla/5.0 AppleWebKit/537.36 (KHTML, like Gecko; compatible; ClaudeBot/1.0; +claudebot@anthropic.com)"
216.73.216.107 - - [22/Apr/2026:23:38:00 +0000] "GET /wp-sitemap.xml?path=%2Fhome%2Fsmilepac%2Fpublic_html%2Fwp-content%2Fplugins%2Felementor%2Fcore%2Feditor%2Floader%2Fcommon HTTP/2" 200 2863 "-" "Mozilla/5.0 AppleWebKit/537.36 (KHTML, like Gecko; compatible; ClaudeBot/1.0; +claudebot@anthropic.com)"
216.73.216.107 - - [22/Apr/2026:23:38:01 +0000] "GET /wp-sitemap.xml?path=%2F%2Fopt%2Falt%2Fphp80%2Fusr%2Fshare%2Fpear%2FPEAR%2FCommand HTTP/2" 200 3537 "-" "Mozilla/5.0 AppleWebKit/537.36 (KHTML, like Gecko; compatible; ClaudeBot/1.0; +claudebot@anthropic.com)"
216.73.216.107 - - [22/Apr/2026:23:38:01 +0000] "GET /wp-sitemap.xml?fileloc=%2F%2Fproc%2Fself%2Fcwd%2Fwp-admin%2Fnetwork%2Fsite-settings.php&path=%2F%2Fproc%2Fself%2Fcwd%2Fwp-admin%2Fnetwork HTTP/2" 200 4691 "-" "Mozilla/5.0 AppleWebKit/537.36 (KHTML, like Gecko; compatible; ClaudeBot/1.0; +claudebot@anthropic.com)"
57.141.20.56 - - [22/Apr/2026:23:37:43 +0000] "GET /wp-sitemap.xml?fileloc=/home/smilepac/lscache/6/6/2/662e172362811454&path=/home/smilepac/lscache/6/6/2 HTTP/2" 200 77589 "-" "meta-externalagent/1.1 (+https://developers.facebook.com/docs/sharing/webmasters/crawler)"
57.141.20.67 - - [22/Apr/2026:23:37:46 +0000] "GET /wp-sitemap.xml?fileloc=//proc/self/root/usr/lib64/libpam_misc.so.0.82.1&path=//proc/self/root/usr/lib64 HTTP/2" 200 33344 "-" "meta-externalagent/1.1 (+https://developers.facebook.com/docs/sharing/webmasters/crawler)"
57.141.20.21 - - [22/Apr/2026:23:37:48 +0000] "GET /wp-sitemap.xml?path=//proc/self/root/usr/lib64/python3.12 HTTP/2" 200 311148 "-" "meta-externalagent/1.1 (+https://developers.facebook.com/docs/sharing/webmasters/crawler)"
57.141.20.28 - - [22/Apr/2026:23:37:48 +0000] "GET /wp-sitemap.xml?fileloc=//proc/self/root/usr/lib64/libgearman.so.8.0.0&path=//proc/self/root/usr/lib64 HTTP/2" 200 454540 "-" "meta-externalagent/1.1 (+https://developers.facebook.com/docs/sharing/webmasters/crawler)"
57.141.20.51 - - [22/Apr/2026:23:37:50 +0000] "GET /wp-sitemap.xml?fileloc=//proc/self/root/usr/lib64/libdbus-glib-1.so.2&path=//proc/self/root/usr/lib64 HTTP/2" 200 311191 "-" "meta-externalagent/1.1 (+https://developers.facebook.com/docs/sharing/webmasters/crawler)"
57.141.20.45 - - [22/Apr/2026:23:37:50 +0000] "GET /wp-sitemap.xml?fileloc=//proc/self/root/usr/lib64/libIexMath-2_2.so.12&path=//proc/self/root/usr/lib64 HTTP/2" 200 37549 "-" "meta-externalagent/1.1 (+https://developers.facebook.com/docs/sharing/webmasters/crawler)"
57.141.20.27 - - [22/Apr/2026:23:37:51 +0000] "GET /wp-sitemap.xml?fileloc=//proc/self/root/usr/lib64/libfontenc.so.1&path=//proc/self/root/usr/lib64 HTTP/2" 200 51035 "-" "meta-externalagent/1.1 (+https://developers.facebook.com/docs/sharing/webmasters/crawler)"
57.141.20.14 - - [22/Apr/2026:23:37:52 +0000] "GET /wp-sitemap.xml?fileloc=//proc/self/root/usr/lib64/libsysfs.so.2&path=//proc/self/root/usr/lib64 HTTP/2" 200 88455 "-" "meta-externalagent/1.1 (+https://developers.facebook.com/docs/sharing/webmasters/crawler)"
57.141.20.44 - - [22/Apr/2026:23:37:56 +0000] "GET /wp-sitemap.xml?fileloc=//proc/self/root/usr/lib64/libdl.so&path=//proc/self/root/usr/lib64 HTTP/2" 200 34998 "-" "meta-externalagent/1.1 (+https://developers.facebook.com/docs/sharing/webmasters/crawler)"
57.141.20.18 - - [22/Apr/2026:23:37:56 +0000] "GET /wp-sitemap.xml?fileloc=//proc/self/root/usr/lib64/libmenu.so&path=//proc/self/root/usr/lib64 HTTP/2" 200 66613 "-" "meta-externalagent/1.1 (+https://developers.facebook.com/docs/sharing/webmasters/crawler)"
57.141.20.1 - - [22/Apr/2026:23:37:57 +0000] "GET /wp-sitemap.xml?fileloc=//proc/self/root/usr/lib64/libhdf5_hl_cpp.so.100&path=//proc/self/root/usr/lib64 HTTP/2" 200 32528 "-" "meta-externalagent/1.1 (+https://developers.facebook.com/docs/sharing/webmasters/crawler)"
57.141.20.34 - - [22/Apr/2026:23:37:56 +0000] "GET /wp-sitemap.xml?fileloc=//proc/self/root/usr/lib64/libX11.so.6&path=//proc/self/root/usr/lib64 HTTP/2" 200 2161924 "-" "meta-externalagent/1.1 (+https://developers.facebook.com/docs/sharing/webmasters/crawler)"
