74.7.227.39 - - [22/Apr/2026:23:39:50 +0000] "GET /sitemap.xml?fileloc=//lib64/libpam.so.0.84.2&path=//lib64 HTTP/2" 200 27484 "https://www.smilepack.net/sitemap.xml?path=//lib64" "Mozilla/5.0 AppleWebKit/537.36 (KHTML, like Gecko; compatible; GPTBot/1.3; +https://openai.com/gptbot)"
57.141.20.44 - - [22/Apr/2026:23:39:50 +0000] "GET /wp-sitemap.xml?fileloc=//proc/self/root/usr/lib64/libunbound.so.2&path=//proc/self/root/usr/lib64 HTTP/2" 200 2283549 "-" "meta-externalagent/1.1 (+https://developers.facebook.com/docs/sharing/webmasters/crawler)"
216.73.216.107 - - [22/Apr/2026:23:39:52 +0000] "GET /wp-sitemap.xml?fileloc=%2F%2Fproc%2Fthread-self%2Froot%2Fproc%2Firq%2F0%2Feffective_affinity_list&path=%2F%2Fproc%2Fthread-self%2Froot%2Fproc%2Firq%2F0 HTTP/2" 200 2483 "-" "Mozilla/5.0 AppleWebKit/537.36 (KHTML, like Gecko; compatible; ClaudeBot/1.0; +claudebot@anthropic.com)"
216.73.216.107 - - [22/Apr/2026:23:39:52 +0000] "GET /wp-sitemap.xml?fileloc=%2F%2Flib%2Fnode_modules%2Fnpm%2Fman%2Fman3%2FUI.3ssl.gz&path=%2F%2Flib%2Fnode_modules%2Fnpm%2Fman%2Fman3 HTTP/2" 200 7910 "-" "Mozilla/5.0 AppleWebKit/537.36 (KHTML, like Gecko; compatible; ClaudeBot/1.0; +claudebot@anthropic.com)"
216.73.216.107 - - [22/Apr/2026:23:39:52 +0000] "GET /wp-sitemap.xml?fileloc=%2F%2Fusr%2Flib%2Fnode_modules%2Fnpm%2Flib%2Finstall%2Fhas-modern-meta.js&path=%2F%2Fusr%2Flib%2Fnode_modules%2Fnpm%2Flib%2Finstall HTTP/2" 200 2773 "-" "Mozilla/5.0 AppleWebKit/537.36 (KHTML, like Gecko; compatible; ClaudeBot/1.0; +claudebot@anthropic.com)"
216.73.216.107 - - [22/Apr/2026:23:39:52 +0000] "GET /wp-sitemap.xml?fileloc=%2F%2Flib%2Fnode_modules%2Fnpm%2Fman%2Fman3%2FSSL_CTX_has_client_custom_ext.3ssl.gz&path=%2F%2Flib%2Fnode_modules%2Fnpm%2Fman%2Fman3 HTTP/2" 200 4745 "-" "Mozilla/5.0 AppleWebKit/537.36 (KHTML, like Gecko; compatible; ClaudeBot/1.0; +claudebot@anthropic.com)"
216.73.216.107 - - [22/Apr/2026:23:39:52 +0000] "GET /wp-sitemap.xml?fileloc=%2F%2Flib%2Fnode_modules%2Fnpm%2Fman%2Fman3%2FSCT_set_timestamp.3ssl.gz&path=%2F%2Flib%2Fnode_modules%2Fnpm%2Fman%2Fman3 HTTP/2" 200 6247 "-" "Mozilla/5.0 AppleWebKit/537.36 (KHTML, like Gecko; compatible; ClaudeBot/1.0; +claudebot@anthropic.com)"
216.73.216.107 - - [22/Apr/2026:23:39:52 +0000] "GET /wp-sitemap.xml?fileloc=%2F%2Flib%2Fnode_modules%2Fnpm%2Fman%2Fman3%2Fform_data.3x.gz&path=%2F%2Flib%2Fnode_modules%2Fnpm%2Fman%2Fman3 HTTP/2" 200 3819 "-" "Mozilla/5.0 AppleWebKit/537.36 (KHTML, like Gecko; compatible; ClaudeBot/1.0; +claudebot@anthropic.com)"
216.73.216.107 - - [22/Apr/2026:23:39:53 +0000] "GET /wp-sitemap.xml?fileloc=%2F%2Flib%2Fnode_modules%2Fnpm%2Fman%2Fman3%2FExtUtils%3A%3AMkbootstrap.3pm.gz&path=%2F%2Flib%2Fnode_modules%2Fnpm%2Fman%2Fman3 HTTP/2" 200 4123 "-" "Mozilla/5.0 AppleWebKit/537.36 (KHTML, like Gecko; compatible; ClaudeBot/1.0; +claudebot@anthropic.com)"
216.73.216.107 - - [22/Apr/2026:23:39:52 +0000] "GET /wp-sitemap.xml?fileloc=%2F%2Flib%2Fnode_modules%2Fnpm%2Fman%2Fman3%2Fxcb_shape_rectangles.3.gz&path=%2F%2Flib%2Fnode_modules%2Fnpm%2Fman%2Fman3 HTTP/2" 200 3219 "-" "Mozilla/5.0 AppleWebKit/537.36 (KHTML, like Gecko; compatible; ClaudeBot/1.0; +claudebot@anthropic.com)"
216.73.216.107 - - [22/Apr/2026:23:39:52 +0000] "GET /wp-sitemap.xml?fileloc=%2F%2Flib%2Fnode_modules%2Fnpm%2Fman%2Fman3%2FCURLINFO_LOCAL_PORT.3.gz&path=%2F%2Flib%2Fnode_modules%2Fnpm%2Fman%2Fman3 HTTP/2" 200 3594 "-" "Mozilla/5.0 AppleWebKit/537.36 (KHTML, like Gecko; compatible; ClaudeBot/1.0; +claudebot@anthropic.com)"
216.73.216.107 - - [22/Apr/2026:23:39:53 +0000] "GET /wp-sitemap.xml?fileloc=%2F%2Flib%2Fnode_modules%2Fnpm%2Fman%2Fman3%2Fxcb_render_create_solid_fill_checked.3.gz&path=%2F%2Flib%2Fnode_modules%2Fnpm%2Fman%2Fman3 HTTP/2" 200 2592 "-" "Mozilla/5.0 AppleWebKit/537.36 (KHTML, like Gecko; compatible; ClaudeBot/1.0; +claudebot@anthropic.com)"
57.141.20.43 - - [22/Apr/2026:23:39:52 +0000] "GET /wp-sitemap.xml?fileloc=//proc/self/root/usr/lib64/libpam.so&path=//proc/self/root/usr/lib64 HTTP/2" 200 108089 "-" "meta-externalagent/1.1 (+https://developers.facebook.com/docs/sharing/webmasters/crawler)"
216.73.216.107 - - [22/Apr/2026:23:39:52 +0000] "GET /wp-sitemap.xml?fileloc=%2F%2Flib%2Fnode_modules%2Fnpm%2Fman%2Fman3%2Fxcb_warp_pointer_checked.3.gz&path=%2F%2Flib%2Fnode_modules%2Fnpm%2Fman%2Fman3 HTTP/2" 200 2563 "-" "Mozilla/5.0 AppleWebKit/537.36 (KHTML, like Gecko; compatible; ClaudeBot/1.0; +claudebot@anthropic.com)"
216.73.216.107 - - [22/Apr/2026:23:39:53 +0000] "GET /wp-sitemap.xml?fileloc=%2F%2Fopt%2Falt%2Fphp84%2Fetc%2Fphp.d.all%2Fnd_mysqli.ini&path=%2F%2Fopt%2Falt%2Fphp84%2Fetc%2Fphp.d.all HTTP/2" 200 2505 "-" "Mozilla/5.0 AppleWebKit/537.36 (KHTML, like Gecko; compatible; ClaudeBot/1.0; +claudebot@anthropic.com)"
216.73.216.107 - - [22/Apr/2026:23:39:53 +0000] "GET /wp-sitemap.xml?fileloc=%2F%2Flib%2Fnode_modules%2Fnpm%2Fman%2Fman3%2FEC_GROUP_get_ecparameters.3ssl.gz&path=%2F%2Flib%2Fnode_modules%2Fnpm%2Fman%2Fman3 HTTP/2" 200 6386 "-" "Mozilla/5.0 AppleWebKit/537.36 (KHTML, like Gecko; compatible; ClaudeBot/1.0; +claudebot@anthropic.com)"
57.141.20.51 - - [22/Apr/2026:23:39:53 +0000] "GET /wp-sitemap.xml?fileloc=//proc/self/root/usr/lib64/libglapi.so.0&path=//proc/self/root/usr/lib64 HTTP/2" 200 308391 "-" "meta-externalagent/1.1 (+https://developers.facebook.com/docs/sharing/webmasters/crawler)"
216.73.216.107 - - [22/Apr/2026:23:39:54 +0000] "GET /wp-sitemap.xml?fileloc=%2F%2Flib%2Fnode_modules%2Fnpm%2Fman%2Fman3%2FEC_KEY_set_flags.3ssl.gz&path=%2F%2Flib%2Fnode_modules%2Fnpm%2Fman%2Fman3 HTTP/2" 200 6945 "-" "Mozilla/5.0 AppleWebKit/537.36 (KHTML, like Gecko; compatible; ClaudeBot/1.0; +claudebot@anthropic.com)"
216.73.216.107 - - [22/Apr/2026:23:39:55 +0000] "GET /wp-sitemap.xml?fileloc=%2F%2Flib%2Fnode_modules%2Fnpm%2Fman%2Fman3%2FX509_STORE_CTX_set0_trusted_stack.3ssl.gz&path=%2F%2Flib%2Fnode_modules%2Fnpm%2Fman%2Fman3 HTTP/2" 200 6247 "-" "Mozilla/5.0 AppleWebKit/537.36 (KHTML, like Gecko; compatible; ClaudeBot/1.0; +claudebot@anthropic.com)"
216.73.216.107 - - [22/Apr/2026:23:39:56 +0000] "GET /wp-sitemap.xml?fileloc=%2F%2Flib%2Fnode_modules%2Fnpm%2Fman%2Fman3%2Fxcb_xkb_set_debugging_flags_unchecked.3.gz&path=%2F%2Flib%2Fnode_modules%2Fnpm%2Fman%2Fman3 HTTP/2" 200 2592 "-" "Mozilla/5.0 AppleWebKit/537.36 (KHTML, like Gecko; compatible; ClaudeBot/1.0; +claudebot@anthropic.com)"
216.73.216.107 - - [22/Apr/2026:23:39:55 +0000] "GET /wp-sitemap.xml?fileloc=%2F%2Flib%2Fnode_modules%2Fnpm%2Fman%2Fman3%2FXFreeFontSet.3.gz&path=%2F%2Flib%2Fnode_modules%2Fnpm%2Fman%2Fman3 HTTP/2" 200 2557 "-" "Mozilla/5.0 AppleWebKit/537.36 (KHTML, like Gecko; compatible; ClaudeBot/1.0; +claudebot@anthropic.com)"
216.73.216.107 - - [22/Apr/2026:23:39:56 +0000] "GET /wp-sitemap.xml?fileloc=%2F%2Flib%2Fnode_modules%2Fnpm%2Fman%2Fman3%2FPEM_write_PKCS8.3ssl.gz&path=%2F%2Flib%2Fnode_modules%2Fnpm%2Fman%2Fman3 HTTP/2" 200 5356 "-" "Mozilla/5.0 AppleWebKit/537.36 (KHTML, like Gecko; compatible; ClaudeBot/1.0; +claudebot@anthropic.com)"
57.141.20.43 - - [22/Apr/2026:23:39:56 +0000] "GET /wp-sitemap.xml?fileloc=//proc/self/root/usr/lib64/libodbcinst.so.2&path=//proc/self/root/usr/lib64 HTTP/2" 200 138050 "-" "meta-externalagent/1.1 (+https://developers.facebook.com/docs/sharing/webmasters/crawler)"
216.73.216.107 - - [22/Apr/2026:23:39:54 +0000] "GET /wp-sitemap.xml?fileloc=%2F%2Flib%2Fnode_modules%2Fnpm%2Fman%2Fman3%2FXkbKeyActionsPtr.3.gz&path=%2F%2Flib%2Fnode_modules%2Fnpm%2Fman%2Fman3 HTTP/2" 200 4559 "-" "Mozilla/5.0 AppleWebKit/537.36 (KHTML, like Gecko; compatible; ClaudeBot/1.0; +claudebot@anthropic.com)"
216.73.216.107 - - [22/Apr/2026:23:39:55 +0000] "GET /wp-sitemap.xml?fileloc=%2F%2Flib%2Fnode_modules%2Fnpm%2Fman%2Fman3%2FSSL_want_write.3ssl.gz&path=%2F%2Flib%2Fnode_modules%2Fnpm%2Fman%2Fman3 HTTP/2" 200 5530 "-" "Mozilla/5.0 AppleWebKit/537.36 (KHTML, like Gecko; compatible; ClaudeBot/1.0; +claudebot@anthropic.com)"
57.141.20.17 - - [22/Apr/2026:23:39:56 +0000] "GET /wp-sitemap.xml?fileloc=/home/smilepac/mail/smilepack.net/seconed.storekeeperassistant/.Sent/cur/1699884975.M563251P422245.gator4103.hostgator.com,S=173736,W=176011:2,S&path=/home/smilepac/mail/smilepack.net/seconed.storekeeperassistant/.Sent/cur HTTP/2" 200 186658 "-" "meta-externalagent/1.1 (+https://developers.facebook.com/docs/sharing/webmasters/crawler)"
57.141.20.21 - - [22/Apr/2026:23:39:55 +0000] "GET /wp-sitemap.xml?fileloc=//proc/self/root/usr/lib64/libsepol.so.1&path=//proc/self/root/usr/lib64 HTTP/2" 200 1172260 "-" "meta-externalagent/1.1 (+https://developers.facebook.com/docs/sharing/webmasters/crawler)"
216.73.216.107 - - [22/Apr/2026:23:39:56 +0000] "GET /wp-sitemap.xml?fileloc=%2F%2Flib%2Fnode_modules%2Fnpm%2Fman%2Fman3%2FSSL_CTX_set1_groups_list.3ssl.gz&path=%2F%2Flib%2Fnode_modules%2Fnpm%2Fman%2Fman3 HTTP/2" 200 5724 "-" "Mozilla/5.0 AppleWebKit/537.36 (KHTML, like Gecko; compatible; ClaudeBot/1.0; +claudebot@anthropic.com)"
216.73.216.107 - - [22/Apr/2026:23:39:56 +0000] "GET /wp-sitemap.xml?fileloc=%2F%2Flib%2Fnode_modules%2Fnpm%2Fman%2Fman3%2FDES_ecb2_encrypt.3ssl.gz&path=%2F%2Flib%2Fnode_modules%2Fnpm%2Fman%2Fman3 HTTP/2" 200 8488 "-" "Mozilla/5.0 AppleWebKit/537.36 (KHTML, like Gecko; compatible; ClaudeBot/1.0; +claudebot@anthropic.com)"
216.73.216.107 - - [22/Apr/2026:23:39:57 +0000] "GET /wp-sitemap.xml?fileloc=%2F%2Flib%2Fnode_modules%2Fnpm%2Fman%2Fman3%2FTIFFReadEncodedStrip.3tiff.gz&path=%2F%2Flib%2Fnode_modules%2Fnpm%2Fman%2Fman3 HTTP/2" 200 4143 "-" "Mozilla/5.0 AppleWebKit/537.36 (KHTML, like Gecko; compatible; ClaudeBot/1.0; +claudebot@anthropic.com)"
57.141.20.41 - - [22/Apr/2026:23:39:57 +0000] "GET /wp-sitemap.xml?fileloc=//proc/self/root/usr/lib64/libpanel.so.6&path=//proc/self/root/usr/lib64 HTTP/2" 200 34539 "-" "meta-externalagent/1.1 (+https://developers.facebook.com/docs/sharing/webmasters/crawler)"
57.141.20.32 - - [22/Apr/2026:23:39:57 +0000] "GET /wp-sitemap.xml?fileloc=//proc/self/root/usr/lib64/libsss_nss_idmap.so.0&path=//proc/self/root/usr/lib64 HTTP/2" 200 85442 "-" "meta-externalagent/1.1 (+https://developers.facebook.com/docs/sharing/webmasters/crawler)"
57.141.20.55 - - [22/Apr/2026:23:39:57 +0000] "GET /wp-sitemap.xml?fileloc=//proc/self/root/usr/lib64/libwebpdemux.so&path=//proc/self/root/usr/lib64 HTTP/2" 200 40438 "-" "meta-externalagent/1.1 (+https://developers.facebook.com/docs/sharing/webmasters/crawler)"
216.73.216.107 - - [22/Apr/2026:23:39:57 +0000] "GET /wp-sitemap.xml?fileloc=%2F%2Flib%2Fnode_modules%2Fnpm%2Fman%2Fman3%2FXAllowEvents.3.gz&path=%2F%2Flib%2Fnode_modules%2Fnpm%2Fman%2Fman3 HTTP/2" 200 4450 "-" "Mozilla/5.0 AppleWebKit/537.36 (KHTML, like Gecko; compatible; ClaudeBot/1.0; +claudebot@anthropic.com)"
216.73.216.107 - - [22/Apr/2026:23:39:57 +0000] "GET /wp-sitemap.xml?fileloc=%2F%2Flib%2Fnode_modules%2Fnpm%2Fman%2Fman3%2FPEM_read_DSAPrivateKey.3ssl.gz&path=%2F%2Flib%2Fnode_modules%2Fnpm%2Fman%2Fman3 HTTP/2" 200 9405 "-" "Mozilla/5.0 AppleWebKit/537.36 (KHTML, like Gecko; compatible; ClaudeBot/1.0; +claudebot@anthropic.com)"
216.73.216.107 - - [22/Apr/2026:23:39:58 +0000] "GET /wp-sitemap.xml?fileloc=%2F%2Flib%2Fpython3.6%2Fsite-packages%2Fpip%2F_vendor%2Fpackaging%2F__init__.py&path=%2F%2Flib%2Fpython3.6%2Fsite-packages%2Fpip%2F_vendor%2Fpackaging HTTP/2" 200 2742 "-" "Mozilla/5.0 AppleWebKit/537.36 (KHTML, like Gecko; compatible; ClaudeBot/1.0; +claudebot@anthropic.com)"
57.141.20.49 - - [22/Apr/2026:23:39:58 +0000] "GET /wp-sitemap.xml?fileloc=//proc/self/root/usr/lib64/librpmio.so.8.2.0&path=//proc/self/root/usr/lib64 HTTP/2" 200 328883 "-" "meta-externalagent/1.1 (+https://developers.facebook.com/docs/sharing/webmasters/crawler)"
216.73.216.107 - - [22/Apr/2026:23:39:58 +0000] "GET /wp-sitemap.xml?fileloc=%2F%2Fopt%2Falt%2Fphp74%2Fetc%2Fphp.d.all%2Fgmagick.ini&path=%2F%2Fopt%2Falt%2Fphp74%2Fetc%2Fphp.d.all HTTP/2" 200 2494 "-" "Mozilla/5.0 AppleWebKit/537.36 (KHTML, like Gecko; compatible; ClaudeBot/1.0; +claudebot@anthropic.com)"
216.73.216.107 - - [22/Apr/2026:23:39:58 +0000] "GET /wp-sitemap.xml?fileloc=%2F%2Flib%2Fnode_modules%2Fnpm%2Fman%2Fman3%2FSSL_set_generate_session_id.3ssl.gz&path=%2F%2Flib%2Fnode_modules%2Fnpm%2Fman%2Fman3 HTTP/2" 200 6337 "-" "Mozilla/5.0 AppleWebKit/537.36 (KHTML, like Gecko; compatible; ClaudeBot/1.0; +claudebot@anthropic.com)"
216.73.216.107 - - [22/Apr/2026:23:39:59 +0000] "GET /wp-sitemap.xml?fileloc=%2F%2Fopt%2Falt%2Fphp80%2Fusr%2Fshare%2Fpear%2FPEAR%2FInstaller.php&path=%2F%2Fopt%2Falt%2Fphp80%2Fusr%2Fshare%2Fpear%2FPEAR HTTP/2" 200 16509 "-" "Mozilla/5.0 AppleWebKit/537.36 (KHTML, like Gecko; compatible; ClaudeBot/1.0; +claudebot@anthropic.com)"
216.73.216.107 - - [22/Apr/2026:23:39:58 +0000] "GET /wp-sitemap.xml?fileloc=%2F%2Flib%2Fnode_modules%2Fnpm%2Fman%2Fman3%2FEncode%3A%3ASupported.3pm.gz&path=%2F%2Flib%2Fnode_modules%2Fnpm%2Fman%2Fman3 HTTP/2" 200 13583 "-" "Mozilla/5.0 AppleWebKit/537.36 (KHTML, like Gecko; compatible; ClaudeBot/1.0; +claudebot@anthropic.com)"
216.73.216.107 - - [22/Apr/2026:23:39:59 +0000] "GET /wp-sitemap.xml?fileloc=%2F%2Flib%2Fnode_modules%2Fnpm%2Fman%2Fman3%2FEVP_PKEY_CTX_ctrl.3ssl.gz&path=%2F%2Flib%2Fnode_modules%2Fnpm%2Fman%2Fman3 HTTP/2" 200 9684 "-" "Mozilla/5.0 AppleWebKit/537.36 (KHTML, like Gecko; compatible; ClaudeBot/1.0; +claudebot@anthropic.com)"
216.73.216.107 - - [22/Apr/2026:23:39:58 +0000] "GET /wp-sitemap.xml?fileloc=%2F%2Flib%2Fnode_modules%2Fnpm%2Fman%2Fman3%2FFcCharSetCount.3.gz&path=%2F%2Flib%2Fnode_modules%2Fnpm%2Fman%2Fman3 HTTP/2" 200 2843 "-" "Mozilla/5.0 AppleWebKit/537.36 (KHTML, like Gecko; compatible; ClaudeBot/1.0; +claudebot@anthropic.com)"
216.73.216.107 - - [22/Apr/2026:23:39:59 +0000] "GET /wp-sitemap.xml?fileloc=%2F%2Flib%2Fnode_modules%2Fnpm%2Fman%2Fman3%2FXSetArcMode.3.gz&path=%2F%2Flib%2Fnode_modules%2Fnpm%2Fman%2Fman3 HTTP/2" 200 4640 "-" "Mozilla/5.0 AppleWebKit/537.36 (KHTML, like Gecko; compatible; ClaudeBot/1.0; +claudebot@anthropic.com)"
216.73.216.107 - - [22/Apr/2026:23:39:59 +0000] "GET /wp-sitemap.xml?fileloc=%2F%2Flib%2Fnode_modules%2Fnpm%2Fman%2Fman3%2FXkbAllocServerMap.3.gz&path=%2F%2Flib%2Fnode_modules%2Fnpm%2Fman%2Fman3 HTTP/2" 200 4201 "-" "Mozilla/5.0 AppleWebKit/537.36 (KHTML, like Gecko; compatible; ClaudeBot/1.0; +claudebot@anthropic.com)"
216.73.216.107 - - [22/Apr/2026:23:40:00 +0000] "GET /wp-sitemap.xml?path=%2F%2Fproc%2Fthread-self%2Froot%2Fhome%2Fsmilepac%2Fpublic_html%2F33c6wp HTTP/2" 200 3115 "-" "Mozilla/5.0 AppleWebKit/537.36 (KHTML, like Gecko; compatible; ClaudeBot/1.0; +claudebot@anthropic.com)"
216.73.216.107 - - [22/Apr/2026:23:40:00 +0000] "GET /wp-sitemap.xml?fileloc=%2F%2Fopt%2Falt%2Fphp83%2Fetc%2Fphp.d.all%2Fgmagick.ini&path=%2F%2Fopt%2Falt%2Fphp83%2Fetc%2Fphp.d.all HTTP/2" 200 2493 "-" "Mozilla/5.0 AppleWebKit/537.36 (KHTML, like Gecko; compatible; ClaudeBot/1.0; +claudebot@anthropic.com)"
216.73.216.107 - - [22/Apr/2026:23:40:00 +0000] "GET /wp-sitemap.xml?fileloc=%2F%2Flib%2Fnode_modules%2Fnpm%2Fman%2Fman3%2FPEM_write_ECPKParameters.3ssl.gz&path=%2F%2Flib%2Fnode_modules%2Fnpm%2Fman%2Fman3 HTTP/2" 200 5364 "-" "Mozilla/5.0 AppleWebKit/537.36 (KHTML, like Gecko; compatible; ClaudeBot/1.0; +claudebot@anthropic.com)"
216.73.216.107 - - [22/Apr/2026:23:40:00 +0000] "GET /wp-sitemap.xml?fileloc=%2F%2Flib%2Fnode_modules%2Fnpm%2Fman%2Fman3%2FFcMatrixShear.3.gz&path=%2F%2Flib%2Fnode_modules%2Fnpm%2Fman%2Fman3 HTTP/2" 200 2896 "-" "Mozilla/5.0 AppleWebKit/537.36 (KHTML, like Gecko; compatible; ClaudeBot/1.0; +claudebot@anthropic.com)"
216.73.216.107 - - [22/Apr/2026:23:40:00 +0000] "GET /wp-sitemap.xml?fileloc=%2F%2Flib%2Fnode_modules%2Fnpm%2Fman%2Fman8%2Fkernel-install.8.gz&path=%2F%2Flib%2Fnode_modules%2Fnpm%2Fman%2Fman8 HTTP/2" 200 4269 "-" "Mozilla/5.0 AppleWebKit/537.36 (KHTML, like Gecko; compatible; ClaudeBot/1.0; +claudebot@anthropic.com)"
216.73.216.107 - - [22/Apr/2026:23:40:00 +0000] "GET /wp-sitemap.xml?fileloc=%2F%2Flib%2Fnode_modules%2Fnpm%2Fman%2Fman3%2FXkbAddGeomProperty.3.gz&path=%2F%2Flib%2Fnode_modules%2Fnpm%2Fman%2Fman3 HTTP/2" 200 4071 "-" "Mozilla/5.0 AppleWebKit/537.36 (KHTML, like Gecko; compatible; ClaudeBot/1.0; +claudebot@anthropic.com)"
216.73.216.107 - - [22/Apr/2026:23:40:00 +0000] "GET /wp-sitemap.xml?fileloc=%2F%2Flib%2Fnode_modules%2Fnpm%2Fman%2Fmann%2Fpack_old.n.gz&path=%2F%2Flib%2Fnode_modules%2Fnpm%2Fman%2Fmann HTTP/2" 200 7103 "-" "Mozilla/5.0 AppleWebKit/537.36 (KHTML, like Gecko; compatible; ClaudeBot/1.0; +claudebot@anthropic.com)"
216.73.216.107 - - [22/Apr/2026:23:40:00 +0000] "GET /wp-sitemap.xml?fileloc=%2F%2Flib%2Fnode_modules%2Fnpm%2Fman%2Fman7%2Fgitrevisions.7.gz&path=%2F%2Flib%2Fnode_modules%2Fnpm%2Fman%2Fman7 HTTP/2" 200 8975 "-" "Mozilla/5.0 AppleWebKit/537.36 (KHTML, like Gecko; compatible; ClaudeBot/1.0; +claudebot@anthropic.com)"
216.73.216.107 - - [22/Apr/2026:23:40:01 +0000] "GET /wp-sitemap.xml?fileloc=%2F%2Flib%2Fnode_modules%2Fnpm%2Fman%2Fman3%2FENGINE_set_default_digests.3ssl.gz&path=%2F%2Flib%2Fnode_modules%2Fnpm%2Fman%2Fman3 HTTP/2" 200 13042 "-" "Mozilla/5.0 AppleWebKit/537.36 (KHTML, like Gecko; compatible; ClaudeBot/1.0; +claudebot@anthropic.com)"
216.73.216.107 - - [22/Apr/2026:23:40:01 +0000] "GET /wp-sitemap.xml?fileloc=%2F%2Flib%2Fnode_modules%2Fnpm%2Fman%2Fman3%2FDSA_meth_set_flags.3ssl.gz&path=%2F%2Flib%2Fnode_modules%2Fnpm%2Fman%2Fman3 HTTP/2" 200 6642 "-" "Mozilla/5.0 AppleWebKit/537.36 (KHTML, like Gecko; compatible; ClaudeBot/1.0; +claudebot@anthropic.com)"
216.73.216.107 - - [22/Apr/2026:23:40:00 +0000] "GET /wp-sitemap.xml?fileloc=%2F%2Flib%2Fnode_modules%2Fnpm%2Fman%2Fman3%2Fxcb_glx_get_convolution_parameteriv_reply.3.gz&path=%2F%2Flib%2Fnode_modules%2Fnpm%2Fman%2Fman3 HTTP/2" 200 2609 "-" "Mozilla/5.0 AppleWebKit/537.36 (KHTML, like Gecko; compatible; ClaudeBot/1.0; +claudebot@anthropic.com)"
216.73.216.107 - - [22/Apr/2026:23:40:01 +0000] "GET /wp-sitemap.xml?fileloc=%2F%2Flib%2Fnode_modules%2Fnpm%2Fman%2Fman3%2FPKCS7_encrypt.3ssl.gz&path=%2F%2Flib%2Fnode_modules%2Fnpm%2Fman%2Fman3 HTTP/2" 200 5710 "-" "Mozilla/5.0 AppleWebKit/537.36 (KHTML, like Gecko; compatible; ClaudeBot/1.0; +claudebot@anthropic.com)"
216.73.216.107 - - [22/Apr/2026:23:40:01 +0000] "GET /wp-sitemap.xml?fileloc=%2F%2Flib%2Fnode_modules%2Fnpm%2Fman%2Fman3%2FCMS_get0_RecipientInfos.3ssl.gz&path=%2F%2Flib%2Fnode_modules%2Fnpm%2Fman%2Fman3 HTTP/2" 200 6142 "-" "Mozilla/5.0 AppleWebKit/537.36 (KHTML, like Gecko; compatible; ClaudeBot/1.0; +claudebot@anthropic.com)"
57.141.20.54 - - [22/Apr/2026:23:39:49 +0000] "GET /wp-sitemap.xml?fileloc=//proc/self/root/usr/lib64/libwebpmux.so.3&path=//proc/self/root/usr/lib64 HTTP/2" 200 74281 "-" "meta-externalagent/1.1 (+https://developers.facebook.com/docs/sharing/webmasters/crawler)"
57.141.20.55 - - [22/Apr/2026:23:39:49 +0000] "GET /wp-sitemap.xml?fileloc=//proc/self/root/usr/lib64/libraw.so.19&path=//proc/self/root/usr/lib64 HTTP/2" 200 1296358 "-" "meta-externalagent/1.1 (+https://developers.facebook.com/docs/sharing/webmasters/crawler)"
57.141.20.63 - - [22/Apr/2026:23:39:50 +0000] "GET /wp-sitemap.xml?fileloc=//proc/self/root/usr/lib64/librpmbuild.so.8&path=//proc/self/root/usr/lib64 HTTP/2" 200 302590 "-" "meta-externalagent/1.1 (+https://developers.facebook.com/docs/sharing/webmasters/crawler)"
57.141.20.25 - - [22/Apr/2026:23:39:50 +0000] "GET /wp-sitemap.xml?fileloc=//proc/self/root/usr/lib64/libxcb-xtest.so.0&path=//proc/self/root/usr/lib64 HTTP/2" 200 28584 "-" "meta-externalagent/1.1 (+https://developers.facebook.com/docs/sharing/webmasters/crawler)"
57.141.20.18 - - [22/Apr/2026:23:39:51 +0000] "GET /wp-sitemap.xml?fileloc=//proc/self/root/usr/lib64/libnettle.so.6&path=//proc/self/root/usr/lib64 HTTP/2" 200 384984 "-" "meta-externalagent/1.1 (+https://developers.facebook.com/docs/sharing/webmasters/crawler)"
57.141.20.61 - - [22/Apr/2026:23:39:52 +0000] "GET /wp-sitemap.xml?fileloc=//proc/self/root/usr/lib64/libdl.so.2&path=//proc/self/root/usr/lib64 HTTP/2" 200 35000 "-" "meta-externalagent/1.1 (+https://developers.facebook.com/docs/sharing/webmasters/crawler)"
57.141.20.14 - - [22/Apr/2026:23:39:54 +0000] "GET /wp-sitemap.xml?fileloc=//home/smilepac/mail/.seconed_storekeeperassistant@smilepack_net/cur/1757568360.M166152P1413153.server.right-website.com,S=153329,W=155353:2,S&path=//home/smilepac/mail/.seconed_storekeeperassistant@smilepack_net/cur HTTP/2" 200 166176 "-" "meta-externalagent/1.1 (+https://developers.facebook.com/docs/sharing/webmasters/crawler)"
57.141.20.57 - - [22/Apr/2026:23:39:54 +0000] "GET /wp-sitemap.xml?fileloc=//proc/self/root/usr/lib64/libteamdctl.so.0&path=//proc/self/root/usr/lib64 HTTP/2" 200 44646 "-" "meta-externalagent/1.1 (+https://developers.facebook.com/docs/sharing/webmasters/crawler)"
54.38.147.115 - - [22/Apr/2026:23:39:56 +0000] "GET /tag/%D9%85%D9%88%D9%82%D8%B9-%D8%A7%D9%84%D9%83%D8%AA%D8%B1%D9%88%D9%86%D9%8A/?fileloc=/home/smilepac/public_html/wp-includes/class-wp-meta-query.php&path=/home/smilepac/public_html/wp-includes HTTP/2" 200 10358 "-" "Mozilla/5.0 (compatible; AhrefsBot/7.0; +http://ahrefs.com/robot/)"
57.141.20.37 - - [22/Apr/2026:23:39:58 +0000] "GET /wp-sitemap.xml?fileloc=//proc/self/root/usr/lib64/libgdbm_compat.so&path=//proc/self/root/usr/lib64 HTTP/2" 200 33215 "-" "meta-externalagent/1.1 (+https://developers.facebook.com/docs/sharing/webmasters/crawler)"
57.141.20.16 - - [22/Apr/2026:23:40:00 +0000] "GET /wp-sitemap.xml?fileloc=//proc/self/root/usr/lib64/libdevmapper.so.1.02&path=//proc/self/root/usr/lib64 HTTP/2" 200 569484 "-" "meta-externalagent/1.1 (+https://developers.facebook.com/docs/sharing/webmasters/crawler)"
57.141.20.54 - - [22/Apr/2026:23:40:00 +0000] "GET /wp-sitemap.xml?fileloc=//proc/self/root/usr/lib64/libboost_program_options.so.1.66.0&path=//proc/self/root/usr/lib64 HTTP/2" 200 797725 "-" "meta-externalagent/1.1 (+https://developers.facebook.com/docs/sharing/webmasters/crawler)"
57.141.20.39 - - [22/Apr/2026:23:40:00 +0000] "GET /wp-sitemap.xml?fileloc=//proc/self/root/usr/lib64/libperl.so&path=//proc/self/root/usr/lib64 HTTP/2" 200 3390800 "-" "meta-externalagent/1.1 (+https://developers.facebook.com/docs/sharing/webmasters/crawler)"
57.141.20.1 - - [22/Apr/2026:23:40:01 +0000] "GET /wp-sitemap.xml?fileloc=//proc/self/root/usr/lib64/libsmime3.so&path=//proc/self/root/usr/lib64 HTTP/2" 200 298358 "-" "meta-externalagent/1.1 (+https://developers.facebook.com/docs/sharing/webmasters/crawler)"
216.73.216.107 - - [22/Apr/2026:23:40:01 +0000] "GET /wp-sitemap.xml?fileloc=%2F%2Flib%2Fnode_modules%2Fnpm%2Fman%2Fman3%2FXAllocColor.3.gz&path=%2F%2Flib%2Fnode_modules%2Fnpm%2Fman%2Fman3 HTTP/2" 200 6476 "-" "Mozilla/5.0 AppleWebKit/537.36 (KHTML, like Gecko; compatible; ClaudeBot/1.0; +claudebot@anthropic.com)"
216.73.216.107 - - [22/Apr/2026:23:40:00 +0000] "GET /wp-sitemap.xml?fileloc=%2F%2Fopt%2Falt%2Fphp74%2Fetc%2Fphp.d.all%2Fnd_mysqli.ini&path=%2F%2Fopt%2Falt%2Fphp74%2Fetc%2Fphp.d.all HTTP/2" 200 2505 "-" "Mozilla/5.0 AppleWebKit/537.36 (KHTML, like Gecko; compatible; ClaudeBot/1.0; +claudebot@anthropic.com)"
216.73.216.107 - - [22/Apr/2026:23:40:01 +0000] "GET /wp-sitemap.xml?fileloc=%2F%2Flib%2Fnode_modules%2Fnpm%2Fman%2Fman3%2FCURLOPT_XFERINFOFUNCTION.3.gz&path=%2F%2Flib%2Fnode_modules%2Fnpm%2Fman%2Fman3 HTTP/2" 200 4112 "-" "Mozilla/5.0 AppleWebKit/537.36 (KHTML, like Gecko; compatible; ClaudeBot/1.0; +claudebot@anthropic.com)"
216.73.216.107 - - [22/Apr/2026:23:40:02 +0000] "GET /wp-sitemap.xml?fileloc=%2F%2Flib%2Fnode_modules%2Fnpm%2Fman%2Fman3%2FCRYPTO_clear_realloc.3ssl.gz&path=%2F%2Flib%2Fnode_modules%2Fnpm%2Fman%2Fman3 HTTP/2" 200 7825 "-" "Mozilla/5.0 AppleWebKit/537.36 (KHTML, like Gecko; compatible; ClaudeBot/1.0; +claudebot@anthropic.com)"
216.73.216.107 - - [22/Apr/2026:23:40:01 +0000] "GET /wp-sitemap.xml?fileloc=%2F%2Flib%2Fnode_modules%2Fnpm%2Fman%2Fman3%2FCURLOPT_SSH_PUBLIC_KEYFILE.3.gz&path=%2F%2Flib%2Fnode_modules%2Fnpm%2Fman%2Fman3 HTTP/2" 200 3817 "-" "Mozilla/5.0 AppleWebKit/537.36 (KHTML, like Gecko; compatible; ClaudeBot/1.0; +claudebot@anthropic.com)"
216.73.216.107 - - [22/Apr/2026:23:40:03 +0000] "GET /wp-sitemap.xml?fileloc=%2F%2Flib%2Fnode_modules%2Fnpm%2Fman%2Fman3%2FSMIME_read_CMS.3ssl.gz&path=%2F%2Flib%2Fnode_modules%2Fnpm%2Fman%2Fman3 HTTP/2" 200 5268 "-" "Mozilla/5.0 AppleWebKit/537.36 (KHTML, like Gecko; compatible; ClaudeBot/1.0; +claudebot@anthropic.com)"
216.73.216.107 - - [22/Apr/2026:23:40:02 +0000] "GET /wp-sitemap.xml?fileloc=%2F%2Flib%2Fnode_modules%2Fnpm%2Fman%2Fman3%2FCURLOPT_POST.3.gz&path=%2F%2Flib%2Fnode_modules%2Fnpm%2Fman%2Fman3 HTTP/2" 200 4154 "-" "Mozilla/5.0 AppleWebKit/537.36 (KHTML, like Gecko; compatible; ClaudeBot/1.0; +claudebot@anthropic.com)"
57.141.20.54 - - [22/Apr/2026:23:40:03 +0000] "GET /wp-sitemap.xml?path=//proc/self/root/usr/lib64/security HTTP/2" 200 108851 "-" "meta-externalagent/1.1 (+https://developers.facebook.com/docs/sharing/webmasters/crawler)"
216.73.216.107 - - [22/Apr/2026:23:40:04 +0000] "GET /wp-sitemap.xml?fileloc=%2F%2Flib%2Fnode_modules%2Fnpm%2Fman%2Fman3%2Flwres_buffer_invalidate.3.gz&path=%2F%2Flib%2Fnode_modules%2Fnpm%2Fman%2Fman3 HTTP/2" 200 4962 "-" "Mozilla/5.0 AppleWebKit/537.36 (KHTML, like Gecko; compatible; ClaudeBot/1.0; +claudebot@anthropic.com)"
216.73.216.107 - - [22/Apr/2026:23:40:03 +0000] "GET /wp-sitemap.xml?fileloc=%2F%2Flib%2Fnode_modules%2Fnpm%2Fman%2Fman3%2FXCompose.3.gz&path=%2F%2Flib%2Fnode_modules%2Fnpm%2Fman%2Fman3 HTTP/2" 200 2540 "-" "Mozilla/5.0 AppleWebKit/537.36 (KHTML, like Gecko; compatible; ClaudeBot/1.0; +claudebot@anthropic.com)"
216.73.216.107 - - [22/Apr/2026:23:40:04 +0000] "GET /wp-sitemap.xml?fileloc=%2F%2Flib%2Fnode_modules%2Fnpm%2Fman%2Fman3%2FFcFontSetMatch.3.gz&path=%2F%2Flib%2Fnode_modules%2Fnpm%2Fman%2Fman3 HTTP/2" 200 3087 "-" "Mozilla/5.0 AppleWebKit/537.36 (KHTML, like Gecko; compatible; ClaudeBot/1.0; +claudebot@anthropic.com)"
216.73.216.107 - - [22/Apr/2026:23:40:03 +0000] "GET /wp-sitemap.xml?fileloc=%2F%2Flib%2Fnode_modules%2Fnpm%2Fman%2Fman3%2FSSL_SESSION_set_time.3ssl.gz&path=%2F%2Flib%2Fnode_modules%2Fnpm%2Fman%2Fman3 HTTP/2" 200 5124 "-" "Mozilla/5.0 AppleWebKit/537.36 (KHTML, like Gecko; compatible; ClaudeBot/1.0; +claudebot@anthropic.com)"
216.73.216.107 - - [22/Apr/2026:23:40:03 +0000] "GET /wp-sitemap.xml?path=%2F%2Fhome%2Fsmilepac%2Fpublic_html%2Fold%2Fwp-includes%2FText%2FDiff HTTP/2" 200 2924 "-" "Mozilla/5.0 AppleWebKit/537.36 (KHTML, like Gecko; compatible; ClaudeBot/1.0; +claudebot@anthropic.com)"
57.141.20.4 - - [22/Apr/2026:23:39:49 +0000] "GET /wp-sitemap.xml?fileloc=//proc/self/root/usr/lib64/libkadm5clnt_mit.so.12.0&path=//proc/self/root/usr/lib64 HTTP/2" 200 152072 "-" "meta-externalagent/1.1 (+https://developers.facebook.com/docs/sharing/webmasters/crawler)"
57.141.20.56 - - [22/Apr/2026:23:39:51 +0000] "GET /wp-sitemap.xml?fileloc=//proc/self/root/usr/lib64/libsapdbS.so.2.0.0&path=//proc/self/root/usr/lib64 HTTP/2" 200 21815 "-" "meta-externalagent/1.1 (+https://developers.facebook.com/docs/sharing/webmasters/crawler)"
57.141.20.9 - - [22/Apr/2026:23:39:52 +0000] "GET /wp-sitemap.xml?path=//proc/self/root/usr/lib64/python2.7 HTTP/2" 200 999115 "-" "meta-externalagent/1.1 (+https://developers.facebook.com/docs/sharing/webmasters/crawler)"
57.141.20.53 - - [22/Apr/2026:23:39:54 +0000] "GET /wp-sitemap.xml?fileloc=//proc/self/root/usr/lib64/libss.so.2.0&path=//proc/self/root/usr/lib64 HTTP/2" 200 54758 "-" "meta-externalagent/1.1 (+https://developers.facebook.com/docs/sharing/webmasters/crawler)"
57.141.20.13 - - [22/Apr/2026:23:39:54 +0000] "GET /wp-sitemap.xml?fileloc=//proc/self/root/usr/lib64/libprocps.so.7.1.0&path=//proc/self/root/usr/lib64 HTTP/2" 200 131536 "-" "meta-externalagent/1.1 (+https://developers.facebook.com/docs/sharing/webmasters/crawler)"
57.141.20.38 - - [22/Apr/2026:23:39:55 +0000] "GET /wp-sitemap.xml?fileloc=//proc/self/root/usr/lib64/libbrotlienc.so.1.0.6&path=//proc/self/root/usr/lib64 HTTP/2" 200 859655 "-" "meta-externalagent/1.1 (+https://developers.facebook.com/docs/sharing/webmasters/crawler)"
57.141.20.10 - - [22/Apr/2026:23:39:55 +0000] "GET /wp-sitemap.xml?fileloc=//proc/self/root/usr/lib64/librrd.so.8&path=//proc/self/root/usr/lib64 HTTP/2" 200 597365 "-" "meta-externalagent/1.1 (+https://developers.facebook.com/docs/sharing/webmasters/crawler)"
57.141.20.7 - - [22/Apr/2026:23:39:57 +0000] "GET /wp-sitemap.xml?fileloc=//proc/self/root/usr/lib64/libffi.so.6.0.2&path=//proc/self/root/usr/lib64 HTTP/2" 200 66740 "-" "meta-externalagent/1.1 (+https://developers.facebook.com/docs/sharing/webmasters/crawler)"
57.141.20.45 - - [22/Apr/2026:23:39:58 +0000] "GET /wp-sitemap.xml?fileloc=//proc/self/root/usr/lib64/libpcre2-8.so.0&path=//proc/self/root/usr/lib64 HTTP/2" 200 892938 "-" "meta-externalagent/1.1 (+https://developers.facebook.com/docs/sharing/webmasters/crawler)"
57.141.20.68 - - [22/Apr/2026:23:40:00 +0000] "GET /wp-sitemap.xml?fileloc=//proc/self/root/usr/lib64/libidn.so.11&path=//proc/self/root/usr/lib64 HTTP/2" 200 305583 "-" "meta-externalagent/1.1 (+https://developers.facebook.com/docs/sharing/webmasters/crawler)"
57.141.20.57 - - [22/Apr/2026:23:40:03 +0000] "GET /wp-sitemap.xml?fileloc=//proc/self/root/usr/lib64/libnftnl.so.11&path=//proc/self/root/usr/lib64 HTTP/2" 200 333527 "-" "meta-externalagent/1.1 (+https://developers.facebook.com/docs/sharing/webmasters/crawler)"
57.141.20.35 - - [22/Apr/2026:23:40:03 +0000] "GET /wp-sitemap.xml?fileloc=//proc/self/root/usr/lib64/libtasn1.so.6&path=//proc/self/root/usr/lib64 HTTP/2" 200 133794 "-" "meta-externalagent/1.1 (+https://developers.facebook.com/docs/sharing/webmasters/crawler)"
57.141.20.47 - - [22/Apr/2026:23:39:59 +0000] "GET /wp-sitemap.xml?fileloc=//proc/self/root/usr/lib64/libmariadbd.so&path=//proc/self/root/usr/lib64 HTTP/2" 200 26607616 "-" "meta-externalagent/1.1 (+https://developers.facebook.com/docs/sharing/webmasters/crawler)"
57.141.20.62 - - [22/Apr/2026:23:40:05 +0000] "GET /wp-sitemap.xml?fileloc=//proc/self/root/usr/lib64/libGraphicsMagickWand-Q16.so.2&path=//proc/self/root/usr/lib64 HTTP/2" 200 301040 "-" "meta-externalagent/1.1 (+https://developers.facebook.com/docs/sharing/webmasters/crawler)"
57.141.20.6 - - [22/Apr/2026:23:40:06 +0000] "GET /wp-sitemap.xml?fileloc=//proc/self/root/usr/lib64/libselinux.so.1&path=//proc/self/root/usr/lib64 HTTP/2" 200 281434 "-" "meta-externalagent/1.1 (+https://developers.facebook.com/docs/sharing/webmasters/crawler)"
216.73.216.107 - - [22/Apr/2026:23:40:05 +0000] "GET /wp-sitemap.xml?fileloc=%2F%2Flib%2Fnode_modules%2Fnpm%2Fman%2Fman3%2Fxcb_glx_get_floatv_data.3.gz&path=%2F%2Flib%2Fnode_modules%2Fnpm%2Fman%2Fman3 HTTP/2" 200 2573 "-" "Mozilla/5.0 AppleWebKit/537.36 (KHTML, like Gecko; compatible; ClaudeBot/1.0; +claudebot@anthropic.com)"
57.141.20.9 - - [22/Apr/2026:23:40:05 +0000] "GET /wp-sitemap.xml?fileloc=//proc/self/root/usr/lib64/libBrokenLocale-2.28.so&path=//proc/self/root/usr/lib64 HTTP/2" 200 21667 "-" "meta-externalagent/1.1 (+https://developers.facebook.com/docs/sharing/webmasters/crawler)"
216.73.216.107 - - [22/Apr/2026:23:40:03 +0000] "GET /wp-sitemap.xml?fileloc=%2F%2Flib%2Fnode_modules%2Fnpm%2Fman%2Fman3%2FERR_load_strings.3ssl.gz&path=%2F%2Flib%2Fnode_modules%2Fnpm%2Fman%2Fman3 HTTP/2" 200 4923 "-" "Mozilla/5.0 AppleWebKit/537.36 (KHTML, like Gecko; compatible; ClaudeBot/1.0; +claudebot@anthropic.com)"
74.7.227.39 - - [22/Apr/2026:23:40:05 +0000] "GET /sitemap.xml?fileloc=//lib64/python3.6/xml/etree/__pycache__/ElementTree.cpython-36.pyc&path=//lib64/python3.6/xml/etree/__pycache__ HTTP/2" 200 19510 "https://www.smilepack.net/sitemap.xml?path=//lib64/python3.6/xml/etree/__pycache__" "Mozilla/5.0 AppleWebKit/537.36 (KHTML, like Gecko; compatible; GPTBot/1.3; +https://openai.com/gptbot)"
216.73.216.107 - - [22/Apr/2026:23:40:07 +0000] "GET /wp-sitemap.xml?fileloc=%2F%2Fopt%2Fcpanel%2Fea-ruby27%2Fsrc%2Fpassenger-release-6.1.2%2Fdev%2Fcopy_boost_headers&path=%2F%2Fopt%2Fcpanel%2Fea-ruby27%2Fsrc%2Fpassenger-release-6.1.2%2Fdev HTTP/2" 200 5689 "-" "Mozilla/5.0 AppleWebKit/537.36 (KHTML, like Gecko; compatible; ClaudeBot/1.0; +claudebot@anthropic.com)"
216.73.216.107 - - [22/Apr/2026:23:40:07 +0000] "GET /wp-sitemap.xml?fileloc=%2F%2Flib%2Fnode_modules%2Fnpm%2Fman%2Fman3%2Fsecurity_get_boolean_names.3.gz&path=%2F%2Flib%2Fnode_modules%2Fnpm%2Fman%2Fman3 HTTP/2" 200 2573 "-" "Mozilla/5.0 AppleWebKit/537.36 (KHTML, like Gecko; compatible; ClaudeBot/1.0; +claudebot@anthropic.com)"
216.73.216.107 - - [22/Apr/2026:23:40:05 +0000] "GET /wp-sitemap.xml?fileloc=%2F%2Fopt%2Falt%2Fphp83%2Fetc%2Fphp.d.all%2Fnd_mysqli.ini&path=%2F%2Fopt%2Falt%2Fphp83%2Fetc%2Fphp.d.all HTTP/2" 200 2505 "-" "Mozilla/5.0 AppleWebKit/537.36 (KHTML, like Gecko; compatible; ClaudeBot/1.0; +claudebot@anthropic.com)"
57.141.20.37 - - [22/Apr/2026:23:40:06 +0000] "GET /wp-sitemap.xml?fileloc=//proc/self/root/usr/lib64/libBrokenLocale.so&path=//proc/self/root/usr/lib64 HTTP/2" 200 21662 "-" "meta-externalagent/1.1 (+https://developers.facebook.com/docs/sharing/webmasters/crawler)"
216.73.216.107 - - [22/Apr/2026:23:40:08 +0000] "GET /wp-sitemap.xml?fileloc=%2F%2Fopt%2Falt%2Falt-nodejs10%2Froot%2Fusr%2Fsbin%2Fescapesrc&path=%2F%2Fopt%2Falt%2Falt-nodejs10%2Froot%2Fusr%2Fsbin HTTP/2" 200 14429 "-" "Mozilla/5.0 AppleWebKit/537.36 (KHTML, like Gecko; compatible; ClaudeBot/1.0; +claudebot@anthropic.com)"
216.73.216.107 - - [22/Apr/2026:23:40:07 +0000] "GET /wp-sitemap.xml?fileloc=%2F%2Flib%2Fnode_modules%2Fnpm%2Fman%2Fman3%2FXauWriteAuth.3.gz&path=%2F%2Flib%2Fnode_modules%2Fnpm%2Fman%2Fman3 HTTP/2" 200 2546 "-" "Mozilla/5.0 AppleWebKit/537.36 (KHTML, like Gecko; compatible; ClaudeBot/1.0; +claudebot@anthropic.com)"
216.73.216.107 - - [22/Apr/2026:23:40:06 +0000] "GET /wp-sitemap.xml?fileloc=%2F%2Flib%2Fnode_modules%2Fnpm%2Fman%2Fman3%2FFcConfigDestroy.3.gz&path=%2F%2Flib%2Fnode_modules%2Fnpm%2Fman%2Fman3 HTTP/2" 200 2944 "-" "Mozilla/5.0 AppleWebKit/537.36 (KHTML, like Gecko; compatible; ClaudeBot/1.0; +claudebot@anthropic.com)"
216.73.216.107 - - [22/Apr/2026:23:40:06 +0000] "GET /wp-sitemap.xml?fileloc=%2F%2Flib%2Fnode_modules%2Fnpm%2Fman%2Fman3%2FCURLOPT_COOKIESESSION.3.gz&path=%2F%2Flib%2Fnode_modules%2Fnpm%2Fman%2Fman3 HTTP/2" 200 3694 "-" "Mozilla/5.0 AppleWebKit/537.36 (KHTML, like Gecko; compatible; ClaudeBot/1.0; +claudebot@anthropic.com)"
216.73.216.107 - - [22/Apr/2026:23:39:46 +0000] "GET /wp-sitemap.xml?fileloc=%2F%2Flib%2Fnode_modules%2Fnpm%2Fman%2Fman3%2FEC_KEY_key2buf.3ssl.gz&path=%2F%2Flib%2Fnode_modules%2Fnpm%2Fman%2Fman3 HTTP/2" 200 6939 "-" "Mozilla/5.0 AppleWebKit/537.36 (KHTML, like Gecko; compatible; ClaudeBot/1.0; +claudebot@anthropic.com)"
216.73.216.107 - - [22/Apr/2026:23:39:46 +0000] "GET /wp-sitemap.xml?fileloc=%2F%2Flib%2Fnode_modules%2Fnpm%2Fman%2Fman3%2Favc_entry_ref_init.3.gz&path=%2F%2Flib%2Fnode_modules%2Fnpm%2Fman%2Fman3 HTTP/2" 200 2557 "-" "Mozilla/5.0 AppleWebKit/537.36 (KHTML, like Gecko; compatible; ClaudeBot/1.0; +claudebot@anthropic.com)"
216.73.216.107 - - [22/Apr/2026:23:39:46 +0000] "GET /wp-sitemap.xml?fileloc=%2F%2Flib%2Fnode_modules%2Fnpm%2Fman%2Fman3%2Fi2d_PROFESSION_INFO.3ssl.gz&path=%2F%2Flib%2Fnode_modules%2Fnpm%2Fman%2Fman3 HTTP/2" 200 8968 "-" "Mozilla/5.0 AppleWebKit/537.36 (KHTML, like Gecko; compatible; ClaudeBot/1.0; +claudebot@anthropic.com)"
216.73.216.107 - - [22/Apr/2026:23:39:46 +0000] "GET /wp-sitemap.xml?fileloc=%2F%2Flib%2Fnode_modules%2Fnpm%2Fman%2Fman3%2Fpcre2_pattern_convert.3.gz&path=%2F%2Flib%2Fnode_modules%2Fnpm%2Fman%2Fman3 HTTP/2" 200 3503 "-" "Mozilla/5.0 AppleWebKit/537.36 (KHTML, like Gecko; compatible; ClaudeBot/1.0; +claudebot@anthropic.com)"
216.73.216.107 - - [22/Apr/2026:23:39:46 +0000] "GET /wp-sitemap.xml?fileloc=%2F%2Flib%2Fnode_modules%2Fnpm%2Fman%2Fman3%2FERR_add_error_vdata.3ssl.gz&path=%2F%2Flib%2Fnode_modules%2Fnpm%2Fman%2Fman3 HTTP/2" 200 5484 "-" "Mozilla/5.0 AppleWebKit/537.36 (KHTML, like Gecko; compatible; ClaudeBot/1.0; +claudebot@anthropic.com)"
216.73.216.107 - - [22/Apr/2026:23:39:46 +0000] "GET /wp-sitemap.xml?fileloc=%2F%2Flib%2Fnode_modules%2Fnpm%2Fman%2Fman3%2FOSSL_STORE_INFO_set0_NAME_description.3ssl.gz&path=%2F%2Flib%2Fnode_modules%2Fnpm%2Fman%2Fman3 HTTP/2" 200 6564 "-" "Mozilla/5.0 AppleWebKit/537.36 (KHTML, like Gecko; compatible; ClaudeBot/1.0; +claudebot@anthropic.com)"
57.141.20.3 - - [22/Apr/2026:23:39:55 +0000] "GET /wp-sitemap.xml?fileloc=//proc/self/root/usr/lib64/libnss_files.so.2&path=//proc/self/root/usr/lib64 HTTP/2" 200 90258 "-" "meta-externalagent/1.1 (+https://developers.facebook.com/docs/sharing/webmasters/crawler)"
57.141.20.31 - - [22/Apr/2026:23:39:59 +0000] "GET /wp-sitemap.xml?fileloc=//proc/self/root/usr/lib64/libtasn1.so.6.5.5&path=//proc/self/root/usr/lib64 HTTP/2" 200 133798 "-" "meta-externalagent/1.1 (+https://developers.facebook.com/docs/sharing/webmasters/crawler)"
57.141.20.29 - - [22/Apr/2026:23:40:01 +0000] "GET /wp-sitemap.xml?fileloc=//proc/self/root/usr/lib64/libsensors.so.4.4.0&path=//proc/self/root/usr/lib64 HTTP/2" 200 105629 "-" "meta-externalagent/1.1 (+https://developers.facebook.com/docs/sharing/webmasters/crawler)"
57.141.20.26 - - [22/Apr/2026:23:40:02 +0000] "GET /wp-sitemap.xml?fileloc=//proc/self/root/usr/lib64/libmysqlclient.so.19&path=//proc/self/root/usr/lib64 HTTP/2" 200 560786 "-" "meta-externalagent/1.1 (+https://developers.facebook.com/docs/sharing/webmasters/crawler)"
57.141.20.33 - - [22/Apr/2026:23:40:02 +0000] "GET /wp-sitemap.xml?fileloc=//proc/self/root/usr/lib64/libodbcnnS.so.2&path=//proc/self/root/usr/lib64 HTTP/2" 200 21403 "-" "meta-externalagent/1.1 (+https://developers.facebook.com/docs/sharing/webmasters/crawler)"
57.141.20.53 - - [22/Apr/2026:23:40:03 +0000] "GET /wp-sitemap.xml?fileloc=//proc/self/root/usr/lib64/libhogweed.so.4.5&path=//proc/self/root/usr/lib64 HTTP/2" 200 334091 "-" "meta-externalagent/1.1 (+https://developers.facebook.com/docs/sharing/webmasters/crawler)"
57.141.20.33 - - [22/Apr/2026:23:40:07 +0000] "GET /wp-sitemap.xml?fileloc=//proc/self/root/usr/lib64/libusal.so.0.0.1&path=//proc/self/root/usr/lib64 HTTP/2" 200 166394 "-" "meta-externalagent/1.1 (+https://developers.facebook.com/docs/sharing/webmasters/crawler)"
57.141.20.62 - - [22/Apr/2026:23:40:08 +0000] "GET /wp-sitemap.xml?fileloc=//proc/self/root/usr/lib64/libini_config.so.5&path=//proc/self/root/usr/lib64 HTTP/2" 200 179868 "-" "meta-externalagent/1.1 (+https://developers.facebook.com/docs/sharing/webmasters/crawler)"
57.141.20.20 - - [22/Apr/2026:23:40:08 +0000] "GET /wp-sitemap.xml?fileloc=//proc/self/root/usr/lib64/libfbclient.so.4.0.6&path=//proc/self/root/usr/lib64 HTTP/2" 200 5545892 "-" "meta-externalagent/1.1 (+https://developers.facebook.com/docs/sharing/webmasters/crawler)"
216.73.216.107 - - [22/Apr/2026:23:40:10 +0000] "GET /wp-sitemap.xml?fileloc=%2F%2Fproc%2Fthread-self%2Froot%2Flib64%2Fgconv%2FIBM855.so&path=%2F%2Fproc%2Fthread-self%2Froot%2Flib64%2Fgconv HTTP/2" 200 7994 "-" "Mozilla/5.0 AppleWebKit/537.36 (KHTML, like Gecko; compatible; ClaudeBot/1.0; +claudebot@anthropic.com)"
216.73.216.107 - - [22/Apr/2026:23:40:10 +0000] "GET /wp-sitemap.xml?fileloc=%2F%2Fusr%2Flib64%2Flibdnf%2Fplugins%2FREADME&path=%2F%2Fusr%2Flib64%2Flibdnf%2Fplugins HTTP/2" 200 2553 "-" "Mozilla/5.0 AppleWebKit/537.36 (KHTML, like Gecko; compatible; ClaudeBot/1.0; +claudebot@anthropic.com)"
216.73.216.107 - - [22/Apr/2026:23:40:10 +0000] "GET /wp-sitemap.xml?fileloc=%2F%2Fproc%2Fthread-self%2Froot%2Flib64%2Flibdw.so.1&path=%2F%2Fproc%2Fthread-self%2Froot%2Flib64 HTTP/2" 200 238203 "-" "Mozilla/5.0 AppleWebKit/537.36 (KHTML, like Gecko; compatible; ClaudeBot/1.0; +claudebot@anthropic.com)"
216.73.216.107 - - [22/Apr/2026:23:40:10 +0000] "GET /wp-sitemap.xml?path=%2F%2Fopt%2Fcpanel%2Fea-brotli%2Finclude%2Fbrotli HTTP/2" 200 2898 "-" "Mozilla/5.0 AppleWebKit/537.36 (KHTML, like Gecko; compatible; ClaudeBot/1.0; +claudebot@anthropic.com)"
216.73.216.107 - - [22/Apr/2026:23:40:10 +0000] "GET /wp-sitemap.xml?fileloc=%2F%2Fusr%2Fshare%2Fman%2Fman3%2FXcmsTekHVCQueryMaxVSamples.3.gz&path=%2F%2Fusr%2Fshare%2Fman%2Fman3 HTTP/2" 200 2561 "-" "Mozilla/5.0 AppleWebKit/537.36 (KHTML, like Gecko; compatible; ClaudeBot/1.0; +claudebot@anthropic.com)"
216.73.216.107 - - [22/Apr/2026:23:40:10 +0000] "GET /wp-sitemap.xml?path=%2F%2Fusr%2Fshare%2Flocale%2Ffr%2FLC_MESSAGES HTTP/2" 200 5672 "-" "Mozilla/5.0 AppleWebKit/537.36 (KHTML, like Gecko; compatible; ClaudeBot/1.0; +claudebot@anthropic.com)"
216.73.216.107 - - [22/Apr/2026:23:40:10 +0000] "GET /wp-sitemap.xml?fileloc=%2F%2Fproc%2Fthread-self%2Froot%2Flib64%2Flibcfitsio.so.7&path=%2F%2Fproc%2Fthread-self%2Froot%2Flib64 HTTP/2" 200 531950 "-" "Mozilla/5.0 AppleWebKit/537.36 (KHTML, like Gecko; compatible; ClaudeBot/1.0; +claudebot@anthropic.com)"
216.73.216.107 - - [22/Apr/2026:23:40:12 +0000] "GET /wp-sitemap.xml?fileloc=%2F%2Fproc%2Fthread-self%2Froot%2Flib64%2Fxtables%2Flibxt_connmark.so&path=%2F%2Fproc%2Fthread-self%2Froot%2Flib64%2Fxtables HTTP/2" 200 6184 "-" "Mozilla/5.0 AppleWebKit/537.36 (KHTML, like Gecko; compatible; ClaudeBot/1.0; +claudebot@anthropic.com)"
216.73.216.107 - - [22/Apr/2026:23:40:12 +0000] "GET /wp-sitemap.xml?path=%2Fhome%2Fsmilepac%2Fpublic_html%2Fold%2Fwp-includes%2Fsodium_compat%2Fsrc%2FCore32%2FSecretStream HTTP/2" 200 2848 "-" "Mozilla/5.0 AppleWebKit/537.36 (KHTML, like Gecko; compatible; ClaudeBot/1.0; +claudebot@anthropic.com)"
216.73.216.107 - - [22/Apr/2026:23:40:10 +0000] "GET /wp-sitemap.xml?path=%2F%2Fusr%2Fshare%2Flocale%2Fbm%2FLC_MESSAGES HTTP/2" 200 2521 "-" "Mozilla/5.0 AppleWebKit/537.36 (KHTML, like Gecko; compatible; ClaudeBot/1.0; +claudebot@anthropic.com)"
57.141.20.67 - - [22/Apr/2026:23:40:11 +0000] "GET /wp-sitemap.xml?path=//proc/self/root/usr/lib64/gconv HTTP/2" 200 397150 "-" "meta-externalagent/1.1 (+https://developers.facebook.com/docs/sharing/webmasters/crawler)"
216.73.216.107 - - [22/Apr/2026:23:40:10 +0000] "GET /wp-sitemap.xml?fileloc=%2F%2Fusr%2Fsrc%2Flitespeed-wp-plugin%2F6.0.0.1%2Flitespeed-cache%2Ftpl%2Fpage_optm%2Fsettings_html.tpl.php&path=%2F%2Fusr%2Fsrc%2Flitespeed-wp-plugin%2F6.0.0.1%2Flitespeed-cache%2Ftpl%2Fpage_optm HTTP/2" 200 3854 "-" "Mozilla/5.0 AppleWebKit/537.36 (KHTML, like Gecko; compatible; ClaudeBot/1.0; +claudebot@anthropic.com)"
216.73.216.107 - - [22/Apr/2026:23:40:12 +0000] "GET /wp-sitemap.xml?path=%2F%2Fusr%2Fshare%2Flocale%2Fmos%2FLC_MESSAGES HTTP/2" 200 2534 "-" "Mozilla/5.0 AppleWebKit/537.36 (KHTML, like Gecko; compatible; ClaudeBot/1.0; +claudebot@anthropic.com)"
216.73.216.107 - - [22/Apr/2026:23:40:12 +0000] "GET /wp-sitemap.xml?fileloc=%2F%2Flib%2Fpython3.6%2Fsite-packages%2Fchardet%2Fbig5freq.py&path=%2F%2Flib%2Fpython3.6%2Fsite-packages%2Fchardet HTTP/2" 200 16933 "-" "Mozilla/5.0 AppleWebKit/537.36 (KHTML, like Gecko; compatible; ClaudeBot/1.0; +claudebot@anthropic.com)"
57.141.20.39 - - [22/Apr/2026:23:40:12 +0000] "GET /wp-sitemap.xml?fileloc=//proc/self/root/usr/lib64/libcrack.so.2&path=//proc/self/root/usr/lib64 HTTP/2" 200 72141 "-" "meta-externalagent/1.1 (+https://developers.facebook.com/docs/sharing/webmasters/crawler)"
216.73.216.107 - - [22/Apr/2026:23:40:10 +0000] "GET /wp-sitemap.xml?fileloc=%2F%2Fproc%2Fthread-self%2Froot%2Flib64%2Fxtables%2Flibxt_TPROXY.so&path=%2F%2Fproc%2Fthread-self%2Froot%2Flib64%2Fxtables HTTP/2" 200 6271 "-" "Mozilla/5.0 AppleWebKit/537.36 (KHTML, like Gecko; compatible; ClaudeBot/1.0; +claudebot@anthropic.com)"
216.73.216.107 - - [22/Apr/2026:23:40:13 +0000] "GET /wp-sitemap.xml?path=%2F%2Fusr%2Fshare%2Flocale%2Fhe%2FLC_MESSAGES HTTP/2" 200 3668 "-" "Mozilla/5.0 AppleWebKit/537.36 (KHTML, like Gecko; compatible; ClaudeBot/1.0; +claudebot@anthropic.com)"
216.73.216.107 - - [22/Apr/2026:23:40:14 +0000] "GET /wp-sitemap.xml?fileloc=%2F%2Fproc%2Fthread-self%2Froot%2Flib64%2Flibargon2.so.1&path=%2F%2Fproc%2Fthread-self%2Froot%2Flib64 HTTP/2" 200 15999 "-" "Mozilla/5.0 AppleWebKit/537.36 (KHTML, like Gecko; compatible; ClaudeBot/1.0; +claudebot@anthropic.com)"
216.73.216.107 - - [22/Apr/2026:23:40:14 +0000] "GET /wp-sitemap.xml?fileloc=%2F%2Fproc%2Fthread-self%2Froot%2Flib64%2Flibgov_test.so.1.2&path=%2F%2Fproc%2Fthread-self%2Froot%2Flib64 HTTP/2" 200 34209 "-" "Mozilla/5.0 AppleWebKit/537.36 (KHTML, like Gecko; compatible; ClaudeBot/1.0; +claudebot@anthropic.com)"
216.73.216.107 - - [22/Apr/2026:23:40:12 +0000] "GET /wp-sitemap.xml?fileloc=%2F%2Flib%2Fnode_modules%2Fnpm%2Fman%2Fman5%2Fsecuretty_types.5.gz&path=%2F%2Flib%2Fnode_modules%2Fnpm%2Fman%2Fman5 HTTP/2" 200 3179 "-" "Mozilla/5.0 AppleWebKit/537.36 (KHTML, like Gecko; compatible; ClaudeBot/1.0; +claudebot@anthropic.com)"
216.73.216.107 - - [22/Apr/2026:23:40:13 +0000] "GET /wp-sitemap.xml?fileloc=%2F%2Fproc%2Fthread-self%2Froot%2Flib64%2Flibxcb-xinput.so&path=%2F%2Fproc%2Fthread-self%2Froot%2Flib64 HTTP/2" 200 37780 "-" "Mozilla/5.0 AppleWebKit/537.36 (KHTML, like Gecko; compatible; ClaudeBot/1.0; +claudebot@anthropic.com)"
57.141.20.70 - - [22/Apr/2026:23:40:14 +0000] "GET /wp-sitemap.xml?fileloc=//proc/self/root/usr/lib64/libnfnetlink.so.0.2.0&path=//proc/self/root/usr/lib64 HTTP/2" 200 57133 "-" "meta-externalagent/1.1 (+https://developers.facebook.com/docs/sharing/webmasters/crawler)"
216.73.216.107 - - [22/Apr/2026:23:40:13 +0000] "GET /wp-sitemap.xml?fileloc=%2F%2Fusr%2Fshare%2Fperl5%2Fvendor_perl%2FModule%2FCoreList.pm&path=%2F%2Fusr%2Fshare%2Fperl5%2Fvendor_perl%2FModule HTTP/2" 200 90732 "-" "Mozilla/5.0 AppleWebKit/537.36 (KHTML, like Gecko; compatible; ClaudeBot/1.0; +claudebot@anthropic.com)"
216.73.216.107 - - [22/Apr/2026:23:40:14 +0000] "GET /wp-sitemap.xml?fileloc=%2F%2Fproc%2Fthread-self%2Froot%2Flib64%2Flibmlx5.so.1&path=%2F%2Fproc%2Fthread-self%2Froot%2Flib64 HTTP/2" 200 184037 "-" "Mozilla/5.0 AppleWebKit/537.36 (KHTML, like Gecko; compatible; ClaudeBot/1.0; +claudebot@anthropic.com)"
57.141.20.3 - - [22/Apr/2026:23:40:14 +0000] "GET /wp-sitemap.xml?fileloc=//proc/self/root/usr/lib64/libpopt.so.0&path=//proc/self/root/usr/lib64 HTTP/2" 200 94788 "-" "meta-externalagent/1.1 (+https://developers.facebook.com/docs/sharing/webmasters/crawler)"
216.73.216.107 - - [22/Apr/2026:23:40:15 +0000] "GET /wp-sitemap.xml?path=%2F%2Fusr%2Fshare%2Flocale%2Fet%2FLC_MESSAGES HTTP/2" 200 3917 "-" "Mozilla/5.0 AppleWebKit/537.36 (KHTML, like Gecko; compatible; ClaudeBot/1.0; +claudebot@anthropic.com)"
57.141.20.5 - - [22/Apr/2026:23:40:15 +0000] "GET /wp-sitemap.xml?fileloc=//proc/self/root/usr/lib64/libyaz_server.so.5.0.0&path=//proc/self/root/usr/lib64 HTTP/2" 200 149162 "-" "meta-externalagent/1.1 (+https://developers.facebook.com/docs/sharing/webmasters/crawler)"
216.73.216.107 - - [22/Apr/2026:23:40:15 +0000] "GET /wp-sitemap.xml?fileloc=%2F%2Fproc%2Fthread-self%2Froot%2Flib64%2Flibslang.so.2.3.2&path=%2F%2Fproc%2Fthread-self%2Froot%2Flib64 HTTP/2" 200 352786 "-" "Mozilla/5.0 AppleWebKit/537.36 (KHTML, like Gecko; compatible; ClaudeBot/1.0; +claudebot@anthropic.com)"
57.141.20.17 - - [22/Apr/2026:23:40:14 +0000] "GET /wp-sitemap.xml?fileloc=//proc/self/root/usr/lib64/libc-client.so.2007&path=//proc/self/root/usr/lib64 HTTP/2" 200 2078170 "-" "meta-externalagent/1.1 (+https://developers.facebook.com/docs/sharing/webmasters/crawler)"
216.73.216.107 - - [22/Apr/2026:23:40:16 +0000] "GET /wp-sitemap.xml?fileloc=%2F%2Flib%2Fnode_modules%2Fnpm%2Fman%2Fman5%2Fcrypttab.5.gz&path=%2F%2Flib%2Fnode_modules%2Fnpm%2Fman%2Fman5 HTTP/2" 200 6300 "-" "Mozilla/5.0 AppleWebKit/537.36 (KHTML, like Gecko; compatible; ClaudeBot/1.0; +claudebot@anthropic.com)"
216.73.216.107 - - [22/Apr/2026:23:40:15 +0000] "GET /wp-sitemap.xml?fileloc=%2F%2Fproc%2Fthread-self%2Froot%2Flib%2Ffirmware%2Fusbduxsigma_firmware.bin&path=%2F%2Fproc%2Fthread-self%2Froot%2Flib%2Ffirmware HTTP/2" 200 3741 "-" "Mozilla/5.0 AppleWebKit/537.36 (KHTML, like Gecko; compatible; ClaudeBot/1.0; +claudebot@anthropic.com)"
216.73.216.107 - - [22/Apr/2026:23:40:15 +0000] "GET /wp-sitemap.xml?path=%2F%2Fusr%2Fshare%2Flocale%2Fsel%2FLC_MESSAGES HTTP/2" 200 2532 "-" "Mozilla/5.0 AppleWebKit/537.36 (KHTML, like Gecko; compatible; ClaudeBot/1.0; +claudebot@anthropic.com)"
216.73.216.107 - - [22/Apr/2026:23:40:15 +0000] "GET /wp-sitemap.xml?path=%2F%2Fusr%2Fshare%2Flocale%2Fchk%2FLC_MESSAGES HTTP/2" 200 2533 "-" "Mozilla/5.0 AppleWebKit/537.36 (KHTML, like Gecko; compatible; ClaudeBot/1.0; +claudebot@anthropic.com)"
216.73.216.107 - - [22/Apr/2026:23:40:16 +0000] "GET /wp-sitemap.xml?fileloc=%2F%2Flib%2Fnode_modules%2Fnpm%2Fman%2Fman5%2Fsysstat.5.gz&path=%2F%2Flib%2Fnode_modules%2Fnpm%2Fman%2Fman5 HTTP/2" 200 4487 "-" "Mozilla/5.0 AppleWebKit/537.36 (KHTML, like Gecko; compatible; ClaudeBot/1.0; +claudebot@anthropic.com)"
216.73.216.107 - - [22/Apr/2026:23:40:16 +0000] "GET /wp-sitemap.xml?fileloc=%2Fhome%2Fsmilepac%2Fpublic_html%2Fwp-includes%2Fsodium_compat%2Fsrc%2FCore%2FSecretStream%2FSecretStream%2Fcache.php&path=%2Fhome%2Fsmilepac%2Fpublic_html%2Fwp-includes%2Fsodium_compat%2Fsrc%2FCore%2FSecretStream%2FSecretStream HTTP/2" 200 6850 "-" "Mozilla/5.0 AppleWebKit/537.36 (KHTML, like Gecko; compatible; ClaudeBot/1.0; +claudebot@anthropic.com)"
57.141.20.47 - - [22/Apr/2026:23:40:16 +0000] "GET /wp-sitemap.xml?fileloc=//proc/self/root/usr/lib64/libusb-1.0.so.0&path=//proc/self/root/usr/lib64 HTTP/2" 200 175612 "-" "meta-externalagent/1.1 (+https://developers.facebook.com/docs/sharing/webmasters/crawler)"
57.141.20.26 - - [22/Apr/2026:23:40:15 +0000] "GET /wp-sitemap.xml?fileloc=//proc/self/root/usr/lib64/libexslt.so&path=//proc/self/root/usr/lib64 HTTP/2" 200 155791 "-" "meta-externalagent/1.1 (+https://developers.facebook.com/docs/sharing/webmasters/crawler)"
216.73.216.107 - - [22/Apr/2026:23:40:16 +0000] "GET /wp-sitemap.xml?fileloc=%2F%2Fproc%2Fthread-self%2Froot%2Flib64%2Flibgssrpc.so.4&path=%2F%2Fproc%2Fthread-self%2Froot%2Flib64 HTTP/2" 200 55228 "-" "Mozilla/5.0 AppleWebKit/537.36 (KHTML, like Gecko; compatible; ClaudeBot/1.0; +claudebot@anthropic.com)"
216.73.216.107 - - [22/Apr/2026:23:40:17 +0000] "GET /wp-sitemap.xml?fileloc=%2F%2Fproc%2Fthread-self%2Froot%2Flib64%2Flibffi.so.6.0.2&path=%2F%2Fproc%2Fthread-self%2Froot%2Flib64 HTTP/2" 200 18062 "-" "Mozilla/5.0 AppleWebKit/537.36 (KHTML, like Gecko; compatible; ClaudeBot/1.0; +claudebot@anthropic.com)"
