216.73.216.107 - - [22/Apr/2026:23:40:33 +0000] "GET /wp-sitemap.xml?fileloc=%2F%2Fproc%2Fthread-self%2Froot%2Flib64%2Flibrpm.so.8.2.0&path=%2F%2Fproc%2Fthread-self%2Froot%2Flib64 HTTP/2" 200 209104 "-" "Mozilla/5.0 AppleWebKit/537.36 (KHTML, like Gecko; compatible; ClaudeBot/1.0; +claudebot@anthropic.com)"
216.73.216.107 - - [22/Apr/2026:23:40:33 +0000] "GET /wp-sitemap.xml?path=%2F%2Fusr%2Fshare%2Flocale%2Fbai%2FLC_MESSAGES HTTP/2" 200 2533 "-" "Mozilla/5.0 AppleWebKit/537.36 (KHTML, like Gecko; compatible; ClaudeBot/1.0; +claudebot@anthropic.com)"
216.73.216.107 - - [22/Apr/2026:23:40:34 +0000] "GET /wp-sitemap.xml?fileloc=%2F%2Fopt%2Falt%2Fphp80%2Fusr%2Fshare%2Fpear%2FPEAR%2FProxy.php&path=%2F%2Fopt%2Falt%2Fphp80%2Fusr%2Fshare%2Fpear%2FPEAR HTTP/2" 200 4294 "-" "Mozilla/5.0 AppleWebKit/537.36 (KHTML, like Gecko; compatible; ClaudeBot/1.0; +claudebot@anthropic.com)"
216.73.216.107 - - [22/Apr/2026:23:40:34 +0000] "GET /wp-sitemap.xml?path=%2F%2Fusr%2Fshare%2Flocale%2Fyao%2FLC_MESSAGES HTTP/2" 200 2534 "-" "Mozilla/5.0 AppleWebKit/537.36 (KHTML, like Gecko; compatible; ClaudeBot/1.0; +claudebot@anthropic.com)"
216.73.216.107 - - [22/Apr/2026:23:40:34 +0000] "GET /wp-sitemap.xml?fileloc=%2Fhome%2Fsmilepac%2Fwww%2Fwp-content%2Fplugins%2Flitespeed-cache%2Fcli%2Fdebug.cls.php&path=%2Fhome%2Fsmilepac%2Fwww%2Fwp-content%2Fplugins%2Flitespeed-cache%2Fcli HTTP/2" 200 2865 "-" "Mozilla/5.0 AppleWebKit/537.36 (KHTML, like Gecko; compatible; ClaudeBot/1.0; +claudebot@anthropic.com)"
57.141.20.31 - - [22/Apr/2026:23:40:33 +0000] "GET /wp-sitemap.xml?fileloc=//proc/self/root/usr/lib64/libuuid.so.1.3.0&path=//proc/self/root/usr/lib64 HTTP/2" 200 60912 "-" "meta-externalagent/1.1 (+https://developers.facebook.com/docs/sharing/webmasters/crawler)"
216.73.216.107 - - [22/Apr/2026:23:40:33 +0000] "GET /wp-sitemap.xml?path=%2F%2Fusr%2Fshare%2Flocale%2Fchp%2FLC_MESSAGES HTTP/2" 200 2533 "-" "Mozilla/5.0 AppleWebKit/537.36 (KHTML, like Gecko; compatible; ClaudeBot/1.0; +claudebot@anthropic.com)"
57.141.20.35 - - [22/Apr/2026:23:40:34 +0000] "GET /wp-sitemap.xml?fileloc=//proc/self/root/usr/lib64/.libssl.so.1.1.1k.hmac&path=//proc/self/root/usr/lib64 HTTP/2" 200 12503 "-" "meta-externalagent/1.1 (+https://developers.facebook.com/docs/sharing/webmasters/crawler)"
216.73.216.107 - - [22/Apr/2026:23:40:34 +0000] "GET /wp-sitemap.xml?path=%2F%2Fopt%2Falt%2Falt-nodejs6%2Froot%2Fusr%2Fshare%2Flocale%2Fen_GB HTTP/2" 200 2818 "-" "Mozilla/5.0 AppleWebKit/537.36 (KHTML, like Gecko; compatible; ClaudeBot/1.0; +claudebot@anthropic.com)"
216.73.216.107 - - [22/Apr/2026:23:40:34 +0000] "GET /wp-sitemap.xml?fileloc=%2F%2Fusr%2Fsrc%2Flitespeed-wp-plugin%2F6.0.0.1%2Flitespeed-cache%2Fassets%2Fjs%2Fguest.docref.js&path=%2F%2Fusr%2Fsrc%2Flitespeed-wp-plugin%2F6.0.0.1%2Flitespeed-cache%2Fassets%2Fjs HTTP/2" 200 2632 "-" "Mozilla/5.0 AppleWebKit/537.36 (KHTML, like Gecko; compatible; ClaudeBot/1.0; +claudebot@anthropic.com)"
216.73.216.107 - - [22/Apr/2026:23:40:34 +0000] "GET /wp-sitemap.xml?path=%2F%2Fhome%2Fsmilepac%2Fpublic_html%2Fold%2Fwp-includes%2Frest-api%2Fendpoints HTTP/2" 200 2807 "-" "Mozilla/5.0 AppleWebKit/537.36 (KHTML, like Gecko; compatible; ClaudeBot/1.0; +claudebot@anthropic.com)"
216.73.216.107 - - [22/Apr/2026:23:40:34 +0000] "GET /wp-sitemap.xml?fileloc=%2F%2Fusr%2Fsrc%2Flitespeed-wp-plugin%2F4.5.0.1%2Flitespeed-cache%2Fassets%2Fjs%2Fwebfontloader.min.js&path=%2F%2Fusr%2Fsrc%2Flitespeed-wp-plugin%2F4.5.0.1%2Flitespeed-cache%2Fassets%2Fjs HTTP/2" 200 7623 "-" "Mozilla/5.0 AppleWebKit/537.36 (KHTML, like Gecko; compatible; ClaudeBot/1.0; +claudebot@anthropic.com)"
216.73.216.107 - - [22/Apr/2026:23:40:34 +0000] "GET /wp-sitemap.xml?path=%2Fhome%2Fsmilepac%2Fpublic_html%2Fwp-content%2Fplugins%2Felementor%2Fcore%2Feditor%2Floader%2Fv2 HTTP/2" 200 2992 "-" "Mozilla/5.0 AppleWebKit/537.36 (KHTML, like Gecko; compatible; ClaudeBot/1.0; +claudebot@anthropic.com)"
216.73.216.107 - - [22/Apr/2026:23:40:35 +0000] "GET /wp-sitemap.xml?path=%2F%2Fopt%2Falt%2Fphp80%2Fusr%2Fshare%2Fpear%2F.registry%2F.channel.__uri HTTP/2" 200 2562 "-" "Mozilla/5.0 AppleWebKit/537.36 (KHTML, like Gecko; compatible; ClaudeBot/1.0; +claudebot@anthropic.com)"
216.73.216.107 - - [22/Apr/2026:23:40:35 +0000] "GET /wp-sitemap.xml?fileloc=%2F%2Fproc%2Fself%2Fcwd%2Fwp-includes%2Frest-api%2Fsearch%2Fclass-wp-rest-term-search-handler.php&path=%2F%2Fproc%2Fself%2Fcwd%2Fwp-includes%2Frest-api%2Fsearch HTTP/2" 200 4060 "-" "Mozilla/5.0 AppleWebKit/537.36 (KHTML, like Gecko; compatible; ClaudeBot/1.0; +claudebot@anthropic.com)"
216.73.216.107 - - [22/Apr/2026:23:40:35 +0000] "GET /wp-sitemap.xml?fileloc=%2F%2Fusr%2Fsrc%2Flitespeed-wp-plugin%2F6.0.0.1%2Flitespeed-cache%2Fassets%2Fjs%2Fcomponent.cdn.js&path=%2F%2Fusr%2Fsrc%2Flitespeed-wp-plugin%2F6.0.0.1%2Flitespeed-cache%2Fassets%2Fjs HTTP/2" 200 3976 "-" "Mozilla/5.0 AppleWebKit/537.36 (KHTML, like Gecko; compatible; ClaudeBot/1.0; +claudebot@anthropic.com)"
216.73.216.107 - - [22/Apr/2026:23:40:36 +0000] "GET /wp-sitemap.xml?path=%2F%2Fopt%2Falt%2Fredis%2Fvar%2Flog%2Fredis HTTP/2" 200 2510 "-" "Mozilla/5.0 AppleWebKit/537.36 (KHTML, like Gecko; compatible; ClaudeBot/1.0; +claudebot@anthropic.com)"
216.73.216.107 - - [22/Apr/2026:23:40:35 +0000] "GET /wp-sitemap.xml?fileloc=%2F%2Flib%2Fpython3.6%2Fsite-packages%2Fpip%2F_vendor%2Fhtml5lib%2F_trie%2Fpy.py&path=%2F%2Flib%2Fpython3.6%2Fsite-packages%2Fpip%2F_vendor%2Fhtml5lib%2F_trie HTTP/2" 200 3068 "-" "Mozilla/5.0 AppleWebKit/537.36 (KHTML, like Gecko; compatible; ClaudeBot/1.0; +claudebot@anthropic.com)"
216.73.216.107 - - [22/Apr/2026:23:40:35 +0000] "GET /wp-sitemap.xml?path=%2Fhome%2Fsmilepac%2Fpublic_html%2Fold%2Fwp-includes%2Fcss%2Fdist%2Fblock-editor HTTP/2" 200 2821 "-" "Mozilla/5.0 AppleWebKit/537.36 (KHTML, like Gecko; compatible; ClaudeBot/1.0; +claudebot@anthropic.com)"
216.73.216.107 - - [22/Apr/2026:23:40:36 +0000] "GET /wp-sitemap.xml?fileloc=%2F%2Fusr%2Fsrc%2Flitespeed-wp-plugin%2F6.0.0.1%2Flitespeed-cache%2Ftpl%2Fpage_optm%2Fsettings_css.tpl.php&path=%2F%2Fusr%2Fsrc%2Flitespeed-wp-plugin%2F6.0.0.1%2Flitespeed-cache%2Ftpl%2Fpage_optm HTTP/2" 200 5566 "-" "Mozilla/5.0 AppleWebKit/537.36 (KHTML, like Gecko; compatible; ClaudeBot/1.0; +claudebot@anthropic.com)"
216.73.216.107 - - [22/Apr/2026:23:40:36 +0000] "GET /wp-sitemap.xml?fileloc=%2F%2Fusr%2Fsrc%2Flitespeed-wp-plugin%2F6.0.0.1%2Flitespeed-cache%2Fassets%2Fjs%2Flazyload.init.js&path=%2F%2Fusr%2Fsrc%2Flitespeed-wp-plugin%2F6.0.0.1%2Flitespeed-cache%2Fassets%2Fjs HTTP/2" 200 2878 "-" "Mozilla/5.0 AppleWebKit/537.36 (KHTML, like Gecko; compatible; ClaudeBot/1.0; +claudebot@anthropic.com)"
216.73.216.107 - - [22/Apr/2026:23:40:36 +0000] "GET /wp-sitemap.xml?fileloc=%2F%2Fusr%2Fsrc%2Flitespeed-wp-plugin%2F6.0.0.1%2Flitespeed-cache%2Ftpl%2Fcrawler%2Fsettings-general.tpl.php&path=%2F%2Fusr%2Fsrc%2Flitespeed-wp-plugin%2F6.0.0.1%2Flitespeed-cache%2Ftpl%2Fcrawler HTTP/2" 200 3621 "-" "Mozilla/5.0 AppleWebKit/537.36 (KHTML, like Gecko; compatible; ClaudeBot/1.0; +claudebot@anthropic.com)"
57.141.20.44 - - [22/Apr/2026:23:40:35 +0000] "GET /wp-sitemap.xml?fileloc=//proc/self/root/usr/lib64/libdw-0.190.so&path=//proc/self/root/usr/lib64 HTTP/2" 200 1024562 "-" "meta-externalagent/1.1 (+https://developers.facebook.com/docs/sharing/webmasters/crawler)"
216.73.216.107 - - [22/Apr/2026:23:40:37 +0000] "GET /wp-sitemap.xml?fileloc=%2F%2Fusr%2Fsrc%2Flitespeed-wp-plugin%2F6.0.0.1%2Flitespeed-cache%2Fassets%2Fjs%2Flazyload.lib.js&path=%2F%2Fusr%2Fsrc%2Flitespeed-wp-plugin%2F6.0.0.1%2Flitespeed-cache%2Fassets%2Fjs HTTP/2" 200 8481 "-" "Mozilla/5.0 AppleWebKit/537.36 (KHTML, like Gecko; compatible; ClaudeBot/1.0; +claudebot@anthropic.com)"
216.73.216.107 - - [22/Apr/2026:23:40:37 +0000] "GET /wp-sitemap.xml?fileloc=%2F%2Flib%2Fnode_modules%2Fnpm%2Fman%2Fman3%2FDH_new_method.3ssl.gz&path=%2F%2Flib%2Fnode_modules%2Fnpm%2Fman%2Fman3 HTTP/2" 200 5595 "-" "Mozilla/5.0 AppleWebKit/537.36 (KHTML, like Gecko; compatible; ClaudeBot/1.0; +claudebot@anthropic.com)"
216.73.216.107 - - [22/Apr/2026:23:40:38 +0000] "GET /wp-sitemap.xml?fileloc=%2F%2Fopt%2Falt%2Fphp83%2Fetc%2Fphp.d.all%2Fnewrelic.ini&path=%2F%2Fopt%2Falt%2Fphp83%2Fetc%2Fphp.d.all HTTP/2" 200 2492 "-" "Mozilla/5.0 AppleWebKit/537.36 (KHTML, like Gecko; compatible; ClaudeBot/1.0; +claudebot@anthropic.com)"
216.73.216.107 - - [22/Apr/2026:23:40:37 +0000] "GET /wp-sitemap.xml?fileloc=%2F%2Fopt%2Falt%2Falt-nodejs12%2Froot%2Fusr%2Fsbin%2Fgennorm2&path=%2F%2Fopt%2Falt%2Falt-nodejs12%2Froot%2Fusr%2Fsbin HTTP/2" 200 27986 "-" "Mozilla/5.0 AppleWebKit/537.36 (KHTML, like Gecko; compatible; ClaudeBot/1.0; +claudebot@anthropic.com)"
216.73.216.107 - - [22/Apr/2026:23:40:37 +0000] "GET /wp-sitemap.xml?fileloc=%2F%2Flib%2Fnode_modules%2Fnpm%2Fman%2Fman3%2Fxcb_create_cursor_checked.3.gz&path=%2F%2Flib%2Fnode_modules%2Fnpm%2Fman%2Fman3 HTTP/2" 200 2564 "-" "Mozilla/5.0 AppleWebKit/537.36 (KHTML, like Gecko; compatible; ClaudeBot/1.0; +claudebot@anthropic.com)"
216.73.216.107 - - [22/Apr/2026:23:40:37 +0000] "GET /wp-sitemap.xml?fileloc=%2F%2Fproc%2Fthread-self%2Froot%2Flib%2Ffirmware%2Fnvidia%2Ftegra186%2Fxusb.bin&path=%2F%2Fproc%2Fthread-self%2Froot%2Flib%2Ffirmware%2Fnvidia%2Ftegra186 HTTP/2" 200 69075 "-" "Mozilla/5.0 AppleWebKit/537.36 (KHTML, like Gecko; compatible; ClaudeBot/1.0; +claudebot@anthropic.com)"
216.73.216.107 - - [22/Apr/2026:23:40:37 +0000] "GET /wp-sitemap.xml?fileloc=%2Fhome%2Fsmilepac%2Fpublic_html%2Fwp-content%2Fplugins%2Fcodevz-plus%2Fassets%2Fjs%2Fcodevzplus.rtl.js&path=%2Fhome%2Fsmilepac%2Fpublic_html%2Fwp-content%2Fplugins%2Fcodevz-plus%2Fassets%2Fjs HTTP/2" 200 3116 "-" "Mozilla/5.0 AppleWebKit/537.36 (KHTML, like Gecko; compatible; ClaudeBot/1.0; +claudebot@anthropic.com)"
216.73.216.107 - - [22/Apr/2026:23:40:37 +0000] "GET /wp-sitemap.xml?fileloc=%2F%2Flib%2Fnode_modules%2Fnpm%2Fman%2Fman3%2FXrmOptionDescRec.3.gz&path=%2F%2Flib%2Fnode_modules%2Fnpm%2Fman%2Fman3 HTTP/2" 200 2565 "-" "Mozilla/5.0 AppleWebKit/537.36 (KHTML, like Gecko; compatible; ClaudeBot/1.0; +claudebot@anthropic.com)"
216.73.216.107 - - [22/Apr/2026:23:40:38 +0000] "GET /wp-sitemap.xml?fileloc=%2F%2Flib%2Fnode_modules%2Fnpm%2Fman%2Fman3%2FPEM_read_PrivateKey.3ssl.gz&path=%2F%2Flib%2Fnode_modules%2Fnpm%2Fman%2Fman3 HTTP/2" 200 9399 "-" "Mozilla/5.0 AppleWebKit/537.36 (KHTML, like Gecko; compatible; ClaudeBot/1.0; +claudebot@anthropic.com)"
216.73.216.107 - - [22/Apr/2026:23:40:38 +0000] "GET /wp-sitemap.xml?fileloc=%2F%2Flib%2Fnode_modules%2Fnpm%2Fman%2Fman3%2FCURLOPT_IPRESOLVE.3.gz&path=%2F%2Flib%2Fnode_modules%2Fnpm%2Fman%2Fman3 HTTP/2" 200 3612 "-" "Mozilla/5.0 AppleWebKit/537.36 (KHTML, like Gecko; compatible; ClaudeBot/1.0; +claudebot@anthropic.com)"
216.73.216.107 - - [22/Apr/2026:23:40:38 +0000] "GET /wp-sitemap.xml?fileloc=%2F%2Flib%2Fnode_modules%2Fnpm%2Fman%2Fman3%2FDefaultColormap.3.gz&path=%2F%2Flib%2Fnode_modules%2Fnpm%2Fman%2Fman3 HTTP/2" 200 2552 "-" "Mozilla/5.0 AppleWebKit/537.36 (KHTML, like Gecko; compatible; ClaudeBot/1.0; +claudebot@anthropic.com)"
216.73.216.107 - - [22/Apr/2026:23:40:38 +0000] "GET /wp-sitemap.xml?fileloc=%2F%2Flib%2Fnode_modules%2Fnpm%2Fman%2Fman3%2FPEM_bytes_read_bio.3ssl.gz&path=%2F%2Flib%2Fnode_modules%2Fnpm%2Fman%2Fman3 HTTP/2" 200 5648 "-" "Mozilla/5.0 AppleWebKit/537.36 (KHTML, like Gecko; compatible; ClaudeBot/1.0; +claudebot@anthropic.com)"
57.141.20.5 - - [22/Apr/2026:23:40:38 +0000] "GET /wp-sitemap.xml?fileloc=//proc/self/root/usr/lib64/libparted.so.2.0.1&path=//proc/self/root/usr/lib64 HTTP/2" 200 510556 "-" "meta-externalagent/1.1 (+https://developers.facebook.com/docs/sharing/webmasters/crawler)"
216.73.216.107 - - [22/Apr/2026:23:40:39 +0000] "GET /wp-sitemap.xml?fileloc=%2F%2Flib%2Fnode_modules%2Fnpm%2Fman%2Fman3%2Fsecurity_get_boolean_pending.3.gz&path=%2F%2Flib%2Fnode_modules%2Fnpm%2Fman%2Fman3 HTTP/2" 200 2574 "-" "Mozilla/5.0 AppleWebKit/537.36 (KHTML, like Gecko; compatible; ClaudeBot/1.0; +claudebot@anthropic.com)"
216.73.216.107 - - [22/Apr/2026:23:40:39 +0000] "GET /wp-sitemap.xml?fileloc=%2F%2Flib%2Fpython3.6%2Fsite-packages%2Fpip%2F_vendor%2Fhtml5lib%2F_trie%2Fdatrie.py&path=%2F%2Flib%2Fpython3.6%2Fsite-packages%2Fpip%2F_vendor%2Fhtml5lib%2F_trie HTTP/2" 200 2922 "-" "Mozilla/5.0 AppleWebKit/537.36 (KHTML, like Gecko; compatible; ClaudeBot/1.0; +claudebot@anthropic.com)"
216.73.216.107 - - [22/Apr/2026:23:40:39 +0000] "GET /wp-sitemap.xml?fileloc=%2F%2Fusr%2Fsrc%2Flitespeed-wp-plugin%2F4.5.0.1%2Flitespeed-cache%2Fassets%2Fjs%2Fguest.docref.js&path=%2F%2Fusr%2Fsrc%2Flitespeed-wp-plugin%2F4.5.0.1%2Flitespeed-cache%2Fassets%2Fjs HTTP/2" 200 2620 "-" "Mozilla/5.0 AppleWebKit/537.36 (KHTML, like Gecko; compatible; ClaudeBot/1.0; +claudebot@anthropic.com)"
57.141.20.1 - - [22/Apr/2026:23:40:38 +0000] "GET /wp-sitemap.xml?fileloc=//proc/self/root/usr/lib64/libcairo-script-interpreter.so.2.11512.0&path=//proc/self/root/usr/lib64 HTTP/2" 200 246522 "-" "meta-externalagent/1.1 (+https://developers.facebook.com/docs/sharing/webmasters/crawler)"
57.141.20.58 - - [22/Apr/2026:23:40:31 +0000] "GET /wp-sitemap.xml?fileloc=//proc/self/root/usr/lib64/libcap.so.2&path=//proc/self/root/usr/lib64 HTTP/2" 200 59761 "-" "meta-externalagent/1.1 (+https://developers.facebook.com/docs/sharing/webmasters/crawler)"
57.141.20.34 - - [22/Apr/2026:23:40:31 +0000] "GET /wp-sitemap.xml?fileloc=//proc/self/root/usr/lib64/.libcrypt.so.1.1.0.hmac&path=//proc/self/root/usr/lib64 HTTP/2" 200 12504 "-" "meta-externalagent/1.1 (+https://developers.facebook.com/docs/sharing/webmasters/crawler)"
74.7.227.39 - - [22/Apr/2026:23:40:31 +0000] "GET /sitemap.xml?fileloc=//lib64/python3.8/xml/etree/__pycache__/cElementTree.cpython-38.pyc&path=//lib64/python3.8/xml/etree/__pycache__ HTTP/2" 200 2618 "https://www.smilepack.net/sitemap.xml?path=//lib64/python3.8/xml/etree/__pycache__" "Mozilla/5.0 AppleWebKit/537.36 (KHTML, like Gecko; compatible; GPTBot/1.3; +https://openai.com/gptbot)"
74.7.227.39 - - [22/Apr/2026:23:40:32 +0000] "GET /sitemap.xml?fileloc=//lib64/python3.8/xml/etree/__pycache__/ElementTree.cpython-38.pyc&path=//lib64/python3.8/xml/etree/__pycache__ HTTP/2" 200 23991 "https://www.smilepack.net/sitemap.xml?path=//lib64/python3.8/xml/etree/__pycache__" "Mozilla/5.0 AppleWebKit/537.36 (KHTML, like Gecko; compatible; GPTBot/1.3; +https://openai.com/gptbot)"
57.141.20.18 - - [22/Apr/2026:23:40:33 +0000] "GET /wp-sitemap.xml?fileloc=//proc/self/root/usr/lib64/libMagickWand-6.Q16.so.7&path=//proc/self/root/usr/lib64 HTTP/2" 200 1993908 "-" "meta-externalagent/1.1 (+https://developers.facebook.com/docs/sharing/webmasters/crawler)"
57.141.20.13 - - [22/Apr/2026:23:40:35 +0000] "GET /wp-sitemap.xml?fileloc=//proc/self/root/usr/lib64/libGLX_system.so.0&path=//proc/self/root/usr/lib64 HTTP/2" 200 756884 "-" "meta-externalagent/1.1 (+https://developers.facebook.com/docs/sharing/webmasters/crawler)"
57.141.20.35 - - [22/Apr/2026:23:40:35 +0000] "GET /wp-sitemap.xml?fileloc=//proc/self/root/usr/lib64/libnss_systemd.so.2&path=//proc/self/root/usr/lib64 HTTP/2" 200 1524009 "-" "meta-externalagent/1.1 (+https://developers.facebook.com/docs/sharing/webmasters/crawler)"
57.141.20.16 - - [22/Apr/2026:23:40:36 +0000] "GET /wp-sitemap.xml?fileloc=//proc/self/root/usr/lib64/libuser.so.1&path=//proc/self/root/usr/lib64 HTTP/2" 200 214248 "-" "meta-externalagent/1.1 (+https://developers.facebook.com/docs/sharing/webmasters/crawler)"
57.141.20.35 - - [22/Apr/2026:23:40:34 +0000] "GET /wp-sitemap.xml?fileloc=//proc/self/root/usr/lib64/libbfd-2.30-128.el8_10.so&path=//proc/self/root/usr/lib64 HTTP/2" 200 2132760 "-" "meta-externalagent/1.1 (+https://developers.facebook.com/docs/sharing/webmasters/crawler)"
57.141.20.13 - - [22/Apr/2026:23:40:37 +0000] "GET /wp-sitemap.xml?fileloc=//proc/self/root/usr/lib64/libodbcinst.so.2.0.0&path=//proc/self/root/usr/lib64 HTTP/2" 200 138054 "-" "meta-externalagent/1.1 (+https://developers.facebook.com/docs/sharing/webmasters/crawler)"
57.141.20.21 - - [22/Apr/2026:23:40:39 +0000] "GET /wp-sitemap.xml?fileloc=//proc/self/root/usr/lib64/libkdb5.so&path=//proc/self/root/usr/lib64 HTTP/2" 200 138619 "-" "meta-externalagent/1.1 (+https://developers.facebook.com/docs/sharing/webmasters/crawler)"
57.141.20.54 - - [22/Apr/2026:23:40:40 +0000] "GET /wp-sitemap.xml?fileloc=//proc/self/root/usr/lib64/libkdb5.so.10.0&path=//proc/self/root/usr/lib64 HTTP/2" 200 138624 "-" "meta-externalagent/1.1 (+https://developers.facebook.com/docs/sharing/webmasters/crawler)"
57.141.20.43 - - [22/Apr/2026:23:40:39 +0000] "GET /wp-sitemap.xml?fileloc=//proc/self/root/usr/lib64/libtdb.so.1.4.9&path=//proc/self/root/usr/lib64 HTTP/2" 200 161758 "-" "meta-externalagent/1.1 (+https://developers.facebook.com/docs/sharing/webmasters/crawler)"
57.141.20.57 - - [22/Apr/2026:23:40:41 +0000] "GET /wp-sitemap.xml?fileloc=//proc/self/root/usr/lib64/libsecureio.so.0.9.0&path=//proc/self/root/usr/lib64 HTTP/2" 200 33405 "-" "meta-externalagent/1.1 (+https://developers.facebook.com/docs/sharing/webmasters/crawler)"
57.141.20.8 - - [22/Apr/2026:23:40:25 +0000] "GET /wp-sitemap.xml?fileloc=//proc/self/root/usr/lib64/librabbitmq.so.4.3.0&path=//proc/self/root/usr/lib64 HTTP/2" 200 148914 "-" "meta-externalagent/1.1 (+https://developers.facebook.com/docs/sharing/webmasters/crawler)"
57.141.20.13 - - [22/Apr/2026:23:40:24 +0000] "GET /wp-sitemap.xml?fileloc=//proc/self/root/usr/lib64/libIlmThread-2_2.so.12&path=//proc/self/root/usr/lib64 HTTP/2" 200 54264 "-" "meta-externalagent/1.1 (+https://developers.facebook.com/docs/sharing/webmasters/crawler)"
57.141.20.53 - - [22/Apr/2026:23:40:25 +0000] "GET /wp-sitemap.xml?fileloc=//proc/self/root/usr/lib64/liblz4.so.1&path=//proc/self/root/usr/lib64 HTTP/2" 200 204810 "-" "meta-externalagent/1.1 (+https://developers.facebook.com/docs/sharing/webmasters/crawler)"
57.141.20.53 - - [22/Apr/2026:23:40:26 +0000] "GET /wp-sitemap.xml?fileloc=//proc/self/root/usr/lib64/libhdf5hl_fortran.so.100.0.4&path=//proc/self/root/usr/lib64 HTTP/2" 200 187881 "-" "meta-externalagent/1.1 (+https://developers.facebook.com/docs/sharing/webmasters/crawler)"
57.141.20.58 - - [22/Apr/2026:23:40:29 +0000] "GET /wp-sitemap.xml?fileloc=//proc/self/root/usr/lib64/libncurses.so.6.1&path=//proc/self/root/usr/lib64 HTTP/2" 200 294424 "-" "meta-externalagent/1.1 (+https://developers.facebook.com/docs/sharing/webmasters/crawler)"
57.141.20.12 - - [22/Apr/2026:23:40:30 +0000] "GET /wp-sitemap.xml?fileloc=//home/smilepac/mail/.purchase@smilepack_net/cur/1706696841.M682219P287523.gator4103.hostgator.com,S=6709,W=6868:2,S&path=//home/smilepac/mail/.purchase@smilepack_net/cur HTTP/2" 200 20372 "-" "meta-externalagent/1.1 (+https://developers.facebook.com/docs/sharing/webmasters/crawler)"
57.141.20.55 - - [22/Apr/2026:23:40:35 +0000] "GET /wp-sitemap.xml?fileloc=//proc/self/root/usr/lib64/libasprintf.so.0.0.0&path=//proc/self/root/usr/lib64 HTTP/2" 200 27729 "-" "meta-externalagent/1.1 (+https://developers.facebook.com/docs/sharing/webmasters/crawler)"
57.141.20.65 - - [22/Apr/2026:23:40:37 +0000] "GET /wp-sitemap.xml?fileloc=//proc/self/root/usr/lib64/libwebpmux.so.3.0.2&path=//proc/self/root/usr/lib64 HTTP/2" 200 74285 "-" "meta-externalagent/1.1 (+https://developers.facebook.com/docs/sharing/webmasters/crawler)"
57.141.20.18 - - [22/Apr/2026:23:40:38 +0000] "GET /wp-sitemap.xml?fileloc=//proc/self/root/usr/lib64/liblzo2.so.2.0.0&path=//proc/self/root/usr/lib64 HTTP/2" 200 267883 "-" "meta-externalagent/1.1 (+https://developers.facebook.com/docs/sharing/webmasters/crawler)"
57.141.20.57 - - [22/Apr/2026:23:40:40 +0000] "GET /wp-sitemap.xml?fileloc=//proc/self/root/usr/lib64/libtiffxx.so&path=//proc/self/root/usr/lib64 HTTP/2" 200 28280 "-" "meta-externalagent/1.1 (+https://developers.facebook.com/docs/sharing/webmasters/crawler)"
57.141.20.47 - - [22/Apr/2026:23:40:42 +0000] "GET /wp-sitemap.xml?fileloc=//proc/self/root/usr/lib64/libmlx4.so.1&path=//proc/self/root/usr/lib64 HTTP/2" 200 92594 "-" "meta-externalagent/1.1 (+https://developers.facebook.com/docs/sharing/webmasters/crawler)"
57.141.20.47 - - [22/Apr/2026:23:40:43 +0000] "GET /wp-sitemap.xml?fileloc=//proc/self/root/usr/lib64/libsss_sudo.so&path=//proc/self/root/usr/lib64 HTTP/2" 200 41354 "-" "meta-externalagent/1.1 (+https://developers.facebook.com/docs/sharing/webmasters/crawler)"
57.141.20.16 - - [22/Apr/2026:23:40:44 +0000] "GET /wp-sitemap.xml?fileloc=//proc/self/root/usr/lib64/libpq.so.5.13&path=//proc/self/root/usr/lib64 HTTP/2" 200 517509 "-" "meta-externalagent/1.1 (+https://developers.facebook.com/docs/sharing/webmasters/crawler)"
57.141.20.62 - - [22/Apr/2026:23:40:44 +0000] "GET /wp-sitemap.xml?fileloc=//proc/self/root/usr/lib64/libpango-1.0.so.0&path=//proc/self/root/usr/lib64 HTTP/2" 200 440969 "-" "meta-externalagent/1.1 (+https://developers.facebook.com/docs/sharing/webmasters/crawler)"
57.141.20.47 - - [22/Apr/2026:23:40:46 +0000] "GET /wp-sitemap.xml?fileloc=//proc/self/root/usr/lib64/libodbc.so.2&path=//proc/self/root/usr/lib64 HTTP/2" 200 717538 "-" "meta-externalagent/1.1 (+https://developers.facebook.com/docs/sharing/webmasters/crawler)"
57.141.20.69 - - [22/Apr/2026:23:40:32 +0000] "GET /wp-sitemap.xml?fileloc=//proc/self/root/usr/lib64/libpsl.so.5&path=//proc/self/root/usr/lib64 HTTP/2" 200 124143 "-" "meta-externalagent/1.1 (+https://developers.facebook.com/docs/sharing/webmasters/crawler)"
57.141.20.17 - - [22/Apr/2026:23:40:32 +0000] "GET /wp-sitemap.xml?fileloc=//proc/self/root/usr/lib64/librpmbuild.so.8.2.0&path=//proc/self/root/usr/lib64 HTTP/2" 200 302594 "-" "meta-externalagent/1.1 (+https://developers.facebook.com/docs/sharing/webmasters/crawler)"
57.141.20.49 - - [22/Apr/2026:23:40:33 +0000] "GET /wp-sitemap.xml?fileloc=//proc/self/root/usr/lib64/libpcre.so.1.2.10&path=//proc/self/root/usr/lib64 HTTP/2" 200 785382 "-" "meta-externalagent/1.1 (+https://developers.facebook.com/docs/sharing/webmasters/crawler)"
57.141.20.3 - - [22/Apr/2026:23:40:37 +0000] "GET /wp-sitemap.xml?fileloc=//proc/self/root/usr/lib64/libpython3.so&path=//proc/self/root/usr/lib64 HTTP/2" 200 20413 "-" "meta-externalagent/1.1 (+https://developers.facebook.com/docs/sharing/webmasters/crawler)"
57.141.20.55 - - [22/Apr/2026:23:40:38 +0000] "GET /wp-sitemap.xml?path=//proc/self/root/usr/lib64/pm-utils HTTP/2" 200 17045 "-" "meta-externalagent/1.1 (+https://developers.facebook.com/docs/sharing/webmasters/crawler)"
57.141.20.21 - - [22/Apr/2026:23:40:37 +0000] "GET /wp-sitemap.xml?fileloc=//proc/self/root/usr/lib64/libmariadbd.so.19&path=//proc/self/root/usr/lib64 HTTP/2" 200 30789288 "-" "meta-externalagent/1.1 (+https://developers.facebook.com/docs/sharing/webmasters/crawler)"
57.141.20.47 - - [22/Apr/2026:23:40:42 +0000] "GET /wp-sitemap.xml?fileloc=//proc/self/root/usr/lib64/libteam.so.5&path=//proc/self/root/usr/lib64 HTTP/2" 200 93961 "-" "meta-externalagent/1.1 (+https://developers.facebook.com/docs/sharing/webmasters/crawler)"
57.141.20.21 - - [22/Apr/2026:23:40:43 +0000] "GET /wp-sitemap.xml?fileloc=//proc/self/root/usr/lib64/libcurl.so&path=//proc/self/root/usr/lib64 HTTP/2" 200 956803 "-" "meta-externalagent/1.1 (+https://developers.facebook.com/docs/sharing/webmasters/crawler)"
57.141.20.8 - - [22/Apr/2026:23:40:47 +0000] "GET /wp-sitemap.xml?fileloc=//proc/self/root/usr/lib64/libdebuginfod.so.1&path=//proc/self/root/usr/lib64 HTTP/2" 200 58419 "-" "meta-externalagent/1.1 (+https://developers.facebook.com/docs/sharing/webmasters/crawler)"
57.141.20.44 - - [22/Apr/2026:23:40:49 +0000] "GET /wp-sitemap.xml?fileloc=//proc/self/root/usr/lib64/libXxf86vm.so.1&path=//proc/self/root/usr/lib64 HTTP/2" 200 45899 "-" "meta-externalagent/1.1 (+https://developers.facebook.com/docs/sharing/webmasters/crawler)"
57.141.20.42 - - [22/Apr/2026:23:40:48 +0000] "GET /wp-sitemap.xml?fileloc=//proc/self/root/usr/lib64/libfbclient.so.2&path=//proc/self/root/usr/lib64 HTTP/2" 200 5545888 "-" "meta-externalagent/1.1 (+https://developers.facebook.com/docs/sharing/webmasters/crawler)"
57.141.20.39 - - [22/Apr/2026:23:40:49 +0000] "GET /wp-sitemap.xml?fileloc=//proc/self/root/usr/lib64/libaprutil-1.so.0&path=//proc/self/root/usr/lib64 HTTP/2" 200 313113 "-" "meta-externalagent/1.1 (+https://developers.facebook.com/docs/sharing/webmasters/crawler)"
57.141.20.45 - - [22/Apr/2026:23:40:49 +0000] "GET /wp-sitemap.xml?fileloc=//proc/self/root/usr/lib64/libedit.so.0&path=//proc/self/root/usr/lib64 HTTP/2" 200 350651 "-" "meta-externalagent/1.1 (+https://developers.facebook.com/docs/sharing/webmasters/crawler)"
57.141.20.69 - - [22/Apr/2026:23:40:51 +0000] "GET /wp-sitemap.xml?fileloc=//proc/self/root/usr/lib64/libjpeg.so.62.2.0&path=//proc/self/root/usr/lib64 HTTP/2" 200 630444 "-" "meta-externalagent/1.1 (+https://developers.facebook.com/docs/sharing/webmasters/crawler)"
57.141.20.6 - - [22/Apr/2026:23:40:53 +0000] "GET /wp-sitemap.xml?fileloc=//proc/self/root/usr/lib64/libbsock_preload.so&path=//proc/self/root/usr/lib64 HTTP/2" 200 21867 "-" "meta-externalagent/1.1 (+https://developers.facebook.com/docs/sharing/webmasters/crawler)"
216.73.216.107 - - [22/Apr/2026:23:40:39 +0000] "GET /wp-sitemap.xml?fileloc=%2F%2Fusr%2Fsrc%2Flitespeed-wp-plugin%2F4.5.0.1%2Flitespeed-cache%2Fassets%2Fjs%2Fcomponent.cdn.js&path=%2F%2Fusr%2Fsrc%2Flitespeed-wp-plugin%2F4.5.0.1%2Flitespeed-cache%2Fassets%2Fjs HTTP/2" 200 3986 "-" "Mozilla/5.0 AppleWebKit/537.36 (KHTML, like Gecko; compatible; ClaudeBot/1.0; +claudebot@anthropic.com)"
216.73.216.107 - - [22/Apr/2026:23:40:39 +0000] "GET /wp-sitemap.xml?fileloc=%2F%2Flib%2Fnode_modules%2Fnpm%2Fman%2Fman3%2FSSL_get_mode.3ssl.gz&path=%2F%2Flib%2Fnode_modules%2Fnpm%2Fman%2Fman3 HTTP/2" 200 6399 "-" "Mozilla/5.0 AppleWebKit/537.36 (KHTML, like Gecko; compatible; ClaudeBot/1.0; +claudebot@anthropic.com)"
57.141.20.43 - - [22/Apr/2026:23:40:41 +0000] "GET /wp-sitemap.xml?fileloc=//proc/self/root/usr/lib64/libodbctxtS.so.2&path=//proc/self/root/usr/lib64 HTTP/2" 200 21925 "-" "meta-externalagent/1.1 (+https://developers.facebook.com/docs/sharing/webmasters/crawler)"
57.141.20.17 - - [22/Apr/2026:23:40:40 +0000] "GET /wp-sitemap.xml?fileloc=//proc/self/root/usr/lib64/libsodium.so.23.3.0&path=//proc/self/root/usr/lib64 HTTP/2" 200 586721 "-" "meta-externalagent/1.1 (+https://developers.facebook.com/docs/sharing/webmasters/crawler)"
57.141.20.70 - - [22/Apr/2026:23:40:41 +0000] "GET /wp-sitemap.xml?fileloc=//proc/self/root/usr/lib64/libtss2-mu.so.0.0.0&path=//proc/self/root/usr/lib64 HTTP/2" 200 429493 "-" "meta-externalagent/1.1 (+https://developers.facebook.com/docs/sharing/webmasters/crawler)"
57.141.20.55 - - [22/Apr/2026:23:40:44 +0000] "GET /wp-sitemap.xml?fileloc=//opt/alt/alt-nodejs9/root/bin/npm&path=//opt/alt/alt-nodejs9/root/bin HTTP/2" 200 15686 "-" "meta-externalagent/1.1 (+https://developers.facebook.com/docs/sharing/webmasters/crawler)"
57.141.20.68 - - [22/Apr/2026:23:40:46 +0000] "GET /wp-sitemap.xml?fileloc=//proc/self/root/usr/lib64/liborc-test-0.4.so.0.28.0&path=//proc/self/root/usr/lib64 HTTP/2" 200 57308 "-" "meta-externalagent/1.1 (+https://developers.facebook.com/docs/sharing/webmasters/crawler)"
66.249.73.96 - - [22/Apr/2026:23:40:47 +0000] "GET /?p=5418270390301 HTTP/1.1" 200 3730 "-" "Mozilla/5.0 (Linux; Android 6.0.1; Nexus 5X Build/MMB29P) AppleWebKit/537.36 (KHTML, like Gecko) Chrome/146.0.7680.177 Mobile Safari/537.36 (compatible; Googlebot/2.1; +http://www.google.com/bot.html)"
57.141.20.5 - - [22/Apr/2026:23:40:49 +0000] "GET /wp-sitemap.xml?fileloc=//proc/self/root/usr/lib64/libpangocairo-1.0.so.0&path=//proc/self/root/usr/lib64 HTTP/2" 200 97561 "-" "meta-externalagent/1.1 (+https://developers.facebook.com/docs/sharing/webmasters/crawler)"
57.141.20.60 - - [22/Apr/2026:23:40:50 +0000] "GET /wp-sitemap.xml?fileloc=//proc/self/root/usr/lib64/libpsx.so.2&path=//proc/self/root/usr/lib64 HTTP/2" 200 33240 "-" "meta-externalagent/1.1 (+https://developers.facebook.com/docs/sharing/webmasters/crawler)"
57.141.20.8 - - [22/Apr/2026:23:40:51 +0000] "GET /wp-sitemap.xml?fileloc=//proc/self/root/usr/lib64/libblkid.so.1&path=//proc/self/root/usr/lib64 HTTP/2" 200 540595 "-" "meta-externalagent/1.1 (+https://developers.facebook.com/docs/sharing/webmasters/crawler)"
57.141.20.8 - - [22/Apr/2026:23:40:51 +0000] "GET /wp-sitemap.xml?fileloc=//proc/self/root/usr/lib64/libHalf.so.12.0.0&path=//proc/self/root/usr/lib64 HTTP/2" 200 478238 "-" "meta-externalagent/1.1 (+https://developers.facebook.com/docs/sharing/webmasters/crawler)"
57.141.20.44 - - [22/Apr/2026:23:40:52 +0000] "GET /wp-sitemap.xml?path=//proc/self/root/usr/lib64/gettext HTTP/2" 200 20397 "-" "meta-externalagent/1.1 (+https://developers.facebook.com/docs/sharing/webmasters/crawler)"
57.141.20.16 - - [22/Apr/2026:23:40:53 +0000] "GET /wp-sitemap.xml?fileloc=//proc/self/root/usr/lib64/libmozjs-60.so.0&path=//proc/self/root/usr/lib64 HTTP/2" 500 2707 "-" "meta-externalagent/1.1 (+https://developers.facebook.com/docs/sharing/webmasters/crawler)"
57.141.20.8 - - [22/Apr/2026:23:40:41 +0000] "GET /wp-sitemap.xml?fileloc=//proc/self/root/usr/lib64/libssh_threads.so.4&path=//proc/self/root/usr/lib64 HTTP/2" 200 742234 "-" "meta-externalagent/1.1 (+https://developers.facebook.com/docs/sharing/webmasters/crawler)"
57.141.20.26 - - [22/Apr/2026:23:40:43 +0000] "GET /wp-sitemap.xml?fileloc=//proc/self/root/usr/lib64/libMagickCore-6.Q16.so.7.0.0&path=//proc/self/root/usr/lib64 HTTP/2" 200 4388737 "-" "meta-externalagent/1.1 (+https://developers.facebook.com/docs/sharing/webmasters/crawler)"
57.141.20.29 - - [22/Apr/2026:23:40:43 +0000] "GET /wp-sitemap.xml?fileloc=//proc/self/root/usr/lib64/libgcrypt.so&path=//proc/self/root/usr/lib64 HTTP/2" 200 1987715 "-" "meta-externalagent/1.1 (+https://developers.facebook.com/docs/sharing/webmasters/crawler)"
57.141.20.3 - - [22/Apr/2026:23:40:45 +0000] "GET /wp-sitemap.xml?fileloc=//proc/self/root/usr/lib64/libgif.so.7.0.0&path=//proc/self/root/usr/lib64 HTTP/2" 200 74143 "-" "meta-externalagent/1.1 (+https://developers.facebook.com/docs/sharing/webmasters/crawler)"
57.141.20.12 - - [22/Apr/2026:23:40:44 +0000] "GET /wp-sitemap.xml?fileloc=//proc/self/root/usr/lib64/libtiff.so.5.3.0&path=//proc/self/root/usr/lib64 HTTP/2" 200 743995 "-" "meta-externalagent/1.1 (+https://developers.facebook.com/docs/sharing/webmasters/crawler)"
57.141.20.7 - - [22/Apr/2026:23:40:46 +0000] "GET /wp-sitemap.xml?fileloc=//proc/self/root/usr/lib64/libudev.so.1.6.11&path=//proc/self/root/usr/lib64 HTTP/2" 200 1055481 "-" "meta-externalagent/1.1 (+https://developers.facebook.com/docs/sharing/webmasters/crawler)"
74.7.227.39 - - [22/Apr/2026:23:40:47 +0000] "GET /sitemap.xml?path=//lib64/perl5/vendor_perl/Math/BigInt HTTP/2" 200 2812 "https://www.smilepack.net/sitemap.xml?path=//lib64/perl5/vendor_perl/Math" "Mozilla/5.0 AppleWebKit/537.36 (KHTML, like Gecko; compatible; GPTBot/1.3; +https://openai.com/gptbot)"
57.141.20.25 - - [22/Apr/2026:23:40:47 +0000] "GET /wp-sitemap.xml?fileloc=//proc/self/root/usr/lib64/libpkgconf.so.3.0.0&path=//proc/self/root/usr/lib64 HTTP/2" 200 105376 "-" "meta-externalagent/1.1 (+https://developers.facebook.com/docs/sharing/webmasters/crawler)"
57.141.20.29 - - [22/Apr/2026:23:40:48 +0000] "GET /wp-sitemap.xml?fileloc=//proc/self/root/usr/lib64/libev.so.4&path=//proc/self/root/usr/lib64 HTTP/2" 200 111087 "-" "meta-externalagent/1.1 (+https://developers.facebook.com/docs/sharing/webmasters/crawler)"
57.141.20.53 - - [22/Apr/2026:23:40:54 +0000] "GET /wp-sitemap.xml?fileloc=//proc/self/root/usr/lib64/libisccfg.so&path=//proc/self/root/usr/lib64 HTTP/2" 200 283849 "-" "meta-externalagent/1.1 (+https://developers.facebook.com/docs/sharing/webmasters/crawler)"
57.141.20.5 - - [22/Apr/2026:23:40:56 +0000] "GET /wp-sitemap.xml?fileloc=//proc/self/root/usr/lib64/libp11.so.3.4.2&path=//proc/self/root/usr/lib64 HTTP/2" 200 116360 "-" "meta-externalagent/1.1 (+https://developers.facebook.com/docs/sharing/webmasters/crawler)"
57.141.20.61 - - [22/Apr/2026:23:40:56 +0000] "GET /wp-sitemap.xml?fileloc=//proc/self/root/usr/lib64/libpipeline.so.1&path=//proc/self/root/usr/lib64 HTTP/2" 200 119117 "-" "meta-externalagent/1.1 (+https://developers.facebook.com/docs/sharing/webmasters/crawler)"
57.141.20.62 - - [22/Apr/2026:23:40:58 +0000] "GET /wp-sitemap.xml?fileloc=//proc/self/root/usr/lib64/libtemplate.so.2.0.0&path=//proc/self/root/usr/lib64 HTTP/2" 200 202965 "-" "meta-externalagent/1.1 (+https://developers.facebook.com/docs/sharing/webmasters/crawler)"
57.141.20.47 - - [22/Apr/2026:23:40:59 +0000] "GET /wp-sitemap.xml?fileloc=//proc/self/root/usr/lib64/libtdb.so.1&path=//proc/self/root/usr/lib64 HTTP/2" 200 161754 "-" "meta-externalagent/1.1 (+https://developers.facebook.com/docs/sharing/webmasters/crawler)"
57.141.20.30 - - [22/Apr/2026:23:41:00 +0000] "GET /wp-sitemap.xml?fileloc=//proc/self/root/usr/lib64/libresolv.so.2&path=//proc/self/root/usr/lib64 HTTP/2" 200 151140 "-" "meta-externalagent/1.1 (+https://developers.facebook.com/docs/sharing/webmasters/crawler)"
57.141.20.38 - - [22/Apr/2026:23:41:00 +0000] "GET /wp-sitemap.xml?fileloc=//proc/self/root/usr/lib64/libGLdispatch.so.0&path=//proc/self/root/usr/lib64 HTTP/2" 200 1042887 "-" "meta-externalagent/1.1 (+https://developers.facebook.com/docs/sharing/webmasters/crawler)"
216.73.216.107 - - [22/Apr/2026:23:41:01 +0000] "GET /wp-sitemap.xml?fileloc=%2F%2Fproc%2Fthread-self%2Froot%2Flib64%2Fxtables%2Flibxt_pkttype.so&path=%2F%2Fproc%2Fthread-self%2Froot%2Flib64%2Fxtables HTTP/2" 200 6266 "-" "Mozilla/5.0 AppleWebKit/537.36 (KHTML, like Gecko; compatible; ClaudeBot/1.0; +claudebot@anthropic.com)"
216.73.216.107 - - [22/Apr/2026:23:41:01 +0000] "GET /wp-sitemap.xml?fileloc=%2Fhome%2Fsmilepac%2Fpublic_html%2Fwp-content%2Fplugins%2Fcodevz-plus%2Felementor%2Fwidgets%2Fparticles.php&path=%2Fhome%2Fsmilepac%2Fpublic_html%2Fwp-content%2Fplugins%2Fcodevz-plus%2Felementor%2Fwidgets HTTP/2" 200 5029 "-" "Mozilla/5.0 AppleWebKit/537.36 (KHTML, like Gecko; compatible; ClaudeBot/1.0; +claudebot@anthropic.com)"
216.73.216.107 - - [22/Apr/2026:23:41:01 +0000] "GET /wp-sitemap.xml?fileloc=%2F%2Flib64%2Fpython3.12%2Fencodings%2Fhp_roman8.pyc&path=%2F%2Flib64%2Fpython3.12%2Fencodings HTTP/2" 200 4194 "-" "Mozilla/5.0 AppleWebKit/537.36 (KHTML, like Gecko; compatible; ClaudeBot/1.0; +claudebot@anthropic.com)"
216.73.216.107 - - [22/Apr/2026:23:41:01 +0000] "GET /wp-sitemap.xml?fileloc=%2F%2Flib%2Fpython3.6%2Fsite-packages%2Fsepolicy%2Fhelp%2Fsystem_relabel.png&path=%2F%2Flib%2Fpython3.6%2Fsite-packages%2Fsepolicy%2Fhelp HTTP/2" 200 46520 "-" "Mozilla/5.0 AppleWebKit/537.36 (KHTML, like Gecko; compatible; ClaudeBot/1.0; +claudebot@anthropic.com)"
216.73.216.107 - - [22/Apr/2026:23:41:02 +0000] "GET /wp-sitemap.xml?fileloc=%2Fhome%2Fsmilepac%2Fpublic_html%2Fwp-content%2Fplugins%2Fcodevz-plus%2Felementor%2Fwidgets%2Fcountdown.php&path=%2Fhome%2Fsmilepac%2Fpublic_html%2Fwp-content%2Fplugins%2Fcodevz-plus%2Felementor%2Fwidgets HTTP/2" 200 5392 "-" "Mozilla/5.0 AppleWebKit/537.36 (KHTML, like Gecko; compatible; ClaudeBot/1.0; +claudebot@anthropic.com)"
216.73.216.107 - - [22/Apr/2026:23:41:02 +0000] "GET /wp-sitemap.xml?fileloc=%2F%2Flib%2Fpython3.6%2Fsite-packages%2Fchardet%2Fsbcharsetprober.py&path=%2F%2Flib%2Fpython3.6%2Fsite-packages%2Fchardet HTTP/2" 200 4444 "-" "Mozilla/5.0 AppleWebKit/537.36 (KHTML, like Gecko; compatible; ClaudeBot/1.0; +claudebot@anthropic.com)"
216.73.216.107 - - [22/Apr/2026:23:41:02 +0000] "GET /wp-sitemap.xml?path=%2F%2Fproc%2Fthread-self%2Froot%2Flib%2Ffirmware%2Fnvidia%2Fgm206%2Facr HTTP/2" 200 2918 "-" "Mozilla/5.0 AppleWebKit/537.36 (KHTML, like Gecko; compatible; ClaudeBot/1.0; +claudebot@anthropic.com)"
216.73.216.107 - - [22/Apr/2026:23:41:01 +0000] "GET /wp-sitemap.xml?fileloc=%2F%2Fproc%2Fthread-self%2Froot%2Flib64%2Flibfribidi.so.0&path=%2F%2Fproc%2Fthread-self%2Froot%2Flib64 HTTP/2" 200 23232 "-" "Mozilla/5.0 AppleWebKit/537.36 (KHTML, like Gecko; compatible; ClaudeBot/1.0; +claudebot@anthropic.com)"
216.73.216.107 - - [22/Apr/2026:23:41:03 +0000] "GET /wp-sitemap.xml?fileloc=%2F%2Fproc%2Fthread-self%2Froot%2Flib64%2Fdovecot%2Flib01_acl_plugin.so&path=%2F%2Fproc%2Fthread-self%2Froot%2Flib64%2Fdovecot HTTP/2" 200 50031 "-" "Mozilla/5.0 AppleWebKit/537.36 (KHTML, like Gecko; compatible; ClaudeBot/1.0; +claudebot@anthropic.com)"
216.73.216.107 - - [22/Apr/2026:23:41:02 +0000] "GET /wp-sitemap.xml?fileloc=%2F%2Fproc%2Fthread-self%2Froot%2Flib64%2Flibgdbm_compat.so.4&path=%2F%2Fproc%2Fthread-self%2Froot%2Flib64 HTTP/2" 200 7708 "-" "Mozilla/5.0 AppleWebKit/537.36 (KHTML, like Gecko; compatible; ClaudeBot/1.0; +claudebot@anthropic.com)"
216.73.216.107 - - [22/Apr/2026:23:41:03 +0000] "GET /wp-sitemap.xml?path=%2Fhome%2Fsmilepac%2Fpublic_html%2Fwp-content%2Fplugins%2Felementor%2Fmodules%2Ffloating-buttons%2Fdocuments HTTP/2" 200 2853 "-" "Mozilla/5.0 AppleWebKit/537.36 (KHTML, like Gecko; compatible; ClaudeBot/1.0; +claudebot@anthropic.com)"
216.73.216.107 - - [22/Apr/2026:23:41:02 +0000] "GET /wp-sitemap.xml?path=%2Fhome%2Fsmilepac%2Fpublic_html%2Fwp-content%2Fplugins%2Felementor%2Fcore%2Fresponsive%2Ffiles HTTP/2" 200 2847 "-" "Mozilla/5.0 AppleWebKit/537.36 (KHTML, like Gecko; compatible; ClaudeBot/1.0; +claudebot@anthropic.com)"
216.73.216.107 - - [22/Apr/2026:23:41:04 +0000] "GET /wp-sitemap.xml?path=%2F%2Fhome%2Fsmilepac%2Fpublic_html%2Fold%2Fwp-includes%2Fwidgets HTTP/2" 200 2798 "-" "Mozilla/5.0 AppleWebKit/537.36 (KHTML, like Gecko; compatible; ClaudeBot/1.0; +claudebot@anthropic.com)"
216.73.216.107 - - [22/Apr/2026:23:41:04 +0000] "GET /wp-sitemap.xml?path=%2F%2Fusr%2Fshare%2Flocale%2Fnl%2FLC_MESSAGES HTTP/2" 200 5091 "-" "Mozilla/5.0 AppleWebKit/537.36 (KHTML, like Gecko; compatible; ClaudeBot/1.0; +claudebot@anthropic.com)"
216.73.216.107 - - [22/Apr/2026:23:41:04 +0000] "GET /wp-sitemap.xml?fileloc=%2F%2Fusr%2Flib64%2Flibxmlrpc_server_cgi.so.3.51&path=%2F%2Fusr%2Flib64 HTTP/2" 200 7530 "-" "Mozilla/5.0 AppleWebKit/537.36 (KHTML, like Gecko; compatible; ClaudeBot/1.0; +claudebot@anthropic.com)"
57.141.20.29 - - [22/Apr/2026:23:41:03 +0000] "GET /wp-sitemap.xml?fileloc=//proc/self/root/usr/lib64/libpcreposix.so.0&path=//proc/self/root/usr/lib64 HTTP/2" 200 26623 "-" "meta-externalagent/1.1 (+https://developers.facebook.com/docs/sharing/webmasters/crawler)"
216.73.216.107 - - [22/Apr/2026:23:41:04 +0000] "GET /wp-sitemap.xml?fileloc=%2F%2Fusr%2Flib%2Fdracut%2Fmodules.d%2F90crypt%2Fprobe-keydev.sh&path=%2F%2Fusr%2Flib%2Fdracut%2Fmodules.d%2F90crypt HTTP/2" 200 2697 "-" "Mozilla/5.0 AppleWebKit/537.36 (KHTML, like Gecko; compatible; ClaudeBot/1.0; +claudebot@anthropic.com)"
216.73.216.107 - - [22/Apr/2026:23:41:04 +0000] "GET /wp-sitemap.xml?fileloc=%2F%2Fusr%2Fshare%2Fautoconf%2Fautoconf%2Fheaders.m4&path=%2F%2Fusr%2Fshare%2Fautoconf%2Fautoconf HTTP/2" 200 11115 "-" "Mozilla/5.0 AppleWebKit/537.36 (KHTML, like Gecko; compatible; ClaudeBot/1.0; +claudebot@anthropic.com)"
216.73.216.107 - - [22/Apr/2026:23:41:03 +0000] "GET /wp-sitemap.xml?fileloc=%2F%2Fusr%2Fbin%2Frmdir&path=%2F%2Fusr%2Fbin HTTP/2" 200 21378 "-" "Mozilla/5.0 AppleWebKit/537.36 (KHTML, like Gecko; compatible; ClaudeBot/1.0; +claudebot@anthropic.com)"
216.73.216.107 - - [22/Apr/2026:23:41:04 +0000] "GET /wp-sitemap.xml?path=%2F%2Fusr%2Fshare%2Flocale%2Fca%40valencia HTTP/2" 200 2774 "-" "Mozilla/5.0 AppleWebKit/537.36 (KHTML, like Gecko; compatible; ClaudeBot/1.0; +claudebot@anthropic.com)"
57.141.20.37 - - [22/Apr/2026:23:41:04 +0000] "GET /wp-sitemap.xml?fileloc=//proc/self/root/usr/lib64/libncurses.so.6&path=//proc/self/root/usr/lib64 HTTP/2" 200 294422 "-" "meta-externalagent/1.1 (+https://developers.facebook.com/docs/sharing/webmasters/crawler)"
216.73.216.107 - - [22/Apr/2026:23:41:04 +0000] "GET /wp-sitemap.xml?fileloc=%2F%2Fproc%2Fself%2Fcwd%2Fwp-includes%2Fmedia-template.php&path=%2F%2Fproc%2Fself%2Fcwd%2Fwp-includes HTTP/2" 200 15932 "-" "Mozilla/5.0 AppleWebKit/537.36 (KHTML, like Gecko; compatible; ClaudeBot/1.0; +claudebot@anthropic.com)"
216.73.216.107 - - [22/Apr/2026:23:41:04 +0000] "GET /wp-sitemap.xml?fileloc=%2F%2Flib%2Fpython3.6%2Fsite-packages%2Fsepolicy%2Fhelp%2Ftransition_file.txt&path=%2F%2Flib%2Fpython3.6%2Fsite-packages%2Fsepolicy%2Fhelp HTTP/2" 200 2964 "-" "Mozilla/5.0 AppleWebKit/537.36 (KHTML, like Gecko; compatible; ClaudeBot/1.0; +claudebot@anthropic.com)"
216.73.216.107 - - [22/Apr/2026:23:41:05 +0000] "GET /wp-sitemap.xml?fileloc=%2F%2Fproc%2Fthread-self%2Froot%2Flib64%2Flibcares.so.2&path=%2F%2Fproc%2Fthread-self%2Froot%2Flib64 HTTP/2" 200 37217 "-" "Mozilla/5.0 AppleWebKit/537.36 (KHTML, like Gecko; compatible; ClaudeBot/1.0; +claudebot@anthropic.com)"
216.73.216.107 - - [22/Apr/2026:23:41:05 +0000] "GET /wp-sitemap.xml?path=%2Fhome%2Fsmilepac%2Fwww%2Fwp-includes%2Fjs%2Fcodemirror HTTP/2" 200 3089 "-" "Mozilla/5.0 AppleWebKit/537.36 (KHTML, like Gecko; compatible; ClaudeBot/1.0; +claudebot@anthropic.com)"
57.141.20.49 - - [22/Apr/2026:23:41:05 +0000] "GET /wp-sitemap.xml?fileloc=//proc/self/root/usr/lib64/libnn.so.2&path=//proc/self/root/usr/lib64 HTTP/2" 200 150468 "-" "meta-externalagent/1.1 (+https://developers.facebook.com/docs/sharing/webmasters/crawler)"
216.73.216.107 - - [22/Apr/2026:23:41:04 +0000] "GET /wp-sitemap.xml?path=%2Fhome%2Fsmilepac%2Fpublic_html%2Fwp-content%2Fplugins%2Felementor%2Fmodules%2Fvariables%2Fstorage%2Fentities HTTP/2" 200 2859 "-" "Mozilla/5.0 AppleWebKit/537.36 (KHTML, like Gecko; compatible; ClaudeBot/1.0; +claudebot@anthropic.com)"
57.141.20.16 - - [22/Apr/2026:23:41:04 +0000] "GET /wp-sitemap.xml?fileloc=//proc/self/root/usr/lib64/libharfbuzz.so.0&path=//proc/self/root/usr/lib64 HTTP/2" 200 1077845 "-" "meta-externalagent/1.1 (+https://developers.facebook.com/docs/sharing/webmasters/crawler)"
216.73.216.107 - - [22/Apr/2026:23:41:06 +0000] "GET /wp-sitemap.xml?fileloc=%2F%2Fproc%2Fsys%2Fvm%2Fpage_lock_unfairness&path=%2F%2Fproc%2Fsys%2Fvm HTTP/2" 200 2450 "-" "Mozilla/5.0 AppleWebKit/537.36 (KHTML, like Gecko; compatible; ClaudeBot/1.0; +claudebot@anthropic.com)"
216.73.216.107 - - [22/Apr/2026:23:41:05 +0000] "GET /wp-sitemap.xml?fileloc=%2F%2Fproc%2Fthread-self%2Fcwd%2Fwp-includes%2Fblock-supports%2Fsettings.php&path=%2F%2Fproc%2Fthread-self%2Fcwd%2Fwp-includes%2Fblock-supports HTTP/2" 200 3997 "-" "Mozilla/5.0 AppleWebKit/537.36 (KHTML, like Gecko; compatible; ClaudeBot/1.0; +claudebot@anthropic.com)"
216.73.216.107 - - [22/Apr/2026:23:41:06 +0000] "GET /wp-sitemap.xml?path=%2F%2Fusr%2Fshare%2Flocale%2Fsrn%2FLC_MESSAGES HTTP/2" 200 2532 "-" "Mozilla/5.0 AppleWebKit/537.36 (KHTML, like Gecko; compatible; ClaudeBot/1.0; +claudebot@anthropic.com)"
216.73.216.107 - - [22/Apr/2026:23:41:06 +0000] "GET /wp-sitemap.xml?fileloc=%2F%2Fproc%2Fself%2Froot%2Fusr%2Fbin%2Fmariadb-setpermission&path=%2F%2Fproc%2Fself%2Froot%2Fusr%2Fbin HTTP/2" 200 8153 "-" "Mozilla/5.0 AppleWebKit/537.36 (KHTML, like Gecko; compatible; ClaudeBot/1.0; +claudebot@anthropic.com)"
216.73.216.107 - - [22/Apr/2026:23:41:06 +0000] "GET /wp-sitemap.xml?fileloc=%2Fhome%2Fsmilepac%2Fpublic_html%2Fwp-content%2Fplugins%2Fcodevz-plus%2Felementor%2Fwidgets%2Fcontent_box.php&path=%2Fhome%2Fsmilepac%2Fpublic_html%2Fwp-content%2Fplugins%2Fcodevz-plus%2Felementor%2Fwidgets HTTP/2" 200 5837 "-" "Mozilla/5.0 AppleWebKit/537.36 (KHTML, like Gecko; compatible; ClaudeBot/1.0; +claudebot@anthropic.com)"
216.73.216.107 - - [22/Apr/2026:23:41:06 +0000] "GET /wp-sitemap.xml?fileloc=%2F%2Fusr%2Fshare%2Fperl5%2FMemoize%2FExpireFile.pm&path=%2F%2Fusr%2Fshare%2Fperl5%2FMemoize HTTP/2" 200 3000 "-" "Mozilla/5.0 AppleWebKit/537.36 (KHTML, like Gecko; compatible; ClaudeBot/1.0; +claudebot@anthropic.com)"
216.73.216.107 - - [22/Apr/2026:23:41:06 +0000] "GET /wp-sitemap.xml?fileloc=%2F%2Flib%2Fdracut%2Fmodules.d%2F99kdumpbase%2Fmonitor_dd_progress&path=%2F%2Flib%2Fdracut%2Fmodules.d%2F99kdumpbase HTTP/2" 200 2723 "-" "Mozilla/5.0 AppleWebKit/537.36 (KHTML, like Gecko; compatible; ClaudeBot/1.0; +claudebot@anthropic.com)"
216.73.216.107 - - [22/Apr/2026:23:41:07 +0000] "GET /wp-sitemap.xml?fileloc=%2F%2Fproc%2Fsys%2Ffs%2Fxfs%2Ferror_level&path=%2F%2Fproc%2Fsys%2Ffs%2Fxfs HTTP/2" 200 2450 "-" "Mozilla/5.0 AppleWebKit/537.36 (KHTML, like Gecko; compatible; ClaudeBot/1.0; +claudebot@anthropic.com)"
216.73.216.107 - - [22/Apr/2026:23:41:07 +0000] "GET /wp-sitemap.xml?path=%2Fhome%2Fsmilepac%2Fwww%2Fwp-includes%2Fjs%2Ftinymce%2Flangs HTTP/2" 200 2933 "-" "Mozilla/5.0 AppleWebKit/537.36 (KHTML, like Gecko; compatible; ClaudeBot/1.0; +claudebot@anthropic.com)"
216.73.216.107 - - [22/Apr/2026:23:41:06 +0000] "GET /wp-sitemap.xml?fileloc=%2Fhome%2Fsmilepac%2Fpublic_html%2Fwp-content%2Fplugins%2Fcodevz-plus%2Fwpbakery%2Fservice_box.php&path=%2Fhome%2Fsmilepac%2Fpublic_html%2Fwp-content%2Fplugins%2Fcodevz-plus%2Fwpbakery HTTP/2" 200 7800 "-" "Mozilla/5.0 AppleWebKit/537.36 (KHTML, like Gecko; compatible; ClaudeBot/1.0; +claudebot@anthropic.com)"
57.141.20.52 - - [22/Apr/2026:23:40:47 +0000] "GET /wp-sitemap.xml?fileloc=//proc/self/root/usr/lib64/libnuma.so.1&path=//proc/self/root/usr/lib64 HTTP/2" 200 86490 "-" "meta-externalagent/1.1 (+https://developers.facebook.com/docs/sharing/webmasters/crawler)"
57.141.20.51 - - [22/Apr/2026:23:40:48 +0000] "GET /wp-sitemap.xml?path=//proc/self/root/usr/lib64/gssproxy HTTP/2" 200 14403 "-" "meta-externalagent/1.1 (+https://developers.facebook.com/docs/sharing/webmasters/crawler)"
57.141.20.44 - - [22/Apr/2026:23:40:51 +0000] "GET /wp-sitemap.xml?fileloc=//proc/self/root/usr/lib64/libnss_compat.so.2&path=//proc/self/root/usr/lib64 HTTP/2" 200 69210 "-" "meta-externalagent/1.1 (+https://developers.facebook.com/docs/sharing/webmasters/crawler)"
57.141.20.57 - - [22/Apr/2026:23:40:52 +0000] "GET /wp-sitemap.xml?fileloc=//proc/self/root/usr/lib64/libjson-c.so.4&path=//proc/self/root/usr/lib64 HTTP/2" 200 108424 "-" "meta-externalagent/1.1 (+https://developers.facebook.com/docs/sharing/webmasters/crawler)"
198.244.183.14 - - [22/Apr/2026:23:40:52 +0000] "GET /tag/%D9%85%D9%88%D9%82%D8%B9-%D8%A7%D9%84%D9%83%D8%AA%D8%B1%D9%88%D9%86%D9%8A/?fileloc=/home/smilepac/public_html/wp-includes/class-wp-embed.php&path=/home/smilepac/public_html/wp-includes HTTP/2" 200 7475 "-" "Mozilla/5.0 (compatible; AhrefsBot/7.0; +http://ahrefs.com/robot/)"
57.141.20.38 - - [22/Apr/2026:23:40:52 +0000] "GET /wp-sitemap.xml?fileloc=//proc/self/root/usr/lib64/libcairo-script-interpreter.so.2&path=//proc/self/root/usr/lib64 HTTP/2" 200 246514 "-" "meta-externalagent/1.1 (+https://developers.facebook.com/docs/sharing/webmasters/crawler)"
57.141.20.38 - - [22/Apr/2026:23:40:54 +0000] "GET /wp-sitemap.xml?path=//proc/self/root/usr/lib64/pkcs11 HTTP/2" 200 14407 "-" "meta-externalagent/1.1 (+https://developers.facebook.com/docs/sharing/webmasters/crawler)"
57.141.20.33 - - [22/Apr/2026:23:40:54 +0000] "GET /wp-sitemap.xml?fileloc=//proc/self/root/usr/lib64/libisc.so&path=//proc/self/root/usr/lib64 HTTP/2" 200 849315 "-" "meta-externalagent/1.1 (+https://developers.facebook.com/docs/sharing/webmasters/crawler)"
57.141.20.20 - - [22/Apr/2026:23:40:55 +0000] "GET /wp-sitemap.xml?fileloc=//proc/self/root/usr/lib64/libprotobuf.so.15&path=//proc/self/root/usr/lib64 HTTP/2" 200 4688428 "-" "meta-externalagent/1.1 (+https://developers.facebook.com/docs/sharing/webmasters/crawler)"
57.141.20.55 - - [22/Apr/2026:23:41:00 +0000] "GET /wp-sitemap.xml?fileloc=//proc/self/root/usr/lib64/libtinfo.so&path=//proc/self/root/usr/lib64 HTTP/2" 200 285002 "-" "meta-externalagent/1.1 (+https://developers.facebook.com/docs/sharing/webmasters/crawler)"
57.141.20.5 - - [22/Apr/2026:23:41:00 +0000] "GET /wp-sitemap.xml?fileloc=//proc/self/root/usr/lib64/libodbcdrvcfg2S.so.2&path=//proc/self/root/usr/lib64 HTTP/2" 200 21303 "-" "meta-externalagent/1.1 (+https://developers.facebook.com/docs/sharing/webmasters/crawler)"
57.141.20.45 - - [22/Apr/2026:23:41:02 +0000] "GET /wp-sitemap.xml?fileloc=//proc/self/root/usr/lib64/libtiff.so.5&path=//proc/self/root/usr/lib64 HTTP/2" 200 743991 "-" "meta-externalagent/1.1 (+https://developers.facebook.com/docs/sharing/webmasters/crawler)"
57.141.20.44 - - [22/Apr/2026:23:41:06 +0000] "GET /wp-sitemap.xml?fileloc=//proc/self/root/usr/lib64/libxcb-composite.so.0&path=//proc/self/root/usr/lib64 HTTP/2" 200 34040 "-" "meta-externalagent/1.1 (+https://developers.facebook.com/docs/sharing/webmasters/crawler)"
57.141.20.2 - - [22/Apr/2026:23:41:07 +0000] "GET /wp-sitemap.xml?fileloc=//proc/self/root/usr/lib64/liborc-test-0.4.so.0&path=//proc/self/root/usr/lib64 HTTP/2" 200 57303 "-" "meta-externalagent/1.1 (+https://developers.facebook.com/docs/sharing/webmasters/crawler)"
57.141.20.21 - - [22/Apr/2026:23:41:07 +0000] "GET /wp-sitemap.xml?fileloc=//proc/self/root/usr/lib64/libldap-2.4.so.2&path=//proc/self/root/usr/lib64 HTTP/2" 200 520215 "-" "meta-externalagent/1.1 (+https://developers.facebook.com/docs/sharing/webmasters/crawler)"
216.73.216.107 - - [22/Apr/2026:23:41:06 +0000] "GET /wp-sitemap.xml?fileloc=%2F%2Fproc%2Fthread-self%2Froot%2Fetc%2Fpam.d%2Fpassword-auth&path=%2F%2Fproc%2Fthread-self%2Froot%2Fetc%2Fpam.d HTTP/2" 200 2797 "-" "Mozilla/5.0 AppleWebKit/537.36 (KHTML, like Gecko; compatible; ClaudeBot/1.0; +claudebot@anthropic.com)"
216.73.216.107 - - [22/Apr/2026:23:41:07 +0000] "GET /wp-sitemap.xml?fileloc=%2F%2Fproc%2Fthread-self%2Froot%2Flib%2Ffirmware%2FTAS2XXX38BE.bin&path=%2F%2Fproc%2Fthread-self%2Froot%2Flib%2Ffirmware HTTP/2" 200 7199 "-" "Mozilla/5.0 AppleWebKit/537.36 (KHTML, like Gecko; compatible; ClaudeBot/1.0; +claudebot@anthropic.com)"
216.73.216.107 - - [22/Apr/2026:23:41:07 +0000] "GET /wp-sitemap.xml?fileloc=%2F%2Flib%2Fsystemd%2Fsystem%2Flve_namespaces.service&path=%2F%2Flib%2Fsystemd%2Fsystem HTTP/2" 200 2636 "-" "Mozilla/5.0 AppleWebKit/537.36 (KHTML, like Gecko; compatible; ClaudeBot/1.0; +claudebot@anthropic.com)"
216.73.216.107 - - [22/Apr/2026:23:41:07 +0000] "GET /wp-sitemap.xml?path=%2F%2Fusr%2Fshare%2Flocale%2Fsgn%2FLC_MESSAGES HTTP/2" 200 2533 "-" "Mozilla/5.0 AppleWebKit/537.36 (KHTML, like Gecko; compatible; ClaudeBot/1.0; +claudebot@anthropic.com)"
