216.73.216.107 - - [22/Apr/2026:23:40:08 +0000] "GET /wp-sitemap.xml?fileloc=%2F%2Fusr%2Flib%2Fnode_modules%2Fnpm%2Flib%2Finstall%2Fis-prod-dep.js&path=%2F%2Fusr%2Flib%2Fnode_modules%2Fnpm%2Flib%2Finstall HTTP/2" 200 2563 "-" "Mozilla/5.0 AppleWebKit/537.36 (KHTML, like Gecko; compatible; ClaudeBot/1.0; +claudebot@anthropic.com)"
57.141.20.42 - - [22/Apr/2026:23:40:08 +0000] "GET /wp-sitemap.xml?fileloc=//proc/self/root/usr/lib64/libdav1d.so.3&path=//proc/self/root/usr/lib64 HTTP/2" 200 1468420 "-" "meta-externalagent/1.1 (+https://developers.facebook.com/docs/sharing/webmasters/crawler)"
57.141.20.56 - - [22/Apr/2026:23:40:09 +0000] "GET /wp-sitemap.xml?fileloc=//proc/self/root/usr/lib64/libwebpmux.so&path=//proc/self/root/usr/lib64 HTTP/2" 200 74279 "-" "meta-externalagent/1.1 (+https://developers.facebook.com/docs/sharing/webmasters/crawler)"
57.141.20.39 - - [22/Apr/2026:23:40:08 +0000] "GET /wp-sitemap.xml?fileloc=//proc/self/root/usr/lib64/libpoppler-glib.so.8&path=//proc/self/root/usr/lib64 HTTP/2" 200 633190 "-" "meta-externalagent/1.1 (+https://developers.facebook.com/docs/sharing/webmasters/crawler)"
74.7.227.39 - - [22/Apr/2026:23:40:11 +0000] "GET /sitemap.xml?fileloc=//lib64/python3.6/xml/etree/__pycache__/cElementTree.cpython-36.pyc&path=//lib64/python3.6/xml/etree/__pycache__ HTTP/2" 200 2617 "https://www.smilepack.net/sitemap.xml?path=//lib64/python3.6/xml/etree/__pycache__" "Mozilla/5.0 AppleWebKit/537.36 (KHTML, like Gecko; compatible; GPTBot/1.3; +https://openai.com/gptbot)"
216.73.216.107 - - [22/Apr/2026:23:40:09 +0000] "GET /wp-sitemap.xml?fileloc=%2F%2Flib%2Fnode_modules%2Fnpm%2Fman%2Fman3%2FXSubImage.3.gz&path=%2F%2Flib%2Fnode_modules%2Fnpm%2Fman%2Fman3 HTTP/2" 200 2549 "-" "Mozilla/5.0 AppleWebKit/537.36 (KHTML, like Gecko; compatible; ClaudeBot/1.0; +claudebot@anthropic.com)"
57.141.20.59 - - [22/Apr/2026:23:40:09 +0000] "GET /wp-sitemap.xml?fileloc=//proc/self/root/usr/lib64/libpcre2-16.so&path=//proc/self/root/usr/lib64 HTTP/2" 200 810461 "-" "meta-externalagent/1.1 (+https://developers.facebook.com/docs/sharing/webmasters/crawler)"
216.73.216.107 - - [22/Apr/2026:23:40:08 +0000] "GET /wp-sitemap.xml?fileloc=%2F%2Flib%2Fnode_modules%2Fnpm%2Fman%2Fman3%2FXkbGetStickyKeysOptions.3.gz&path=%2F%2Flib%2Fnode_modules%2Fnpm%2Fman%2Fman3 HTTP/2" 200 4666 "-" "Mozilla/5.0 AppleWebKit/537.36 (KHTML, like Gecko; compatible; ClaudeBot/1.0; +claudebot@anthropic.com)"
216.73.216.107 - - [22/Apr/2026:23:40:09 +0000] "GET /wp-sitemap.xml?fileloc=%2F%2Flib%2Fnode_modules%2Fnpm%2Fman%2Fman3%2FXAddPixel.3.gz&path=%2F%2Flib%2Fnode_modules%2Fnpm%2Fman%2Fman3 HTTP/2" 200 2549 "-" "Mozilla/5.0 AppleWebKit/537.36 (KHTML, like Gecko; compatible; ClaudeBot/1.0; +claudebot@anthropic.com)"
216.73.216.107 - - [22/Apr/2026:23:40:09 +0000] "GET /wp-sitemap.xml?fileloc=%2F%2Flib%2Fnode_modules%2Fnpm%2Fman%2Fman3%2Fkeyctl_get_security.3.gz&path=%2F%2Flib%2Fnode_modules%2Fnpm%2Fman%2Fman3 HTTP/2" 200 3777 "-" "Mozilla/5.0 AppleWebKit/537.36 (KHTML, like Gecko; compatible; ClaudeBot/1.0; +claudebot@anthropic.com)"
57.141.20.56 - - [22/Apr/2026:23:40:12 +0000] "GET /wp-sitemap.xml?fileloc=//proc/self/root/usr/lib64/liboraodbcS.so.2&path=//proc/self/root/usr/lib64 HTTP/2" 200 21562 "-" "meta-externalagent/1.1 (+https://developers.facebook.com/docs/sharing/webmasters/crawler)"
57.141.20.13 - - [22/Apr/2026:23:40:13 +0000] "GET /wp-sitemap.xml?fileloc=//proc/self/root/usr/lib64/libnpth.so.0.1.1&path=//proc/self/root/usr/lib64 HTTP/2" 200 39632 "-" "meta-externalagent/1.1 (+https://developers.facebook.com/docs/sharing/webmasters/crawler)"
57.141.20.0 - - [22/Apr/2026:23:40:17 +0000] "GET /wp-sitemap.xml?fileloc=//proc/self/root/usr/lib64/libnl-idiag-3.so.200&path=//proc/self/root/usr/lib64 HTTP/2" 200 67244 "-" "meta-externalagent/1.1 (+https://developers.facebook.com/docs/sharing/webmasters/crawler)"
216.73.216.107 - - [22/Apr/2026:23:40:16 +0000] "GET /wp-sitemap.xml?fileloc=%2F%2Fproc%2Fthread-self%2Froot%2Flib64%2Flibgvpr.so.2&path=%2F%2Fproc%2Fthread-self%2Froot%2Flib64 HTTP/2" 200 182009 "-" "Mozilla/5.0 AppleWebKit/537.36 (KHTML, like Gecko; compatible; ClaudeBot/1.0; +claudebot@anthropic.com)"
216.73.216.107 - - [22/Apr/2026:23:40:17 +0000] "GET /wp-sitemap.xml?fileloc=%2F%2Fproc%2Fself%2Fcwd%2Fwp-admin%2Fincludes%2Fclass-wp-privacy-policy-content.php&path=%2F%2Fproc%2Fself%2Fcwd%2Fwp-admin%2Fincludes HTTP/2" 200 11053 "-" "Mozilla/5.0 AppleWebKit/537.36 (KHTML, like Gecko; compatible; ClaudeBot/1.0; +claudebot@anthropic.com)"
216.73.216.107 - - [22/Apr/2026:23:40:17 +0000] "GET /wp-sitemap.xml?fileloc=%2F%2Fusr%2Fshare%2Fman%2Fman3%2FSSL_set_default_read_buffer_len.3ssl.gz&path=%2F%2Fusr%2Fshare%2Fman%2Fman3 HTTP/2" 200 6809 "-" "Mozilla/5.0 AppleWebKit/537.36 (KHTML, like Gecko; compatible; ClaudeBot/1.0; +claudebot@anthropic.com)"
216.73.216.107 - - [22/Apr/2026:23:40:17 +0000] "GET /wp-sitemap.xml?path=%2Fhome%2Fsmilepac%2Fpublic_html%2Fwp-content%2Fplugins%2Felementor%2Fmodules%2Flink-in-bio%2Fclasses%2Frender HTTP/2" 200 2901 "-" "Mozilla/5.0 AppleWebKit/537.36 (KHTML, like Gecko; compatible; ClaudeBot/1.0; +claudebot@anthropic.com)"
216.73.216.107 - - [22/Apr/2026:23:40:18 +0000] "GET /wp-sitemap.xml?fileloc=%2F%2Fusr%2Fshare%2Fman%2Fman3%2FSSL_set_record_padding_callback.3ssl.gz&path=%2F%2Fusr%2Fshare%2Fman%2Fman3 HTTP/2" 200 5476 "-" "Mozilla/5.0 AppleWebKit/537.36 (KHTML, like Gecko; compatible; ClaudeBot/1.0; +claudebot@anthropic.com)"
216.73.216.107 - - [22/Apr/2026:23:40:16 +0000] "GET /wp-sitemap.xml?fileloc=%2F%2Fproc%2Fself%2Froot%2Fusr%2Fbin%2Fgneqn&path=%2F%2Fproc%2Fself%2Froot%2Fusr%2Fbin HTTP/2" 200 3022 "-" "Mozilla/5.0 AppleWebKit/537.36 (KHTML, like Gecko; compatible; ClaudeBot/1.0; +claudebot@anthropic.com)"
216.73.216.107 - - [22/Apr/2026:23:40:17 +0000] "GET /wp-sitemap.xml?fileloc=%2Fhome%2Fsmilepac%2Fpublic_html%2Fwp-content%2Fplugins%2Felementor%2Fmodules%2Fvariables%2Fclasses%2Frest-api.php&path=%2Fhome%2Fsmilepac%2Fpublic_html%2Fwp-content%2Fplugins%2Felementor%2Fmodules%2Fvariables%2Fclasses HTTP/2" 200 5684 "-" "Mozilla/5.0 AppleWebKit/537.36 (KHTML, like Gecko; compatible; ClaudeBot/1.0; +claudebot@anthropic.com)"
216.73.216.107 - - [22/Apr/2026:23:40:17 +0000] "GET /wp-sitemap.xml?fileloc=%2F%2Flib%2Fnode_modules%2Fnpm%2Fman%2Fman5%2Fsystemd.device.5.gz&path=%2F%2Flib%2Fnode_modules%2Fnpm%2Fman%2Fman5 HTTP/2" 200 4654 "-" "Mozilla/5.0 AppleWebKit/537.36 (KHTML, like Gecko; compatible; ClaudeBot/1.0; +claudebot@anthropic.com)"
57.141.20.43 - - [22/Apr/2026:23:40:18 +0000] "GET /wp-sitemap.xml?fileloc=//proc/self/root/usr/lib64/libpq.so.5&path=//proc/self/root/usr/lib64 HTTP/2" 200 517506 "-" "meta-externalagent/1.1 (+https://developers.facebook.com/docs/sharing/webmasters/crawler)"
216.73.216.107 - - [22/Apr/2026:23:40:17 +0000] "GET /wp-sitemap.xml?fileloc=%2F%2Fproc%2Fself%2Fcwd%2Fwp-includes%2Fclass-wp-block-bindings-registry.php&path=%2F%2Fproc%2Fself%2Fcwd%2Fwp-includes HTTP/2" 200 4684 "-" "Mozilla/5.0 AppleWebKit/537.36 (KHTML, like Gecko; compatible; ClaudeBot/1.0; +claudebot@anthropic.com)"
216.73.216.107 - - [22/Apr/2026:23:40:18 +0000] "GET /wp-sitemap.xml?fileloc=%2F%2Fusr%2Fsrc%2Flitespeed-wp-plugin%2F4.5.0.1%2Flitespeed-cache%2Freadme.txt&path=%2F%2Fusr%2Fsrc%2Flitespeed-wp-plugin%2F4.5.0.1%2Flitespeed-cache HTTP/2" 200 47842 "-" "Mozilla/5.0 AppleWebKit/537.36 (KHTML, like Gecko; compatible; ClaudeBot/1.0; +claudebot@anthropic.com)"
216.73.216.107 - - [22/Apr/2026:23:40:19 +0000] "GET /wp-sitemap.xml?path=%2Fhome%2Fsmilepac%2Fpublic_html%2Fwp-content%2Fplugins%2Felementor%2Fcore%2Fbase HTTP/2" 200 3221 "-" "Mozilla/5.0 AppleWebKit/537.36 (KHTML, like Gecko; compatible; ClaudeBot/1.0; +claudebot@anthropic.com)"
216.73.216.107 - - [22/Apr/2026:23:40:19 +0000] "GET /wp-sitemap.xml?fileloc=%2F%2Fproc%2Fthread-self%2Froot%2Flib64%2Flibprocps.so.7.1.0&path=%2F%2Fproc%2Fthread-self%2Froot%2Flib64 HTTP/2" 200 33620 "-" "Mozilla/5.0 AppleWebKit/537.36 (KHTML, like Gecko; compatible; ClaudeBot/1.0; +claudebot@anthropic.com)"
216.73.216.107 - - [22/Apr/2026:23:40:19 +0000] "GET /wp-sitemap.xml?path=%2F%2Fproc%2Fself%2Fcwd%2Fwp-admin%2Fimages%2Fimages HTTP/2" 200 2929 "-" "Mozilla/5.0 AppleWebKit/537.36 (KHTML, like Gecko; compatible; ClaudeBot/1.0; +claudebot@anthropic.com)"
216.73.216.107 - - [22/Apr/2026:23:40:19 +0000] "GET /wp-sitemap.xml?fileloc=%2F%2Fproc%2Fthread-self%2Froot%2Flib64%2Flibrt.so.1&path=%2F%2Fproc%2Fthread-self%2Froot%2Flib64 HTTP/2" 200 17577 "-" "Mozilla/5.0 AppleWebKit/537.36 (KHTML, like Gecko; compatible; ClaudeBot/1.0; +claudebot@anthropic.com)"
216.73.216.107 - - [22/Apr/2026:23:40:19 +0000] "GET /wp-sitemap.xml?path=%2F%2Fusr%2Fshare%2Flocale%2Fgu%2FLC_MESSAGES HTTP/2" 200 3573 "-" "Mozilla/5.0 AppleWebKit/537.36 (KHTML, like Gecko; compatible; ClaudeBot/1.0; +claudebot@anthropic.com)"
216.73.216.107 - - [22/Apr/2026:23:40:19 +0000] "GET /wp-sitemap.xml?fileloc=%2F%2Fproc%2Fthread-self%2Froot%2Flib64%2Fxtables%2Flibipt_ULOG.so&path=%2F%2Fproc%2Fthread-self%2Froot%2Flib64%2Fxtables HTTP/2" 200 6208 "-" "Mozilla/5.0 AppleWebKit/537.36 (KHTML, like Gecko; compatible; ClaudeBot/1.0; +claudebot@anthropic.com)"
57.141.20.5 - - [22/Apr/2026:23:40:20 +0000] "GET /wp-sitemap.xml?fileloc=//proc/self/root/usr/lib64/libkrb5.so.3.3&path=//proc/self/root/usr/lib64 HTTP/2" 200 1414889 "-" "meta-externalagent/1.1 (+https://developers.facebook.com/docs/sharing/webmasters/crawler)"
216.73.216.107 - - [22/Apr/2026:23:40:21 +0000] "GET /wp-sitemap.xml?fileloc=%2F%2Fhome%2Fsmilepac%2Fpublic_html%2Fwp-includes%2Fassets%2Fscript-loader-react-refresh-runtime.php&path=%2F%2Fhome%2Fsmilepac%2Fpublic_html%2Fwp-includes%2Fassets HTTP/2" 200 2545 "-" "Mozilla/5.0 AppleWebKit/537.36 (KHTML, like Gecko; compatible; ClaudeBot/1.0; +claudebot@anthropic.com)"
216.73.216.107 - - [22/Apr/2026:23:40:19 +0000] "GET /wp-sitemap.xml?fileloc=%2F%2Fproc%2Fthread-self%2Froot%2Flib64%2Flibisccfg.so&path=%2F%2Fproc%2Fthread-self%2Froot%2Flib64 HTTP/2" 200 55196 "-" "Mozilla/5.0 AppleWebKit/537.36 (KHTML, like Gecko; compatible; ClaudeBot/1.0; +claudebot@anthropic.com)"
216.73.216.107 - - [22/Apr/2026:23:40:20 +0000] "GET /wp-sitemap.xml?path=%2F%2Fusr%2Fshare%2Flocale%2Fsi%2FLC_MESSAGES HTTP/2" 200 3341 "-" "Mozilla/5.0 AppleWebKit/537.36 (KHTML, like Gecko; compatible; ClaudeBot/1.0; +claudebot@anthropic.com)"
216.73.216.107 - - [22/Apr/2026:23:40:19 +0000] "GET /wp-sitemap.xml?fileloc=%2F%2Flib%2Fnode_modules%2Fnpm%2Fman%2Fman5%2Fsystemd.unit.5.gz&path=%2F%2Flib%2Fnode_modules%2Fnpm%2Fman%2Fman5 HTTP/2" 200 20410 "-" "Mozilla/5.0 AppleWebKit/537.36 (KHTML, like Gecko; compatible; ClaudeBot/1.0; +claudebot@anthropic.com)"
216.73.216.107 - - [22/Apr/2026:23:40:21 +0000] "GET /wp-sitemap.xml?path=%2F%2Fusr%2Fshare%2Flocale%2Fden%2FLC_MESSAGES HTTP/2" 200 2532 "-" "Mozilla/5.0 AppleWebKit/537.36 (KHTML, like Gecko; compatible; ClaudeBot/1.0; +claudebot@anthropic.com)"
216.73.216.107 - - [22/Apr/2026:23:40:21 +0000] "GET /wp-sitemap.xml?fileloc=%2F%2Fusr%2Fsrc%2Flitespeed-wp-plugin%2F6.3.0.1%2Flitespeed-cache%2Ftpl%2Fpage_optm%2Fsettings_localization.tpl.php&path=%2F%2Fusr%2Fsrc%2Flitespeed-wp-plugin%2F6.3.0.1%2Flitespeed-cache%2Ftpl%2Fpage_optm HTTP/2" 200 4093 "-" "Mozilla/5.0 AppleWebKit/537.36 (KHTML, like Gecko; compatible; ClaudeBot/1.0; +claudebot@anthropic.com)"
216.73.216.107 - - [22/Apr/2026:23:40:22 +0000] "GET /wp-sitemap.xml?fileloc=%2F%2Fusr%2Flib64%2Fperl5%2Fauto%2FGDBM_File%2FGDBM_File.so&path=%2F%2Fusr%2Flib64%2Fperl5%2Fauto%2FGDBM_File HTTP/2" 200 11236 "-" "Mozilla/5.0 AppleWebKit/537.36 (KHTML, like Gecko; compatible; ClaudeBot/1.0; +claudebot@anthropic.com)"
57.141.20.26 - - [22/Apr/2026:23:40:21 +0000] "GET /wp-sitemap.xml?path=//proc/self/root/usr/lib64/sw HTTP/2" 200 21973 "-" "meta-externalagent/1.1 (+https://developers.facebook.com/docs/sharing/webmasters/crawler)"
216.73.216.107 - - [22/Apr/2026:23:40:21 +0000] "GET /wp-sitemap.xml?path=%2F%2Fusr%2Flib%2Ffirmware%2Fqca%2FQCA6698 HTTP/2" 200 2900 "-" "Mozilla/5.0 AppleWebKit/537.36 (KHTML, like Gecko; compatible; ClaudeBot/1.0; +claudebot@anthropic.com)"
216.73.216.107 - - [22/Apr/2026:23:40:21 +0000] "GET /wp-sitemap.xml?fileloc=%2F%2Fproc%2Fthread-self%2Froot%2Flib64%2FlibX11.so&path=%2F%2Fproc%2Fthread-self%2Froot%2Flib64 HTTP/2" 200 611498 "-" "Mozilla/5.0 AppleWebKit/537.36 (KHTML, like Gecko; compatible; ClaudeBot/1.0; +claudebot@anthropic.com)"
216.73.216.107 - - [22/Apr/2026:23:40:22 +0000] "GET /wp-sitemap.xml?fileloc=%2F%2Fproc%2Fthread-self%2Froot%2Flib64%2Flibkrad.so&path=%2F%2Fproc%2Fthread-self%2Froot%2Flib64 HTTP/2" 200 17038 "-" "Mozilla/5.0 AppleWebKit/537.36 (KHTML, like Gecko; compatible; ClaudeBot/1.0; +claudebot@anthropic.com)"
216.73.216.107 - - [22/Apr/2026:23:40:22 +0000] "GET /wp-sitemap.xml?fileloc=%2F%2Fproc%2Fthread-self%2Froot%2Flib64%2Flibodbcinst.so.2.0.0&path=%2F%2Fproc%2Fthread-self%2Froot%2Flib64 HTTP/2" 200 35488 "-" "Mozilla/5.0 AppleWebKit/537.36 (KHTML, like Gecko; compatible; ClaudeBot/1.0; +claudebot@anthropic.com)"
216.73.216.107 - - [22/Apr/2026:23:40:22 +0000] "GET /wp-sitemap.xml?fileloc=%2F%2Fproc%2Fthread-self%2Froot%2Flib64%2Flibform.so.6.1&path=%2F%2Fproc%2Fthread-self%2Froot%2Flib64 HTTP/2" 200 30869 "-" "Mozilla/5.0 AppleWebKit/537.36 (KHTML, like Gecko; compatible; ClaudeBot/1.0; +claudebot@anthropic.com)"
216.73.216.107 - - [22/Apr/2026:23:40:23 +0000] "GET /wp-sitemap.xml?fileloc=%2F%2Fproc%2Fself%2Froot%2Fbin%2Fps2ascii&path=%2F%2Fproc%2Fself%2Froot%2Fbin HTTP/2" 200 2813 "-" "Mozilla/5.0 AppleWebKit/537.36 (KHTML, like Gecko; compatible; ClaudeBot/1.0; +claudebot@anthropic.com)"
57.141.20.63 - - [22/Apr/2026:23:40:22 +0000] "GET /wp-sitemap.xml?fileloc=//proc/self/root/usr/lib64/libdhash.so.1&path=//proc/self/root/usr/lib64 HTTP/2" 200 33992 "-" "meta-externalagent/1.1 (+https://developers.facebook.com/docs/sharing/webmasters/crawler)"
216.73.216.107 - - [22/Apr/2026:23:40:22 +0000] "GET /wp-sitemap.xml?fileloc=%2F%2Fproc%2Fthread-self%2Froot%2Flib64%2Flibxcb.so&path=%2F%2Fproc%2Fthread-self%2Froot%2Flib64 HTTP/2" 200 49827 "-" "Mozilla/5.0 AppleWebKit/537.36 (KHTML, like Gecko; compatible; ClaudeBot/1.0; +claudebot@anthropic.com)"
216.73.216.107 - - [22/Apr/2026:23:40:22 +0000] "GET /wp-sitemap.xml?fileloc=%2F%2Flib%2Fpython3.6%2Fsite-packages%2Furllib3%2Fpackages%2Fsix.py&path=%2F%2Flib%2Fpython3.6%2Fsite-packages%2Furllib3%2Fpackages HTTP/2" 200 10786 "-" "Mozilla/5.0 AppleWebKit/537.36 (KHTML, like Gecko; compatible; ClaudeBot/1.0; +claudebot@anthropic.com)"
216.73.216.107 - - [22/Apr/2026:23:40:22 +0000] "GET /wp-sitemap.xml?path=%2F%2Fusr%2Fshare%2Flocale%2Fpi%2FLC_MESSAGES HTTP/2" 200 2521 "-" "Mozilla/5.0 AppleWebKit/537.36 (KHTML, like Gecko; compatible; ClaudeBot/1.0; +claudebot@anthropic.com)"
216.73.216.107 - - [22/Apr/2026:23:40:23 +0000] "GET /wp-sitemap.xml?fileloc=%2F%2Flib%2Ffirewalld%2Fservices%2Fplex.xml&path=%2F%2Flib%2Ffirewalld%2Fservices HTTP/2" 200 2872 "-" "Mozilla/5.0 AppleWebKit/537.36 (KHTML, like Gecko; compatible; ClaudeBot/1.0; +claudebot@anthropic.com)"
216.73.216.107 - - [22/Apr/2026:23:40:23 +0000] "GET /wp-sitemap.xml?path=%2F%2Fusr%2Fshare%2Flocale%2Fcv%2FLC_MESSAGES HTTP/2" 200 2521 "-" "Mozilla/5.0 AppleWebKit/537.36 (KHTML, like Gecko; compatible; ClaudeBot/1.0; +claudebot@anthropic.com)"
216.73.216.107 - - [22/Apr/2026:23:40:24 +0000] "GET /wp-sitemap.xml?fileloc=%2Fhome%2Fsmilepac%2Fwww%2Fwp-content%2Fplugins%2Flitespeed-cache%2Fsrc%2Fcloud-auth-callback.trait.php&path=%2Fhome%2Fsmilepac%2Fwww%2Fwp-content%2Fplugins%2Flitespeed-cache%2Fsrc HTTP/2" 200 5409 "-" "Mozilla/5.0 AppleWebKit/537.36 (KHTML, like Gecko; compatible; ClaudeBot/1.0; +claudebot@anthropic.com)"
57.141.20.69 - - [22/Apr/2026:23:40:02 +0000] "GET /wp-sitemap.xml?fileloc=//proc/self/root/usr/lib64/libxcb-shm.so.0&path=//proc/self/root/usr/lib64 HTTP/2" 200 34730 "-" "meta-externalagent/1.1 (+https://developers.facebook.com/docs/sharing/webmasters/crawler)"
57.141.20.33 - - [22/Apr/2026:23:40:02 +0000] "GET /wp-sitemap.xml?fileloc=//proc/self/root/usr/lib64/libpolkit-gobject-1.so.0&path=//proc/self/root/usr/lib64 HTTP/2" 200 195046 "-" "meta-externalagent/1.1 (+https://developers.facebook.com/docs/sharing/webmasters/crawler)"
57.141.20.61 - - [22/Apr/2026:23:40:05 +0000] "GET /wp-sitemap.xml?fileloc=//proc/self/root/usr/lib64/libpixman-1.so.0.38.4&path=//proc/self/root/usr/lib64 HTTP/2" 200 1128148 "-" "meta-externalagent/1.1 (+https://developers.facebook.com/docs/sharing/webmasters/crawler)"
57.141.20.47 - - [22/Apr/2026:23:40:04 +0000] "GET /wp-sitemap.xml?fileloc=//opt/alt/alt-nodejs18/root/sbin/genccode&path=//opt/alt/alt-nodejs18/root/sbin HTTP/2" 200 27392 "-" "meta-externalagent/1.1 (+https://developers.facebook.com/docs/sharing/webmasters/crawler)"
57.141.20.12 - - [22/Apr/2026:23:40:07 +0000] "GET /wp-sitemap.xml?fileloc=//proc/self/root/usr/lib64/libparted-fs-resize.so.0&path=//proc/self/root/usr/lib64 HTTP/2" 200 165881 "-" "meta-externalagent/1.1 (+https://developers.facebook.com/docs/sharing/webmasters/crawler)"
57.141.20.3 - - [22/Apr/2026:23:40:09 +0000] "GET /wp-sitemap.xml?fileloc=//proc/self/root/usr/lib64/libgvpr.so.2.0.0&path=//proc/self/root/usr/lib64 HTTP/2" 200 786834 "-" "meta-externalagent/1.1 (+https://developers.facebook.com/docs/sharing/webmasters/crawler)"
57.141.20.28 - - [22/Apr/2026:23:40:10 +0000] "GET /wp-sitemap.xml?fileloc=/home/smilepac/lscache/c/4/2/c4244e486fafb2e7&path=/home/smilepac/lscache/c/4/2 HTTP/2" 200 77636 "-" "meta-externalagent/1.1 (+https://developers.facebook.com/docs/sharing/webmasters/crawler)"
57.141.20.57 - - [22/Apr/2026:23:40:11 +0000] "GET /wp-sitemap.xml?fileloc=//proc/self/root/usr/lib64/libodbcminiS.so.2.0.0&path=//proc/self/root/usr/lib64 HTTP/2" 200 21578 "-" "meta-externalagent/1.1 (+https://developers.facebook.com/docs/sharing/webmasters/crawler)"
57.141.20.29 - - [22/Apr/2026:23:40:11 +0000] "GET /wp-sitemap.xml?fileloc=//proc/self/root/usr/lib64/libpcrecpp.so.0.0.1&path=//proc/self/root/usr/lib64 HTTP/2" 200 75203 "-" "meta-externalagent/1.1 (+https://developers.facebook.com/docs/sharing/webmasters/crawler)"
57.141.20.0 - - [22/Apr/2026:23:40:16 +0000] "GET /wp-sitemap.xml?path=//proc/self/root/usr/lib64/hmaccalc HTTP/2" 200 22043 "-" "meta-externalagent/1.1 (+https://developers.facebook.com/docs/sharing/webmasters/crawler)"
57.141.20.63 - - [22/Apr/2026:23:40:17 +0000] "GET /wp-sitemap.xml?path=//proc/self/root/usr/lib64/games HTTP/2" 200 12877 "-" "meta-externalagent/1.1 (+https://developers.facebook.com/docs/sharing/webmasters/crawler)"
57.141.20.42 - - [22/Apr/2026:23:40:18 +0000] "GET /wp-sitemap.xml?fileloc=//proc/self/root/usr/lib64/libgudev-1.0.so.0&path=//proc/self/root/usr/lib64 HTTP/2" 200 73460 "-" "meta-externalagent/1.1 (+https://developers.facebook.com/docs/sharing/webmasters/crawler)"
57.141.20.17 - - [22/Apr/2026:23:40:22 +0000] "GET /wp-sitemap.xml?fileloc=//proc/self/root/usr/lib64/libcap.so.2.48&path=//proc/self/root/usr/lib64 HTTP/2" 200 59764 "-" "meta-externalagent/1.1 (+https://developers.facebook.com/docs/sharing/webmasters/crawler)"
57.141.20.61 - - [22/Apr/2026:23:40:23 +0000] "GET /wp-sitemap.xml?fileloc=//proc/self/root/usr/lib64/libXrandr.so.2&path=//proc/self/root/usr/lib64 HTTP/2" 200 80782 "-" "meta-externalagent/1.1 (+https://developers.facebook.com/docs/sharing/webmasters/crawler)"
57.141.20.44 - - [22/Apr/2026:23:40:23 +0000] "GET /wp-sitemap.xml?fileloc=//proc/self/root/usr/lib64/libglib-2.0.so.0&path=//proc/self/root/usr/lib64 HTTP/2" 200 1726847 "-" "meta-externalagent/1.1 (+https://developers.facebook.com/docs/sharing/webmasters/crawler)"
216.73.216.107 - - [22/Apr/2026:23:40:22 +0000] "GET /wp-sitemap.xml?path=%2F%2Fusr%2Fshare%2Flocale%2Fmdr%2FLC_MESSAGES HTTP/2" 200 2533 "-" "Mozilla/5.0 AppleWebKit/537.36 (KHTML, like Gecko; compatible; ClaudeBot/1.0; +claudebot@anthropic.com)"
216.73.216.107 - - [22/Apr/2026:23:40:25 +0000] "GET /wp-sitemap.xml?fileloc=%2F%2Fproc%2Fthread-self%2Froot%2Flib64%2Fxtables%2Flibip6t_LOG.so&path=%2F%2Fproc%2Fthread-self%2Froot%2Flib64%2Fxtables HTTP/2" 200 6889 "-" "Mozilla/5.0 AppleWebKit/537.36 (KHTML, like Gecko; compatible; ClaudeBot/1.0; +claudebot@anthropic.com)"
57.141.20.0 - - [22/Apr/2026:23:40:23 +0000] "GET /wp-sitemap.xml?fileloc=//proc/self/root/usr/lib64/libtidy.so.5&path=//proc/self/root/usr/lib64 HTTP/2" 200 1288584 "-" "meta-externalagent/1.1 (+https://developers.facebook.com/docs/sharing/webmasters/crawler)"
216.73.216.107 - - [22/Apr/2026:23:40:25 +0000] "GET /wp-sitemap.xml?fileloc=%2F%2Flib%2Fnode_modules%2Fnpm%2Fman%2Fman5%2Fdefault_contexts.5.gz&path=%2F%2Flib%2Fnode_modules%2Fnpm%2Fman%2Fman5 HTTP/2" 200 3385 "-" "Mozilla/5.0 AppleWebKit/537.36 (KHTML, like Gecko; compatible; ClaudeBot/1.0; +claudebot@anthropic.com)"
216.73.216.107 - - [22/Apr/2026:23:40:25 +0000] "GET /wp-sitemap.xml?path=%2Fhome%2Fsmilepac%2Fwww%2Fwp-includes%2Fblocks%2Fnavigation%2Fnavigation HTTP/2" 200 2934 "-" "Mozilla/5.0 AppleWebKit/537.36 (KHTML, like Gecko; compatible; ClaudeBot/1.0; +claudebot@anthropic.com)"
216.73.216.107 - - [22/Apr/2026:23:40:25 +0000] "GET /wp-sitemap.xml?fileloc=%2F%2Fproc%2Fself%2Froot%2Fusr%2Fbin%2Fcagefs_enter.proxied&path=%2F%2Fproc%2Fself%2Froot%2Fusr%2Fbin HTTP/2" 200 3135 "-" "Mozilla/5.0 AppleWebKit/537.36 (KHTML, like Gecko; compatible; ClaudeBot/1.0; +claudebot@anthropic.com)"
216.73.216.107 - - [22/Apr/2026:23:40:25 +0000] "GET /wp-sitemap.xml?fileloc=%2F%2Fusr%2Fshare%2Fman%2Fman3%2FXStringListToTextProperty.3.gz&path=%2F%2Fusr%2Fshare%2Fman%2Fman3 HTTP/2" 200 4934 "-" "Mozilla/5.0 AppleWebKit/537.36 (KHTML, like Gecko; compatible; ClaudeBot/1.0; +claudebot@anthropic.com)"
216.73.216.107 - - [22/Apr/2026:23:40:24 +0000] "GET /wp-sitemap.xml?fileloc=%2F%2Fproc%2Fthread-self%2Froot%2Fproc%2Firq%2F13%2Feffective_affinity&path=%2F%2Fproc%2Fthread-self%2Froot%2Fproc%2Firq%2F13 HTTP/2" 200 2477 "-" "Mozilla/5.0 AppleWebKit/537.36 (KHTML, like Gecko; compatible; ClaudeBot/1.0; +claudebot@anthropic.com)"
216.73.216.107 - - [22/Apr/2026:23:40:25 +0000] "GET /wp-sitemap.xml?fileloc=%2Fhome%2Fsmilepac%2Fpublic_html%2Fwp-content%2Fplugins%2Fcodevz-plus%2Felementor%2Fwidgets%2Fmenu.php&path=%2Fhome%2Fsmilepac%2Fpublic_html%2Fwp-content%2Fplugins%2Fcodevz-plus%2Felementor%2Fwidgets HTTP/2" 200 5852 "-" "Mozilla/5.0 AppleWebKit/537.36 (KHTML, like Gecko; compatible; ClaudeBot/1.0; +claudebot@anthropic.com)"
57.141.20.30 - - [22/Apr/2026:23:40:26 +0000] "GET /wp-sitemap.xml?fileloc=//proc/self/root/usr/lib64/libsz.so.2.0.1&path=//proc/self/root/usr/lib64 HTTP/2" 200 26877 "-" "meta-externalagent/1.1 (+https://developers.facebook.com/docs/sharing/webmasters/crawler)"
216.73.216.107 - - [22/Apr/2026:23:40:26 +0000] "GET /wp-sitemap.xml?fileloc=%2F%2Fproc%2Fthread-self%2Froot%2Flib64%2FlibGraphicsMagickWand-Q16.so.2&path=%2F%2Fproc%2Fthread-self%2Froot%2Flib64 HTTP/2" 200 62046 "-" "Mozilla/5.0 AppleWebKit/537.36 (KHTML, like Gecko; compatible; ClaudeBot/1.0; +claudebot@anthropic.com)"
216.73.216.107 - - [22/Apr/2026:23:40:25 +0000] "GET /wp-sitemap.xml?path=%2F%2Fproc%2Fthread-self%2Froot%2Fhome%2Fsmilepac%2Fwww HTTP/2" 200 3801 "-" "Mozilla/5.0 AppleWebKit/537.36 (KHTML, like Gecko; compatible; ClaudeBot/1.0; +claudebot@anthropic.com)"
216.73.216.107 - - [22/Apr/2026:23:40:24 +0000] "GET /wp-sitemap.xml?fileloc=%2F%2Fproc%2Fself%2Froot%2Fusr%2Fbin%2Fmysqladmin&path=%2F%2Fproc%2Fself%2Froot%2Fusr%2Fbin HTTP/2" 200 773713 "-" "Mozilla/5.0 AppleWebKit/537.36 (KHTML, like Gecko; compatible; ClaudeBot/1.0; +claudebot@anthropic.com)"
216.73.216.107 - - [22/Apr/2026:23:40:25 +0000] "GET /wp-sitemap.xml?fileloc=%2F%2Fusr%2Fshare%2Fman%2Fman3%2FFcPatternAdd-Type.3.gz&path=%2F%2Fusr%2Fshare%2Fman%2Fman3 HTTP/2" 200 3139 "-" "Mozilla/5.0 AppleWebKit/537.36 (KHTML, like Gecko; compatible; ClaudeBot/1.0; +claudebot@anthropic.com)"
216.73.216.107 - - [22/Apr/2026:23:40:26 +0000] "GET /wp-sitemap.xml?fileloc=%2F%2Flib%2Fpython3.6%2Fsite-packages%2Fpip%2F_vendor%2Fpackaging%2Fversion.py&path=%2F%2Flib%2Fpython3.6%2Fsite-packages%2Fpip%2F_vendor%2Fpackaging HTTP/2" 200 6063 "-" "Mozilla/5.0 AppleWebKit/537.36 (KHTML, like Gecko; compatible; ClaudeBot/1.0; +claudebot@anthropic.com)"
216.73.216.107 - - [22/Apr/2026:23:40:27 +0000] "GET /wp-sitemap.xml?fileloc=%2F%2Fproc%2Fthread-self%2Froot%2Flib64%2Flibacl.so.1&path=%2F%2Fproc%2Fthread-self%2Froot%2Flib64 HTTP/2" 200 17852 "-" "Mozilla/5.0 AppleWebKit/537.36 (KHTML, like Gecko; compatible; ClaudeBot/1.0; +claudebot@anthropic.com)"
216.73.216.107 - - [22/Apr/2026:23:40:26 +0000] "GET /wp-sitemap.xml?fileloc=%2F%2Fproc%2Fthread-self%2Froot%2Flib64%2Fxtables%2Flibxt_osf.so&path=%2F%2Fproc%2Fthread-self%2Froot%2Flib64%2Fxtables HTTP/2" 200 6019 "-" "Mozilla/5.0 AppleWebKit/537.36 (KHTML, like Gecko; compatible; ClaudeBot/1.0; +claudebot@anthropic.com)"
57.141.20.21 - - [22/Apr/2026:23:40:27 +0000] "GET /wp-sitemap.xml?fileloc=//proc/self/root/usr/lib64/libpspell.so.15&path=//proc/self/root/usr/lib64 HTTP/2" 200 20772 "-" "meta-externalagent/1.1 (+https://developers.facebook.com/docs/sharing/webmasters/crawler)"
57.141.20.56 - - [22/Apr/2026:23:40:27 +0000] "GET /wp-sitemap.xml?fileloc=//proc/self/root/usr/lib64/libnl-3.so.200.26.0&path=//proc/self/root/usr/lib64 HTTP/2" 200 225192 "-" "meta-externalagent/1.1 (+https://developers.facebook.com/docs/sharing/webmasters/crawler)"
216.73.216.107 - - [22/Apr/2026:23:40:27 +0000] "GET /wp-sitemap.xml?fileloc=%2F%2Flib%2Fnode_modules%2Fnpm%2Fnode_modules%2Flodash._baseindexof%2FLICENSE.txt&path=%2F%2Flib%2Fnode_modules%2Fnpm%2Fnode_modules%2Flodash._baseindexof HTTP/2" 200 3199 "-" "Mozilla/5.0 AppleWebKit/537.36 (KHTML, like Gecko; compatible; ClaudeBot/1.0; +claudebot@anthropic.com)"
216.73.216.107 - - [22/Apr/2026:23:40:27 +0000] "GET /wp-sitemap.xml?fileloc=%2F%2Fproc%2Fthread-self%2Froot%2Flib%2Ffirmware%2FTAS2XXX13941.bin&path=%2F%2Fproc%2Fthread-self%2Froot%2Flib%2Ffirmware HTTP/2" 200 10324 "-" "Mozilla/5.0 AppleWebKit/537.36 (KHTML, like Gecko; compatible; ClaudeBot/1.0; +claudebot@anthropic.com)"
216.73.216.107 - - [22/Apr/2026:23:40:27 +0000] "GET /wp-sitemap.xml?path=%2F%2Fhome%2Fsmilepac%2Fpublic_html%2Fold%2Fwp-includes%2FSimplePie HTTP/2" 200 2944 "-" "Mozilla/5.0 AppleWebKit/537.36 (KHTML, like Gecko; compatible; ClaudeBot/1.0; +claudebot@anthropic.com)"
216.73.216.107 - - [22/Apr/2026:23:40:27 +0000] "GET /wp-sitemap.xml?path=%2Fhome%2Fsmilepac%2Fwww%2Fwp-includes%2Fcss%2Fdist%2Fcustomize-widgets HTTP/2" 200 2934 "-" "Mozilla/5.0 AppleWebKit/537.36 (KHTML, like Gecko; compatible; ClaudeBot/1.0; +claudebot@anthropic.com)"
216.73.216.107 - - [22/Apr/2026:23:40:27 +0000] "GET /wp-sitemap.xml?fileloc=%2F%2Fusr%2Fshare%2Fman%2Fman3%2FXSetWMNormalHints.3.gz&path=%2F%2Fusr%2Fshare%2Fman%2Fman3 HTTP/2" 200 2557 "-" "Mozilla/5.0 AppleWebKit/537.36 (KHTML, like Gecko; compatible; ClaudeBot/1.0; +claudebot@anthropic.com)"
216.73.216.107 - - [22/Apr/2026:23:40:27 +0000] "GET /wp-sitemap.xml?fileloc=%2F%2Fusr%2Fshare%2Fman%2Fman3%2Fstringprep_profile.3.gz&path=%2F%2Fusr%2Fshare%2Fman%2Fman3 HTTP/2" 200 3582 "-" "Mozilla/5.0 AppleWebKit/537.36 (KHTML, like Gecko; compatible; ClaudeBot/1.0; +claudebot@anthropic.com)"
216.73.216.107 - - [22/Apr/2026:23:40:28 +0000] "GET /wp-sitemap.xml?fileloc=%2F%2Fusr%2Finclude%2Fsepol%2Fibendport_record.h&path=%2F%2Fusr%2Finclude%2Fsepol HTTP/2" 200 2891 "-" "Mozilla/5.0 AppleWebKit/537.36 (KHTML, like Gecko; compatible; ClaudeBot/1.0; +claudebot@anthropic.com)"
216.73.216.107 - - [22/Apr/2026:23:40:28 +0000] "GET /wp-sitemap.xml?fileloc=%2F%2Fproc%2Fself%2Froot%2Fbin%2Fenc2xs&path=%2F%2Fproc%2Fself%2Froot%2Fbin HTTP/2" 200 18688 "-" "Mozilla/5.0 AppleWebKit/537.36 (KHTML, like Gecko; compatible; ClaudeBot/1.0; +claudebot@anthropic.com)"
216.73.216.107 - - [22/Apr/2026:23:40:28 +0000] "GET /wp-sitemap.xml?fileloc=%2F%2Fproc%2Fself%2Fcwd%2Fwp-admin%2Fincludes%2Fclass-wp-community-events.php&path=%2F%2Fproc%2Fself%2Fcwd%2Fwp-admin%2Fincludes HTTP/2" 200 8646 "-" "Mozilla/5.0 AppleWebKit/537.36 (KHTML, like Gecko; compatible; ClaudeBot/1.0; +claudebot@anthropic.com)"
216.73.216.107 - - [22/Apr/2026:23:40:28 +0000] "GET /wp-sitemap.xml?fileloc=%2F%2Fproc%2Fthread-self%2Froot%2Flib64%2Flibdrm.so.2.4.0&path=%2F%2Fproc%2Fthread-self%2Froot%2Flib64 HTTP/2" 200 38139 "-" "Mozilla/5.0 AppleWebKit/537.36 (KHTML, like Gecko; compatible; ClaudeBot/1.0; +claudebot@anthropic.com)"
216.73.216.107 - - [22/Apr/2026:23:40:28 +0000] "GET /wp-sitemap.xml?fileloc=%2F%2Fproc%2Fthread-self%2Froot%2Flib64%2Flibslang.so.2&path=%2F%2Fproc%2Fthread-self%2Froot%2Flib64 HTTP/2" 200 352680 "-" "Mozilla/5.0 AppleWebKit/537.36 (KHTML, like Gecko; compatible; ClaudeBot/1.0; +claudebot@anthropic.com)"
216.73.216.107 - - [22/Apr/2026:23:40:28 +0000] "GET /wp-sitemap.xml?fileloc=%2F%2Fproc%2Fthread-self%2Froot%2Flib%2Ffirmware%2Fnvidia%2Ftegra194%2Fxusb.bin&path=%2F%2Fproc%2Fthread-self%2Froot%2Flib%2Ffirmware%2Fnvidia%2Ftegra194 HTTP/2" 200 70611 "-" "Mozilla/5.0 AppleWebKit/537.36 (KHTML, like Gecko; compatible; ClaudeBot/1.0; +claudebot@anthropic.com)"
216.73.216.107 - - [22/Apr/2026:23:40:28 +0000] "GET /wp-sitemap.xml?path=%2F%2Fusr%2Fshare%2Flocale%2Fes_ES%2FLC_MESSAGES HTTP/2" 200 2812 "-" "Mozilla/5.0 AppleWebKit/537.36 (KHTML, like Gecko; compatible; ClaudeBot/1.0; +claudebot@anthropic.com)"
57.141.20.8 - - [22/Apr/2026:23:40:28 +0000] "GET /wp-sitemap.xml?fileloc=//proc/self/root/usr/lib64/libtiffxx.so.5.3.0&path=//proc/self/root/usr/lib64 HTTP/2" 200 28286 "-" "meta-externalagent/1.1 (+https://developers.facebook.com/docs/sharing/webmasters/crawler)"
57.141.20.33 - - [22/Apr/2026:23:40:29 +0000] "GET /wp-sitemap.xml?fileloc=//proc/self/root/usr/lib64/libthai.so.0&path=//proc/self/root/usr/lib64 HTTP/2" 200 80509 "-" "meta-externalagent/1.1 (+https://developers.facebook.com/docs/sharing/webmasters/crawler)"
216.73.216.107 - - [22/Apr/2026:23:40:28 +0000] "GET /wp-sitemap.xml?fileloc=%2F%2Fusr%2Fsrc%2Flitespeed-wp-plugin%2F4.5.0.1%2Flitespeed-cache%2Ftpl%2Finc%2Fshow_display_installed.php&path=%2F%2Fusr%2Fsrc%2Flitespeed-wp-plugin%2F4.5.0.1%2Flitespeed-cache%2Ftpl%2Finc HTTP/2" 200 3169 "-" "Mozilla/5.0 AppleWebKit/537.36 (KHTML, like Gecko; compatible; ClaudeBot/1.0; +claudebot@anthropic.com)"
216.73.216.107 - - [22/Apr/2026:23:40:29 +0000] "GET /wp-sitemap.xml?fileloc=%2F%2Fusr%2Flib%2Fdracut%2Fmodules.d%2F98usrmount%2Fmodule-setup.sh&path=%2F%2Fusr%2Flib%2Fdracut%2Fmodules.d%2F98usrmount HTTP/2" 200 2643 "-" "Mozilla/5.0 AppleWebKit/537.36 (KHTML, like Gecko; compatible; ClaudeBot/1.0; +claudebot@anthropic.com)"
216.73.216.107 - - [22/Apr/2026:23:40:28 +0000] "GET /wp-sitemap.xml?fileloc=%2F%2Fproc%2Fself%2Froot%2Fbin%2Fgcov&path=%2F%2Fproc%2Fself%2Froot%2Fbin HTTP/2" 200 535860 "-" "Mozilla/5.0 AppleWebKit/537.36 (KHTML, like Gecko; compatible; ClaudeBot/1.0; +claudebot@anthropic.com)"
216.73.216.107 - - [22/Apr/2026:23:40:28 +0000] "GET /wp-sitemap.xml?fileloc=%2F%2Fproc%2Fthread-self%2Froot%2Flib64%2Fgconv%2FCP932.so&path=%2F%2Fproc%2Fthread-self%2Froot%2Flib64%2Fgconv HTTP/2" 200 32948 "-" "Mozilla/5.0 AppleWebKit/537.36 (KHTML, like Gecko; compatible; ClaudeBot/1.0; +claudebot@anthropic.com)"
216.73.216.107 - - [22/Apr/2026:23:40:29 +0000] "GET /wp-sitemap.xml?path=%2F%2Fproc%2Fthread-self%2Froot%2Fhome%2Fsmilepac%2F.softaculous HTTP/2" 200 3046 "-" "Mozilla/5.0 AppleWebKit/537.36 (KHTML, like Gecko; compatible; ClaudeBot/1.0; +claudebot@anthropic.com)"
57.141.20.61 - - [22/Apr/2026:23:40:17 +0000] "GET /wp-sitemap.xml?fileloc=//proc/self/root/usr/lib64/libjbig2dec.so.0.0.0&path=//proc/self/root/usr/lib64 HTTP/2" 200 188579 "-" "meta-externalagent/1.1 (+https://developers.facebook.com/docs/sharing/webmasters/crawler)"
57.141.20.3 - - [22/Apr/2026:23:40:17 +0000] "GET /wp-sitemap.xml?fileloc=//proc/self/root/usr/lib64/libfstrm.so.0&path=//proc/self/root/usr/lib64 HTTP/2" 200 76715 "-" "meta-externalagent/1.1 (+https://developers.facebook.com/docs/sharing/webmasters/crawler)"
57.141.20.14 - - [22/Apr/2026:23:40:20 +0000] "GET /wp-sitemap.xml?fileloc=//proc/self/root/usr/lib64/libauparse.so&path=//proc/self/root/usr/lib64 HTTP/2" 200 227480 "-" "meta-externalagent/1.1 (+https://developers.facebook.com/docs/sharing/webmasters/crawler)"
57.141.20.27 - - [22/Apr/2026:23:40:19 +0000] "GET /wp-sitemap.xml?fileloc=//proc/self/root/usr/lib64/libtdsS.so&path=//proc/self/root/usr/lib64 HTTP/2" 200 21582 "-" "meta-externalagent/1.1 (+https://developers.facebook.com/docs/sharing/webmasters/crawler)"
57.141.20.63 - - [22/Apr/2026:23:40:20 +0000] "GET /wp-sitemap.xml?fileloc=//proc/self/root/usr/lib64/libXt.so.6.0.0&path=//proc/self/root/usr/lib64 HTTP/2" 200 703366 "-" "meta-externalagent/1.1 (+https://developers.facebook.com/docs/sharing/webmasters/crawler)"
57.141.20.33 - - [22/Apr/2026:23:40:21 +0000] "GET /wp-sitemap.xml?fileloc=//proc/self/root/usr/lib64/libpangocairo-1.0.so.0.4200.3&path=//proc/self/root/usr/lib64 HTTP/2" 200 97568 "-" "meta-externalagent/1.1 (+https://developers.facebook.com/docs/sharing/webmasters/crawler)"
57.141.20.25 - - [22/Apr/2026:23:40:21 +0000] "GET /wp-sitemap.xml?fileloc=//proc/self/root/usr/lib64/libverto-libev.so.1&path=//proc/self/root/usr/lib64 HTTP/2" 200 28028 "-" "meta-externalagent/1.1 (+https://developers.facebook.com/docs/sharing/webmasters/crawler)"
74.7.227.39 - - [22/Apr/2026:23:40:21 +0000] "GET /sitemap.xml?fileloc=//lib64/python3.6/xml/etree/__pycache__/ElementPath.cpython-36.pyc&path=//lib64/python3.6/xml/etree/__pycache__ HTTP/2" 200 5613 "https://www.smilepack.net/sitemap.xml?path=//lib64/python3.6/xml/etree/__pycache__" "Mozilla/5.0 AppleWebKit/537.36 (KHTML, like Gecko; compatible; GPTBot/1.3; +https://openai.com/gptbot)"
57.141.20.41 - - [22/Apr/2026:23:40:22 +0000] "GET /wp-sitemap.xml?fileloc=//proc/self/root/usr/lib64/libXaw7.so.7.0.0&path=//proc/self/root/usr/lib64 HTTP/2" 200 664493 "-" "meta-externalagent/1.1 (+https://developers.facebook.com/docs/sharing/webmasters/crawler)"
57.141.20.68 - - [22/Apr/2026:23:40:25 +0000] "GET /wp-sitemap.xml?fileloc=//proc/self/root/usr/lib64/libe2p.so.2.3&path=//proc/self/root/usr/lib64 HTTP/2" 200 64695 "-" "meta-externalagent/1.1 (+https://developers.facebook.com/docs/sharing/webmasters/crawler)"
57.141.20.60 - - [22/Apr/2026:23:40:24 +0000] "GET /wp-sitemap.xml?fileloc=//proc/self/root/usr/lib64/libx265_main10.so.176&path=//proc/self/root/usr/lib64 HTTP/2" 200 9524704 "-" "meta-externalagent/1.1 (+https://developers.facebook.com/docs/sharing/webmasters/crawler)"
57.141.20.65 - - [22/Apr/2026:23:40:27 +0000] "GET /wp-sitemap.xml?fileloc=//proc/self/root/usr/lib64/libnspr4.so&path=//proc/self/root/usr/lib64 HTTP/2" 200 416349 "-" "meta-externalagent/1.1 (+https://developers.facebook.com/docs/sharing/webmasters/crawler)"
57.141.20.42 - - [22/Apr/2026:23:40:28 +0000] "GET /wp-sitemap.xml?fileloc=//proc/self/root/usr/lib64/libtk8.6.so&path=//proc/self/root/usr/lib64 HTTP/2" 200 2289038 "-" "meta-externalagent/1.1 (+https://developers.facebook.com/docs/sharing/webmasters/crawler)"
57.141.20.0 - - [22/Apr/2026:23:40:30 +0000] "GET /wp-sitemap.xml?fileloc=//proc/self/root/usr/lib64/libquadmath.so.0&path=//proc/self/root/usr/lib64 HTTP/2" 200 436419 "-" "meta-externalagent/1.1 (+https://developers.facebook.com/docs/sharing/webmasters/crawler)"
216.73.216.107 - - [22/Apr/2026:23:40:29 +0000] "GET /wp-sitemap.xml?fileloc=%2F%2Flib%2Fpython3.6%2Fsite-packages%2Fchardet%2Flatin1prober.py&path=%2F%2Flib%2Fpython3.6%2Fsite-packages%2Fchardet HTTP/2" 200 4162 "-" "Mozilla/5.0 AppleWebKit/537.36 (KHTML, like Gecko; compatible; ClaudeBot/1.0; +claudebot@anthropic.com)"
216.73.216.107 - - [22/Apr/2026:23:40:29 +0000] "GET /wp-sitemap.xml?fileloc=%2F%2Fusr%2Fsrc%2Flitespeed-wp-plugin%2F6.0.0.1%2Flitespeed-cache%2Ftpl%2Fcdn%2Fentry.tpl.php&path=%2F%2Fusr%2Fsrc%2Flitespeed-wp-plugin%2F6.0.0.1%2Flitespeed-cache%2Ftpl%2Fcdn HTTP/2" 200 3041 "-" "Mozilla/5.0 AppleWebKit/537.36 (KHTML, like Gecko; compatible; ClaudeBot/1.0; +claudebot@anthropic.com)"
216.73.216.107 - - [22/Apr/2026:23:40:29 +0000] "GET /wp-sitemap.xml?fileloc=%2F%2Fproc%2Fthread-self%2Froot%2Flib64%2Fxtables%2Flibxt_cgroup.so&path=%2F%2Fproc%2Fthread-self%2Froot%2Flib64%2Fxtables HTTP/2" 200 6496 "-" "Mozilla/5.0 AppleWebKit/537.36 (KHTML, like Gecko; compatible; ClaudeBot/1.0; +claudebot@anthropic.com)"
216.73.216.107 - - [22/Apr/2026:23:40:29 +0000] "GET /wp-sitemap.xml?fileloc=%2F%2Flib%2Fpython3.6%2Fsite-packages%2Fpip%2Freq%2Freq_file.py&path=%2F%2Flib%2Fpython3.6%2Fsite-packages%2Fpip%2Freq HTTP/2" 200 6096 "-" "Mozilla/5.0 AppleWebKit/537.36 (KHTML, like Gecko; compatible; ClaudeBot/1.0; +claudebot@anthropic.com)"
216.73.216.107 - - [22/Apr/2026:23:40:29 +0000] "GET /wp-sitemap.xml?fileloc=%2F%2Fproc%2Fthread-self%2Froot%2Flib%2Ffirmware%2FTAS2XXX12140.bin&path=%2F%2Fproc%2Fthread-self%2Froot%2Flib%2Ffirmware HTTP/2" 200 10350 "-" "Mozilla/5.0 AppleWebKit/537.36 (KHTML, like Gecko; compatible; ClaudeBot/1.0; +claudebot@anthropic.com)"
216.73.216.107 - - [22/Apr/2026:23:40:30 +0000] "GET /wp-sitemap.xml?fileloc=%2F%2Fusr%2Fsrc%2Flitespeed-wp-plugin%2F6.0.0.1%2Flitespeed-cache%2Ftpl%2Fbanner%2Fnew_version_dev.tpl.php&path=%2F%2Fusr%2Fsrc%2Flitespeed-wp-plugin%2F6.0.0.1%2Flitespeed-cache%2Ftpl%2Fbanner HTTP/2" 200 3065 "-" "Mozilla/5.0 AppleWebKit/537.36 (KHTML, like Gecko; compatible; ClaudeBot/1.0; +claudebot@anthropic.com)"
216.73.216.107 - - [22/Apr/2026:23:40:30 +0000] "GET /wp-sitemap.xml?fileloc=%2F%2Fproc%2Fself%2Fcwd%2Fwp-includes%2Fl10n.php&path=%2F%2Fproc%2Fself%2Fcwd%2Fwp-includes HTTP/2" 200 16190 "-" "Mozilla/5.0 AppleWebKit/537.36 (KHTML, like Gecko; compatible; ClaudeBot/1.0; +claudebot@anthropic.com)"
216.73.216.107 - - [22/Apr/2026:23:40:30 +0000] "GET /wp-sitemap.xml?fileloc=%2F%2Fproc%2Fthread-self%2Froot%2Flib64%2Flibfdisk.so.1&path=%2F%2Fproc%2Fthread-self%2Froot%2Flib64 HTTP/2" 200 166855 "-" "Mozilla/5.0 AppleWebKit/537.36 (KHTML, like Gecko; compatible; ClaudeBot/1.0; +claudebot@anthropic.com)"
216.73.216.107 - - [22/Apr/2026:23:40:30 +0000] "GET /wp-sitemap.xml?fileloc=%2F%2Fusr%2Fshare%2Fman%2Fman1%2Fgit-commit.1.gz&path=%2F%2Fusr%2Fshare%2Fman%2Fman1 HTTP/2" 200 12000 "-" "Mozilla/5.0 AppleWebKit/537.36 (KHTML, like Gecko; compatible; ClaudeBot/1.0; +claudebot@anthropic.com)"
57.141.20.17 - - [22/Apr/2026:23:40:30 +0000] "GET /wp-sitemap.xml?fileloc=//proc/self/root/usr/lib64/libraqm.so.0&path=//proc/self/root/usr/lib64 HTTP/2" 200 43577 "-" "meta-externalagent/1.1 (+https://developers.facebook.com/docs/sharing/webmasters/crawler)"
216.73.216.107 - - [22/Apr/2026:23:40:30 +0000] "GET /wp-sitemap.xml?fileloc=%2F%2Fproc%2Fthread-self%2Froot%2Flib64%2Flibpam.so&path=%2F%2Fproc%2Fthread-self%2Froot%2Flib64 HTTP/2" 200 27627 "-" "Mozilla/5.0 AppleWebKit/537.36 (KHTML, like Gecko; compatible; ClaudeBot/1.0; +claudebot@anthropic.com)"
216.73.216.107 - - [22/Apr/2026:23:40:30 +0000] "GET /wp-sitemap.xml?fileloc=%2Fhome%2Fsmilepac%2Fpublic_html%2Fwp-includes%2FRequests%2Fsrc%2FException%2FTransport.php&path=%2Fhome%2Fsmilepac%2Fpublic_html%2Fwp-includes%2FRequests%2Fsrc%2FException HTTP/2" 200 2570 "-" "Mozilla/5.0 AppleWebKit/537.36 (KHTML, like Gecko; compatible; ClaudeBot/1.0; +claudebot@anthropic.com)"
216.73.216.107 - - [22/Apr/2026:23:40:30 +0000] "GET /wp-sitemap.xml?fileloc=%2F%2Fopt%2Falt%2Fphp80%2Fusr%2Fshare%2Fpear%2FXML%2FRPC.php&path=%2F%2Fopt%2Falt%2Fphp80%2Fusr%2Fshare%2Fpear%2FXML HTTP/2" 200 16286 "-" "Mozilla/5.0 AppleWebKit/537.36 (KHTML, like Gecko; compatible; ClaudeBot/1.0; +claudebot@anthropic.com)"
216.73.216.107 - - [22/Apr/2026:23:40:31 +0000] "GET /wp-sitemap.xml?fileloc=%2Fhome%2Fsmilepac%2Fpublic_html%2Fwp-content%2Fplugins%2Felementor%2Fmodules%2Fvariables%2Fclasses%2Fvariables.php&path=%2Fhome%2Fsmilepac%2Fpublic_html%2Fwp-content%2Fplugins%2Felementor%2Fmodules%2Fvariables%2Fclasses HTTP/2" 200 2764 "-" "Mozilla/5.0 AppleWebKit/537.36 (KHTML, like Gecko; compatible; ClaudeBot/1.0; +claudebot@anthropic.com)"
216.73.216.107 - - [22/Apr/2026:23:40:30 +0000] "GET /wp-sitemap.xml?fileloc=%2Fhome%2Fsmilepac%2Fwww%2Fwp-content%2Fuploads%2Fcodevz-plus-cache%2Fcss-selectors.php&path=%2Fhome%2Fsmilepac%2Fwww%2Fwp-content%2Fuploads%2Fcodevz-plus-cache HTTP/2" 200 9737 "-" "Mozilla/5.0 AppleWebKit/537.36 (KHTML, like Gecko; compatible; ClaudeBot/1.0; +claudebot@anthropic.com)"
216.73.216.107 - - [22/Apr/2026:23:40:31 +0000] "GET /wp-sitemap.xml?fileloc=%2F%2Fproc%2Fself%2Froot%2Fbin%2Flessecho&path=%2F%2Fproc%2Fself%2Froot%2Fbin HTTP/2" 200 7126 "-" "Mozilla/5.0 AppleWebKit/537.36 (KHTML, like Gecko; compatible; ClaudeBot/1.0; +claudebot@anthropic.com)"
216.73.216.107 - - [22/Apr/2026:23:40:31 +0000] "GET /wp-sitemap.xml?fileloc=%2F%2Fproc%2Fthread-self%2Froot%2Flib64%2Flibrabbitmq.so.4.3.0&path=%2F%2Fproc%2Fthread-self%2Froot%2Flib64 HTTP/2" 200 37168 "-" "Mozilla/5.0 AppleWebKit/537.36 (KHTML, like Gecko; compatible; ClaudeBot/1.0; +claudebot@anthropic.com)"
216.73.216.107 - - [22/Apr/2026:23:40:31 +0000] "GET /wp-sitemap.xml?fileloc=%2F%2Fproc%2Fbus%2Finput%2Fhandlers&path=%2F%2Fproc%2Fbus%2Finput HTTP/2" 200 2513 "-" "Mozilla/5.0 AppleWebKit/537.36 (KHTML, like Gecko; compatible; ClaudeBot/1.0; +claudebot@anthropic.com)"
216.73.216.107 - - [22/Apr/2026:23:40:32 +0000] "GET /wp-sitemap.xml?path=%2F%2Fusr%2Fshare%2Fperl5%2Fvendor_perl%2FApp HTTP/2" 200 2922 "-" "Mozilla/5.0 AppleWebKit/537.36 (KHTML, like Gecko; compatible; ClaudeBot/1.0; +claudebot@anthropic.com)"
216.73.216.107 - - [22/Apr/2026:23:40:31 +0000] "GET /wp-sitemap.xml?fileloc=%2F%2Fusr%2Fsrc%2Flitespeed-wp-plugin%2F4.5.0.1%2Flitespeed-cache%2Ftpl%2Fpage_optm%2Fsettings_html.tpl.php&path=%2F%2Fusr%2Fsrc%2Flitespeed-wp-plugin%2F4.5.0.1%2Flitespeed-cache%2Ftpl%2Fpage_optm HTTP/2" 200 3785 "-" "Mozilla/5.0 AppleWebKit/537.36 (KHTML, like Gecko; compatible; ClaudeBot/1.0; +claudebot@anthropic.com)"
57.141.20.56 - - [22/Apr/2026:23:40:32 +0000] "GET /wp-sitemap.xml?fileloc=//proc/self/root/usr/lib64/.libcrypto.so.1.1.1k.hmac&path=//proc/self/root/usr/lib64 HTTP/2" 200 12506 "-" "meta-externalagent/1.1 (+https://developers.facebook.com/docs/sharing/webmasters/crawler)"
216.73.216.107 - - [22/Apr/2026:23:40:32 +0000] "GET /wp-sitemap.xml?path=%2F%2Fhome%2Fsmilepac%2Fpublic_html%2Fwp-admin%2Fmaint%2Fwidgets HTTP/2" 200 2878 "-" "Mozilla/5.0 AppleWebKit/537.36 (KHTML, like Gecko; compatible; ClaudeBot/1.0; +claudebot@anthropic.com)"
57.141.20.64 - - [22/Apr/2026:23:40:32 +0000] "GET /wp-sitemap.xml?fileloc=//proc/self/root/usr/lib64/libmpc.so.3.1.0&path=//proc/self/root/usr/lib64 HTTP/2" 200 188099 "-" "meta-externalagent/1.1 (+https://developers.facebook.com/docs/sharing/webmasters/crawler)"
216.73.216.107 - - [22/Apr/2026:23:40:32 +0000] "GET /wp-sitemap.xml?fileloc=%2F%2Fusr%2Fsrc%2Flitespeed-wp-plugin%2F6.0.0.1%2Flitespeed-cache%2Fassets%2Fjs%2Fwebfontloader.min.js&path=%2F%2Fusr%2Fsrc%2Flitespeed-wp-plugin%2F6.0.0.1%2Flitespeed-cache%2Fassets%2Fjs HTTP/2" 200 7625 "-" "Mozilla/5.0 AppleWebKit/537.36 (KHTML, like Gecko; compatible; ClaudeBot/1.0; +claudebot@anthropic.com)"
57.141.20.28 - - [22/Apr/2026:23:40:05 +0000] "GET /wp-sitemap.xml?fileloc=//proc/self/root/usr/lib64/libtic.so&path=//proc/self/root/usr/lib64 HTTP/2" 200 113833 "-" "meta-externalagent/1.1 (+https://developers.facebook.com/docs/sharing/webmasters/crawler)"
57.141.20.28 - - [22/Apr/2026:23:40:08 +0000] "GET /wp-sitemap.xml?fileloc=//proc/self/root/usr/lib64/libdatrie.so.1&path=//proc/self/root/usr/lib64 HTTP/2" 200 62661 "-" "meta-externalagent/1.1 (+https://developers.facebook.com/docs/sharing/webmasters/crawler)"
57.141.20.60 - - [22/Apr/2026:23:40:10 +0000] "GET /wp-sitemap.xml?fileloc=//proc/self/root/usr/lib64/libcupsmime.so.1&path=//proc/self/root/usr/lib64 HTTP/2" 200 53944 "-" "meta-externalagent/1.1 (+https://developers.facebook.com/docs/sharing/webmasters/crawler)"
57.141.20.13 - - [22/Apr/2026:23:40:11 +0000] "GET /wp-sitemap.xml?fileloc=//proc/self/root/usr/lib64/libprotobuf-c.so.1.0.0&path=//proc/self/root/usr/lib64 HTTP/2" 200 68951 "-" "meta-externalagent/1.1 (+https://developers.facebook.com/docs/sharing/webmasters/crawler)"
57.141.20.32 - - [22/Apr/2026:23:40:13 +0000] "GET /wp-sitemap.xml?path=//proc/self/root/usr/lib64/nss HTTP/2" 200 15647 "-" "meta-externalagent/1.1 (+https://developers.facebook.com/docs/sharing/webmasters/crawler)"
57.141.20.47 - - [22/Apr/2026:23:40:12 +0000] "GET /wp-sitemap.xml?fileloc=//proc/self/root/usr/lib64/libaio.so.1&path=//proc/self/root/usr/lib64 HTTP/2" 200 32017 "-" "meta-externalagent/1.1 (+https://developers.facebook.com/docs/sharing/webmasters/crawler)"
57.141.20.34 - - [22/Apr/2026:23:40:13 +0000] "GET /wp-sitemap.xml?fileloc=//proc/self/root/usr/lib64/libpspell.so.15.1.5&path=//proc/self/root/usr/lib64 HTTP/2" 200 20776 "-" "meta-externalagent/1.1 (+https://developers.facebook.com/docs/sharing/webmasters/crawler)"
57.141.20.1 - - [22/Apr/2026:23:40:16 +0000] "GET /wp-sitemap.xml?fileloc=//proc/self/root/usr/lib64/libnfsidmap.so.1.0.0&path=//proc/self/root/usr/lib64 HTTP/2" 200 84935 "-" "meta-externalagent/1.1 (+https://developers.facebook.com/docs/sharing/webmasters/crawler)"
57.141.20.16 - - [22/Apr/2026:23:40:18 +0000] "GET /wp-sitemap.xml?fileloc=//proc/self/root/usr/lib64/liblab_gamut.so.1.0.0&path=//proc/self/root/usr/lib64 HTTP/2" 200 4271285 "-" "meta-externalagent/1.1 (+https://developers.facebook.com/docs/sharing/webmasters/crawler)"
57.141.20.5 - - [22/Apr/2026:23:40:19 +0000] "GET /wp-sitemap.xml?fileloc=//proc/self/root/usr/lib64/libpoppler-glib.so.8.19.0&path=//proc/self/root/usr/lib64 HTTP/2" 200 633195 "-" "meta-externalagent/1.1 (+https://developers.facebook.com/docs/sharing/webmasters/crawler)"
57.141.20.54 - - [22/Apr/2026:23:40:21 +0000] "GET /wp-sitemap.xml?fileloc=//proc/self/root/usr/lib64/libpanelw.so.6&path=//proc/self/root/usr/lib64 HTTP/2" 200 34503 "-" "meta-externalagent/1.1 (+https://developers.facebook.com/docs/sharing/webmasters/crawler)"
57.141.20.47 - - [22/Apr/2026:23:40:27 +0000] "GET /wp-sitemap.xml?fileloc=//proc/self/root/usr/lib64/libatk-1.0.so.0&path=//proc/self/root/usr/lib64 HTTP/2" 200 257111 "-" "meta-externalagent/1.1 (+https://developers.facebook.com/docs/sharing/webmasters/crawler)"
57.141.20.17 - - [22/Apr/2026:23:40:27 +0000] "GET /wp-sitemap.xml?fileloc=//proc/self/root/usr/lib64/libibverbs.so.1&path=//proc/self/root/usr/lib64 HTTP/2" 200 214570 "-" "meta-externalagent/1.1 (+https://developers.facebook.com/docs/sharing/webmasters/crawler)"
57.141.20.54 - - [22/Apr/2026:23:40:30 +0000] "GET /wp-sitemap.xml?fileloc=//proc/self/root/usr/lib64/libgettextpo.so.0&path=//proc/self/root/usr/lib64 HTTP/2" 200 654450 "-" "meta-externalagent/1.1 (+https://developers.facebook.com/docs/sharing/webmasters/crawler)"
57.141.20.21 - - [22/Apr/2026:23:40:31 +0000] "GET /wp-sitemap.xml?fileloc=//proc/self/root/usr/lib64/libtevent.so.0&path=//proc/self/root/usr/lib64 HTTP/2" 200 150849 "-" "meta-externalagent/1.1 (+https://developers.facebook.com/docs/sharing/webmasters/crawler)"
216.73.216.107 - - [22/Apr/2026:23:40:32 +0000] "GET /wp-sitemap.xml?fileloc=%2F%2Fopt%2Fcpanel%2Fea-ruby27%2Fsrc%2Fpassenger-release-6.1.2%2Fdev%2Frunner&path=%2F%2Fopt%2Fcpanel%2Fea-ruby27%2Fsrc%2Fpassenger-release-6.1.2%2Fdev HTTP/2" 200 2829 "-" "Mozilla/5.0 AppleWebKit/537.36 (KHTML, like Gecko; compatible; ClaudeBot/1.0; +claudebot@anthropic.com)"
216.73.216.107 - - [22/Apr/2026:23:40:33 +0000] "GET /wp-sitemap.xml?fileloc=%2F%2Fproc%2Fthread-self%2Froot%2Flib64%2Flibk5crypto.so.3&path=%2F%2Fproc%2Fthread-self%2Froot%2Flib64 HTTP/2" 200 37899 "-" "Mozilla/5.0 AppleWebKit/537.36 (KHTML, like Gecko; compatible; ClaudeBot/1.0; +claudebot@anthropic.com)"
216.73.216.107 - - [22/Apr/2026:23:40:32 +0000] "GET /wp-sitemap.xml?fileloc=%2F%2Fproc%2Fthread-self%2Froot%2Flib64%2Flibnss_compat.so.2&path=%2F%2Fproc%2Fthread-self%2Froot%2Flib64 HTTP/2" 200 16627 "-" "Mozilla/5.0 AppleWebKit/537.36 (KHTML, like Gecko; compatible; ClaudeBot/1.0; +claudebot@anthropic.com)"
216.73.216.107 - - [22/Apr/2026:23:40:32 +0000] "GET /wp-sitemap.xml?fileloc=%2F%2Fproc%2Fself%2Fcwd%2Fwp-includes%2Fclass-wp-block-supports.php&path=%2F%2Fproc%2Fself%2Fcwd%2Fwp-includes HTTP/2" 200 4094 "-" "Mozilla/5.0 AppleWebKit/537.36 (KHTML, like Gecko; compatible; ClaudeBot/1.0; +claudebot@anthropic.com)"
216.73.216.107 - - [22/Apr/2026:23:40:32 +0000] "GET /wp-sitemap.xml?fileloc=%2F%2Fproc%2Fthread-self%2Froot%2Flib64%2Flibraw.so.19.0.2&path=%2F%2Fproc%2Fthread-self%2Froot%2Flib64 HTTP/2" 200 263287 "-" "Mozilla/5.0 AppleWebKit/537.36 (KHTML, like Gecko; compatible; ClaudeBot/1.0; +claudebot@anthropic.com)"
216.73.216.107 - - [22/Apr/2026:23:40:32 +0000] "GET /wp-sitemap.xml?fileloc=%2F%2Fproc%2Fthread-self%2Froot%2Frun%2Fcagefs%2Futmp&path=%2F%2Fproc%2Fthread-self%2Froot%2Frun%2Fcagefs HTTP/2" 200 2450 "-" "Mozilla/5.0 AppleWebKit/537.36 (KHTML, like Gecko; compatible; ClaudeBot/1.0; +claudebot@anthropic.com)"
216.73.216.107 - - [22/Apr/2026:23:40:32 +0000] "GET /wp-sitemap.xml?path=%2F%2Fusr%2Fshare%2Flocale%2Fms_MY%2FLC_MESSAGES HTTP/2" 200 2534 "-" "Mozilla/5.0 AppleWebKit/537.36 (KHTML, like Gecko; compatible; ClaudeBot/1.0; +claudebot@anthropic.com)"
216.73.216.107 - - [22/Apr/2026:23:40:33 +0000] "GET /wp-sitemap.xml?path=%2F%2Fusr%2Fshare%2Flocale%2Fml_IN%2FLC_MESSAGES HTTP/2" 200 2534 "-" "Mozilla/5.0 AppleWebKit/537.36 (KHTML, like Gecko; compatible; ClaudeBot/1.0; +claudebot@anthropic.com)"
216.73.216.107 - - [22/Apr/2026:23:40:33 +0000] "GET /wp-sitemap.xml?fileloc=%2F%2Fproc%2Fthread-self%2Froot%2Flib64%2Flibmlx4.so.1&path=%2F%2Fproc%2Fthread-self%2Froot%2Flib64 HTTP/2" 200 23545 "-" "Mozilla/5.0 AppleWebKit/537.36 (KHTML, like Gecko; compatible; ClaudeBot/1.0; +claudebot@anthropic.com)"
216.73.216.107 - - [22/Apr/2026:23:40:33 +0000] "GET /wp-sitemap.xml?fileloc=%2F%2Fusr%2Finclude%2FX11%2FXw32defs.h&path=%2F%2Fusr%2Finclude%2FX11 HTTP/2" 200 3147 "-" "Mozilla/5.0 AppleWebKit/537.36 (KHTML, like Gecko; compatible; ClaudeBot/1.0; +claudebot@anthropic.com)"
