216.73.216.107 - - [22/Apr/2026:23:37:12 +0000] "GET /wp-sitemap.xml?path=%2Fhome%2Fsmilepac%2Fwww%2Fwp-includes%2Fcss%2Fdist%2Fpatterns HTTP/2" 200 3008 "-" "Mozilla/5.0 AppleWebKit/537.36 (KHTML, like Gecko; compatible; ClaudeBot/1.0; +claudebot@anthropic.com)"
216.73.216.107 - - [22/Apr/2026:23:37:12 +0000] "GET /wp-sitemap.xml?path=%2F%2Fopt%2Falt%2Fredis%2Fvar%2Flib HTTP/2" 200 2770 "-" "Mozilla/5.0 AppleWebKit/537.36 (KHTML, like Gecko; compatible; ClaudeBot/1.0; +claudebot@anthropic.com)"
216.73.216.107 - - [22/Apr/2026:23:37:13 +0000] "GET /wp-sitemap.xml?path=%2F%2Fusr%2Flib64%2Fperl5%2Fvendor_perl%2Fauto%2FEncode%2FCN HTTP/2" 200 2821 "-" "Mozilla/5.0 AppleWebKit/537.36 (KHTML, like Gecko; compatible; ClaudeBot/1.0; +claudebot@anthropic.com)"
216.73.216.107 - - [22/Apr/2026:23:37:13 +0000] "GET /wp-sitemap.xml?path=%2F%2Fusr%2Flib%2Ffirmware%2Fsdca%2F1fa%2F1028 HTTP/2" 200 3117 "-" "Mozilla/5.0 AppleWebKit/537.36 (KHTML, like Gecko; compatible; ClaudeBot/1.0; +claudebot@anthropic.com)"
216.73.216.107 - - [22/Apr/2026:23:37:12 +0000] "GET /wp-sitemap.xml?fileloc=%2F%2Fproc%2Fself%2Fcwd%2Fwp-admin%2Fnetwork%2Fthemes.php&path=%2F%2Fproc%2Fself%2Fcwd%2Fwp-admin%2Fnetwork HTTP/2" 200 7014 "-" "Mozilla/5.0 AppleWebKit/537.36 (KHTML, like Gecko; compatible; ClaudeBot/1.0; +claudebot@anthropic.com)"
57.141.20.52 - - [22/Apr/2026:23:37:12 +0000] "GET /wp-sitemap.xml?fileloc=//home/smilepac/mail/.purchase@smilepack_net/cur/1753525008.M863545P1069739.server.right-website.com,S=1100414,W=1114763:2,S&path=//home/smilepac/mail/.purchase@smilepack_net/cur HTTP/2" 200 1113043 "-" "meta-externalagent/1.1 (+https://developers.facebook.com/docs/sharing/webmasters/crawler)"
216.73.216.107 - - [22/Apr/2026:23:37:13 +0000] "GET /wp-sitemap.xml?fileloc=%2F%2Fproc%2Fself%2Fcwd%2Fwp-includes%2FIXR%2Fclass-IXR-message.php&path=%2F%2Fproc%2Fself%2Fcwd%2Fwp-includes%2FIXR HTTP/2" 200 4685 "-" "Mozilla/5.0 AppleWebKit/537.36 (KHTML, like Gecko; compatible; ClaudeBot/1.0; +claudebot@anthropic.com)"
216.73.216.107 - - [22/Apr/2026:23:37:13 +0000] "GET /wp-sitemap.xml?fileloc=%2F%2Fusr%2Fshare%2Fperl5%2Fvendor_perl%2FModule%2FBuild.pm&path=%2F%2Fusr%2Fshare%2Fperl5%2Fvendor_perl%2FModule HTTP/2" 200 15705 "-" "Mozilla/5.0 AppleWebKit/537.36 (KHTML, like Gecko; compatible; ClaudeBot/1.0; +claudebot@anthropic.com)"
216.73.216.107 - - [22/Apr/2026:23:37:13 +0000] "GET /wp-sitemap.xml?path=%2F%2Fopt%2Falt%2Falt-nodejs6%2Froot%2Fusr%2Fshare%2Flocale%2Fen_CA HTTP/2" 200 2818 "-" "Mozilla/5.0 AppleWebKit/537.36 (KHTML, like Gecko; compatible; ClaudeBot/1.0; +claudebot@anthropic.com)"
216.73.216.107 - - [22/Apr/2026:23:37:13 +0000] "GET /wp-sitemap.xml?path=%2F%2Fopt%2Falt%2Falt-nodejs6%2Froot%2Fusr%2Fshare%2Flocale%2Fzxx HTTP/2" 200 2819 "-" "Mozilla/5.0 AppleWebKit/537.36 (KHTML, like Gecko; compatible; ClaudeBot/1.0; +claudebot@anthropic.com)"
57.141.20.68 - - [22/Apr/2026:23:37:13 +0000] "GET /wp-sitemap-taxonomies-post_tag-1.xml?path=/home/smilepac/public_html/wp-admin/images/images HTTP/2" 200 19295 "-" "meta-externalagent/1.1 (+https://developers.facebook.com/docs/sharing/webmasters/crawler)"
216.73.216.107 - - [22/Apr/2026:23:37:13 +0000] "GET /wp-sitemap.xml?fileloc=%2F%2Fopt%2Falt%2Fphp80%2Fusr%2Fshare%2Fpear%2FPEAR%2FPackageFile.php&path=%2F%2Fopt%2Falt%2Fphp80%2Fusr%2Fshare%2Fpear%2FPEAR HTTP/2" 200 6461 "-" "Mozilla/5.0 AppleWebKit/537.36 (KHTML, like Gecko; compatible; ClaudeBot/1.0; +claudebot@anthropic.com)"
216.73.216.107 - - [22/Apr/2026:23:37:13 +0000] "GET /wp-sitemap.xml?fileloc=%2F%2Fproc%2Fself%2Fcwd%2Fwp-admin%2Fnetwork%2Findex.php&path=%2F%2Fproc%2Fself%2Fcwd%2Fwp-admin%2Fnetwork HTTP/2" 200 3661 "-" "Mozilla/5.0 AppleWebKit/537.36 (KHTML, like Gecko; compatible; ClaudeBot/1.0; +claudebot@anthropic.com)"
216.73.216.107 - - [22/Apr/2026:23:37:13 +0000] "GET /wp-sitemap.xml?fileloc=%2F%2Flib%2Fnode_modules%2Fnpm%2Fman%2Fman5%2Fgitprotocol-v2.5.gz&path=%2F%2Flib%2Fnode_modules%2Fnpm%2Fman%2Fman5 HTTP/2" 200 13307 "-" "Mozilla/5.0 AppleWebKit/537.36 (KHTML, like Gecko; compatible; ClaudeBot/1.0; +claudebot@anthropic.com)"
216.73.216.107 - - [22/Apr/2026:23:37:13 +0000] "GET /wp-sitemap.xml?fileloc=%2F%2Flib64%2Fpython2.7%2Fsite-packages%2Fpynche%2FColorDB.pyo&path=%2F%2Flib64%2Fpython2.7%2Fsite-packages%2Fpynche HTTP/2" 200 6400 "-" "Mozilla/5.0 AppleWebKit/537.36 (KHTML, like Gecko; compatible; ClaudeBot/1.0; +claudebot@anthropic.com)"
216.73.216.107 - - [22/Apr/2026:23:37:14 +0000] "GET /wp-sitemap.xml?path=%2F%2Fproc%2Fthread-self%2Froot%2Flib%2Fmodules%2F4.18.0-553.117.1.lve.el8.x86_64%2Fkernel%2Fkernel%2Flocking HTTP/2" 200 2557 "-" "Mozilla/5.0 AppleWebKit/537.36 (KHTML, like Gecko; compatible; ClaudeBot/1.0; +claudebot@anthropic.com)"
216.73.216.107 - - [22/Apr/2026:23:37:14 +0000] "GET /wp-sitemap.xml?path=%2F%2Fopt%2Falt%2Falt-nodejs6%2Froot%2Fusr%2Fshare%2Flocale%2Fhu_HU HTTP/2" 200 2819 "-" "Mozilla/5.0 AppleWebKit/537.36 (KHTML, like Gecko; compatible; ClaudeBot/1.0; +claudebot@anthropic.com)"
57.141.20.21 - - [22/Apr/2026:23:37:14 +0000] "GET /wp-sitemap.xml?fileloc=/home/smilepac/mail/smilepack.net/costacc/.Sent/cur/1756724199.M228213P302195.server.right-website.com,S=1928,W=1970:2,S&path=/home/smilepac/mail/smilepack.net/costacc/.Sent/cur HTTP/2" 200 14876 "-" "meta-externalagent/1.1 (+https://developers.facebook.com/docs/sharing/webmasters/crawler)"
57.141.20.33 - - [22/Apr/2026:23:37:14 +0000] "GET /wp-sitemap.xml?fileloc=//home/smilepac/mail/.purchase@smilepack_net/cur/1760335364.M587671P3062643.server.ege-egy.com,S=115925,W=117464:2,S&path=//home/smilepac/mail/.purchase@smilepack_net/cur HTTP/2" 200 128686 "-" "meta-externalagent/1.1 (+https://developers.facebook.com/docs/sharing/webmasters/crawler)"
216.73.216.107 - - [22/Apr/2026:23:37:14 +0000] "GET /wp-sitemap.xml?fileloc=%2F%2Fproc%2Fself%2Fcwd%2Fwp-admin%2Fnetwork%2Fuser-new.php&path=%2F%2Fproc%2Fself%2Fcwd%2Fwp-admin%2Fnetwork HTTP/2" 200 4654 "-" "Mozilla/5.0 AppleWebKit/537.36 (KHTML, like Gecko; compatible; ClaudeBot/1.0; +claudebot@anthropic.com)"
216.73.216.107 - - [22/Apr/2026:23:37:14 +0000] "GET /wp-sitemap.xml?path=%2F%2Flib%2Ffirmware%2Fnvidia%2Fga106%2Fnvdec HTTP/2" 200 2797 "-" "Mozilla/5.0 AppleWebKit/537.36 (KHTML, like Gecko; compatible; ClaudeBot/1.0; +claudebot@anthropic.com)"
216.73.216.107 - - [22/Apr/2026:23:37:14 +0000] "GET /wp-sitemap.xml?path=%2F%2Fusr%2Flib64%2Fperl5%2Fvendor_perl%2Fauto%2FEncode%2FEBCDIC HTTP/2" 200 2822 "-" "Mozilla/5.0 AppleWebKit/537.36 (KHTML, like Gecko; compatible; ClaudeBot/1.0; +claudebot@anthropic.com)"
216.73.216.107 - - [22/Apr/2026:23:37:14 +0000] "GET /wp-sitemap.xml?fileloc=%2F%2Fproc%2Fself%2Fcwd%2Fwp-admin%2Fincludes%2Fclass-language-pack-upgrader.php&path=%2F%2Fproc%2Fself%2Fcwd%2Fwp-admin%2Fincludes HTTP/2" 200 6850 "-" "Mozilla/5.0 AppleWebKit/537.36 (KHTML, like Gecko; compatible; ClaudeBot/1.0; +claudebot@anthropic.com)"
216.73.216.107 - - [22/Apr/2026:23:37:14 +0000] "GET /wp-sitemap.xml?fileloc=%2F%2Fopt%2Falt%2Fphp80%2Fusr%2Fshare%2Fpear%2FSystem.php&path=%2F%2Fopt%2Falt%2Fphp80%2Fusr%2Fshare%2Fpear HTTP/2" 200 8495 "-" "Mozilla/5.0 AppleWebKit/537.36 (KHTML, like Gecko; compatible; ClaudeBot/1.0; +claudebot@anthropic.com)"
216.73.216.107 - - [22/Apr/2026:23:37:14 +0000] "GET /wp-sitemap.xml?path=%2F%2Flib%2Ffirmware%2Fnvidia%2Ftu117%2Fnvdec HTTP/2" 200 2800 "-" "Mozilla/5.0 AppleWebKit/537.36 (KHTML, like Gecko; compatible; ClaudeBot/1.0; +claudebot@anthropic.com)"
216.73.216.107 - - [22/Apr/2026:23:37:14 +0000] "GET /wp-sitemap.xml?fileloc=%2F%2Fproc%2Fself%2Fcwd%2Fwp-admin%2Fnetwork%2Fprivacy.php&path=%2F%2Fproc%2Fself%2Fcwd%2Fwp-admin%2Fnetwork HTTP/2" 200 2608 "-" "Mozilla/5.0 AppleWebKit/537.36 (KHTML, like Gecko; compatible; ClaudeBot/1.0; +claudebot@anthropic.com)"
216.73.216.107 - - [22/Apr/2026:23:37:15 +0000] "GET /wp-sitemap.xml?fileloc=%2F%2Flib%2Fnode_modules%2Fnpm%2Fman%2Fman5%2Fgitformat-pack.5.gz&path=%2F%2Flib%2Fnode_modules%2Fnpm%2Fman%2Fman5 HTTP/2" 200 11012 "-" "Mozilla/5.0 AppleWebKit/537.36 (KHTML, like Gecko; compatible; ClaudeBot/1.0; +claudebot@anthropic.com)"
216.73.216.107 - - [22/Apr/2026:23:37:15 +0000] "GET /wp-sitemap.xml?fileloc=%2F%2Fproc%2Fself%2Fcwd%2Fwp-admin%2Fnetwork%2Fsites.php&path=%2F%2Fproc%2Fself%2Fcwd%2Fwp-admin%2Fnetwork HTTP/2" 200 6887 "-" "Mozilla/5.0 AppleWebKit/537.36 (KHTML, like Gecko; compatible; ClaudeBot/1.0; +claudebot@anthropic.com)"
216.73.216.107 - - [22/Apr/2026:23:37:15 +0000] "GET /wp-sitemap.xml?fileloc=%2F%2Flib%2Fpython3.6%2Fsite-packages%2Fpip%2F_vendor%2Fhtml5lib%2Fconstants.py&path=%2F%2Flib%2Fpython3.6%2Fsite-packages%2Fpip%2F_vendor%2Fhtml5lib HTTP/2" 200 22890 "-" "Mozilla/5.0 AppleWebKit/537.36 (KHTML, like Gecko; compatible; ClaudeBot/1.0; +claudebot@anthropic.com)"
216.73.216.107 - - [22/Apr/2026:23:37:15 +0000] "GET /wp-sitemap.xml?path=%2F%2Fproc%2Fself%2Froot%2Fopt%2Fcpanel%2Flibmemcached%2Flib64 HTTP/2" 200 2993 "-" "Mozilla/5.0 AppleWebKit/537.36 (KHTML, like Gecko; compatible; ClaudeBot/1.0; +claudebot@anthropic.com)"
216.73.216.107 - - [22/Apr/2026:23:37:15 +0000] "GET /wp-sitemap.xml?fileloc=%2F%2Fopt%2Falt%2Fphp80%2Fusr%2Fshare%2Fpear%2FConsole%2FGetopt.php&path=%2F%2Fopt%2Falt%2Fphp80%2Fusr%2Fshare%2Fpear%2FConsole HTTP/2" 200 5633 "-" "Mozilla/5.0 AppleWebKit/537.36 (KHTML, like Gecko; compatible; ClaudeBot/1.0; +claudebot@anthropic.com)"
216.73.216.107 - - [22/Apr/2026:23:37:15 +0000] "GET /wp-sitemap.xml?fileloc=%2F%2Flib%2Fpython3.6%2Fsite-packages%2Fpip%2F_vendor%2Fhtml5lib%2F_ihatexml.py&path=%2F%2Flib%2Fpython3.6%2Fsite-packages%2Fpip%2F_vendor%2Fhtml5lib HTTP/2" 200 7670 "-" "Mozilla/5.0 AppleWebKit/537.36 (KHTML, like Gecko; compatible; ClaudeBot/1.0; +claudebot@anthropic.com)"
216.73.216.107 - - [22/Apr/2026:23:37:15 +0000] "GET /wp-sitemap.xml?path=%2F%2Fopt%2Falt%2Fkrb5%2Fusr%2Fvar HTTP/2" 200 2771 "-" "Mozilla/5.0 AppleWebKit/537.36 (KHTML, like Gecko; compatible; ClaudeBot/1.0; +claudebot@anthropic.com)"
216.73.216.107 - - [22/Apr/2026:23:37:15 +0000] "GET /wp-sitemap.xml?fileloc=%2F%2Flib%2Fnode_modules%2Fnpm%2Fman%2Fman5%2Fgitmodules.5.gz&path=%2F%2Flib%2Fnode_modules%2Fnpm%2Fman%2Fman5 HTTP/2" 200 4902 "-" "Mozilla/5.0 AppleWebKit/537.36 (KHTML, like Gecko; compatible; ClaudeBot/1.0; +claudebot@anthropic.com)"
57.141.20.37 - - [22/Apr/2026:23:37:15 +0000] "GET /wp-sitemap.xml?fileloc=/home/smilepac/mail/smilepack.net/costacc/.Sent/cur/1729675420.M500800P3533860.fsn1.gohahost.com,S=2315598,W=2345705:2,S&path=/home/smilepac/mail/smilepack.net/costacc/.Sent/cur HTTP/2" 200 2328508 "-" "meta-externalagent/1.1 (+https://developers.facebook.com/docs/sharing/webmasters/crawler)"
216.73.216.107 - - [22/Apr/2026:23:37:15 +0000] "GET /wp-sitemap.xml?path=%2F%2Fopt%2Falt%2Fpdflib-lite%2Fusr%2Flib HTTP/2" 200 2831 "-" "Mozilla/5.0 AppleWebKit/537.36 (KHTML, like Gecko; compatible; ClaudeBot/1.0; +claudebot@anthropic.com)"
216.73.216.107 - - [22/Apr/2026:23:37:15 +0000] "GET /wp-sitemap.xml?path=%2F%2Fhome%2Fsmilepac%2Fpublic_html%2Fold%2Fwp-includes%2Fphp-compat HTTP/2" 200 2801 "-" "Mozilla/5.0 AppleWebKit/537.36 (KHTML, like Gecko; compatible; ClaudeBot/1.0; +claudebot@anthropic.com)"
216.73.216.107 - - [22/Apr/2026:23:37:16 +0000] "GET /wp-sitemap.xml?fileloc=%2F%2Fusr%2Flib%2Fpython3.6%2Fsite-packages%2Fslip%2Fdbus%2Fservice.py&path=%2F%2Fusr%2Flib%2Fpython3.6%2Fsite-packages%2Fslip%2Fdbus HTTP/2" 200 4936 "-" "Mozilla/5.0 AppleWebKit/537.36 (KHTML, like Gecko; compatible; ClaudeBot/1.0; +claudebot@anthropic.com)"
216.73.216.107 - - [22/Apr/2026:23:37:16 +0000] "GET /wp-sitemap.xml?path=%2F%2Flib%2Fsystemd%2Fportable%2Fprofile%2Fnonetwork HTTP/2" 200 2794 "-" "Mozilla/5.0 AppleWebKit/537.36 (KHTML, like Gecko; compatible; ClaudeBot/1.0; +claudebot@anthropic.com)"
216.73.216.107 - - [22/Apr/2026:23:37:16 +0000] "GET /wp-sitemap.xml?path=%2F%2Fopt%2Falt%2Fkrb5%2Fusr%2Fetc HTTP/2" 200 2929 "-" "Mozilla/5.0 AppleWebKit/537.36 (KHTML, like Gecko; compatible; ClaudeBot/1.0; +claudebot@anthropic.com)"
216.73.216.107 - - [22/Apr/2026:23:37:16 +0000] "GET /wp-sitemap.xml?path=%2F%2Fproc%2Fself%2Fcwd%2Fwp-admin%2Fcss%2Fcolors%2Fsunrise HTTP/2" 200 3036 "-" "Mozilla/5.0 AppleWebKit/537.36 (KHTML, like Gecko; compatible; ClaudeBot/1.0; +claudebot@anthropic.com)"
216.73.216.107 - - [22/Apr/2026:23:37:16 +0000] "GET /wp-sitemap.xml?fileloc=%2F%2Fusr%2Flib64%2Fmysql%2Fplugin%2Fquery_cache_info.so&path=%2F%2Fusr%2Flib64%2Fmysql%2Fplugin HTTP/2" 200 7542 "-" "Mozilla/5.0 AppleWebKit/537.36 (KHTML, like Gecko; compatible; ClaudeBot/1.0; +claudebot@anthropic.com)"
216.73.216.107 - - [22/Apr/2026:23:37:16 +0000] "GET /wp-sitemap.xml?fileloc=%2F%2Fproc%2Fthread-self%2Froot%2Flib%2Ffirmware%2Fkaweth%2Fnew_code_fix.bin&path=%2F%2Fproc%2Fthread-self%2Froot%2Flib%2Ffirmware%2Fkaweth HTTP/2" 200 2917 "-" "Mozilla/5.0 AppleWebKit/537.36 (KHTML, like Gecko; compatible; ClaudeBot/1.0; +claudebot@anthropic.com)"
216.73.216.107 - - [22/Apr/2026:23:37:16 +0000] "GET /wp-sitemap.xml?path=%2Fhome%2Fsmilepac%2Fwww%2Fwp-content%2Fplugins%2Fcodevz-plus%2Fassets HTTP/2" 200 2971 "-" "Mozilla/5.0 AppleWebKit/537.36 (KHTML, like Gecko; compatible; ClaudeBot/1.0; +claudebot@anthropic.com)"
57.141.20.9 - - [22/Apr/2026:23:37:16 +0000] "GET /wp-sitemap.xml?fileloc=/home/smilepac/lscache/6/b/1/6b17c60d0675eae3&path=/home/smilepac/lscache/6/b/1 HTTP/2" 200 12953 "-" "meta-externalagent/1.1 (+https://developers.facebook.com/docs/sharing/webmasters/crawler)"
216.73.216.107 - - [22/Apr/2026:23:37:16 +0000] "GET /wp-sitemap.xml?path=%2F%2Flib%2Ffirmware%2Fnvidia%2Fga103%2Fgr HTTP/2" 200 2940 "-" "Mozilla/5.0 AppleWebKit/537.36 (KHTML, like Gecko; compatible; ClaudeBot/1.0; +claudebot@anthropic.com)"
216.73.216.107 - - [22/Apr/2026:23:37:16 +0000] "GET /wp-sitemap.xml?fileloc=%2F%2Flib64%2Fpython2.7%2Fsite-packages%2Fpynche%2FSwitchboard.pyo&path=%2F%2Flib64%2Fpython2.7%2Fsite-packages%2Fpynche HTTP/2" 200 4917 "-" "Mozilla/5.0 AppleWebKit/537.36 (KHTML, like Gecko; compatible; ClaudeBot/1.0; +claudebot@anthropic.com)"
216.73.216.107 - - [22/Apr/2026:23:37:17 +0000] "GET /wp-sitemap.xml?fileloc=%2F%2Fproc%2Fself%2Fcwd%2Fwp-includes%2FIXR%2Fclass-IXR-value.php&path=%2F%2Fproc%2Fself%2Fcwd%2Fwp-includes%2FIXR HTTP/2" 200 3615 "-" "Mozilla/5.0 AppleWebKit/537.36 (KHTML, like Gecko; compatible; ClaudeBot/1.0; +claudebot@anthropic.com)"
216.73.216.107 - - [22/Apr/2026:23:37:17 +0000] "GET /wp-sitemap.xml?path=%2Fhome%2Fsmilepac%2Fpublic_html%2Fwp-content%2Fplugins%2Felementor%2Fcore%2Fcommon%2Fmodules HTTP/2" 200 2960 "-" "Mozilla/5.0 AppleWebKit/537.36 (KHTML, like Gecko; compatible; ClaudeBot/1.0; +claudebot@anthropic.com)"
216.73.216.107 - - [22/Apr/2026:23:37:16 +0000] "GET /wp-sitemap.xml?path=%2F%2Fusr%2Flib64%2Fperl5%2Fvendor_perl%2Fauto%2FJSON HTTP/2" 200 2788 "-" "Mozilla/5.0 AppleWebKit/537.36 (KHTML, like Gecko; compatible; ClaudeBot/1.0; +claudebot@anthropic.com)"
216.73.216.107 - - [22/Apr/2026:23:37:17 +0000] "GET /wp-sitemap.xml?fileloc=%2F%2Fusr%2Flib64%2Fpython3.6%2Fsite-packages%2Fhawkey%2F__init__.py&path=%2F%2Fusr%2Flib64%2Fpython3.6%2Fsite-packages%2Fhawkey HTTP/2" 200 6496 "-" "Mozilla/5.0 AppleWebKit/537.36 (KHTML, like Gecko; compatible; ClaudeBot/1.0; +claudebot@anthropic.com)"
57.141.20.60 - - [22/Apr/2026:23:37:17 +0000] "GET /wp-sitemap.xml?fileloc=//home/smilepac/mail/.purchase@smilepack_net/cur/1711874106.M696148P571285.gator4103.hostgator.com,S=16972,W=17326:2,S&path=//home/smilepac/mail/.purchase@smilepack_net/cur HTTP/2" 200 32019 "-" "meta-externalagent/1.1 (+https://developers.facebook.com/docs/sharing/webmasters/crawler)"
216.73.216.107 - - [22/Apr/2026:23:37:17 +0000] "GET /wp-sitemap.xml?fileloc=%2F%2Fproc%2Fself%2Fcwd%2Fwp-admin%2Fincludes%2Fclass-wp-filesystem-ftpext.php&path=%2F%2Fproc%2Fself%2Fcwd%2Fwp-admin%2Fincludes HTTP/2" 200 8235 "-" "Mozilla/5.0 AppleWebKit/537.36 (KHTML, like Gecko; compatible; ClaudeBot/1.0; +claudebot@anthropic.com)"
216.73.216.107 - - [22/Apr/2026:23:37:17 +0000] "GET /wp-sitemap.xml?fileloc=%2F%2Fproc%2Fthread-self%2Froot%2Fvar%2Fcpanel%2Fea4%2Fea_php_cli.pm&path=%2F%2Fproc%2Fthread-self%2Froot%2Fvar%2Fcpanel%2Fea4 HTTP/2" 200 6261 "-" "Mozilla/5.0 AppleWebKit/537.36 (KHTML, like Gecko; compatible; ClaudeBot/1.0; +claudebot@anthropic.com)"
216.73.216.107 - - [22/Apr/2026:23:37:17 +0000] "GET /wp-sitemap.xml?fileloc=%2F%2Flib%2Fnode_modules%2Fnpm%2Fman%2Fman5%2Fsepgsql_contexts.5.gz&path=%2F%2Flib%2Fnode_modules%2Fnpm%2Fman%2Fman5 HTTP/2" 200 2556 "-" "Mozilla/5.0 AppleWebKit/537.36 (KHTML, like Gecko; compatible; ClaudeBot/1.0; +claudebot@anthropic.com)"
216.73.216.107 - - [22/Apr/2026:23:37:17 +0000] "GET /wp-sitemap.xml?fileloc=%2Fhome%2Fsmilepac%2Fwww%2Fwp-content%2Fplugins%2Fcodevz-plus%2Fcodevz-plus.php&path=%2Fhome%2Fsmilepac%2Fwww%2Fwp-content%2Fplugins%2Fcodevz-plus HTTP/2" 200 6087 "-" "Mozilla/5.0 AppleWebKit/537.36 (KHTML, like Gecko; compatible; ClaudeBot/1.0; +claudebot@anthropic.com)"
216.73.216.107 - - [22/Apr/2026:23:37:17 +0000] "GET /wp-sitemap.xml?path=%2F%2Fproc%2Fthread-self%2Froot%2Flib%2Ffirmware%2Fnvidia%2Fgb102%2Fgsp HTTP/2" 200 2920 "-" "Mozilla/5.0 AppleWebKit/537.36 (KHTML, like Gecko; compatible; ClaudeBot/1.0; +claudebot@anthropic.com)"
216.73.216.107 - - [22/Apr/2026:23:37:17 +0000] "GET /wp-sitemap.xml?path=%2F%2Fopt%2Falt%2Fpcre2%2Fusr%2Fshare HTTP/2" 200 2774 "-" "Mozilla/5.0 AppleWebKit/537.36 (KHTML, like Gecko; compatible; ClaudeBot/1.0; +claudebot@anthropic.com)"
216.73.216.107 - - [22/Apr/2026:23:37:18 +0000] "GET /wp-sitemap.xml?path=%2Fhome%2Fsmilepac%2Fpublic_html%2Fold%2Fwp-includes%2Fcss%2Fdist%2Fedit-widgets HTTP/2" 200 2819 "-" "Mozilla/5.0 AppleWebKit/537.36 (KHTML, like Gecko; compatible; ClaudeBot/1.0; +claudebot@anthropic.com)"
216.73.216.107 - - [22/Apr/2026:23:37:17 +0000] "GET /wp-sitemap.xml?fileloc=%2F%2Fproc%2Fself%2Fcwd%2Fwp-includes%2FIXR%2Fclass-IXR-clientmulticall.php&path=%2F%2Fproc%2Fself%2Fcwd%2Fwp-includes%2FIXR HTTP/2" 200 2938 "-" "Mozilla/5.0 AppleWebKit/537.36 (KHTML, like Gecko; compatible; ClaudeBot/1.0; +claudebot@anthropic.com)"
216.73.216.107 - - [22/Apr/2026:23:37:18 +0000] "GET /wp-sitemap.xml?path=%2F%2Fproc%2Fthread-self%2Froot%2Fhome%2Fsmilepac%2Fmail%2F.Drafts HTTP/2" 200 2988 "-" "Mozilla/5.0 AppleWebKit/537.36 (KHTML, like Gecko; compatible; ClaudeBot/1.0; +claudebot@anthropic.com)"
216.73.216.107 - - [22/Apr/2026:23:37:18 +0000] "GET /wp-sitemap.xml?path=%2F%2Fopt%2Falt%2Falt-nodejs6%2Froot%2Fusr%2Fshare%2Flocale%2Fnds_DE HTTP/2" 200 2827 "-" "Mozilla/5.0 AppleWebKit/537.36 (KHTML, like Gecko; compatible; ClaudeBot/1.0; +claudebot@anthropic.com)"
216.73.216.107 - - [22/Apr/2026:23:37:18 +0000] "GET /wp-sitemap.xml?path=%2F%2Fusr%2Fshare%2Flocale%2Fis%2FLC_MESSAGES HTTP/2" 200 3410 "-" "Mozilla/5.0 AppleWebKit/537.36 (KHTML, like Gecko; compatible; ClaudeBot/1.0; +claudebot@anthropic.com)"
216.73.216.107 - - [22/Apr/2026:23:37:18 +0000] "GET /wp-sitemap.xml?path=%2F%2Fhome%2Fsmilepac%2Fpublic_html%2Fold%2Fwp-includes%2FRequests%2Fsrc HTTP/2" 200 3085 "-" "Mozilla/5.0 AppleWebKit/537.36 (KHTML, like Gecko; compatible; ClaudeBot/1.0; +claudebot@anthropic.com)"
216.73.216.107 - - [22/Apr/2026:23:37:18 +0000] "GET /wp-sitemap.xml?fileloc=%2F%2Fproc%2Fself%2Fcwd%2Fwp-admin%2Fincludes%2Fclass-core-upgrader.php&path=%2F%2Fproc%2Fself%2Fcwd%2Fwp-admin%2Fincludes HTTP/2" 200 7300 "-" "Mozilla/5.0 AppleWebKit/537.36 (KHTML, like Gecko; compatible; ClaudeBot/1.0; +claudebot@anthropic.com)"
216.73.216.107 - - [22/Apr/2026:23:37:18 +0000] "GET /wp-sitemap.xml?fileloc=%2F%2Flib64%2Fpython2.7%2Fsite-packages%2Fpynche%2FChipViewer.pyo&path=%2F%2Flib64%2Fpython2.7%2Fsite-packages%2Fpynche HTTP/2" 200 4595 "-" "Mozilla/5.0 AppleWebKit/537.36 (KHTML, like Gecko; compatible; ClaudeBot/1.0; +claudebot@anthropic.com)"
57.141.20.7 - - [22/Apr/2026:23:37:18 +0000] "GET /wp-sitemap.xml?fileloc=//home/smilepac/.cagefs/tmp/da39a3ee5e6b4b0d3255bfef95601890afd80709QtjvQB&path=//home/smilepac/.cagefs/tmp HTTP/2" 200 12435 "-" "meta-externalagent/1.1 (+https://developers.facebook.com/docs/sharing/webmasters/crawler)"
57.141.20.28 - - [22/Apr/2026:23:37:18 +0000] "GET /wp-sitemap.xml?fileloc=//home/smilepac/.cagefs/tmp/da39a3ee5e6b4b0d3255bfef95601890afd80709J5pMXD&path=//home/smilepac/.cagefs/tmp HTTP/2" 200 12435 "-" "meta-externalagent/1.1 (+https://developers.facebook.com/docs/sharing/webmasters/crawler)"
216.73.216.107 - - [22/Apr/2026:23:37:18 +0000] "GET /wp-sitemap.xml?fileloc=%2F%2Fproc%2Fself%2Froot%2Fusr%2Fbin%2Fsleep&path=%2F%2Fproc%2Fself%2Froot%2Fusr%2Fbin HTTP/2" 200 16906 "-" "Mozilla/5.0 AppleWebKit/537.36 (KHTML, like Gecko; compatible; ClaudeBot/1.0; +claudebot@anthropic.com)"
216.73.216.107 - - [22/Apr/2026:23:37:18 +0000] "GET /wp-sitemap.xml?path=%2F%2Flib%2Ffirmware%2Fnvidia%2Ftu106%2Fgr HTTP/2" 200 3208 "-" "Mozilla/5.0 AppleWebKit/537.36 (KHTML, like Gecko; compatible; ClaudeBot/1.0; +claudebot@anthropic.com)"
216.73.216.107 - - [22/Apr/2026:23:37:19 +0000] "GET /wp-sitemap.xml?path=%2F%2Fproc%2Fthread-self%2Froot%2Fhome%2Fsmilepac%2Fssl%2Fcerts HTTP/2" 200 3329 "-" "Mozilla/5.0 AppleWebKit/537.36 (KHTML, like Gecko; compatible; ClaudeBot/1.0; +claudebot@anthropic.com)"
216.73.216.107 - - [22/Apr/2026:23:37:19 +0000] "GET /wp-sitemap.xml?path=%2F%2Fproc%2Fthread-self%2Froot%2Flib64%2FNetworkManager%2F1.40.16-20.el8_10 HTTP/2" 200 2896 "-" "Mozilla/5.0 AppleWebKit/537.36 (KHTML, like Gecko; compatible; ClaudeBot/1.0; +claudebot@anthropic.com)"
216.73.216.107 - - [22/Apr/2026:23:37:19 +0000] "GET /wp-sitemap.xml?fileloc=%2F%2Fproc%2Fself%2Froot%2Fusr%2Fbin%2Fmailx&path=%2F%2Fproc%2Fself%2Froot%2Fusr%2Fbin HTTP/2" 200 187828 "-" "Mozilla/5.0 AppleWebKit/537.36 (KHTML, like Gecko; compatible; ClaudeBot/1.0; +claudebot@anthropic.com)"
216.73.216.107 - - [22/Apr/2026:23:37:19 +0000] "GET /wp-sitemap.xml?path=%2F%2Fproc%2Fthread-self%2Froot%2Fhome%2Fsmilepac%2Fmail%2Fwebdav HTTP/2" 200 3065 "-" "Mozilla/5.0 AppleWebKit/537.36 (KHTML, like Gecko; compatible; ClaudeBot/1.0; +claudebot@anthropic.com)"
216.73.216.107 - - [22/Apr/2026:23:37:19 +0000] "GET /wp-sitemap.xml?fileloc=%2F%2Flib%2Fnode_modules%2Fnpm%2Fman%2Fman5%2Fgitprotocol-capabilities.5.gz&path=%2F%2Flib%2Fnode_modules%2Fnpm%2Fman%2Fman5 HTTP/2" 200 8390 "-" "Mozilla/5.0 AppleWebKit/537.36 (KHTML, like Gecko; compatible; ClaudeBot/1.0; +claudebot@anthropic.com)"
216.73.216.107 - - [22/Apr/2026:23:37:19 +0000] "GET /wp-sitemap.xml?fileloc=%2F%2Fusr%2Flib%2Fnode_modules%2Fnpm%2Flib%2Fpublish.js&path=%2F%2Fusr%2Flib%2Fnode_modules%2Fnpm%2Flib HTTP/2" 200 4349 "-" "Mozilla/5.0 AppleWebKit/537.36 (KHTML, like Gecko; compatible; ClaudeBot/1.0; +claudebot@anthropic.com)"
216.73.216.107 - - [22/Apr/2026:23:37:19 +0000] "GET /wp-sitemap.xml?fileloc=%2F%2Fproc%2Fself%2Froot%2Fusr%2Fbin%2Fgpic&path=%2F%2Fproc%2Fself%2Froot%2Fusr%2Fbin HTTP/2" 200 90072 "-" "Mozilla/5.0 AppleWebKit/537.36 (KHTML, like Gecko; compatible; ClaudeBot/1.0; +claudebot@anthropic.com)"
216.73.216.107 - - [22/Apr/2026:23:37:19 +0000] "GET /wp-sitemap.xml?fileloc=%2F%2Fproc%2Fself%2Froot%2Fusr%2Fbin%2Fgencat&path=%2F%2Fproc%2Fself%2Froot%2Fusr%2Fbin HTTP/2" 200 12929 "-" "Mozilla/5.0 AppleWebKit/537.36 (KHTML, like Gecko; compatible; ClaudeBot/1.0; +claudebot@anthropic.com)"
216.73.216.107 - - [22/Apr/2026:23:37:19 +0000] "GET /wp-sitemap.xml?path=%2F%2Fproc%2Fthread-self%2Froot%2Fhome%2Fsmilepac%2Fetc%2Fwebdav HTTP/2" 200 2853 "-" "Mozilla/5.0 AppleWebKit/537.36 (KHTML, like Gecko; compatible; ClaudeBot/1.0; +claudebot@anthropic.com)"
216.73.216.107 - - [22/Apr/2026:23:37:19 +0000] "GET /wp-sitemap.xml?fileloc=%2F%2Fproc%2Fself%2Fcwd%2Fwp-includes%2Fcss%2Fwp-auth-check.min.css&path=%2F%2Fproc%2Fself%2Fcwd%2Fwp-includes%2Fcss HTTP/2" 200 3100 "-" "Mozilla/5.0 AppleWebKit/537.36 (KHTML, like Gecko; compatible; ClaudeBot/1.0; +claudebot@anthropic.com)"
216.73.216.107 - - [22/Apr/2026:23:37:20 +0000] "GET /wp-sitemap.xml?path=%2F%2Fproc%2Fthread-self%2Froot%2Fhome%2Fsmilepac%2F.trash HTTP/2" 200 2863 "-" "Mozilla/5.0 AppleWebKit/537.36 (KHTML, like Gecko; compatible; ClaudeBot/1.0; +claudebot@anthropic.com)"
216.73.216.107 - - [22/Apr/2026:23:37:20 +0000] "GET /wp-sitemap.xml?fileloc=%2F%2Fproc%2Fself%2Froot%2Fusr%2Fbin%2Fgunzip&path=%2F%2Fproc%2Fself%2Froot%2Fusr%2Fbin HTTP/2" 200 3632 "-" "Mozilla/5.0 AppleWebKit/537.36 (KHTML, like Gecko; compatible; ClaudeBot/1.0; +claudebot@anthropic.com)"
216.73.216.107 - - [22/Apr/2026:23:37:20 +0000] "GET /wp-sitemap.xml?path=%2F%2Fusr%2Flocal%2Fshare%2Fperl5%2FPOD2 HTTP/2" 200 2809 "-" "Mozilla/5.0 AppleWebKit/537.36 (KHTML, like Gecko; compatible; ClaudeBot/1.0; +claudebot@anthropic.com)"
57.141.20.69 - - [22/Apr/2026:23:37:20 +0000] "GET /wp-sitemap.xml?fileloc=/home/smilepac/mail/smilepack.net/seconed.storekeeperassistant/.Sent/cur/1773128975.M893310P1720847.server.nevid-deploma.com,S=189710,W=192185:2,S&path=/home/smilepac/mail/smilepack.net/seconed.storekeeperassistant/.Sent/cur HTTP/2" 200 202544 "-" "meta-externalagent/1.1 (+https://developers.facebook.com/docs/sharing/webmasters/crawler)"
216.73.216.107 - - [22/Apr/2026:23:37:20 +0000] "GET /wp-sitemap.xml?fileloc=%2F%2Fproc%2Fself%2Fcwd%2Fwp-admin%2Fincludes%2Fclass-wp-upgrader.php&path=%2F%2Fproc%2Fself%2Fcwd%2Fwp-admin%2Fincludes HTTP/2" 200 14116 "-" "Mozilla/5.0 AppleWebKit/537.36 (KHTML, like Gecko; compatible; ClaudeBot/1.0; +claudebot@anthropic.com)"
216.73.216.107 - - [22/Apr/2026:23:37:20 +0000] "GET /wp-sitemap.xml?fileloc=%2F%2Fproc%2Fself%2Froot%2Fusr%2Fbin%2Fatq&path=%2F%2Fproc%2Fself%2Froot%2Fusr%2Fbin HTTP/2" 200 3131 "-" "Mozilla/5.0 AppleWebKit/537.36 (KHTML, like Gecko; compatible; ClaudeBot/1.0; +claudebot@anthropic.com)"
216.73.216.107 - - [22/Apr/2026:23:37:20 +0000] "GET /wp-sitemap.xml?fileloc=%2F%2Fopt%2Falt%2Fphp84%2Fetc%2Fphp.d%2Fmysqli.ini&path=%2F%2Fopt%2Falt%2Fphp84%2Fetc%2Fphp.d HTTP/2" 200 2503 "-" "Mozilla/5.0 AppleWebKit/537.36 (KHTML, like Gecko; compatible; ClaudeBot/1.0; +claudebot@anthropic.com)"
216.73.216.107 - - [22/Apr/2026:23:37:20 +0000] "GET /wp-sitemap.xml?fileloc=%2F%2Fproc%2Fself%2Froot%2Fusr%2Fbin%2Fxsltproc&path=%2F%2Fproc%2Fself%2Froot%2Fusr%2Fbin HTTP/2" 200 12855 "-" "Mozilla/5.0 AppleWebKit/537.36 (KHTML, like Gecko; compatible; ClaudeBot/1.0; +claudebot@anthropic.com)"
57.141.20.14 - - [22/Apr/2026:23:37:05 +0000] "GET /wp-sitemap.xml?fileloc=//opt/alt/alt-nodejs11/root/bin/npm&path=//opt/alt/alt-nodejs11/root/bin HTTP/2" 200 17806 "-" "meta-externalagent/1.1 (+https://developers.facebook.com/docs/sharing/webmasters/crawler)"
57.141.20.6 - - [22/Apr/2026:23:37:07 +0000] "GET /wp-sitemap.xml?fileloc=/home/smilepac/mail/smilepack.net/seconed.storekeeperassistant/.Sent/cur/1726554627.M570540P898049.gator4103.hostgator.com,S=227995,W=230973:2,S&path=/home/smilepac/mail/smilepack.net/seconed.storekeeperassistant/.Sent/cur HTTP/2" 200 240929 "-" "meta-externalagent/1.1 (+https://developers.facebook.com/docs/sharing/webmasters/crawler)"
51.195.215.195 - - [22/Apr/2026:23:37:10 +0000] "GET /tag/%D9%85%D9%88%D9%82%D8%B9-%D8%A7%D9%84%D9%83%D8%AA%D8%B1%D9%88%D9%86%D9%8A/?fileloc=/home/smilepac/public_html/wp-includes/class-wp-walker.php&path=/home/smilepac/public_html/wp-includes HTTP/2" 200 5654 "-" "Mozilla/5.0 (compatible; AhrefsBot/7.0; +http://ahrefs.com/robot/)"
57.141.20.62 - - [22/Apr/2026:23:37:11 +0000] "GET /wp-sitemap.xml?fileloc=//home/smilepac/mail/.purchase@smilepack_net/cur/1759137534.M721612P1657092.server.right-website.com,S=4673,W=4753:2,S&path=//home/smilepac/mail/.purchase@smilepack_net/cur HTTP/2" 200 17390 "-" "meta-externalagent/1.1 (+https://developers.facebook.com/docs/sharing/webmasters/crawler)"
57.141.20.43 - - [22/Apr/2026:23:37:12 +0000] "GET /wp-sitemap.xml?fileloc=//home/smilepac/mail/.purchase@smilepack_net/cur/1739443459.M199865P3613727.fsn1.gohahost.com,S=1460,W=1496:2,S&path=//home/smilepac/mail/.purchase@smilepack_net/cur HTTP/2" 200 14084 "-" "meta-externalagent/1.1 (+https://developers.facebook.com/docs/sharing/webmasters/crawler)"
57.141.20.45 - - [22/Apr/2026:23:37:12 +0000] "GET /wp-sitemap.xml?fileloc=//home/smilepac/mail/.purchase@smilepack_net/cur/1755333810.M551498P3331576.server.right-website.com,S=3551,W=3625:2,S&path=//home/smilepac/mail/.purchase@smilepack_net/cur HTTP/2" 200 16493 "-" "meta-externalagent/1.1 (+https://developers.facebook.com/docs/sharing/webmasters/crawler)"
57.141.20.12 - - [22/Apr/2026:23:37:15 +0000] "GET /wp-sitemap.xml?fileloc=/home/smilepac/mail/smilepack.net/costacc/.Sent/cur/1710059844.M442670P27326.gator4103.hostgator.com,S=3856952,W=3907109:2,S&path=/home/smilepac/mail/smilepack.net/costacc/.Sent/cur HTTP/2" 200 3870154 "-" "meta-externalagent/1.1 (+https://developers.facebook.com/docs/sharing/webmasters/crawler)"
57.141.20.37 - - [22/Apr/2026:23:37:16 +0000] "GET /wp-sitemap.xml?path=//home/smilepac/lscache/2/c/f HTTP/2" 200 43261 "-" "meta-externalagent/1.1 (+https://developers.facebook.com/docs/sharing/webmasters/crawler)"
57.141.20.14 - - [22/Apr/2026:23:37:17 +0000] "GET /wp-sitemap.xml?fileloc=//home/smilepac/.cagefs/tmp/da39a3ee5e6b4b0d3255bfef95601890afd80709ttaikz&path=//home/smilepac/.cagefs/tmp HTTP/2" 200 12435 "-" "meta-externalagent/1.1 (+https://developers.facebook.com/docs/sharing/webmasters/crawler)"
57.141.20.28 - - [22/Apr/2026:23:37:18 +0000] "GET /wp-sitemap.xml?fileloc=//home/smilepac/.cagefs/tmp/da39a3ee5e6b4b0d3255bfef95601890afd80709W0cfqh&path=//home/smilepac/.cagefs/tmp HTTP/2" 200 12435 "-" "meta-externalagent/1.1 (+https://developers.facebook.com/docs/sharing/webmasters/crawler)"
57.141.20.53 - - [22/Apr/2026:23:37:19 +0000] "GET /wp-sitemap.xml?fileloc=//home/smilepac/mail/.purchase@smilepack_net/cur/1772357590.M217579P3888196.server.nevid-deploma.com,S=3253,W=3326:2,S&path=//home/smilepac/mail/.purchase@smilepack_net/cur HTTP/2" 200 16327 "-" "meta-externalagent/1.1 (+https://developers.facebook.com/docs/sharing/webmasters/crawler)"
57.141.20.63 - - [22/Apr/2026:23:37:21 +0000] "GET /wp-sitemap.xml?fileloc=/home/smilepac/mail/smilepack.net/costacc/.Sent/cur/1772009967.M953133P3472488.server.nevid-deploma.com,S=2026,W=2070:2,S&path=/home/smilepac/mail/smilepack.net/costacc/.Sent/cur HTTP/2" 200 15095 "-" "meta-externalagent/1.1 (+https://developers.facebook.com/docs/sharing/webmasters/crawler)"
57.141.20.21 - - [22/Apr/2026:23:36:59 +0000] "GET /wp-sitemap.xml?path=//home/smilepac/lscache/8/b/9 HTTP/2" 200 28077 "-" "meta-externalagent/1.1 (+https://developers.facebook.com/docs/sharing/webmasters/crawler)"
57.141.20.43 - - [22/Apr/2026:23:37:00 +0000] "GET /wp-sitemap.xml?path=//home/smilepac/lscache/5/2/c HTTP/2" 200 35666 "-" "meta-externalagent/1.1 (+https://developers.facebook.com/docs/sharing/webmasters/crawler)"
57.141.20.21 - - [22/Apr/2026:23:37:04 +0000] "GET /wp-sitemap.xml?path=//home/smilepac/lscache/8/b/e HTTP/2" 200 37186 "-" "meta-externalagent/1.1 (+https://developers.facebook.com/docs/sharing/webmasters/crawler)"
57.141.20.12 - - [22/Apr/2026:23:37:06 +0000] "GET /wp-sitemap.xml?path=//home/smilepac/lscache/8/b/0 HTTP/2" 200 37186 "-" "meta-externalagent/1.1 (+https://developers.facebook.com/docs/sharing/webmasters/crawler)"
57.141.20.6 - - [22/Apr/2026:23:37:07 +0000] "GET /wp-sitemap.xml?fileloc=//home/smilepac/mail/.purchase@smilepack_net/cur/1711628032.M628574P229864.gator4103.hostgator.com,S=5235,W=5354:2,S&path=//home/smilepac/mail/.purchase@smilepack_net/cur HTTP/2" 200 18896 "-" "meta-externalagent/1.1 (+https://developers.facebook.com/docs/sharing/webmasters/crawler)"
57.141.20.14 - - [22/Apr/2026:23:37:08 +0000] "GET /wp-sitemap.xml?fileloc=/home/smilepac/lscache/9/0/5/905cb6b09eaef0b5&path=/home/smilepac/lscache/9/0/5 HTTP/2" 200 77389 "-" "meta-externalagent/1.1 (+https://developers.facebook.com/docs/sharing/webmasters/crawler)"
57.141.20.30 - - [22/Apr/2026:23:37:09 +0000] "GET /wp-sitemap.xml?fileloc=/home/smilepac/lscache/d/9/0/d90f5694e0bc1108&path=/home/smilepac/lscache/d/9/0 HTTP/2" 200 55244 "-" "meta-externalagent/1.1 (+https://developers.facebook.com/docs/sharing/webmasters/crawler)"
57.141.20.45 - - [22/Apr/2026:23:37:10 +0000] "GET /wp-sitemap.xml?fileloc=//home/smilepac/mail/.purchase@smilepack_net/cur/1770806588.M265961P3522182.server.nevid-deploma.com,S=4081,W=4166:2,S&path=//home/smilepac/mail/.purchase@smilepack_net/cur HTTP/2" 200 17303 "-" "meta-externalagent/1.1 (+https://developers.facebook.com/docs/sharing/webmasters/crawler)"
57.141.20.30 - - [22/Apr/2026:23:37:12 +0000] "GET /wp-sitemap.xml?fileloc=//home/smilepac/mail/.purchase@smilepack_net/cur/1729668620.M57624P3662447.fsn1.gohahost.com,S=55011,W=55757:2,S&path=//home/smilepac/mail/.purchase@smilepack_net/cur HTTP/2" 200 67752 "-" "meta-externalagent/1.1 (+https://developers.facebook.com/docs/sharing/webmasters/crawler)"
57.141.20.32 - - [22/Apr/2026:23:37:13 +0000] "GET /wp-sitemap.xml?fileloc=//home/smilepac/mail/.purchase@smilepack_net/cur/1775484405.M43061P524412.server.nevid-deploma.com,S=2456,W=2517:2,S&path=//home/smilepac/mail/.purchase@smilepack_net/cur HTTP/2" 200 15275 "-" "meta-externalagent/1.1 (+https://developers.facebook.com/docs/sharing/webmasters/crawler)"
57.141.20.29 - - [22/Apr/2026:23:37:16 +0000] "GET /wp-sitemap.xml?fileloc=/home/smilepac/lscache/c/6/7/c672a5de07b4f3a1&path=/home/smilepac/lscache/c/6/7 HTTP/2" 200 13031 "-" "meta-externalagent/1.1 (+https://developers.facebook.com/docs/sharing/webmasters/crawler)"
57.141.20.70 - - [22/Apr/2026:23:37:19 +0000] "GET /wp-sitemap.xml?path=//opt/alt/php80/usr/lib64/php HTTP/2" 200 15589 "-" "meta-externalagent/1.1 (+https://developers.facebook.com/docs/sharing/webmasters/crawler)"
57.141.20.59 - - [22/Apr/2026:23:37:22 +0000] "GET /wp-sitemap.xml?fileloc=/home/smilepac/lscache/6/b/9/6b9634cf3730df29&path=/home/smilepac/lscache/6/b/9 HTTP/2" 200 55558 "-" "meta-externalagent/1.1 (+https://developers.facebook.com/docs/sharing/webmasters/crawler)"
57.141.20.0 - - [22/Apr/2026:23:37:23 +0000] "GET /wp-sitemap.xml?fileloc=/home/smilepac/lscache/9/0/e/90e12f078c76f5b3&path=/home/smilepac/lscache/9/0/e HTTP/2" 200 55297 "-" "meta-externalagent/1.1 (+https://developers.facebook.com/docs/sharing/webmasters/crawler)"
57.141.20.21 - - [22/Apr/2026:23:37:09 +0000] "GET /wp-sitemap.xml?fileloc=/home/smilepac/lscache/3/b/c/3bc4934c2a2708fe&path=/home/smilepac/lscache/3/b/c HTTP/2" 200 55320 "-" "meta-externalagent/1.1 (+https://developers.facebook.com/docs/sharing/webmasters/crawler)"
57.141.20.53 - - [22/Apr/2026:23:37:10 +0000] "GET /wp-sitemap.xml?fileloc=/home/smilepac/lscache/d/d/9/dd9fd2ca9d708810&path=/home/smilepac/lscache/d/d/9 HTTP/2" 200 77953 "-" "meta-externalagent/1.1 (+https://developers.facebook.com/docs/sharing/webmasters/crawler)"
57.141.20.20 - - [22/Apr/2026:23:37:14 +0000] "GET /wp-sitemap.xml?fileloc=/home/smilepac/mail/smilepack.net/costacc/.Sent/cur/1770636413.M275601P4127225.server.nevid-deploma.com,S=2420,W=2469:2,S&path=/home/smilepac/mail/smilepack.net/costacc/.Sent/cur HTTP/2" 200 15609 "-" "meta-externalagent/1.1 (+https://developers.facebook.com/docs/sharing/webmasters/crawler)"
57.141.20.2 - - [22/Apr/2026:23:37:15 +0000] "GET /wp-sitemap.xml?path=//home/smilepac/lscache/4/7/b HTTP/2" 200 28075 "-" "meta-externalagent/1.1 (+https://developers.facebook.com/docs/sharing/webmasters/crawler)"
57.141.20.28 - - [22/Apr/2026:23:37:16 +0000] "GET /wp-sitemap.xml?fileloc=//home/smilepac/.cagefs/tmp/da39a3ee5e6b4b0d3255bfef95601890afd80709x0iniZ&path=//home/smilepac/.cagefs/tmp HTTP/2" 200 12435 "-" "meta-externalagent/1.1 (+https://developers.facebook.com/docs/sharing/webmasters/crawler)"
57.141.20.53 - - [22/Apr/2026:23:37:17 +0000] "GET /wp-sitemap.xml?fileloc=//home/smilepac/.cagefs/tmp/da39a3ee5e6b4b0d3255bfef95601890afd80709iwmxMJ&path=//home/smilepac/.cagefs/tmp HTTP/2" 200 12435 "-" "meta-externalagent/1.1 (+https://developers.facebook.com/docs/sharing/webmasters/crawler)"
57.141.20.64 - - [22/Apr/2026:23:37:19 +0000] "GET /wp-sitemap.xml?path=/home/smilepac/www/wp-content/uploads/2021/09 HTTP/2" 200 16130 "-" "meta-externalagent/1.1 (+https://developers.facebook.com/docs/sharing/webmasters/crawler)"
57.141.20.3 - - [22/Apr/2026:23:37:20 +0000] "GET /wp-sitemap.xml?path=//opt/alt/php80/usr/lib64/build HTTP/2" 200 33961 "-" "meta-externalagent/1.1 (+https://developers.facebook.com/docs/sharing/webmasters/crawler)"
57.141.20.27 - - [22/Apr/2026:23:37:21 +0000] "GET /wp-sitemap.xml?fileloc=//home/smilepac/mail/.purchase@smilepack_net/cur/1759734513.M516274P2176181.server.right-website.com,S=2497,W=2554:2,S&path=//home/smilepac/mail/.purchase@smilepack_net/cur HTTP/2" 200 15304 "-" "meta-externalagent/1.1 (+https://developers.facebook.com/docs/sharing/webmasters/crawler)"
57.141.20.64 - - [22/Apr/2026:23:37:23 +0000] "GET /wp-sitemap.xml?fileloc=//home/smilepac/mail/.purchase@smilepack_net/cur/1763294640.M369432P2368371.server.nevid-deploma.com,S=2515,W=2572:2,S&path=//home/smilepac/mail/.purchase@smilepack_net/cur HTTP/2" 200 15322 "-" "meta-externalagent/1.1 (+https://developers.facebook.com/docs/sharing/webmasters/crawler)"
57.141.20.41 - - [22/Apr/2026:23:37:24 +0000] "GET /wp-sitemap.xml?fileloc=/home/smilepac/lscache/6/c/a/6ca5fb01fc1835c3&path=/home/smilepac/lscache/6/c/a HTTP/2" 200 77628 "-" "meta-externalagent/1.1 (+https://developers.facebook.com/docs/sharing/webmasters/crawler)"
57.141.20.57 - - [22/Apr/2026:23:37:25 +0000] "GET /wp-sitemap.xml?fileloc=/home/smilepac/lscache/3/b/d/3bdec2885995639d&path=/home/smilepac/lscache/3/b/d HTTP/2" 200 13016 "-" "meta-externalagent/1.1 (+https://developers.facebook.com/docs/sharing/webmasters/crawler)"
57.141.20.8 - - [22/Apr/2026:23:37:31 +0000] "GET /wp-sitemap.xml?fileloc=//home/smilepac/mail/.purchase@smilepack_net/cur/1710928656.M490039P739545.gator4103.hostgator.com,S=6413,W=6515:2,S&path=//home/smilepac/mail/.purchase@smilepack_net/cur HTTP/2" 200 19144 "-" "meta-externalagent/1.1 (+https://developers.facebook.com/docs/sharing/webmasters/crawler)"
216.73.216.107 - - [22/Apr/2026:23:37:20 +0000] "GET /wp-sitemap.xml?fileloc=%2F%2Fusr%2Flib%2Fnode_modules%2Fnpm%2Flib%2Fowner.js&path=%2F%2Fusr%2Flib%2Fnode_modules%2Fnpm%2Flib HTTP/2" 200 4814 "-" "Mozilla/5.0 AppleWebKit/537.36 (KHTML, like Gecko; compatible; ClaudeBot/1.0; +claudebot@anthropic.com)"
57.141.20.37 - - [22/Apr/2026:23:37:21 +0000] "GET /wp-sitemap.xml?fileloc=//home/smilepac/mail/.purchase@smilepack_net/cur/1760269083.M505433P2072211.server.right-website.com,S=2474,W=2531:2,S&path=//home/smilepac/mail/.purchase@smilepack_net/cur HTTP/2" 200 15329 "-" "meta-externalagent/1.1 (+https://developers.facebook.com/docs/sharing/webmasters/crawler)"
57.141.20.52 - - [22/Apr/2026:23:37:21 +0000] "GET /wp-sitemap.xml?fileloc=/home/smilepac/lscache/b/5/1/b51805251e584e0f&path=/home/smilepac/lscache/b/5/1 HTTP/2" 200 77284 "-" "meta-externalagent/1.1 (+https://developers.facebook.com/docs/sharing/webmasters/crawler)"
57.141.20.64 - - [22/Apr/2026:23:37:23 +0000] "GET /wp-sitemap.xml?fileloc=//home/smilepac/www/wp-admin/network/edit.php&path=//home/smilepac/www/wp-admin/network HTTP/2" 200 13440 "-" "meta-externalagent/1.1 (+https://developers.facebook.com/docs/sharing/webmasters/crawler)"
57.141.20.31 - - [22/Apr/2026:23:37:26 +0000] "GET /wp-sitemap.xml?fileloc=/home/smilepac/mail/smilepack.net/costacc/.Sent/cur/1714489296.M411827P890066.gator4103.hostgator.com,S=3692,W=3785:2,S&path=/home/smilepac/mail/smilepack.net/costacc/.Sent/cur HTTP/2" 200 17065 "-" "meta-externalagent/1.1 (+https://developers.facebook.com/docs/sharing/webmasters/crawler)"
57.141.20.64 - - [22/Apr/2026:23:37:26 +0000] "GET /wp-sitemap.xml?fileloc=/home/smilepac/mail/smilepack.net/costacc/.Sent/cur/1770636359.M503730P4127225.server.nevid-deploma.com,S=2386,W=2435:2,S&path=/home/smilepac/mail/smilepack.net/costacc/.Sent/cur HTTP/2" 200 15575 "-" "meta-externalagent/1.1 (+https://developers.facebook.com/docs/sharing/webmasters/crawler)"
57.141.20.65 - - [22/Apr/2026:23:37:28 +0000] "GET /wp-sitemap.xml?fileloc=/home/smilepac/lscache/6/b/d/6bd4e78d61e64c97&path=/home/smilepac/lscache/6/b/d HTTP/2" 200 77668 "-" "meta-externalagent/1.1 (+https://developers.facebook.com/docs/sharing/webmasters/crawler)"
57.141.20.37 - - [22/Apr/2026:23:37:29 +0000] "GET /wp-sitemap.xml?fileloc=//opt/alt/libicu/usr/bin/icu-config&path=//opt/alt/libicu/usr/bin HTTP/2" 200 12642 "-" "meta-externalagent/1.1 (+https://developers.facebook.com/docs/sharing/webmasters/crawler)"
57.141.20.55 - - [22/Apr/2026:23:37:29 +0000] "GET /wp-sitemap.xml?fileloc=//lib/python3.6/site-packages/pyOpenSSL-19.0.0-py3.6.egg-info/SOURCES.txt&path=//lib/python3.6/site-packages/pyOpenSSL-19.0.0-py3.6.egg-info HTTP/2" 200 13947 "-" "meta-externalagent/1.1 (+https://developers.facebook.com/docs/sharing/webmasters/crawler)"
57.141.20.52 - - [22/Apr/2026:23:37:31 +0000] "GET /wp-sitemap.xml?fileloc=//proc/self/root/usr/lib64/libip4tc.so.2.0.0&path=//proc/self/root/usr/lib64 HTTP/2" 200 57178 "-" "meta-externalagent/1.1 (+https://developers.facebook.com/docs/sharing/webmasters/crawler)"
57.141.20.0 - - [22/Apr/2026:23:37:30 +0000] "GET /wp-sitemap.xml?fileloc=/home/smilepac/mail/smilepack.net/costacc/.Sent/cur/1708420600.M261580P751853.gator4103.hostgator.com,S=3849441,W=3899501:2,S&path=/home/smilepac/mail/smilepack.net/costacc/.Sent/cur HTTP/2" 200 3862644 "-" "meta-externalagent/1.1 (+https://developers.facebook.com/docs/sharing/webmasters/crawler)"
57.141.20.18 - - [22/Apr/2026:23:37:32 +0000] "GET /wp-sitemap-taxonomies-post_tag-1.xml?fileloc=/home/smilepac/public_html/wp-includes/abilities-api/class-wp-ability.php&path=/home/smilepac/public_html/wp-includes/abilities-api HTTP/2" 200 36533 "-" "meta-externalagent/1.1 (+https://developers.facebook.com/docs/sharing/webmasters/crawler)"
57.141.20.41 - - [22/Apr/2026:23:37:34 +0000] "GET /wp-sitemap.xml?fileloc=//proc/self/root/usr/lib64/libkmod.so.2.3.3&path=//proc/self/root/usr/lib64 HTTP/2" 200 165424 "-" "meta-externalagent/1.1 (+https://developers.facebook.com/docs/sharing/webmasters/crawler)"
57.141.20.55 - - [22/Apr/2026:23:37:35 +0000] "GET /wp-sitemap.xml?fileloc=//proc/self/root/usr/lib64/libbind9.so.161&path=//proc/self/root/usr/lib64 HTTP/2" 200 123969 "-" "meta-externalagent/1.1 (+https://developers.facebook.com/docs/sharing/webmasters/crawler)"
57.141.20.16 - - [22/Apr/2026:23:37:35 +0000] "GET /wp-sitemap.xml?fileloc=//proc/self/root/usr/lib64/libkadm5clnt_mit.so&path=//proc/self/root/usr/lib64 HTTP/2" 200 152067 "-" "meta-externalagent/1.1 (+https://developers.facebook.com/docs/sharing/webmasters/crawler)"
57.141.20.25 - - [22/Apr/2026:23:37:37 +0000] "GET /wp-sitemap.xml?fileloc=//proc/self/root/usr/lib64/libXaw7.so.7&path=//proc/self/root/usr/lib64 HTTP/2" 200 664489 "-" "meta-externalagent/1.1 (+https://developers.facebook.com/docs/sharing/webmasters/crawler)"
57.141.20.26 - - [22/Apr/2026:23:37:38 +0000] "GET /wp-sitemap.xml?fileloc=//home/smilepac/mail/.purchase@smilepack_net/cur/1707742931.M608007P891510.gator4103.hostgator.com,S=14507,W=14808:2,S&path=//home/smilepac/mail/.purchase@smilepack_net/cur HTTP/2" 200 29122 "-" "meta-externalagent/1.1 (+https://developers.facebook.com/docs/sharing/webmasters/crawler)"
57.141.20.8 - - [22/Apr/2026:23:37:39 +0000] "GET /wp-sitemap.xml?fileloc=//proc/self/root/usr/lib64/libwebpdecoder.so&path=//proc/self/root/usr/lib64 HTTP/2" 200 399082 "-" "meta-externalagent/1.1 (+https://developers.facebook.com/docs/sharing/webmasters/crawler)"
74.7.227.39 - - [22/Apr/2026:23:37:42 +0000] "GET /sitemap.xml?fileloc=//lib64/libaprutil-1.so.0&path=//lib64 HTTP/2" 200 79524 "https://www.smilepack.net/sitemap.xml?path=//lib64" "Mozilla/5.0 AppleWebKit/537.36 (KHTML, like Gecko; compatible; GPTBot/1.3; +https://openai.com/gptbot)"
216.73.216.107 - - [22/Apr/2026:23:37:42 +0000] "GET /wp-sitemap.xml?path=%2F%2Fopt%2Falt%2Falt-nodejs6%2Froot%2Fusr%2Fshare%2Flocale%2Fzh_TW.Big5 HTTP/2" 200 2823 "-" "Mozilla/5.0 AppleWebKit/537.36 (KHTML, like Gecko; compatible; ClaudeBot/1.0; +claudebot@anthropic.com)"
216.73.216.107 - - [22/Apr/2026:23:37:42 +0000] "GET /wp-sitemap.xml?path=%2Fhome%2Fsmilepac%2Fpublic_html%2Fwp-includes%2Fsodium_compat%2Fsrc%2FCore%2FBase64 HTTP/2" 200 2918 "-" "Mozilla/5.0 AppleWebKit/537.36 (KHTML, like Gecko; compatible; ClaudeBot/1.0; +claudebot@anthropic.com)"
57.141.20.18 - - [22/Apr/2026:23:37:42 +0000] "GET /wp-sitemap.xml?fileloc=//proc/self/root/usr/lib64/libX11.so.6.3.0&path=//proc/self/root/usr/lib64 HTTP/2" 200 2161928 "-" "meta-externalagent/1.1 (+https://developers.facebook.com/docs/sharing/webmasters/crawler)"
216.73.216.107 - - [22/Apr/2026:23:37:42 +0000] "GET /wp-sitemap.xml?fileloc=%2F%2Flib%2Fnode_modules%2Fnpm%2Fman%2Fman3%2FXutf8TextPerCharExtents.3.gz&path=%2F%2Flib%2Fnode_modules%2Fnpm%2Fman%2Fman3 HTTP/2" 200 2577 "-" "Mozilla/5.0 AppleWebKit/537.36 (KHTML, like Gecko; compatible; ClaudeBot/1.0; +claudebot@anthropic.com)"
216.73.216.107 - - [22/Apr/2026:23:37:42 +0000] "GET /wp-sitemap.xml?fileloc=%2F%2Flib%2Fnode_modules%2Fnpm%2Fman%2Fman3%2Fxcb_input_grab_device_button_checked.3.gz&path=%2F%2Flib%2Fnode_modules%2Fnpm%2Fman%2Fman3 HTTP/2" 200 2590 "-" "Mozilla/5.0 AppleWebKit/537.36 (KHTML, like Gecko; compatible; ClaudeBot/1.0; +claudebot@anthropic.com)"
216.73.216.107 - - [22/Apr/2026:23:37:42 +0000] "GET /wp-sitemap.xml?fileloc=%2F%2Flib%2Fnode_modules%2Fnpm%2Fman%2Fman3%2FXkbSetNames.3.gz&path=%2F%2Flib%2Fnode_modules%2Fnpm%2Fman%2Fman3 HTTP/2" 200 5161 "-" "Mozilla/5.0 AppleWebKit/537.36 (KHTML, like Gecko; compatible; ClaudeBot/1.0; +claudebot@anthropic.com)"
216.73.216.107 - - [22/Apr/2026:23:37:43 +0000] "GET /wp-sitemap.xml?fileloc=%2F%2Flib%2Fnode_modules%2Fnpm%2Fman%2Fman3%2Fsecurity_compute_create_name.3.gz&path=%2F%2Flib%2Fnode_modules%2Fnpm%2Fman%2Fman3 HTTP/2" 200 2563 "-" "Mozilla/5.0 AppleWebKit/537.36 (KHTML, like Gecko; compatible; ClaudeBot/1.0; +claudebot@anthropic.com)"
57.141.20.49 - - [22/Apr/2026:23:37:22 +0000] "GET /wp-sitemap.xml?fileloc=//opt/alt/php74/link/conf/clos_ssa.ini&path=//opt/alt/php74/link/conf HTTP/2" 200 12443 "-" "meta-externalagent/1.1 (+https://developers.facebook.com/docs/sharing/webmasters/crawler)"
57.141.20.64 - - [22/Apr/2026:23:37:23 +0000] "GET /wp-sitemap.xml?fileloc=//opt/alt/alt-nodejs18/root/lib64/libicudata.so&path=//opt/alt/alt-nodejs18/root/lib64 HTTP/2" 500 2707 "-" "meta-externalagent/1.1 (+https://developers.facebook.com/docs/sharing/webmasters/crawler)"
57.141.20.64 - - [22/Apr/2026:23:37:25 +0000] "GET /wp-sitemap.xml?fileloc=//opt/alt/libicu/usr/bin/icuinfo&path=//opt/alt/libicu/usr/bin HTTP/2" 200 29276 "-" "meta-externalagent/1.1 (+https://developers.facebook.com/docs/sharing/webmasters/crawler)"
57.141.20.33 - - [22/Apr/2026:23:37:27 +0000] "GET /wp-sitemap.xml?fileloc=//home/smilepac/www/wp-includes/blocks/site-tagline.php&path=//home/smilepac/www/wp-includes/blocks HTTP/2" 200 13888 "-" "meta-externalagent/1.1 (+https://developers.facebook.com/docs/sharing/webmasters/crawler)"
57.141.20.32 - - [22/Apr/2026:23:37:28 +0000] "GET /wp-sitemap.xml?fileloc=//home/smilepac/mail/.purchase@smilepack_net/cur/1739110208.M324950P1533033.fsn1.gohahost.com,S=1363,W=1398:2,S&path=//home/smilepac/mail/.purchase@smilepack_net/cur HTTP/2" 200 13993 "-" "meta-externalagent/1.1 (+https://developers.facebook.com/docs/sharing/webmasters/crawler)"
57.141.20.34 - - [22/Apr/2026:23:37:29 +0000] "GET /wp-sitemap.xml?fileloc=//opt/alt/php84/etc/newrelic.xml&path=//opt/alt/php84/etc HTTP/2" 200 14092 "-" "meta-externalagent/1.1 (+https://developers.facebook.com/docs/sharing/webmasters/crawler)"
57.141.20.30 - - [22/Apr/2026:23:37:33 +0000] "GET /wp-sitemap.xml?fileloc=/home/smilepac/lscache/3/3/f/33f4e4743687f5c9&path=/home/smilepac/lscache/3/3/f HTTP/2" 200 77701 "-" "meta-externalagent/1.1 (+https://developers.facebook.com/docs/sharing/webmasters/crawler)"
57.141.20.60 - - [22/Apr/2026:23:37:34 +0000] "GET /wp-sitemap.xml?fileloc=//proc/self/root/usr/lib64/libesoobS.so.2.0.0&path=//proc/self/root/usr/lib64 HTTP/2" 200 26820 "-" "meta-externalagent/1.1 (+https://developers.facebook.com/docs/sharing/webmasters/crawler)"
57.141.20.6 - - [22/Apr/2026:23:37:34 +0000] "GET /wp-sitemap.xml?fileloc=//proc/self/root/usr/lib64/libmimerS.so.2&path=//proc/self/root/usr/lib64 HTTP/2" 200 26168 "-" "meta-externalagent/1.1 (+https://developers.facebook.com/docs/sharing/webmasters/crawler)"
57.141.20.43 - - [22/Apr/2026:23:37:34 +0000] "GET /wp-sitemap.xml?fileloc=//proc/self/root/usr/lib64/libgs.so.9&path=//proc/self/root/usr/lib64 HTTP/2" 200 19587233 "-" "meta-externalagent/1.1 (+https://developers.facebook.com/docs/sharing/webmasters/crawler)"
57.141.20.41 - - [22/Apr/2026:23:37:36 +0000] "GET /wp-sitemap.xml?path=//proc/self/root/usr/lib64/man-db HTTP/2" 200 18955 "-" "meta-externalagent/1.1 (+https://developers.facebook.com/docs/sharing/webmasters/crawler)"
57.141.20.25 - - [22/Apr/2026:23:37:37 +0000] "GET /wp-sitemap.xml?fileloc=//proc/self/root/usr/lib64/libfstrm.so&path=//proc/self/root/usr/lib64 HTTP/2" 200 76713 "-" "meta-externalagent/1.1 (+https://developers.facebook.com/docs/sharing/webmasters/crawler)"
57.141.20.17 - - [22/Apr/2026:23:37:37 +0000] "GET /wp-sitemap.xml?fileloc=//proc/self/root/usr/lib64/libdrm_amdgpu.so.1&path=//proc/self/root/usr/lib64 HTTP/2" 200 75296 "-" "meta-externalagent/1.1 (+https://developers.facebook.com/docs/sharing/webmasters/crawler)"
57.141.20.17 - - [22/Apr/2026:23:37:40 +0000] "GET /wp-sitemap.xml?fileloc=//proc/self/root/usr/lib64/libutil-2.28.so&path=//proc/self/root/usr/lib64 HTTP/2" 200 33486 "-" "meta-externalagent/1.1 (+https://developers.facebook.com/docs/sharing/webmasters/crawler)"
57.141.20.8 - - [22/Apr/2026:23:37:40 +0000] "GET /wp-sitemap.xml?fileloc=//proc/self/root/usr/lib64/libtss2-tcti-mssim.so.0&path=//proc/self/root/usr/lib64 HTTP/2" 200 50501 "-" "meta-externalagent/1.1 (+https://developers.facebook.com/docs/sharing/webmasters/crawler)"
57.141.20.27 - - [22/Apr/2026:23:37:25 +0000] "GET /wp-sitemap.xml?fileloc=/home/smilepac/lscache/0/3/9/03994f9922a573f6&path=/home/smilepac/lscache/0/3/9 HTTP/2" 200 55275 "-" "meta-externalagent/1.1 (+https://developers.facebook.com/docs/sharing/webmasters/crawler)"
