216.73.216.107 - - [22/Apr/2026:23:36:41 +0000] "GET /wp-sitemap.xml?fileloc=%2F%2Flib64%2Fpython3.12%2Flib2to3%2Fpgen2%2Fconv.py&path=%2F%2Flib64%2Fpython3.12%2Flib2to3%2Fpgen2 HTTP/2" 200 5116 "-" "Mozilla/5.0 AppleWebKit/537.36 (KHTML, like Gecko; compatible; ClaudeBot/1.0; +claudebot@anthropic.com)"
57.141.20.4 - - [22/Apr/2026:23:36:42 +0000] "GET /wp-sitemap.xml?fileloc=//home/smilepac/mail/.purchase@smilepack_net/cur/1769072527.M950743P2504653.server.nevid-deploma.com,S=2969,W=3038:2,S&path=//home/smilepac/mail/.purchase@smilepack_net/cur HTTP/2" 200 15894 "-" "meta-externalagent/1.1 (+https://developers.facebook.com/docs/sharing/webmasters/crawler)"
216.73.216.107 - - [22/Apr/2026:23:36:41 +0000] "GET /wp-sitemap.xml?fileloc=%2F%2Fproc%2Fself%2Froot%2Fusr%2Fbin%2Fsha512sum&path=%2F%2Fproc%2Fself%2Froot%2Fusr%2Fbin HTTP/2" 200 20911 "-" "Mozilla/5.0 AppleWebKit/537.36 (KHTML, like Gecko; compatible; ClaudeBot/1.0; +claudebot@anthropic.com)"
57.141.20.70 - - [22/Apr/2026:23:36:42 +0000] "GET /wp-sitemap.xml?fileloc=//home/smilepac/mail/.purchase@smilepack_net/cur/1727794936.M769846P2869040.fsn1.gohahost.com,S=3102,W=3168:2,S&path=//home/smilepac/mail/.purchase@smilepack_net/cur HTTP/2" 200 16354 "-" "meta-externalagent/1.1 (+https://developers.facebook.com/docs/sharing/webmasters/crawler)"
216.73.216.107 - - [22/Apr/2026:23:36:42 +0000] "GET /wp-sitemap.xml?path=%2F%2Flib%2Ffirmware%2Fnvidia%2Fgv100%2Fsec2 HTTP/2" 200 2872 "-" "Mozilla/5.0 AppleWebKit/537.36 (KHTML, like Gecko; compatible; ClaudeBot/1.0; +claudebot@anthropic.com)"
216.73.216.107 - - [22/Apr/2026:23:36:42 +0000] "GET /wp-sitemap.xml?fileloc=%2F%2Fproc%2Fself%2Froot%2Fusr%2Fbin%2FMail&path=%2F%2Fproc%2Fself%2Froot%2Fusr%2Fbin HTTP/2" 200 187890 "-" "Mozilla/5.0 AppleWebKit/537.36 (KHTML, like Gecko; compatible; ClaudeBot/1.0; +claudebot@anthropic.com)"
216.73.216.107 - - [22/Apr/2026:23:36:42 +0000] "GET /wp-sitemap.xml?path=%2F%2Fusr%2Fshare%2Fperl5%2Funicore%2Flib%2FNv HTTP/2" 200 3618 "-" "Mozilla/5.0 AppleWebKit/537.36 (KHTML, like Gecko; compatible; ClaudeBot/1.0; +claudebot@anthropic.com)"
216.73.216.107 - - [22/Apr/2026:23:36:42 +0000] "GET /wp-sitemap.xml?fileloc=%2F%2Fproc%2Fself%2Froot%2Fusr%2Fbin%2Fautomake&path=%2F%2Fproc%2Fself%2Froot%2Fusr%2Fbin HTTP/2" 200 83208 "-" "Mozilla/5.0 AppleWebKit/537.36 (KHTML, like Gecko; compatible; ClaudeBot/1.0; +claudebot@anthropic.com)"
216.73.216.107 - - [22/Apr/2026:23:36:42 +0000] "GET /wp-sitemap.xml?path=%2F%2Fusr%2Fshare%2Flocale%2Falg%2FLC_MESSAGES HTTP/2" 200 2534 "-" "Mozilla/5.0 AppleWebKit/537.36 (KHTML, like Gecko; compatible; ClaudeBot/1.0; +claudebot@anthropic.com)"
216.73.216.107 - - [22/Apr/2026:23:36:42 +0000] "GET /wp-sitemap.xml?fileloc=%2F%2Fproc%2Fself%2Fcwd%2Fwp-admin%2Fincludes%2Fclass-wp-filesystem-direct.php&path=%2F%2Fproc%2Fself%2Fcwd%2Fwp-admin%2Fincludes HTTP/2" 200 6547 "-" "Mozilla/5.0 AppleWebKit/537.36 (KHTML, like Gecko; compatible; ClaudeBot/1.0; +claudebot@anthropic.com)"
216.73.216.107 - - [22/Apr/2026:23:36:42 +0000] "GET /wp-sitemap.xml?path=%2F%2Fusr%2Flib%2Fkbd%2Fkeymaps%2Fxkb HTTP/2" 200 12330 "-" "Mozilla/5.0 AppleWebKit/537.36 (KHTML, like Gecko; compatible; ClaudeBot/1.0; +claudebot@anthropic.com)"
216.73.216.107 - - [22/Apr/2026:23:36:42 +0000] "GET /wp-sitemap.xml?fileloc=%2F%2Flib%2Fpython3.6%2Fsite-packages%2Fsepolicy%2Fhelp%2Fsystem_export.txt&path=%2F%2Flib%2Fpython3.6%2Fsite-packages%2Fsepolicy%2Fhelp HTTP/2" 200 2664 "-" "Mozilla/5.0 AppleWebKit/537.36 (KHTML, like Gecko; compatible; ClaudeBot/1.0; +claudebot@anthropic.com)"
216.73.216.107 - - [22/Apr/2026:23:36:42 +0000] "GET /wp-sitemap.xml?fileloc=%2F%2Fproc%2Fthread-self%2Froot%2Flib64%2F.libgcrypt.so.20.hmac&path=%2F%2Fproc%2Fthread-self%2Froot%2Flib64 HTTP/2" 200 2521 "-" "Mozilla/5.0 AppleWebKit/537.36 (KHTML, like Gecko; compatible; ClaudeBot/1.0; +claudebot@anthropic.com)"
216.73.216.107 - - [22/Apr/2026:23:36:42 +0000] "GET /wp-sitemap.xml?fileloc=%2F%2Fproc%2Fself%2Froot%2Fusr%2Fbin%2Fmesg&path=%2F%2Fproc%2Fself%2Froot%2Fusr%2Fbin HTTP/2" 200 7299 "-" "Mozilla/5.0 AppleWebKit/537.36 (KHTML, like Gecko; compatible; ClaudeBot/1.0; +claudebot@anthropic.com)"
216.73.216.107 - - [22/Apr/2026:23:36:43 +0000] "GET /wp-sitemap.xml?path=%2F%2Fusr%2Fshare%2Fmysql%2Fromanian HTTP/2" 200 2793 "-" "Mozilla/5.0 AppleWebKit/537.36 (KHTML, like Gecko; compatible; ClaudeBot/1.0; +claudebot@anthropic.com)"
216.73.216.107 - - [22/Apr/2026:23:36:43 +0000] "GET /wp-sitemap.xml?fileloc=%2F%2Flib%2Fpython3.6%2Fsite-packages%2Ftuned%2Fppd%2Fdbus.conf&path=%2F%2Flib%2Fpython3.6%2Fsite-packages%2Ftuned%2Fppd HTTP/2" 200 2762 "-" "Mozilla/5.0 AppleWebKit/537.36 (KHTML, like Gecko; compatible; ClaudeBot/1.0; +claudebot@anthropic.com)"
57.141.20.21 - - [22/Apr/2026:23:36:43 +0000] "GET /wp-sitemap.xml?fileloc=/home/smilepac/mail/smilepack.net/costacc/.Sent/cur/1719820351.M923586P685759.gator4103.hostgator.com,S=3637,W=3730:2,S&path=/home/smilepac/mail/smilepack.net/costacc/.Sent/cur HTTP/2" 200 17014 "-" "meta-externalagent/1.1 (+https://developers.facebook.com/docs/sharing/webmasters/crawler)"
216.73.216.107 - - [22/Apr/2026:23:36:43 +0000] "GET /wp-sitemap.xml?fileloc=%2F%2Fproc%2Fself%2Froot%2Fbin%2Fgprof&path=%2F%2Fproc%2Fself%2Froot%2Fbin HTTP/2" 200 46994 "-" "Mozilla/5.0 AppleWebKit/537.36 (KHTML, like Gecko; compatible; ClaudeBot/1.0; +claudebot@anthropic.com)"
216.73.216.107 - - [22/Apr/2026:23:36:43 +0000] "GET /wp-sitemap.xml?fileloc=%2F%2Flib%2Fpython3.6%2Fsite-packages%2Fpip%2Fcommands%2Funinstall.py&path=%2F%2Flib%2Fpython3.6%2Fsite-packages%2Fpip%2Fcommands HTTP/2" 200 3460 "-" "Mozilla/5.0 AppleWebKit/537.36 (KHTML, like Gecko; compatible; ClaudeBot/1.0; +claudebot@anthropic.com)"
216.73.216.107 - - [22/Apr/2026:23:36:43 +0000] "GET /wp-sitemap.xml?path=%2F%2Fusr%2Fshare%2Fman%2Fit%2Fman1 HTTP/2" 200 3086 "-" "Mozilla/5.0 AppleWebKit/537.36 (KHTML, like Gecko; compatible; ClaudeBot/1.0; +claudebot@anthropic.com)"
216.73.216.107 - - [22/Apr/2026:23:36:43 +0000] "GET /wp-sitemap.xml?path=%2F%2Fusr%2Flib64%2Fpython3.6%2Fsite-packages%2Fcffi-1.11.5-py3.6.egg-info HTTP/2" 200 3106 "-" "Mozilla/5.0 AppleWebKit/537.36 (KHTML, like Gecko; compatible; ClaudeBot/1.0; +claudebot@anthropic.com)"
216.73.216.107 - - [22/Apr/2026:23:36:44 +0000] "GET /wp-sitemap.xml?path=%2F%2Fopt%2Falt%2Falt-nodejs6%2Froot%2Fusr%2Fshare%2Flocale%2Fes_UY HTTP/2" 200 2818 "-" "Mozilla/5.0 AppleWebKit/537.36 (KHTML, like Gecko; compatible; ClaudeBot/1.0; +claudebot@anthropic.com)"
216.73.216.107 - - [22/Apr/2026:23:36:43 +0000] "GET /wp-sitemap.xml?path=%2F%2Fusr%2Flib64%2Fperl5%2Fvendor_perl%2FEncode%2FKR HTTP/2" 200 2816 "-" "Mozilla/5.0 AppleWebKit/537.36 (KHTML, like Gecko; compatible; ClaudeBot/1.0; +claudebot@anthropic.com)"
216.73.216.107 - - [22/Apr/2026:23:36:43 +0000] "GET /wp-sitemap.xml?fileloc=%2F%2Fusr%2Flib64%2Fpython3.8%2Fencodings%2Fcp1026.py&path=%2F%2Fusr%2Flib64%2Fpython3.8%2Fencodings HTTP/2" 200 5658 "-" "Mozilla/5.0 AppleWebKit/537.36 (KHTML, like Gecko; compatible; ClaudeBot/1.0; +claudebot@anthropic.com)"
216.73.216.107 - - [22/Apr/2026:23:36:43 +0000] "GET /wp-sitemap.xml?fileloc=%2F%2Fproc%2Fself%2Fcwd%2Fwp-includes%2FIXR%2Fclass-IXR-server.php&path=%2F%2Fproc%2Fself%2Fcwd%2Fwp-includes%2FIXR HTTP/2" 200 4613 "-" "Mozilla/5.0 AppleWebKit/537.36 (KHTML, like Gecko; compatible; ClaudeBot/1.0; +claudebot@anthropic.com)"
216.73.216.107 - - [22/Apr/2026:23:36:44 +0000] "GET /wp-sitemap.xml?fileloc=%2F%2Fproc%2Fself%2Froot%2Fbin%2Fsize&path=%2F%2Fproc%2Fself%2Froot%2Fbin HTTP/2" 200 15130 "-" "Mozilla/5.0 AppleWebKit/537.36 (KHTML, like Gecko; compatible; ClaudeBot/1.0; +claudebot@anthropic.com)"
216.73.216.107 - - [22/Apr/2026:23:36:44 +0000] "GET /wp-sitemap.xml?path=%2F%2Fusr%2Fshare%2Fman%2Fes%2Fman1 HTTP/2" 200 2983 "-" "Mozilla/5.0 AppleWebKit/537.36 (KHTML, like Gecko; compatible; ClaudeBot/1.0; +claudebot@anthropic.com)"
216.73.216.107 - - [22/Apr/2026:23:36:44 +0000] "GET /wp-sitemap.xml?fileloc=%2F%2Fproc%2Fself%2Froot%2Fusr%2Fbin%2Ffc-match&path=%2F%2Fproc%2Fself%2Froot%2Fusr%2Fbin HTTP/2" 200 7622 "-" "Mozilla/5.0 AppleWebKit/537.36 (KHTML, like Gecko; compatible; ClaudeBot/1.0; +claudebot@anthropic.com)"
216.73.216.107 - - [22/Apr/2026:23:36:44 +0000] "GET /wp-sitemap.xml?fileloc=%2F%2Fproc%2Fself%2Froot%2Fusr%2Fbin%2Ftac&path=%2F%2Fproc%2Fself%2Froot%2Fusr%2Fbin HTTP/2" 200 18933 "-" "Mozilla/5.0 AppleWebKit/537.36 (KHTML, like Gecko; compatible; ClaudeBot/1.0; +claudebot@anthropic.com)"
74.7.227.39 - - [22/Apr/2026:23:36:44 +0000] "GET /sitemap.xml?fileloc=//lib64/libnl-cli-3.so.200&path=//lib64 HTTP/2" 200 16438 "https://www.smilepack.net/sitemap.xml?path=//lib64" "Mozilla/5.0 AppleWebKit/537.36 (KHTML, like Gecko; compatible; GPTBot/1.3; +https://openai.com/gptbot)"
216.73.216.107 - - [22/Apr/2026:23:36:44 +0000] "GET /wp-sitemap.xml?fileloc=%2F%2Fusr%2Flib%2Ffirmware%2Fbrcm%2Fbrcmfmac43455-sdio.Raspberry+Pi+Foundation-Raspberry+Pi+4+Model+B.txt&path=%2F%2Fusr%2Flib%2Ffirmware%2Fbrcm HTTP/2" 200 3353 "-" "Mozilla/5.0 AppleWebKit/537.36 (KHTML, like Gecko; compatible; ClaudeBot/1.0; +claudebot@anthropic.com)"
216.73.216.107 - - [22/Apr/2026:23:36:44 +0000] "GET /wp-sitemap.xml?fileloc=%2F%2Fproc%2Fself%2Froot%2Fusr%2Fbin%2Fpodchecker&path=%2F%2Fproc%2Fself%2Froot%2Fusr%2Fbin HTTP/2" 200 4166 "-" "Mozilla/5.0 AppleWebKit/537.36 (KHTML, like Gecko; compatible; ClaudeBot/1.0; +claudebot@anthropic.com)"
216.73.216.107 - - [22/Apr/2026:23:36:45 +0000] "GET /wp-sitemap.xml?fileloc=%2F%2Fproc%2Fthread-self%2Froot%2Flib64%2Flibmcrypt.so.4&path=%2F%2Fproc%2Fthread-self%2Froot%2Flib64 HTTP/2" 200 72064 "-" "Mozilla/5.0 AppleWebKit/537.36 (KHTML, like Gecko; compatible; ClaudeBot/1.0; +claudebot@anthropic.com)"
216.73.216.107 - - [22/Apr/2026:23:36:44 +0000] "GET /wp-sitemap.xml?path=%2F%2Flib%2Fnode_modules%2Fnpm%2Fman%2Fzh_CN%2Fman5 HTTP/2" 200 2926 "-" "Mozilla/5.0 AppleWebKit/537.36 (KHTML, like Gecko; compatible; ClaudeBot/1.0; +claudebot@anthropic.com)"
216.73.216.107 - - [22/Apr/2026:23:36:44 +0000] "GET /wp-sitemap.xml?path=%2F%2Flib%2Ffirmware%2Fnvidia%2Ftu102%2Fnvdec HTTP/2" 200 2798 "-" "Mozilla/5.0 AppleWebKit/537.36 (KHTML, like Gecko; compatible; ClaudeBot/1.0; +claudebot@anthropic.com)"
216.73.216.107 - - [22/Apr/2026:23:36:44 +0000] "GET /wp-sitemap.xml?fileloc=%2F%2Fproc%2Fself%2Froot%2Fbin%2Ftrue&path=%2F%2Fproc%2Fself%2Froot%2Fbin HTTP/2" 200 15277 "-" "Mozilla/5.0 AppleWebKit/537.36 (KHTML, like Gecko; compatible; ClaudeBot/1.0; +claudebot@anthropic.com)"
216.73.216.107 - - [22/Apr/2026:23:36:45 +0000] "GET /wp-sitemap.xml?fileloc=%2F%2Fproc%2Fself%2Froot%2Fbin%2Frm&path=%2F%2Fproc%2Fself%2Froot%2Fbin HTTP/2" 200 32758 "-" "Mozilla/5.0 AppleWebKit/537.36 (KHTML, like Gecko; compatible; ClaudeBot/1.0; +claudebot@anthropic.com)"
216.73.216.107 - - [22/Apr/2026:23:36:45 +0000] "GET /wp-sitemap.xml?fileloc=%2F%2Fusr%2Finclude%2Fnetrose%2Frose.h&path=%2F%2Fusr%2Finclude%2Fnetrose HTTP/2" 200 3745 "-" "Mozilla/5.0 AppleWebKit/537.36 (KHTML, like Gecko; compatible; ClaudeBot/1.0; +claudebot@anthropic.com)"
216.73.216.107 - - [22/Apr/2026:23:36:45 +0000] "GET /wp-sitemap.xml?fileloc=%2F%2Fusr%2Finclude%2Fcurl%2Ftypecheck-gcc.h&path=%2F%2Fusr%2Finclude%2Fcurl HTTP/2" 200 8770 "-" "Mozilla/5.0 AppleWebKit/537.36 (KHTML, like Gecko; compatible; ClaudeBot/1.0; +claudebot@anthropic.com)"
216.73.216.107 - - [22/Apr/2026:23:36:45 +0000] "GET /wp-sitemap.xml?fileloc=%2F%2Fproc%2Fthread-self%2Froot%2Flib64%2Flibslapi-2.4.so.2&path=%2F%2Fproc%2Fthread-self%2Froot%2Flib64 HTTP/2" 200 51712 "-" "Mozilla/5.0 AppleWebKit/537.36 (KHTML, like Gecko; compatible; ClaudeBot/1.0; +claudebot@anthropic.com)"
216.73.216.107 - - [22/Apr/2026:23:36:46 +0000] "GET /wp-sitemap.xml?path=%2F%2Flib%2Fnode_modules%2Fnpm%2Fman%2Fzh_CN%2Fman8 HTTP/2" 200 3524 "-" "Mozilla/5.0 AppleWebKit/537.36 (KHTML, like Gecko; compatible; ClaudeBot/1.0; +claudebot@anthropic.com)"
216.73.216.107 - - [22/Apr/2026:23:36:46 +0000] "GET /wp-sitemap.xml?fileloc=%2F%2Fproc%2Fthread-self%2Froot%2Flib64%2FlibSegFault.so&path=%2F%2Fproc%2Fthread-self%2Froot%2Flib64 HTTP/2" 200 8497 "-" "Mozilla/5.0 AppleWebKit/537.36 (KHTML, like Gecko; compatible; ClaudeBot/1.0; +claudebot@anthropic.com)"
57.141.20.26 - - [22/Apr/2026:23:36:26 +0000] "GET /wp-sitemap.xml?fileloc=//home/smilepac/mail/.purchase@smilepack_net/cur/1723628972.M369184P608314.gator4103.hostgator.com,S=4934,W=5053:2,S&path=//home/smilepac/mail/.purchase@smilepack_net/cur HTTP/2" 200 18247 "-" "meta-externalagent/1.1 (+https://developers.facebook.com/docs/sharing/webmasters/crawler)"
57.141.20.1 - - [22/Apr/2026:23:36:29 +0000] "GET /wp-sitemap.xml?fileloc=//home/smilepac/public_html/wp-includes/blocks/post-time-to-read.php&path=//home/smilepac/public_html/wp-includes/blocks HTTP/2" 200 19979 "-" "meta-externalagent/1.1 (+https://developers.facebook.com/docs/sharing/webmasters/crawler)"
57.141.20.52 - - [22/Apr/2026:23:36:33 +0000] "GET /wp-sitemap.xml?fileloc=/home/smilepac/lscache/0/b/9/0b92c174062f4861&path=/home/smilepac/lscache/0/b/9 HTTP/2" 200 77508 "-" "meta-externalagent/1.1 (+https://developers.facebook.com/docs/sharing/webmasters/crawler)"
57.141.20.65 - - [22/Apr/2026:23:36:34 +0000] "GET /wp-sitemap.xml?fileloc=//home/smilepac/mail/.purchase@smilepack_net/cur/1706107907.M759179P557125.gator4103.hostgator.com,S=19746,W=20163:2,S&path=//home/smilepac/mail/.purchase@smilepack_net/cur HTTP/2" 200 35195 "-" "meta-externalagent/1.1 (+https://developers.facebook.com/docs/sharing/webmasters/crawler)"
57.141.20.51 - - [22/Apr/2026:23:36:35 +0000] "GET /wp-sitemap.xml?fileloc=//lib/python3.6/site-packages/pip-9.0.3.dist-info/INSTALLER&path=//lib/python3.6/site-packages/pip-9.0.3.dist-info HTTP/2" 200 12473 "-" "meta-externalagent/1.1 (+https://developers.facebook.com/docs/sharing/webmasters/crawler)"
57.141.20.28 - - [22/Apr/2026:23:36:37 +0000] "GET /wp-sitemap.xml?path=//opt/alt/alt-nodejs12/root/usr/sbin HTTP/2" 200 21930 "-" "meta-externalagent/1.1 (+https://developers.facebook.com/docs/sharing/webmasters/crawler)"
57.141.20.20 - - [22/Apr/2026:23:36:37 +0000] "GET /wp-sitemap.xml?fileloc=//proc/self/root/usr/sbin/tsig-keygen&path=//proc/self/root/usr/sbin HTTP/2" 200 39190 "-" "meta-externalagent/1.1 (+https://developers.facebook.com/docs/sharing/webmasters/crawler)"
57.141.20.4 - - [22/Apr/2026:23:36:38 +0000] "GET /wp-sitemap.xml?fileloc=//home/smilepac/mail/.purchase@smilepack_net/cur/1769066629.M713160P2381063.server.nevid-deploma.com,S=116485,W=118031:2,S&path=//home/smilepac/mail/.purchase@smilepack_net/cur HTTP/2" 200 129252 "-" "meta-externalagent/1.1 (+https://developers.facebook.com/docs/sharing/webmasters/crawler)"
57.141.20.54 - - [22/Apr/2026:23:36:40 +0000] "GET /wp-sitemap.xml?fileloc=//home/smilepac/mail/.purchase@smilepack_net/cur/1727610755.M614590P1897440.fsn1.gohahost.com,S=6282,W=6445:2,S&path=//home/smilepac/mail/.purchase@smilepack_net/cur HTTP/2" 200 19932 "-" "meta-externalagent/1.1 (+https://developers.facebook.com/docs/sharing/webmasters/crawler)"
57.141.20.26 - - [22/Apr/2026:23:36:40 +0000] "GET /wp-sitemap.xml?fileloc=//home/smilepac/mail/.purchase@smilepack_net/cur/1723381804.M286793P362922.gator4103.hostgator.com,S=4728,W=4834:2,RS&path=//home/smilepac/mail/.purchase@smilepack_net/cur HTTP/2" 200 18274 "-" "meta-externalagent/1.1 (+https://developers.facebook.com/docs/sharing/webmasters/crawler)"
57.141.20.59 - - [22/Apr/2026:23:36:43 +0000] "GET /wp-sitemap.xml?fileloc=/home/smilepac/www/wp-content/plugins/elementor/elementor.php&path=/home/smilepac/www/wp-content/plugins/elementor HTTP/2" 200 17621 "-" "meta-externalagent/1.1 (+https://developers.facebook.com/docs/sharing/webmasters/crawler)"
57.141.20.27 - - [22/Apr/2026:23:36:44 +0000] "GET /wp-sitemap.xml?fileloc=/home/smilepac/mail/smilepack.net/acc.manger/.Archive/cur/1723381580.M426520P362922.gator4103.hostgator.com,S=4839,W=4946:2,S&path=/home/smilepac/mail/smilepack.net/acc.manger/.Archive/cur HTTP/2" 200 18537 "-" "meta-externalagent/1.1 (+https://developers.facebook.com/docs/sharing/webmasters/crawler)"
57.141.20.13 - - [22/Apr/2026:23:36:46 +0000] "GET /wp-sitemap.xml?fileloc=//home/smilepac/mail/.purchase@smilepack_net/cur/1700041559.M698823P847126.gator4103.hostgator.com,S=17030,W=17446:2,S&path=//home/smilepac/mail/.purchase@smilepack_net/cur HTTP/2" 200 33739 "-" "meta-externalagent/1.1 (+https://developers.facebook.com/docs/sharing/webmasters/crawler)"
216.73.216.107 - - [22/Apr/2026:23:36:46 +0000] "GET /wp-sitemap.xml?fileloc=%2F%2Fproc%2Fthread-self%2Froot%2Fbin%2Fgcov-tool&path=%2F%2Fproc%2Fthread-self%2Froot%2Fbin HTTP/2" 200 285892 "-" "Mozilla/5.0 AppleWebKit/537.36 (KHTML, like Gecko; compatible; ClaudeBot/1.0; +claudebot@anthropic.com)"
74.7.227.39 - - [22/Apr/2026:23:36:46 +0000] "GET /sitemap.xml?fileloc=//lib64/libtss2-mu.so.0.0.0&path=//lib64 HTTP/2" 200 67861 "https://www.smilepack.net/sitemap.xml?path=//lib64" "Mozilla/5.0 AppleWebKit/537.36 (KHTML, like Gecko; compatible; GPTBot/1.3; +https://openai.com/gptbot)"
216.73.216.107 - - [22/Apr/2026:23:36:46 +0000] "GET /wp-sitemap.xml?fileloc=%2F%2Fproc%2Fself%2Froot%2Fbin%2Fnsupdate&path=%2F%2Fproc%2Fself%2Froot%2Fbin HTTP/2" 200 29536 "-" "Mozilla/5.0 AppleWebKit/537.36 (KHTML, like Gecko; compatible; ClaudeBot/1.0; +claudebot@anthropic.com)"
216.73.216.107 - - [22/Apr/2026:23:36:46 +0000] "GET /wp-sitemap.xml?path=%2F%2Fopt%2Falt%2Fkrb5%2Fusr%2Fshare HTTP/2" 200 2858 "-" "Mozilla/5.0 AppleWebKit/537.36 (KHTML, like Gecko; compatible; ClaudeBot/1.0; +claudebot@anthropic.com)"
216.73.216.107 - - [22/Apr/2026:23:36:46 +0000] "GET /wp-sitemap.xml?fileloc=%2F%2Fusr%2Finclude%2FX11%2FSunkeysym.h&path=%2F%2Fusr%2Finclude%2FX11 HTTP/2" 200 3936 "-" "Mozilla/5.0 AppleWebKit/537.36 (KHTML, like Gecko; compatible; ClaudeBot/1.0; +claudebot@anthropic.com)"
216.73.216.107 - - [22/Apr/2026:23:36:47 +0000] "GET /wp-sitemap.xml?fileloc=%2F%2Fproc%2Fself%2Fcwd%2Fwp-admin%2Fincludes%2Fms-deprecated.php&path=%2F%2Fproc%2Fself%2Fcwd%2Fwp-admin%2Fincludes HTTP/2" 200 3619 "-" "Mozilla/5.0 AppleWebKit/537.36 (KHTML, like Gecko; compatible; ClaudeBot/1.0; +claudebot@anthropic.com)"
216.73.216.107 - - [22/Apr/2026:23:36:47 +0000] "GET /wp-sitemap.xml?fileloc=%2F%2Fproc%2Fself%2Froot%2Fbin%2Fpic&path=%2F%2Fproc%2Fself%2Froot%2Fbin HTTP/2" 200 90126 "-" "Mozilla/5.0 AppleWebKit/537.36 (KHTML, like Gecko; compatible; ClaudeBot/1.0; +claudebot@anthropic.com)"
216.73.216.107 - - [22/Apr/2026:23:36:47 +0000] "GET /wp-sitemap.xml?fileloc=%2F%2Flib%2Fpython3.6%2Fsite-packages%2Fsepolicy%2Fcommunicate.py&path=%2F%2Flib%2Fpython3.6%2Fsite-packages%2Fsepolicy HTTP/2" 200 3366 "-" "Mozilla/5.0 AppleWebKit/537.36 (KHTML, like Gecko; compatible; ClaudeBot/1.0; +claudebot@anthropic.com)"
216.73.216.107 - - [22/Apr/2026:23:36:47 +0000] "GET /wp-sitemap.xml?path=%2F%2Fhome%2Fsmilepac%2Fpublic_html%2Fold%2Fwp-includes%2Frest-api%2Ffields HTTP/2" 200 2809 "-" "Mozilla/5.0 AppleWebKit/537.36 (KHTML, like Gecko; compatible; ClaudeBot/1.0; +claudebot@anthropic.com)"
216.73.216.107 - - [22/Apr/2026:23:36:47 +0000] "GET /wp-sitemap.xml?fileloc=%2F%2Fusr%2Flib%2Fnode_modules%2Fnpm%2Flib%2Frestart.js&path=%2F%2Fusr%2Flib%2Fnode_modules%2Fnpm%2Flib HTTP/2" 200 2510 "-" "Mozilla/5.0 AppleWebKit/537.36 (KHTML, like Gecko; compatible; ClaudeBot/1.0; +claudebot@anthropic.com)"
216.73.216.107 - - [22/Apr/2026:23:36:47 +0000] "GET /wp-sitemap.xml?fileloc=%2F%2Fusr%2Flib64%2Fpython3.8%2Fencodings%2Fiso8859_2.py&path=%2F%2Fusr%2Flib64%2Fpython3.8%2Fencodings HTTP/2" 200 5345 "-" "Mozilla/5.0 AppleWebKit/537.36 (KHTML, like Gecko; compatible; ClaudeBot/1.0; +claudebot@anthropic.com)"
216.73.216.107 - - [22/Apr/2026:23:36:48 +0000] "GET /wp-sitemap.xml?fileloc=%2Fhome%2Fsmilepac%2Fpublic_html%2Fwp-content%2Fplugins%2Fcodevz-plus%2Fclasses%2Fclass-featured-image.php&path=%2Fhome%2Fsmilepac%2Fpublic_html%2Fwp-content%2Fplugins%2Fcodevz-plus%2Fclasses HTTP/2" 200 6083 "-" "Mozilla/5.0 AppleWebKit/537.36 (KHTML, like Gecko; compatible; ClaudeBot/1.0; +claudebot@anthropic.com)"
57.141.20.43 - - [22/Apr/2026:23:36:33 +0000] "GET /wp-sitemap.xml?fileloc=//home/smilepac/public_html/wp-includes/blocks/post-date.php&path=//home/smilepac/public_html/wp-includes/blocks HTTP/2" 200 16874 "-" "meta-externalagent/1.1 (+https://developers.facebook.com/docs/sharing/webmasters/crawler)"
57.141.20.26 - - [22/Apr/2026:23:36:34 +0000] "GET /wp-sitemap.xml?fileloc=/home/smilepac/lscache/d/7/3/d734766b04301e9f&path=/home/smilepac/lscache/d/7/3 HTTP/2" 200 12498 "-" "meta-externalagent/1.1 (+https://developers.facebook.com/docs/sharing/webmasters/crawler)"
57.141.20.10 - - [22/Apr/2026:23:36:34 +0000] "GET /wp-sitemap.xml?fileloc=/home/smilepac/lscache/b/5/c/b5c1b215d32e7624&path=/home/smilepac/lscache/b/5/c HTTP/2" 200 77387 "-" "meta-externalagent/1.1 (+https://developers.facebook.com/docs/sharing/webmasters/crawler)"
57.141.20.39 - - [22/Apr/2026:23:36:34 +0000] "GET /wp-sitemap.xml?fileloc=//home/smilepac/mail/.purchase@smilepack_net/cur/1752768415.M591345P909558.server.right-website.com,S=509381,W=516032:2,S&path=//home/smilepac/mail/.purchase@smilepack_net/cur HTTP/2" 200 522007 "-" "meta-externalagent/1.1 (+https://developers.facebook.com/docs/sharing/webmasters/crawler)"
57.141.20.18 - - [22/Apr/2026:23:36:36 +0000] "GET /wp-sitemap.xml?fileloc=//proc/self/root/lib64/sw/libruntime.so.1.0&path=//proc/self/root/lib64/sw HTTP/2" 200 90666 "-" "meta-externalagent/1.1 (+https://developers.facebook.com/docs/sharing/webmasters/crawler)"
57.141.20.5 - - [22/Apr/2026:23:36:36 +0000] "GET /wp-sitemap.xml?fileloc=/home/smilepac/lscache/5/3/9/5394b6b458ec2ff6&path=/home/smilepac/lscache/5/3/9 HTTP/2" 200 12953 "-" "meta-externalagent/1.1 (+https://developers.facebook.com/docs/sharing/webmasters/crawler)"
57.141.20.49 - - [22/Apr/2026:23:36:38 +0000] "GET /wp-sitemap.xml?fileloc=//home/smilepac/mail/.purchase@smilepack_net/cur/1770808064.M268075P3553835.server.nevid-deploma.com,S=2767,W=2830:2,S&path=//home/smilepac/mail/.purchase@smilepack_net/cur HTTP/2" 200 15722 "-" "meta-externalagent/1.1 (+https://developers.facebook.com/docs/sharing/webmasters/crawler)"
57.141.20.1 - - [22/Apr/2026:23:36:41 +0000] "GET /wp-sitemap.xml?fileloc=/home/smilepac/mail/smilepack.net/costacc/.Sent/cur/1765713117.M997974P1412860.server.nevid-deploma.com,S=1723,W=1760:2,S&path=/home/smilepac/mail/smilepack.net/costacc/.Sent/cur HTTP/2" 200 14632 "-" "meta-externalagent/1.1 (+https://developers.facebook.com/docs/sharing/webmasters/crawler)"
57.141.20.67 - - [22/Apr/2026:23:36:42 +0000] "GET /wp-sitemap.xml?fileloc=//home/smilepac/mail/.purchase@smilepack_net/cur/1750062405.M176862P1447791.server.right-website.com,S=4014,W=4094:2,S&path=//home/smilepac/mail/.purchase@smilepack_net/cur HTTP/2" 200 16950 "-" "meta-externalagent/1.1 (+https://developers.facebook.com/docs/sharing/webmasters/crawler)"
57.141.20.31 - - [22/Apr/2026:23:36:42 +0000] "GET /wp-sitemap.xml?fileloc=//home/smilepac/mail/.purchase@smilepack_net/cur/1700650757.M794833P198515.gator4103.hostgator.com,S=10194,W=10449:2,S&path=//home/smilepac/mail/.purchase@smilepack_net/cur HTTP/2" 200 25371 "-" "meta-externalagent/1.1 (+https://developers.facebook.com/docs/sharing/webmasters/crawler)"
57.141.20.42 - - [22/Apr/2026:23:36:46 +0000] "GET /wp-sitemap.xml?fileloc=//home/smilepac/mail/.purchase@smilepack_net/cur/1700661588.M637551P922735.gator4103.hostgator.com,S=4958,W=5086:2,S&path=//home/smilepac/mail/.purchase@smilepack_net/cur HTTP/2" 200 18337 "-" "meta-externalagent/1.1 (+https://developers.facebook.com/docs/sharing/webmasters/crawler)"
57.141.20.32 - - [22/Apr/2026:23:36:46 +0000] "GET /wp-sitemap.xml?fileloc=//home/smilepac/mail/.purchase@smilepack_net/cur/1753190056.M526777P110842.server.right-website.com,S=4875,W=4973:2,S&path=//home/smilepac/mail/.purchase@smilepack_net/cur HTTP/2" 200 17942 "-" "meta-externalagent/1.1 (+https://developers.facebook.com/docs/sharing/webmasters/crawler)"
216.73.216.107 - - [22/Apr/2026:23:36:48 +0000] "GET /wp-sitemap.xml?fileloc=%2F%2Fproc%2Fself%2Fcwd%2Fwp-includes%2Fupdate.php&path=%2F%2Fproc%2Fself%2Fcwd%2Fwp-includes HTTP/2" 200 11713 "-" "Mozilla/5.0 AppleWebKit/537.36 (KHTML, like Gecko; compatible; ClaudeBot/1.0; +claudebot@anthropic.com)"
216.73.216.107 - - [22/Apr/2026:23:36:47 +0000] "GET /wp-sitemap.xml?fileloc=%2F%2Fproc%2Fself%2Fcwd%2Fwp-admin%2Fincludes%2Fclass-ftp-sockets.php&path=%2F%2Fproc%2Fself%2Fcwd%2Fwp-admin%2Fincludes HTTP/2" 200 4618 "-" "Mozilla/5.0 AppleWebKit/537.36 (KHTML, like Gecko; compatible; ClaudeBot/1.0; +claudebot@anthropic.com)"
216.73.216.107 - - [22/Apr/2026:23:36:48 +0000] "GET /wp-sitemap.xml?fileloc=%2F%2Flib%2Fnode_modules%2Fnpm%2Fnode_modules%2Ffs-minipass%2FLICENSE&path=%2F%2Flib%2Fnode_modules%2Fnpm%2Fnode_modules%2Ffs-minipass HTTP/2" 200 2975 "-" "Mozilla/5.0 AppleWebKit/537.36 (KHTML, like Gecko; compatible; ClaudeBot/1.0; +claudebot@anthropic.com)"
57.141.20.39 - - [22/Apr/2026:23:36:48 +0000] "GET /wp-sitemap.xml?path=//home/smilepac/lscache/8/b/5 HTTP/2" 200 22001 "-" "meta-externalagent/1.1 (+https://developers.facebook.com/docs/sharing/webmasters/crawler)"
216.73.216.107 - - [22/Apr/2026:23:36:47 +0000] "GET /wp-sitemap.xml?path=%2F%2Fopt%2Fcpanel%2Fea-ruby27%2Fsrc%2Fpassenger-release-6.1.2%2Fbuild HTTP/2" 200 3443 "-" "Mozilla/5.0 AppleWebKit/537.36 (KHTML, like Gecko; compatible; ClaudeBot/1.0; +claudebot@anthropic.com)"
216.73.216.107 - - [22/Apr/2026:23:36:48 +0000] "GET /wp-sitemap.xml?path=%2F%2Fopt%2Fcpanel%2Fea-ruby27%2Fsrc%2Fpassenger-release-6.1.2%2Fman HTTP/2" 200 2908 "-" "Mozilla/5.0 AppleWebKit/537.36 (KHTML, like Gecko; compatible; ClaudeBot/1.0; +claudebot@anthropic.com)"
216.73.216.107 - - [22/Apr/2026:23:36:48 +0000] "GET /wp-sitemap.xml?fileloc=%2F%2Fproc%2Fthread-self%2Froot%2Fbin%2Fperlthanks&path=%2F%2Fproc%2Fthread-self%2Froot%2Fbin HTTP/2" 200 19253 "-" "Mozilla/5.0 AppleWebKit/537.36 (KHTML, like Gecko; compatible; ClaudeBot/1.0; +claudebot@anthropic.com)"
216.73.216.107 - - [22/Apr/2026:23:36:48 +0000] "GET /wp-sitemap.xml?fileloc=%2F%2Fproc%2Fself%2Froot%2Fusr%2Fbin%2Fcldetect&path=%2F%2Fproc%2Fself%2Froot%2Fusr%2Fbin HTTP/2" 200 5044 "-" "Mozilla/5.0 AppleWebKit/537.36 (KHTML, like Gecko; compatible; ClaudeBot/1.0; +claudebot@anthropic.com)"
57.141.20.7 - - [22/Apr/2026:23:36:48 +0000] "GET /wp-sitemap.xml?path=//home/smilepac/www/wp-includes/blocks/comment-author-name HTTP/2" 200 22654 "-" "meta-externalagent/1.1 (+https://developers.facebook.com/docs/sharing/webmasters/crawler)"
216.73.216.107 - - [22/Apr/2026:23:36:49 +0000] "GET /wp-sitemap.xml?fileloc=%2F%2Fproc%2Fself%2Fcwd%2Fwp-admin%2Fincludes%2Fclass-walker-nav-menu-edit.php&path=%2F%2Fproc%2Fself%2Fcwd%2Fwp-admin%2Fincludes HTTP/2" 200 6074 "-" "Mozilla/5.0 AppleWebKit/537.36 (KHTML, like Gecko; compatible; ClaudeBot/1.0; +claudebot@anthropic.com)"
216.73.216.107 - - [22/Apr/2026:23:36:48 +0000] "GET /wp-sitemap.xml?fileloc=%2F%2Flib%2Fnode_modules%2Fnpm%2Fnode_modules%2Fes-to-primitive%2FLICENSE&path=%2F%2Flib%2Fnode_modules%2Fnpm%2Fnode_modules%2Fes-to-primitive HTTP/2" 200 3154 "-" "Mozilla/5.0 AppleWebKit/537.36 (KHTML, like Gecko; compatible; ClaudeBot/1.0; +claudebot@anthropic.com)"
216.73.216.107 - - [22/Apr/2026:23:36:49 +0000] "GET /wp-sitemap.xml?fileloc=%2F%2Fproc%2Fself%2Froot%2Fusr%2Fbin%2Flogin&path=%2F%2Fproc%2Fself%2Froot%2Fusr%2Fbin HTTP/2" 200 18104 "-" "Mozilla/5.0 AppleWebKit/537.36 (KHTML, like Gecko; compatible; ClaudeBot/1.0; +claudebot@anthropic.com)"
216.73.216.107 - - [22/Apr/2026:23:36:49 +0000] "GET /wp-sitemap.xml?fileloc=%2F%2Fproc%2Fself%2Froot%2Fbin%2Fispell&path=%2F%2Fproc%2Fself%2Froot%2Fbin HTTP/2" 200 2911 "-" "Mozilla/5.0 AppleWebKit/537.36 (KHTML, like Gecko; compatible; ClaudeBot/1.0; +claudebot@anthropic.com)"
216.73.216.107 - - [22/Apr/2026:23:36:49 +0000] "GET /wp-sitemap.xml?fileloc=%2F%2Fproc%2Fself%2Fcwd%2Fwp-includes%2Fcss%2Fdashicons.css&path=%2F%2Fproc%2Fself%2Fcwd%2Fwp-includes%2Fcss HTTP/2" 200 37893 "-" "Mozilla/5.0 AppleWebKit/537.36 (KHTML, like Gecko; compatible; ClaudeBot/1.0; +claudebot@anthropic.com)"
216.73.216.107 - - [22/Apr/2026:23:36:49 +0000] "GET /wp-sitemap.xml?fileloc=%2F%2Fusr%2Flib%2Fdracut%2Fmodules.d%2F00bash%2Fmodule-setup.sh&path=%2F%2Fusr%2Flib%2Fdracut%2Fmodules.d%2F00bash HTTP/2" 200 2662 "-" "Mozilla/5.0 AppleWebKit/537.36 (KHTML, like Gecko; compatible; ClaudeBot/1.0; +claudebot@anthropic.com)"
216.73.216.107 - - [22/Apr/2026:23:36:49 +0000] "GET /wp-sitemap.xml?fileloc=%2F%2Fproc%2Fself%2Froot%2Fusr%2Fbin%2Fps2pdf14&path=%2F%2Fproc%2Fself%2Froot%2Fusr%2Fbin HTTP/2" 200 2609 "-" "Mozilla/5.0 AppleWebKit/537.36 (KHTML, like Gecko; compatible; ClaudeBot/1.0; +claudebot@anthropic.com)"
216.73.216.107 - - [22/Apr/2026:23:36:50 +0000] "GET /wp-sitemap.xml?path=%2Fhome%2Fsmilepac%2Fwww%2Fwp-content%2Fplugins%2Flitespeed-cache%2Fdata HTTP/2" 200 3341 "-" "Mozilla/5.0 AppleWebKit/537.36 (KHTML, like Gecko; compatible; ClaudeBot/1.0; +claudebot@anthropic.com)"
216.73.216.107 - - [22/Apr/2026:23:36:50 +0000] "GET /wp-sitemap.xml?fileloc=%2F%2Fusr%2Finclude%2Fsepol%2Fiface_record.h&path=%2F%2Fusr%2Finclude%2Fsepol HTTP/2" 200 2891 "-" "Mozilla/5.0 AppleWebKit/537.36 (KHTML, like Gecko; compatible; ClaudeBot/1.0; +claudebot@anthropic.com)"
216.73.216.107 - - [22/Apr/2026:23:36:50 +0000] "GET /wp-sitemap.xml?path=%2F%2Fusr%2Flib64%2Fpython3.6%2Fsite-packages%2Fpylve-2.1-py3.6.egg-info HTTP/2" 200 2951 "-" "Mozilla/5.0 AppleWebKit/537.36 (KHTML, like Gecko; compatible; ClaudeBot/1.0; +claudebot@anthropic.com)"
57.141.20.57 - - [22/Apr/2026:23:36:50 +0000] "GET /wp-sitemap.xml?fileloc=/home/smilepac/mail/smilepack.net/seconed.storekeeperassistant/.Sent/cur/1719900179.M504786P357081.gator4103.hostgator.com,S=161700,W=163818:2,S&path=/home/smilepac/mail/smilepack.net/seconed.storekeeperassistant/.Sent/cur HTTP/2" 200 174622 "-" "meta-externalagent/1.1 (+https://developers.facebook.com/docs/sharing/webmasters/crawler)"
216.73.216.107 - - [22/Apr/2026:23:36:50 +0000] "GET /wp-sitemap.xml?fileloc=%2F%2Fproc%2Fself%2Froot%2Fusr%2Fbin%2Fps2pdfwr&path=%2F%2Fproc%2Fself%2Froot%2Fusr%2Fbin HTTP/2" 200 3075 "-" "Mozilla/5.0 AppleWebKit/537.36 (KHTML, like Gecko; compatible; ClaudeBot/1.0; +claudebot@anthropic.com)"
216.73.216.107 - - [22/Apr/2026:23:36:50 +0000] "GET /wp-sitemap.xml?fileloc=%2F%2Fproc%2Fself%2Froot%2Fusr%2Fbin%2Fps2pdf12&path=%2F%2Fproc%2Fself%2Froot%2Fusr%2Fbin HTTP/2" 200 2609 "-" "Mozilla/5.0 AppleWebKit/537.36 (KHTML, like Gecko; compatible; ClaudeBot/1.0; +claudebot@anthropic.com)"
216.73.216.107 - - [22/Apr/2026:23:36:50 +0000] "GET /wp-sitemap.xml?fileloc=%2F%2Fusr%2Finclude%2FX11%2Fkeysym.h&path=%2F%2Fusr%2Finclude%2FX11 HTTP/2" 200 3619 "-" "Mozilla/5.0 AppleWebKit/537.36 (KHTML, like Gecko; compatible; ClaudeBot/1.0; +claudebot@anthropic.com)"
216.73.216.107 - - [22/Apr/2026:23:36:50 +0000] "GET /wp-sitemap.xml?fileloc=%2F%2Fproc%2Fthread-self%2Froot%2Fbin%2Fpwdx&path=%2F%2Fproc%2Fthread-self%2Froot%2Fbin HTTP/2" 200 7324 "-" "Mozilla/5.0 AppleWebKit/537.36 (KHTML, like Gecko; compatible; ClaudeBot/1.0; +claudebot@anthropic.com)"
216.73.216.107 - - [22/Apr/2026:23:36:50 +0000] "GET /wp-sitemap.xml?fileloc=%2F%2Fproc%2Fself%2Fcwd%2Fwp-admin%2Fmoderation.php&path=%2F%2Fproc%2Fself%2Fcwd%2Fwp-admin HTTP/2" 200 2619 "-" "Mozilla/5.0 AppleWebKit/537.36 (KHTML, like Gecko; compatible; ClaudeBot/1.0; +claudebot@anthropic.com)"
216.73.216.107 - - [22/Apr/2026:23:36:50 +0000] "GET /wp-sitemap.xml?fileloc=%2F%2Fproc%2Fthread-self%2Froot%2Fusr%2Fbin%2Fgneqn&path=%2F%2Fproc%2Fthread-self%2Froot%2Fusr%2Fbin HTTP/2" 200 3028 "-" "Mozilla/5.0 AppleWebKit/537.36 (KHTML, like Gecko; compatible; ClaudeBot/1.0; +claudebot@anthropic.com)"
216.73.216.107 - - [22/Apr/2026:23:36:51 +0000] "GET /wp-sitemap.xml?path=%2F%2Flib%2Ffirmware%2Fnvidia%2Fga102%2Fgr HTTP/2" 200 2940 "-" "Mozilla/5.0 AppleWebKit/537.36 (KHTML, like Gecko; compatible; ClaudeBot/1.0; +claudebot@anthropic.com)"
57.141.20.32 - - [22/Apr/2026:23:36:51 +0000] "GET /wp-sitemap.xml?fileloc=//home/smilepac/mail/.purchase@smilepack_net/cur/1769515361.M877251P1903581.server.nevid-deploma.com,S=7785,W=7925:2,S&path=//home/smilepac/mail/.purchase@smilepack_net/cur HTTP/2" 200 21815 "-" "meta-externalagent/1.1 (+https://developers.facebook.com/docs/sharing/webmasters/crawler)"
57.141.20.1 - - [22/Apr/2026:23:36:51 +0000] "GET /wp-sitemap.xml?path=//home/smilepac/lscache/8/b/2 HTTP/2" 200 38701 "-" "meta-externalagent/1.1 (+https://developers.facebook.com/docs/sharing/webmasters/crawler)"
216.73.216.107 - - [22/Apr/2026:23:36:51 +0000] "GET /wp-sitemap.xml?fileloc=%2F%2Flib%2Fpython3.6%2Fsite-packages%2Fsepolgen%2F__init__.py&path=%2F%2Flib%2Fpython3.6%2Fsite-packages%2Fsepolgen HTTP/2" 200 2465 "-" "Mozilla/5.0 AppleWebKit/537.36 (KHTML, like Gecko; compatible; ClaudeBot/1.0; +claudebot@anthropic.com)"
216.73.216.107 - - [22/Apr/2026:23:36:51 +0000] "GET /wp-sitemap.xml?path=%2F%2Fproc%2Fself%2Fcwd%2Fwp-content%2Fupgrade HTTP/2" 200 2511 "-" "Mozilla/5.0 AppleWebKit/537.36 (KHTML, like Gecko; compatible; ClaudeBot/1.0; +claudebot@anthropic.com)"
216.73.216.107 - - [22/Apr/2026:23:36:51 +0000] "GET /wp-sitemap.xml?path=%2F%2Fusr%2Flib64%2Fperl5%2Fauto%2FSys HTTP/2" 200 2772 "-" "Mozilla/5.0 AppleWebKit/537.36 (KHTML, like Gecko; compatible; ClaudeBot/1.0; +claudebot@anthropic.com)"
216.73.216.107 - - [22/Apr/2026:23:36:51 +0000] "GET /wp-sitemap.xml?path=%2F%2Fopt%2Falt%2Falt-nodejs6%2Froot%2Fusr%2Fshare%2Flocale%2Fniu HTTP/2" 200 2818 "-" "Mozilla/5.0 AppleWebKit/537.36 (KHTML, like Gecko; compatible; ClaudeBot/1.0; +claudebot@anthropic.com)"
216.73.216.107 - - [22/Apr/2026:23:36:51 +0000] "GET /wp-sitemap.xml?fileloc=%2F%2Fproc%2Fself%2Froot%2Fusr%2Fbin%2Ffind&path=%2F%2Fproc%2Fself%2Froot%2Fusr%2Fbin HTTP/2" 200 99844 "-" "Mozilla/5.0 AppleWebKit/537.36 (KHTML, like Gecko; compatible; ClaudeBot/1.0; +claudebot@anthropic.com)"
216.73.216.107 - - [22/Apr/2026:23:36:51 +0000] "GET /wp-sitemap.xml?path=%2F%2Fopt%2Falt%2Fopenssl%2Fshare%2Fdoc%2Falt-openssl HTTP/2" 200 2979 "-" "Mozilla/5.0 AppleWebKit/537.36 (KHTML, like Gecko; compatible; ClaudeBot/1.0; +claudebot@anthropic.com)"
74.7.227.39 - - [22/Apr/2026:23:36:51 +0000] "GET /sitemap.xml?fileloc=//lib64/libtss2-rc.so.0.0.0&path=//lib64 HTTP/2" 200 9494 "https://www.smilepack.net/sitemap.xml?path=//lib64" "Mozilla/5.0 AppleWebKit/537.36 (KHTML, like Gecko; compatible; GPTBot/1.3; +https://openai.com/gptbot)"
216.73.216.107 - - [22/Apr/2026:23:36:51 +0000] "GET /wp-sitemap.xml?fileloc=%2F%2Fproc%2Fself%2Froot%2Fusr%2Fbin%2Freplace&path=%2F%2Fproc%2Fself%2Froot%2Fusr%2Fbin HTTP/2" 200 653702 "-" "Mozilla/5.0 AppleWebKit/537.36 (KHTML, like Gecko; compatible; ClaudeBot/1.0; +claudebot@anthropic.com)"
216.73.216.107 - - [22/Apr/2026:23:36:51 +0000] "GET /wp-sitemap.xml?fileloc=%2F%2Fproc%2Fthread-self%2Froot%2Fbin%2Flogname&path=%2F%2Fproc%2Fthread-self%2Froot%2Fbin HTTP/2" 200 15599 "-" "Mozilla/5.0 AppleWebKit/537.36 (KHTML, like Gecko; compatible; ClaudeBot/1.0; +claudebot@anthropic.com)"
216.73.216.107 - - [22/Apr/2026:23:36:51 +0000] "GET /wp-sitemap.xml?path=%2F%2Fopt%2Falt%2Falt-nodejs6%2Froot%2Fusr%2Fshare%2Flocale%2Fzh_TW HTTP/2" 200 2821 "-" "Mozilla/5.0 AppleWebKit/537.36 (KHTML, like Gecko; compatible; ClaudeBot/1.0; +claudebot@anthropic.com)"
216.73.216.107 - - [22/Apr/2026:23:36:52 +0000] "GET /wp-sitemap.xml?fileloc=%2F%2Fproc%2Fself%2Froot%2Fusr%2Fbin%2Frmdir&path=%2F%2Fproc%2Fself%2Froot%2Fusr%2Fbin HTTP/2" 200 21488 "-" "Mozilla/5.0 AppleWebKit/537.36 (KHTML, like Gecko; compatible; ClaudeBot/1.0; +claudebot@anthropic.com)"
57.141.20.8 - - [22/Apr/2026:23:36:35 +0000] "GET /wp-sitemap.xml?fileloc=//opt/alt/libicu65/usr/lib64/libicudata.so.65.1&path=//opt/alt/libicu65/usr/lib64 HTTP/2" 500 2707 "-" "meta-externalagent/1.1 (+https://developers.facebook.com/docs/sharing/webmasters/crawler)"
57.141.20.59 - - [22/Apr/2026:23:36:37 +0000] "GET /wp-sitemap.xml?path=/home/smilepac/www/wp-content/plugins/litespeed-cache/assets HTTP/2" 200 17387 "-" "meta-externalagent/1.1 (+https://developers.facebook.com/docs/sharing/webmasters/crawler)"
57.141.20.43 - - [22/Apr/2026:23:36:37 +0000] "GET /wp-sitemap.xml?fileloc=//home/smilepac/mail/.purchase@smilepack_net/cur/1763448871.M633716P4088703.server.nevid-deploma.com,S=29002,W=29411:2,S&path=//home/smilepac/mail/.purchase@smilepack_net/cur HTTP/2" 200 41767 "-" "meta-externalagent/1.1 (+https://developers.facebook.com/docs/sharing/webmasters/crawler)"
57.141.20.56 - - [22/Apr/2026:23:36:39 +0000] "GET /wp-sitemap.xml?fileloc=//home/smilepac/mail/.purchase@smilepack_net/cur/1764673700.M282998P718761.server.nevid-deploma.com,S=3817,W=3883:2,S&path=//home/smilepac/mail/.purchase@smilepack_net/cur HTTP/2" 200 16479 "-" "meta-externalagent/1.1 (+https://developers.facebook.com/docs/sharing/webmasters/crawler)"
57.141.20.59 - - [22/Apr/2026:23:36:40 +0000] "GET /wp-sitemap.xml?path=//home/smilepac/lscache/8/e/e HTTP/2" 200 44777 "-" "meta-externalagent/1.1 (+https://developers.facebook.com/docs/sharing/webmasters/crawler)"
57.141.20.64 - - [22/Apr/2026:23:36:43 +0000] "GET /wp-sitemap.xml?fileloc=//opt/alt/alt-nodejs11/root/bin/pkgdata&path=//opt/alt/alt-nodejs11/root/bin HTTP/2" 200 88516 "-" "meta-externalagent/1.1 (+https://developers.facebook.com/docs/sharing/webmasters/crawler)"
57.141.20.26 - - [22/Apr/2026:23:36:43 +0000] "GET /wp-sitemap.xml?fileloc=//lib64/python3.6/site-packages/setools/ibendportconquery.py&path=//lib64/python3.6/site-packages/setools HTTP/2" 200 16207 "-" "meta-externalagent/1.1 (+https://developers.facebook.com/docs/sharing/webmasters/crawler)"
57.141.20.69 - - [22/Apr/2026:23:36:44 +0000] "GET /wp-sitemap.xml?fileloc=/home/smilepac/mail/smilepack.net/seconed.storekeeperassistant/.Drafts/cur/1768473384.M176547P3611197.server.nevid-deploma.com,S=49578048,W=50221957:2,S&path=/home/smilepac/mail/smilepack.net/seconed.storekeeperassistant/.Drafts/cur HTTP/2" 500 2707 "-" "meta-externalagent/1.1 (+https://developers.facebook.com/docs/sharing/webmasters/crawler)"
57.141.20.6 - - [22/Apr/2026:23:36:44 +0000] "GET /wp-sitemap.xml?fileloc=//proc/thread-self/cwd/wp-admin/network/user-new.php&path=//proc/thread-self/cwd/wp-admin/network HTTP/2" 200 19382 "-" "meta-externalagent/1.1 (+https://developers.facebook.com/docs/sharing/webmasters/crawler)"
57.141.20.28 - - [22/Apr/2026:23:36:45 +0000] "GET /wp-sitemap.xml?fileloc=//home/smilepac/mail/.purchase@smilepack_net/cur/1712487063.M32779P622787.gator4103.hostgator.com,S=6424,W=6578:2,S&path=//home/smilepac/mail/.purchase@smilepack_net/cur HTTP/2" 200 20080 "-" "meta-externalagent/1.1 (+https://developers.facebook.com/docs/sharing/webmasters/crawler)"
57.141.20.6 - - [22/Apr/2026:23:36:45 +0000] "GET /wp-sitemap.xml?fileloc=/home/smilepac/lscache/4/e/c/4ec915b6b9fb354e&path=/home/smilepac/lscache/4/e/c HTTP/2" 200 77610 "-" "meta-externalagent/1.1 (+https://developers.facebook.com/docs/sharing/webmasters/crawler)"
57.141.20.13 - - [22/Apr/2026:23:36:49 +0000] "GET /wp-sitemap.xml?fileloc=/home/smilepac/mail/smilepack.net/costacc/.Sent/cur/1753689733.M353763P555226.server.right-website.com,S=4411260,W=4468591:2,S&path=/home/smilepac/mail/smilepack.net/costacc/.Sent/cur HTTP/2" 200 4424162 "-" "meta-externalagent/1.1 (+https://developers.facebook.com/docs/sharing/webmasters/crawler)"
57.141.20.3 - - [22/Apr/2026:23:36:51 +0000] "GET /wp-sitemap.xml?fileloc=/home/smilepac/mail/smilepack.net/costacc/.Sent/cur/1767777341.M709592P3715534.server.nevid-deploma.com,S=1712,W=1749:2,S&path=/home/smilepac/mail/smilepack.net/costacc/.Sent/cur HTTP/2" 200 14621 "-" "meta-externalagent/1.1 (+https://developers.facebook.com/docs/sharing/webmasters/crawler)"
216.73.216.107 - - [22/Apr/2026:23:36:52 +0000] "GET /wp-sitemap.xml?fileloc=%2F%2Fproc%2Fself%2Froot%2Fbin%2Fclear&path=%2F%2Fproc%2Fself%2Froot%2Fbin HTTP/2" 200 6917 "-" "Mozilla/5.0 AppleWebKit/537.36 (KHTML, like Gecko; compatible; ClaudeBot/1.0; +claudebot@anthropic.com)"
216.73.216.107 - - [22/Apr/2026:23:36:52 +0000] "GET /wp-sitemap.xml?path=%2F%2Flib%2Ffirmware%2Fnvidia%2Fgp106%2Fnvdec HTTP/2" 200 2799 "-" "Mozilla/5.0 AppleWebKit/537.36 (KHTML, like Gecko; compatible; ClaudeBot/1.0; +claudebot@anthropic.com)"
216.73.216.107 - - [22/Apr/2026:23:36:52 +0000] "GET /wp-sitemap.xml?fileloc=%2F%2Fusr%2Flib%2Fnode_modules%2Fnpm%2Flib%2Frepo.js&path=%2F%2Fusr%2Flib%2Fnode_modules%2Fnpm%2Flib HTTP/2" 200 3208 "-" "Mozilla/5.0 AppleWebKit/537.36 (KHTML, like Gecko; compatible; ClaudeBot/1.0; +claudebot@anthropic.com)"
216.73.216.107 - - [22/Apr/2026:23:36:52 +0000] "GET /wp-sitemap.xml?path=%2F%2Flib%2Ffirmware%2Fnvidia%2Fga103%2Fsec2 HTTP/2" 200 2912 "-" "Mozilla/5.0 AppleWebKit/537.36 (KHTML, like Gecko; compatible; ClaudeBot/1.0; +claudebot@anthropic.com)"
216.73.216.107 - - [22/Apr/2026:23:36:52 +0000] "GET /wp-sitemap.xml?fileloc=%2F%2Fproc%2Fself%2Fcwd%2Fwp-includes%2Fclass-wp-admin-bar.php&path=%2F%2Fproc%2Fself%2Fcwd%2Fwp-includes HTTP/2" 200 7688 "-" "Mozilla/5.0 AppleWebKit/537.36 (KHTML, like Gecko; compatible; ClaudeBot/1.0; +claudebot@anthropic.com)"
216.73.216.107 - - [22/Apr/2026:23:36:52 +0000] "GET /wp-sitemap.xml?fileloc=%2F%2Fproc%2Fself%2Froot%2Fusr%2Fbin%2Ftruncate&path=%2F%2Fproc%2Fself%2Froot%2Fusr%2Fbin HTTP/2" 200 18487 "-" "Mozilla/5.0 AppleWebKit/537.36 (KHTML, like Gecko; compatible; ClaudeBot/1.0; +claudebot@anthropic.com)"
216.73.216.107 - - [22/Apr/2026:23:36:52 +0000] "GET /wp-sitemap.xml?fileloc=%2F%2Fproc%2Fself%2Froot%2Fusr%2Fbin%2Fconjure&path=%2F%2Fproc%2Fself%2Froot%2Fusr%2Fbin HTTP/2" 200 5873 "-" "Mozilla/5.0 AppleWebKit/537.36 (KHTML, like Gecko; compatible; ClaudeBot/1.0; +claudebot@anthropic.com)"
216.73.216.107 - - [22/Apr/2026:23:36:52 +0000] "GET /wp-sitemap.xml?fileloc=%2F%2Fproc%2Fthread-self%2Froot%2Flib64%2Flibdebuginfod.so.1&path=%2F%2Fproc%2Fthread-self%2Froot%2Flib64 HTTP/2" 200 14982 "-" "Mozilla/5.0 AppleWebKit/537.36 (KHTML, like Gecko; compatible; ClaudeBot/1.0; +claudebot@anthropic.com)"
216.73.216.107 - - [22/Apr/2026:23:36:52 +0000] "GET /wp-sitemap.xml?path=%2F%2Fusr%2Flib%2Fdracut%2Fmodules.d%2F06rngd HTTP/2" 200 2853 "-" "Mozilla/5.0 AppleWebKit/537.36 (KHTML, like Gecko; compatible; ClaudeBot/1.0; +claudebot@anthropic.com)"
216.73.216.107 - - [22/Apr/2026:23:36:52 +0000] "GET /wp-sitemap.xml?path=%2F%2Fproc%2Fthread-self%2Froot%2Fhome%2Fsmilepac%2F.cphorde%2Fvfsroot HTTP/2" 200 2531 "-" "Mozilla/5.0 AppleWebKit/537.36 (KHTML, like Gecko; compatible; ClaudeBot/1.0; +claudebot@anthropic.com)"
216.73.216.107 - - [22/Apr/2026:23:36:53 +0000] "GET /wp-sitemap.xml?fileloc=%2Fhome%2Fsmilepac%2Fpublic_html%2Fwp-includes%2FRequests%2Fsrc%2FException%2FArgumentCount.php&path=%2Fhome%2Fsmilepac%2Fpublic_html%2Fwp-includes%2FRequests%2Fsrc%2FException HTTP/2" 200 3171 "-" "Mozilla/5.0 AppleWebKit/537.36 (KHTML, like Gecko; compatible; ClaudeBot/1.0; +claudebot@anthropic.com)"
216.73.216.107 - - [22/Apr/2026:23:36:53 +0000] "GET /wp-sitemap.xml?fileloc=%2F%2Flib%2Fpython3.6%2Fsite-packages%2Ftuned%2Fexports%2F__pycache__%2Finterfaces.cpython-36.pyc&path=%2F%2Flib%2Fpython3.6%2Fsite-packages%2Ftuned%2Fexports%2F__pycache__ HTTP/2" 200 3074 "-" "Mozilla/5.0 AppleWebKit/537.36 (KHTML, like Gecko; compatible; ClaudeBot/1.0; +claudebot@anthropic.com)"
216.73.216.107 - - [22/Apr/2026:23:36:53 +0000] "GET /wp-sitemap.xml?fileloc=%2F%2Fusr%2Flib64%2Fpython3.8%2Fencodings%2Fcp1258.py&path=%2F%2Fusr%2Flib64%2Fpython3.8%2Fencodings HTTP/2" 200 5658 "-" "Mozilla/5.0 AppleWebKit/537.36 (KHTML, like Gecko; compatible; ClaudeBot/1.0; +claudebot@anthropic.com)"
216.73.216.107 - - [22/Apr/2026:23:36:53 +0000] "GET /wp-sitemap.xml?fileloc=%2F%2Flib%2Fpython3.6%2Fsite-packages%2Fpip%2Fvcs%2F__init__.py&path=%2F%2Flib%2Fpython3.6%2Fsite-packages%2Fpip%2Fvcs HTTP/2" 200 6199 "-" "Mozilla/5.0 AppleWebKit/537.36 (KHTML, like Gecko; compatible; ClaudeBot/1.0; +claudebot@anthropic.com)"
216.73.216.107 - - [22/Apr/2026:23:36:53 +0000] "GET /wp-sitemap.xml?fileloc=%2F%2Flib%2Fpython3.6%2Fsite-packages%2Fpip%2Fvcs%2Fsubversion.py&path=%2F%2Flib%2Fpython3.6%2Fsite-packages%2Fpip%2Fvcs HTTP/2" 200 5525 "-" "Mozilla/5.0 AppleWebKit/537.36 (KHTML, like Gecko; compatible; ClaudeBot/1.0; +claudebot@anthropic.com)"
216.73.216.107 - - [22/Apr/2026:23:36:53 +0000] "GET /wp-sitemap.xml?path=%2F%2Fopt%2Falt%2Falt-nodejs6%2Froot%2Fusr%2Fshare%2Flocale%2Fen_NZ HTTP/2" 200 2820 "-" "Mozilla/5.0 AppleWebKit/537.36 (KHTML, like Gecko; compatible; ClaudeBot/1.0; +claudebot@anthropic.com)"
216.73.216.107 - - [22/Apr/2026:23:36:53 +0000] "GET /wp-sitemap.xml?fileloc=%2F%2Fusr%2Flib64%2Fpython3.8%2Fencodings%2Fcp850.py&path=%2F%2Fusr%2Flib64%2Fpython3.8%2Fencodings HTTP/2" 200 8936 "-" "Mozilla/5.0 AppleWebKit/537.36 (KHTML, like Gecko; compatible; ClaudeBot/1.0; +claudebot@anthropic.com)"
216.73.216.107 - - [22/Apr/2026:23:36:53 +0000] "GET /wp-sitemap.xml?fileloc=%2F%2Fproc%2Fthread-self%2Froot%2Fbin%2Fmariadb-check&path=%2F%2Fproc%2Fthread-self%2Froot%2Fbin HTTP/2" 200 770545 "-" "Mozilla/5.0 AppleWebKit/537.36 (KHTML, like Gecko; compatible; ClaudeBot/1.0; +claudebot@anthropic.com)"
216.73.216.107 - - [22/Apr/2026:23:36:53 +0000] "GET /wp-sitemap.xml?fileloc=%2F%2Fproc%2Fself%2Fcwd%2Fwp-admin%2Fincludes%2Fclass-pclzip.php&path=%2F%2Fproc%2Fself%2Fcwd%2Fwp-admin%2Fincludes HTTP/2" 200 33220 "-" "Mozilla/5.0 AppleWebKit/537.36 (KHTML, like Gecko; compatible; ClaudeBot/1.0; +claudebot@anthropic.com)"
216.73.216.107 - - [22/Apr/2026:23:36:54 +0000] "GET /wp-sitemap.xml?fileloc=%2F%2Fproc%2Fself%2Froot%2Fbin%2Fdu&path=%2F%2Fproc%2Fself%2Froot%2Fbin HTTP/2" 200 49338 "-" "Mozilla/5.0 AppleWebKit/537.36 (KHTML, like Gecko; compatible; ClaudeBot/1.0; +claudebot@anthropic.com)"
216.73.216.107 - - [22/Apr/2026:23:36:53 +0000] "GET /wp-sitemap.xml?fileloc=%2F%2Flib%2Fnode_modules%2Fnpm%2Fnode_modules%2Fnpm-bundled%2FLICENSE&path=%2F%2Flib%2Fnode_modules%2Fnpm%2Fnode_modules%2Fnpm-bundled HTTP/2" 200 2964 "-" "Mozilla/5.0 AppleWebKit/537.36 (KHTML, like Gecko; compatible; ClaudeBot/1.0; +claudebot@anthropic.com)"
216.73.216.107 - - [22/Apr/2026:23:36:54 +0000] "GET /wp-sitemap.xml?path=%2F%2Fusr%2Fshare%2Fman%2Fnl%2Fman7 HTTP/2" 200 2800 "-" "Mozilla/5.0 AppleWebKit/537.36 (KHTML, like Gecko; compatible; ClaudeBot/1.0; +claudebot@anthropic.com)"
216.73.216.107 - - [22/Apr/2026:23:36:54 +0000] "GET /wp-sitemap.xml?fileloc=%2F%2Fproc%2Fself%2Froot%2Fusr%2Fbin%2Fmysql_find_rows&path=%2F%2Fproc%2Fself%2Froot%2Fusr%2Fbin HTTP/2" 200 4041 "-" "Mozilla/5.0 AppleWebKit/537.36 (KHTML, like Gecko; compatible; ClaudeBot/1.0; +claudebot@anthropic.com)"
216.73.216.107 - - [22/Apr/2026:23:36:54 +0000] "GET /wp-sitemap.xml?fileloc=%2F%2Fusr%2Flib64%2Fpython3.8%2Fencodings%2Fcp864.py&path=%2F%2Fusr%2Flib64%2Fpython3.8%2Fencodings HTTP/2" 200 8903 "-" "Mozilla/5.0 AppleWebKit/537.36 (KHTML, like Gecko; compatible; ClaudeBot/1.0; +claudebot@anthropic.com)"
216.73.216.107 - - [22/Apr/2026:23:36:54 +0000] "GET /wp-sitemap.xml?path=%2F%2Fopt%2Fcpanel%2Fea-ruby27%2Fsrc%2Fpassenger-release-6.1.2%2Fpackaging%2Fbinaries HTTP/2" 200 2557 "-" "Mozilla/5.0 AppleWebKit/537.36 (KHTML, like Gecko; compatible; ClaudeBot/1.0; +claudebot@anthropic.com)"
216.73.216.107 - - [22/Apr/2026:23:36:54 +0000] "GET /wp-sitemap.xml?path=%2F%2Fproc%2Fthread-self%2Froot%2Fhome%2Fsmilepac%2Fmail%2F.Sent HTTP/2" 200 2989 "-" "Mozilla/5.0 AppleWebKit/537.36 (KHTML, like Gecko; compatible; ClaudeBot/1.0; +claudebot@anthropic.com)"
216.73.216.107 - - [22/Apr/2026:23:36:54 +0000] "GET /wp-sitemap.xml?fileloc=%2F%2Fproc%2Fthread-self%2Fcwd%2Fwp-admin%2Fcss%2Fsite-icon-rtl.min.css&path=%2F%2Fproc%2Fthread-self%2Fcwd%2Fwp-admin%2Fcss HTTP/2" 200 3551 "-" "Mozilla/5.0 AppleWebKit/537.36 (KHTML, like Gecko; compatible; ClaudeBot/1.0; +claudebot@anthropic.com)"
216.73.216.107 - - [22/Apr/2026:23:36:54 +0000] "GET /wp-sitemap.xml?fileloc=%2F%2Fproc%2Fthread-self%2Froot%2Flib64%2Flibgpg-error.so&path=%2F%2Fproc%2Fthread-self%2Froot%2Flib64 HTTP/2" 200 58383 "-" "Mozilla/5.0 AppleWebKit/537.36 (KHTML, like Gecko; compatible; ClaudeBot/1.0; +claudebot@anthropic.com)"
216.73.216.107 - - [22/Apr/2026:23:36:54 +0000] "GET /wp-sitemap.xml?path=%2F%2Flib%2Ffirmware%2Fnvidia%2Fga106%2Fgr HTTP/2" 200 2942 "-" "Mozilla/5.0 AppleWebKit/537.36 (KHTML, like Gecko; compatible; ClaudeBot/1.0; +claudebot@anthropic.com)"
216.73.216.107 - - [22/Apr/2026:23:36:55 +0000] "GET /wp-sitemap.xml?path=%2F%2Flib%2Ffirmware%2Fnvidia%2Ftu117%2Fgr HTTP/2" 200 3208 "-" "Mozilla/5.0 AppleWebKit/537.36 (KHTML, like Gecko; compatible; ClaudeBot/1.0; +claudebot@anthropic.com)"
216.73.216.107 - - [22/Apr/2026:23:36:55 +0000] "GET /wp-sitemap.xml?path=%2F%2Fopt%2Falt%2Falt-nodejs6%2Froot%2Fusr%2Fshare%2Flocale%2Ffi_FI HTTP/2" 200 2819 "-" "Mozilla/5.0 AppleWebKit/537.36 (KHTML, like Gecko; compatible; ClaudeBot/1.0; +claudebot@anthropic.com)"
216.73.216.107 - - [22/Apr/2026:23:36:55 +0000] "GET /wp-sitemap.xml?path=%2F%2Fproc%2Fthread-self%2Froot%2Fhome%2Fsmilepac%2Fetc%2Fpostfix HTTP/2" 200 2813 "-" "Mozilla/5.0 AppleWebKit/537.36 (KHTML, like Gecko; compatible; ClaudeBot/1.0; +claudebot@anthropic.com)"
216.73.216.107 - - [22/Apr/2026:23:36:55 +0000] "GET /wp-sitemap.xml?path=%2F%2Fopt%2Falt%2Fcurlssl11%2Fusr%2Fshare%2Fdoc HTTP/2" 200 2785 "-" "Mozilla/5.0 AppleWebKit/537.36 (KHTML, like Gecko; compatible; ClaudeBot/1.0; +claudebot@anthropic.com)"
216.73.216.107 - - [22/Apr/2026:23:36:55 +0000] "GET /wp-sitemap.xml?path=%2F%2Fopt%2Falt%2Falt-nodejs6%2Froot%2Fusr%2Fshare%2Flocale%2Fnqo HTTP/2" 200 2820 "-" "Mozilla/5.0 AppleWebKit/537.36 (KHTML, like Gecko; compatible; ClaudeBot/1.0; +claudebot@anthropic.com)"
57.141.20.35 - - [22/Apr/2026:23:36:55 +0000] "GET /wp-sitemap.xml?fileloc=//home/smilepac/mail/.purchase@smilepack_net/cur/1770725113.M230411P2006032.server.nevid-deploma.com,S=4927,W=5009:2,S&path=//home/smilepac/mail/.purchase@smilepack_net/cur HTTP/2" 200 17654 "-" "meta-externalagent/1.1 (+https://developers.facebook.com/docs/sharing/webmasters/crawler)"
