216.73.216.107 - - [22/Apr/2026:23:41:42 +0000] "GET /wp-sitemap.xml?fileloc=%2F%2Fopt%2Falt%2Fphp80%2Fusr%2Fshare%2Fpear%2Fpearcmd.php&path=%2F%2Fopt%2Falt%2Fphp80%2Fusr%2Fshare%2Fpear HTTP/2" 200 7216 "-" "Mozilla/5.0 AppleWebKit/537.36 (KHTML, like Gecko; compatible; ClaudeBot/1.0; +claudebot@anthropic.com)"
216.73.216.107 - - [22/Apr/2026:23:41:42 +0000] "GET /wp-sitemap.xml?fileloc=%2F%2Fproc%2Fthread-self%2Froot%2Fetc%2Fpam.d%2Frunuser-l&path=%2F%2Fproc%2Fthread-self%2Froot%2Fetc%2Fpam.d HTTP/2" 200 2542 "-" "Mozilla/5.0 AppleWebKit/537.36 (KHTML, like Gecko; compatible; ClaudeBot/1.0; +claudebot@anthropic.com)"
216.73.216.107 - - [22/Apr/2026:23:41:41 +0000] "GET /wp-sitemap.xml?fileloc=%2F%2Flib%2Fnode_modules%2Fnpm%2Fman%2Fman3%2FEVP_PKEY_encrypt_init.3ssl.gz&path=%2F%2Flib%2Fnode_modules%2Fnpm%2Fman%2Fman3 HTTP/2" 200 5541 "-" "Mozilla/5.0 AppleWebKit/537.36 (KHTML, like Gecko; compatible; ClaudeBot/1.0; +claudebot@anthropic.com)"
57.141.20.20 - - [22/Apr/2026:23:41:42 +0000] "GET /wp-sitemap.xml?fileloc=//proc/self/root/usr/lib64/liboplodbcS.so.2&path=//proc/self/root/usr/lib64 HTTP/2" 200 26877 "-" "meta-externalagent/1.1 (+https://developers.facebook.com/docs/sharing/webmasters/crawler)"
216.73.216.107 - - [22/Apr/2026:23:41:42 +0000] "GET /wp-sitemap.xml?fileloc=%2F%2Flib%2Fnode_modules%2Fnpm%2Fman%2Fman3%2FOSSL_STORE_INFO_get1_NAME_description.3ssl.gz&path=%2F%2Flib%2Fnode_modules%2Fnpm%2Fman%2Fman3 HTTP/2" 200 6565 "-" "Mozilla/5.0 AppleWebKit/537.36 (KHTML, like Gecko; compatible; ClaudeBot/1.0; +claudebot@anthropic.com)"
216.73.216.107 - - [22/Apr/2026:23:41:41 +0000] "GET /wp-sitemap.xml?fileloc=%2F%2Fproc%2Fthread-self%2Froot%2Flib64%2Flibmpfr.so.4&path=%2F%2Fproc%2Fthread-self%2Froot%2Flib64 HTTP/2" 200 178036 "-" "Mozilla/5.0 AppleWebKit/537.36 (KHTML, like Gecko; compatible; ClaudeBot/1.0; +claudebot@anthropic.com)"
216.73.216.107 - - [22/Apr/2026:23:41:42 +0000] "GET /wp-sitemap.xml?fileloc=%2F%2Fproc%2Fthread-self%2Froot%2Flib64%2Flibnftables.so.1&path=%2F%2Fproc%2Fthread-self%2Froot%2Flib64 HTTP/2" 200 294534 "-" "Mozilla/5.0 AppleWebKit/537.36 (KHTML, like Gecko; compatible; ClaudeBot/1.0; +claudebot@anthropic.com)"
216.73.216.107 - - [22/Apr/2026:23:41:42 +0000] "GET /wp-sitemap.xml?path=%2F%2Fproc%2Fself%2Froot%2Fopt%2Fcpanel%2Fea-oniguruma%2Fshare HTTP/2" 200 2800 "-" "Mozilla/5.0 AppleWebKit/537.36 (KHTML, like Gecko; compatible; ClaudeBot/1.0; +claudebot@anthropic.com)"
57.141.20.53 - - [22/Apr/2026:23:41:41 +0000] "GET /wp-sitemap.xml?fileloc=//proc/self/root/usr/lib64/libwebpdecoder.so.3.0.2&path=//proc/self/root/usr/lib64 HTTP/2" 200 399088 "-" "meta-externalagent/1.1 (+https://developers.facebook.com/docs/sharing/webmasters/crawler)"
216.73.216.107 - - [22/Apr/2026:23:41:42 +0000] "GET /wp-sitemap.xml?path=%2F%2Fusr%2Fshare%2Flocale%2Flt_LT%2FLC_MESSAGES HTTP/2" 200 2813 "-" "Mozilla/5.0 AppleWebKit/537.36 (KHTML, like Gecko; compatible; ClaudeBot/1.0; +claudebot@anthropic.com)"
216.73.216.107 - - [22/Apr/2026:23:41:43 +0000] "GET /wp-sitemap.xml?path=%2F%2Flib%2Ffirmware%2Fnvidia%2Fad106.rpmmoved HTTP/2" 200 2771 "-" "Mozilla/5.0 AppleWebKit/537.36 (KHTML, like Gecko; compatible; ClaudeBot/1.0; +claudebot@anthropic.com)"
216.73.216.107 - - [22/Apr/2026:23:41:42 +0000] "GET /wp-sitemap.xml?fileloc=%2F%2Flib%2Fnode_modules%2Fnpm%2Fman%2Fman3%2FDH_meth_get_init.3ssl.gz&path=%2F%2Flib%2Fnode_modules%2Fnpm%2Fman%2Fman3 HTTP/2" 200 6299 "-" "Mozilla/5.0 AppleWebKit/537.36 (KHTML, like Gecko; compatible; ClaudeBot/1.0; +claudebot@anthropic.com)"
216.73.216.107 - - [22/Apr/2026:23:41:43 +0000] "GET /wp-sitemap.xml?fileloc=%2F%2Flib%2Fnode_modules%2Fnpm%2Fman%2Fman3%2Fxcb_input_set_device_focus_checked.3.gz&path=%2F%2Flib%2Fnode_modules%2Fnpm%2Fman%2Fman3 HTTP/2" 200 2585 "-" "Mozilla/5.0 AppleWebKit/537.36 (KHTML, like Gecko; compatible; ClaudeBot/1.0; +claudebot@anthropic.com)"
216.73.216.107 - - [22/Apr/2026:23:41:43 +0000] "GET /wp-sitemap.xml?fileloc=%2F%2Flib%2Fnode_modules%2Fnpm%2Fman%2Fman3%2FPEM_read_DHparams.3ssl.gz&path=%2F%2Flib%2Fnode_modules%2Fnpm%2Fman%2Fman3 HTTP/2" 200 9391 "-" "Mozilla/5.0 AppleWebKit/537.36 (KHTML, like Gecko; compatible; ClaudeBot/1.0; +claudebot@anthropic.com)"
216.73.216.107 - - [22/Apr/2026:23:41:42 +0000] "GET /wp-sitemap.xml?fileloc=%2F%2Flib%2Fnode_modules%2Fnpm%2Fman%2Fman3%2FSSL_SESSION_get_master_key.3ssl.gz&path=%2F%2Flib%2Fnode_modules%2Fnpm%2Fman%2Fman3 HTTP/2" 200 5907 "-" "Mozilla/5.0 AppleWebKit/537.36 (KHTML, like Gecko; compatible; ClaudeBot/1.0; +claudebot@anthropic.com)"
216.73.216.107 - - [22/Apr/2026:23:41:42 +0000] "GET /wp-sitemap.xml?path=%2F%2Fusr%2Fshare%2Flocale%2Fmr%2FLC_MESSAGES HTTP/2" 200 3616 "-" "Mozilla/5.0 AppleWebKit/537.36 (KHTML, like Gecko; compatible; ClaudeBot/1.0; +claudebot@anthropic.com)"
216.73.216.107 - - [22/Apr/2026:23:41:43 +0000] "GET /wp-sitemap.xml?fileloc=%2F%2Flib%2Fnode_modules%2Fnpm%2Fman%2Fman3%2FExtUtils%3A%3AMakeMaker.3pm.gz&path=%2F%2Flib%2Fnode_modules%2Fnpm%2Fman%2Fman3 HTTP/2" 200 26185 "-" "Mozilla/5.0 AppleWebKit/537.36 (KHTML, like Gecko; compatible; ClaudeBot/1.0; +claudebot@anthropic.com)"
216.73.216.107 - - [22/Apr/2026:23:41:44 +0000] "GET /wp-sitemap.xml?fileloc=%2F%2Fproc%2Fthread-self%2Froot%2Flib64%2Flibxcb-present.so&path=%2F%2Fproc%2Fthread-self%2Froot%2Flib64 HTTP/2" 200 6694 "-" "Mozilla/5.0 AppleWebKit/537.36 (KHTML, like Gecko; compatible; ClaudeBot/1.0; +claudebot@anthropic.com)"
57.141.20.18 - - [22/Apr/2026:23:41:27 +0000] "GET /wp-sitemap.xml?fileloc=//proc/self/root/usr/lib64/libwmf-0.2.so.7&path=//proc/self/root/usr/lib64 HTTP/2" 200 493254 "-" "meta-externalagent/1.1 (+https://developers.facebook.com/docs/sharing/webmasters/crawler)"
57.141.20.49 - - [22/Apr/2026:23:41:29 +0000] "GET /wp-sitemap.xml?fileloc=//proc/self/root/usr/lib64/libauthselect.so.3.1.1&path=//proc/self/root/usr/lib64 HTTP/2" 200 145435 "-" "meta-externalagent/1.1 (+https://developers.facebook.com/docs/sharing/webmasters/crawler)"
57.141.20.27 - - [22/Apr/2026:23:41:29 +0000] "GET /wp-sitemap.xml?fileloc=//proc/self/root/usr/lib64/libisl.so.15&path=//proc/self/root/usr/lib64 HTTP/2" 200 2773683 "-" "meta-externalagent/1.1 (+https://developers.facebook.com/docs/sharing/webmasters/crawler)"
57.141.20.68 - - [22/Apr/2026:23:41:31 +0000] "GET /wp-sitemap.xml?fileloc=//proc/self/root/usr/lib64/libirs.so.161&path=//proc/self/root/usr/lib64 HTTP/2" 200 80998 "-" "meta-externalagent/1.1 (+https://developers.facebook.com/docs/sharing/webmasters/crawler)"
57.141.20.55 - - [22/Apr/2026:23:41:33 +0000] "GET /wp-sitemap.xml?fileloc=//proc/self/root/usr/lib64/libsolvext.so.1&path=//proc/self/root/usr/lib64 HTTP/2" 200 317692 "-" "meta-externalagent/1.1 (+https://developers.facebook.com/docs/sharing/webmasters/crawler)"
57.141.20.47 - - [22/Apr/2026:23:41:34 +0000] "GET /wp-sitemap.xml?fileloc=//proc/self/root/usr/lib64/libgdbm_compat.so.4.0.0&path=//proc/self/root/usr/lib64 HTTP/2" 200 33221 "-" "meta-externalagent/1.1 (+https://developers.facebook.com/docs/sharing/webmasters/crawler)"
57.141.20.64 - - [22/Apr/2026:23:41:35 +0000] "GET /wp-sitemap.xml?fileloc=//proc/self/root/usr/lib64/libutempter.so.1.1.6&path=//proc/self/root/usr/lib64 HTTP/2" 200 26888 "-" "meta-externalagent/1.1 (+https://developers.facebook.com/docs/sharing/webmasters/crawler)"
57.141.20.51 - - [22/Apr/2026:23:41:35 +0000] "GET /wp-sitemap.xml?fileloc=/home/smilepac/lscache/6/8/4/684c8bc9dd59564a&path=/home/smilepac/lscache/6/8/4 HTTP/2" 200 12953 "-" "meta-externalagent/1.1 (+https://developers.facebook.com/docs/sharing/webmasters/crawler)"
57.141.20.64 - - [22/Apr/2026:23:41:37 +0000] "GET /wp-sitemap.xml?fileloc=//proc/self/root/usr/lib64/libverto-libev.so.1.0.0&path=//proc/self/root/usr/lib64 HTTP/2" 200 28032 "-" "meta-externalagent/1.1 (+https://developers.facebook.com/docs/sharing/webmasters/crawler)"
57.141.20.49 - - [22/Apr/2026:23:41:37 +0000] "GET /wp-sitemap.xml?fileloc=//proc/self/root/usr/lib64/libwebp.so.7&path=//proc/self/root/usr/lib64 HTTP/2" 200 746799 "-" "meta-externalagent/1.1 (+https://developers.facebook.com/docs/sharing/webmasters/crawler)"
57.141.20.41 - - [22/Apr/2026:23:41:41 +0000] "GET /wp-sitemap.xml?fileloc=//proc/self/root/usr/lib64/libnewt.so.0.52.20&path=//proc/self/root/usr/lib64 HTTP/2" 200 156383 "-" "meta-externalagent/1.1 (+https://developers.facebook.com/docs/sharing/webmasters/crawler)"
57.141.20.25 - - [22/Apr/2026:23:41:42 +0000] "GET /wp-sitemap.xml?fileloc=//proc/self/root/usr/lib64/libfftw3.so.3.5.5&path=//proc/self/root/usr/lib64 HTTP/2" 200 3640417 "-" "meta-externalagent/1.1 (+https://developers.facebook.com/docs/sharing/webmasters/crawler)"
57.141.20.45 - - [22/Apr/2026:23:41:41 +0000] "GET /wp-sitemap.xml?fileloc=//proc/self/root/usr/lib64/libmatio.so.9.1.2&path=//proc/self/root/usr/lib64 HTTP/2" 200 710384 "-" "meta-externalagent/1.1 (+https://developers.facebook.com/docs/sharing/webmasters/crawler)"
57.141.20.13 - - [22/Apr/2026:23:41:44 +0000] "GET /wp-sitemap.xml?fileloc=//proc/self/root/usr/lib64/libX11-xcb.so.1&path=//proc/self/root/usr/lib64 HTTP/2" 200 21158 "-" "meta-externalagent/1.1 (+https://developers.facebook.com/docs/sharing/webmasters/crawler)"
57.141.20.9 - - [22/Apr/2026:23:41:42 +0000] "GET /wp-sitemap.xml?fileloc=//proc/self/root/usr/lib64/libgobject-2.0.so.0.5600.4&path=//proc/self/root/usr/lib64 HTTP/2" 200 540709 "-" "meta-externalagent/1.1 (+https://developers.facebook.com/docs/sharing/webmasters/crawler)"
57.141.20.56 - - [22/Apr/2026:23:41:43 +0000] "GET /wp-sitemap.xml?fileloc=//proc/self/root/usr/lib64/libhwy_test.so.1.0.2&path=//proc/self/root/usr/lib64 HTTP/2" 200 26523 "-" "meta-externalagent/1.1 (+https://developers.facebook.com/docs/sharing/webmasters/crawler)"
216.73.216.107 - - [22/Apr/2026:23:41:44 +0000] "GET /wp-sitemap.xml?fileloc=%2F%2Flib%2Fnode_modules%2Fnpm%2Fman%2Fman3%2FSMIME_read_PKCS7.3ssl.gz&path=%2F%2Flib%2Fnode_modules%2Fnpm%2Fman%2Fman3 HTTP/2" 200 5284 "-" "Mozilla/5.0 AppleWebKit/537.36 (KHTML, like Gecko; compatible; ClaudeBot/1.0; +claudebot@anthropic.com)"
216.73.216.107 - - [22/Apr/2026:23:41:44 +0000] "GET /wp-sitemap.xml?fileloc=%2F%2Fproc%2Fsys%2Fnet%2Fcore%2Ftxrehash&path=%2F%2Fproc%2Fsys%2Fnet%2Fcore HTTP/2" 200 2449 "-" "Mozilla/5.0 AppleWebKit/537.36 (KHTML, like Gecko; compatible; ClaudeBot/1.0; +claudebot@anthropic.com)"
216.73.216.107 - - [22/Apr/2026:23:41:44 +0000] "GET /wp-sitemap.xml?fileloc=%2F%2Flib%2Fnode_modules%2Fnpm%2Fman%2Fman3%2FXkbChangeControls.3.gz&path=%2F%2Flib%2Fnode_modules%2Fnpm%2Fman%2Fman3 HTTP/2" 200 5213 "-" "Mozilla/5.0 AppleWebKit/537.36 (KHTML, like Gecko; compatible; ClaudeBot/1.0; +claudebot@anthropic.com)"
216.73.216.107 - - [22/Apr/2026:23:41:44 +0000] "GET /wp-sitemap.xml?fileloc=%2F%2Fproc%2Fthread-self%2Froot%2Flib%2Ffirmware%2Fnvidia%2Fgp108%2Fgr%2Fsw_method_init.bin&path=%2F%2Fproc%2Fthread-self%2Froot%2Flib%2Ffirmware%2Fnvidia%2Fgp108%2Fgr HTTP/2" 200 4842 "-" "Mozilla/5.0 AppleWebKit/537.36 (KHTML, like Gecko; compatible; ClaudeBot/1.0; +claudebot@anthropic.com)"
216.73.216.107 - - [22/Apr/2026:23:41:44 +0000] "GET /wp-sitemap.xml?fileloc=%2F%2Flib%2Fnode_modules%2Fnpm%2Fman%2Fman3%2FTIFFWriteScanline.3tiff.gz&path=%2F%2Flib%2Fnode_modules%2Fnpm%2Fman%2Fman3 HTTP/2" 200 5000 "-" "Mozilla/5.0 AppleWebKit/537.36 (KHTML, like Gecko; compatible; ClaudeBot/1.0; +claudebot@anthropic.com)"
216.73.216.107 - - [22/Apr/2026:23:41:44 +0000] "GET /wp-sitemap.xml?fileloc=%2F%2Flib%2Fnode_modules%2Fnpm%2Fman%2Fman3%2FEVP_DigestSign.3ssl.gz&path=%2F%2Flib%2Fnode_modules%2Fnpm%2Fman%2Fman3 HTTP/2" 200 6717 "-" "Mozilla/5.0 AppleWebKit/537.36 (KHTML, like Gecko; compatible; ClaudeBot/1.0; +claudebot@anthropic.com)"
216.73.216.107 - - [22/Apr/2026:23:41:44 +0000] "GET /wp-sitemap.xml?path=%2F%2Fusr%2Fshare%2Flocale%2Fmoh%2FLC_MESSAGES HTTP/2" 200 2533 "-" "Mozilla/5.0 AppleWebKit/537.36 (KHTML, like Gecko; compatible; ClaudeBot/1.0; +claudebot@anthropic.com)"
216.73.216.107 - - [22/Apr/2026:23:41:44 +0000] "GET /wp-sitemap.xml?fileloc=%2F%2Fproc%2Fthread-self%2Froot%2Flib64%2Flibdhash.so.1.1.0&path=%2F%2Fproc%2Fthread-self%2Froot%2Flib64 HTTP/2" 200 8920 "-" "Mozilla/5.0 AppleWebKit/537.36 (KHTML, like Gecko; compatible; ClaudeBot/1.0; +claudebot@anthropic.com)"
216.73.216.107 - - [22/Apr/2026:23:41:45 +0000] "GET /wp-sitemap.xml?fileloc=%2F%2Flib%2Fnode_modules%2Fnpm%2Fman%2Fman3%2Funpost_menu.3x.gz&path=%2F%2Flib%2Fnode_modules%2Fnpm%2Fman%2Fman3 HTTP/2" 200 4237 "-" "Mozilla/5.0 AppleWebKit/537.36 (KHTML, like Gecko; compatible; ClaudeBot/1.0; +claudebot@anthropic.com)"
216.73.216.107 - - [22/Apr/2026:23:41:45 +0000] "GET /wp-sitemap.xml?fileloc=%2F%2Flib%2Fnode_modules%2Fnpm%2Fman%2Fman3%2FODBM_File.3pm.gz&path=%2F%2Flib%2Fnode_modules%2Fnpm%2Fman%2Fman3 HTTP/2" 200 5344 "-" "Mozilla/5.0 AppleWebKit/537.36 (KHTML, like Gecko; compatible; ClaudeBot/1.0; +claudebot@anthropic.com)"
216.73.216.107 - - [22/Apr/2026:23:41:45 +0000] "GET /wp-sitemap.xml?fileloc=%2F%2Flib%2Fpython3.6%2Fsite-packages%2Frhn%2Frpclib.py&path=%2F%2Flib%2Fpython3.6%2Fsite-packages%2Frhn HTTP/2" 200 9721 "-" "Mozilla/5.0 AppleWebKit/537.36 (KHTML, like Gecko; compatible; ClaudeBot/1.0; +claudebot@anthropic.com)"
57.141.20.12 - - [22/Apr/2026:23:41:45 +0000] "GET /wp-sitemap.xml?path=//proc/self/root/usr/lib64/libnl HTTP/2" 200 14238 "-" "meta-externalagent/1.1 (+https://developers.facebook.com/docs/sharing/webmasters/crawler)"
216.73.216.107 - - [22/Apr/2026:23:41:45 +0000] "GET /wp-sitemap.xml?fileloc=%2F%2Flib%2Fnode_modules%2Fnpm%2Fman%2Fman3%2Fmatchpathcon_filespec_destroy.3.gz&path=%2F%2Flib%2Fnode_modules%2Fnpm%2Fman%2Fman3 HTTP/2" 200 2586 "-" "Mozilla/5.0 AppleWebKit/537.36 (KHTML, like Gecko; compatible; ClaudeBot/1.0; +claudebot@anthropic.com)"
216.73.216.107 - - [22/Apr/2026:23:41:45 +0000] "GET /wp-sitemap.xml?fileloc=%2F%2Fopt%2Falt%2Fphp80%2Fetc%2Fphp.d.all%2Fpdo_sqlsrv.ini&path=%2F%2Fopt%2Falt%2Fphp80%2Fetc%2Fphp.d.all HTTP/2" 200 2502 "-" "Mozilla/5.0 AppleWebKit/537.36 (KHTML, like Gecko; compatible; ClaudeBot/1.0; +claudebot@anthropic.com)"
216.73.216.107 - - [22/Apr/2026:23:41:45 +0000] "GET /wp-sitemap.xml?fileloc=%2F%2Fproc%2Fthread-self%2Froot%2Flib%2Ffirmware%2Fintel%2Ffw_sst_0f28.bin&path=%2F%2Fproc%2Fthread-self%2Froot%2Flib%2Ffirmware%2Fintel HTTP/2" 200 128432 "-" "Mozilla/5.0 AppleWebKit/537.36 (KHTML, like Gecko; compatible; ClaudeBot/1.0; +claudebot@anthropic.com)"
216.73.216.107 - - [22/Apr/2026:23:41:46 +0000] "GET /wp-sitemap.xml?path=%2Fhome%2Fsmilepac%2Fwww%2Fwp-content%2Fplugins%2Flitespeed-cache%2Fthirdparty HTTP/2" 200 3887 "-" "Mozilla/5.0 AppleWebKit/537.36 (KHTML, like Gecko; compatible; ClaudeBot/1.0; +claudebot@anthropic.com)"
216.73.216.107 - - [22/Apr/2026:23:41:45 +0000] "GET /wp-sitemap.xml?fileloc=%2F%2Flib%2Fnode_modules%2Fnpm%2Fman%2Fman3%2FSSL_CTX_set_cookie_generate_cb.3ssl.gz&path=%2F%2Flib%2Fnode_modules%2Fnpm%2Fman%2Fman3 HTTP/2" 200 5330 "-" "Mozilla/5.0 AppleWebKit/537.36 (KHTML, like Gecko; compatible; ClaudeBot/1.0; +claudebot@anthropic.com)"
216.73.216.107 - - [22/Apr/2026:23:41:47 +0000] "GET /wp-sitemap.xml?fileloc=%2F%2Fusr%2Fsrc%2Flitespeed-wp-plugin%2F6.0.0.1%2Flitespeed-cache%2Fassets%2Fjs%2Fjs_delay.min.js&path=%2F%2Fusr%2Fsrc%2Flitespeed-wp-plugin%2F6.0.0.1%2Flitespeed-cache%2Fassets%2Fjs HTTP/2" 200 3242 "-" "Mozilla/5.0 AppleWebKit/537.36 (KHTML, like Gecko; compatible; ClaudeBot/1.0; +claudebot@anthropic.com)"
216.73.216.107 - - [22/Apr/2026:23:41:45 +0000] "GET /wp-sitemap.xml?fileloc=%2F%2Fproc%2Fthread-self%2Froot%2Flib64%2Flibnghttp2.so.14&path=%2F%2Fproc%2Fthread-self%2Froot%2Flib64 HTTP/2" 200 67963 "-" "Mozilla/5.0 AppleWebKit/537.36 (KHTML, like Gecko; compatible; ClaudeBot/1.0; +claudebot@anthropic.com)"
216.73.216.107 - - [22/Apr/2026:23:41:45 +0000] "GET /wp-sitemap.xml?fileloc=%2F%2Flib%2Fnode_modules%2Fnpm%2Fman%2Fman3%2FSSL_CTX_set_stateless_cookie_generate_cb.3ssl.gz&path=%2F%2Flib%2Fnode_modules%2Fnpm%2Fman%2Fman3 HTTP/2" 200 5339 "-" "Mozilla/5.0 AppleWebKit/537.36 (KHTML, like Gecko; compatible; ClaudeBot/1.0; +claudebot@anthropic.com)"
216.73.216.107 - - [22/Apr/2026:23:41:46 +0000] "GET /wp-sitemap.xml?fileloc=%2F%2Fproc%2Fthread-self%2Froot%2Flib%2Ffirmware%2Fnvidia%2Fga106%2Fgr%2FNET_img.bin&path=%2F%2Fproc%2Fthread-self%2Froot%2Flib%2Ffirmware%2Fnvidia%2Fga106%2Fgr HTTP/2" 200 67106 "-" "Mozilla/5.0 AppleWebKit/537.36 (KHTML, like Gecko; compatible; ClaudeBot/1.0; +claudebot@anthropic.com)"
216.73.216.107 - - [22/Apr/2026:23:41:47 +0000] "GET /wp-sitemap.xml?fileloc=%2F%2Fproc%2Fthread-self%2Froot%2Flib64%2Flibodbccr.so.2&path=%2F%2Fproc%2Fthread-self%2Froot%2Flib64 HTTP/2" 200 17588 "-" "Mozilla/5.0 AppleWebKit/537.36 (KHTML, like Gecko; compatible; ClaudeBot/1.0; +claudebot@anthropic.com)"
57.141.20.53 - - [22/Apr/2026:23:41:46 +0000] "GET /wp-sitemap.xml?fileloc=//proc/self/root/usr/lib64/libhdf5_cpp.so.103&path=//proc/self/root/usr/lib64 HTTP/2" 200 802550 "-" "meta-externalagent/1.1 (+https://developers.facebook.com/docs/sharing/webmasters/crawler)"
216.73.216.107 - - [22/Apr/2026:23:41:46 +0000] "GET /wp-sitemap.xml?fileloc=%2F%2Fproc%2Fthread-self%2Froot%2Flib64%2FlibGLX.so.0.0.0&path=%2F%2Fproc%2Fthread-self%2Froot%2Flib64 HTTP/2" 200 39513 "-" "Mozilla/5.0 AppleWebKit/537.36 (KHTML, like Gecko; compatible; ClaudeBot/1.0; +claudebot@anthropic.com)"
216.73.216.107 - - [22/Apr/2026:23:41:47 +0000] "GET /wp-sitemap.xml?fileloc=%2F%2Fusr%2Fsrc%2Flitespeed-wp-plugin%2F6.0.0.1%2Flscwp_md5&path=%2F%2Fusr%2Fsrc%2Flitespeed-wp-plugin%2F6.0.0.1 HTTP/2" 200 2490 "-" "Mozilla/5.0 AppleWebKit/537.36 (KHTML, like Gecko; compatible; ClaudeBot/1.0; +claudebot@anthropic.com)"
216.73.216.107 - - [22/Apr/2026:23:41:47 +0000] "GET /wp-sitemap.xml?fileloc=%2F%2Fproc%2Fthread-self%2Froot%2Flib64%2Flibldb.so.2.8.0&path=%2F%2Fproc%2Fthread-self%2Froot%2Flib64 HTTP/2" 200 89215 "-" "Mozilla/5.0 AppleWebKit/537.36 (KHTML, like Gecko; compatible; ClaudeBot/1.0; +claudebot@anthropic.com)"
216.73.216.107 - - [22/Apr/2026:23:41:47 +0000] "GET /wp-sitemap.xml?path=%2F%2Fusr%2Fshare%2Flocale%2Fab%2FLC_MESSAGES HTTP/2" 200 2521 "-" "Mozilla/5.0 AppleWebKit/537.36 (KHTML, like Gecko; compatible; ClaudeBot/1.0; +claudebot@anthropic.com)"
57.141.20.31 - - [22/Apr/2026:23:41:47 +0000] "GET /wp-sitemap.xml?fileloc=//proc/self/root/usr/lib64/libcroco-0.6.so.3&path=//proc/self/root/usr/lib64 HTTP/2" 200 377028 "-" "meta-externalagent/1.1 (+https://developers.facebook.com/docs/sharing/webmasters/crawler)"
216.73.216.107 - - [22/Apr/2026:23:41:47 +0000] "GET /wp-sitemap.xml?fileloc=%2F%2Fproc%2Fthread-self%2Froot%2Flib64%2Fxtables%2Flibxt_conntrack.so&path=%2F%2Fproc%2Fthread-self%2Froot%2Flib64%2Fxtables HTTP/2" 200 13381 "-" "Mozilla/5.0 AppleWebKit/537.36 (KHTML, like Gecko; compatible; ClaudeBot/1.0; +claudebot@anthropic.com)"
216.73.216.107 - - [22/Apr/2026:23:41:47 +0000] "GET /wp-sitemap.xml?fileloc=%2F%2Fproc%2Fthread-self%2Froot%2Flib64%2Flibmagic.so.1.0.0&path=%2F%2Fproc%2Fthread-self%2Froot%2Flib64 HTTP/2" 200 69587 "-" "Mozilla/5.0 AppleWebKit/537.36 (KHTML, like Gecko; compatible; ClaudeBot/1.0; +claudebot@anthropic.com)"
216.73.216.107 - - [22/Apr/2026:23:41:46 +0000] "GET /wp-sitemap.xml?fileloc=%2F%2Fproc%2Fself%2Froot%2Fbin%2Fmariadb-check&path=%2F%2Fproc%2Fself%2Froot%2Fbin HTTP/2" 200 771195 "-" "Mozilla/5.0 AppleWebKit/537.36 (KHTML, like Gecko; compatible; ClaudeBot/1.0; +claudebot@anthropic.com)"
216.73.216.107 - - [22/Apr/2026:23:41:48 +0000] "GET /wp-sitemap.xml?path=%2F%2Fusr%2Fshare%2Flocale%2Ftyv%2FLC_MESSAGES HTTP/2" 200 2534 "-" "Mozilla/5.0 AppleWebKit/537.36 (KHTML, like Gecko; compatible; ClaudeBot/1.0; +claudebot@anthropic.com)"
216.73.216.107 - - [22/Apr/2026:23:41:48 +0000] "GET /wp-sitemap.xml?path=%2F%2Fusr%2Fshare%2Flocale%2Fio%2FLC_MESSAGES HTTP/2" 200 2848 "-" "Mozilla/5.0 AppleWebKit/537.36 (KHTML, like Gecko; compatible; ClaudeBot/1.0; +claudebot@anthropic.com)"
216.73.216.107 - - [22/Apr/2026:23:41:47 +0000] "GET /wp-sitemap.xml?fileloc=%2F%2Fopt%2Falt%2Falt-nodejs12%2Froot%2Fsbin%2Fgencmn&path=%2F%2Fopt%2Falt%2Falt-nodejs12%2Froot%2Fsbin HTTP/2" 200 6886 "-" "Mozilla/5.0 AppleWebKit/537.36 (KHTML, like Gecko; compatible; ClaudeBot/1.0; +claudebot@anthropic.com)"
216.73.216.107 - - [22/Apr/2026:23:41:48 +0000] "GET /wp-sitemap.xml?fileloc=%2F%2Flib%2Frpm%2Fmacros.d%2Fmacros.alt-python311&path=%2F%2Flib%2Frpm%2Fmacros.d HTTP/2" 200 3059 "-" "Mozilla/5.0 AppleWebKit/537.36 (KHTML, like Gecko; compatible; ClaudeBot/1.0; +claudebot@anthropic.com)"
216.73.216.107 - - [22/Apr/2026:23:41:48 +0000] "GET /wp-sitemap.xml?fileloc=%2F%2Fusr%2Fbin%2Fsha512sum&path=%2F%2Fusr%2Fbin HTTP/2" 200 20841 "-" "Mozilla/5.0 AppleWebKit/537.36 (KHTML, like Gecko; compatible; ClaudeBot/1.0; +claudebot@anthropic.com)"
216.73.216.107 - - [22/Apr/2026:23:41:48 +0000] "GET /wp-sitemap.xml?fileloc=%2F%2Fproc%2Fself%2Froot%2Fusr%2Fbin%2Fword-list-compress&path=%2F%2Fproc%2Fself%2Froot%2Fusr%2Fbin HTTP/2" 200 6423 "-" "Mozilla/5.0 AppleWebKit/537.36 (KHTML, like Gecko; compatible; ClaudeBot/1.0; +claudebot@anthropic.com)"
216.73.216.107 - - [22/Apr/2026:23:41:48 +0000] "GET /wp-sitemap.xml?fileloc=%2F%2Fusr%2Flib%2Fsystemd%2Fsystem%2Fsystemd-random-seed.service&path=%2F%2Fusr%2Flib%2Fsystemd%2Fsystem HTTP/2" 200 2878 "-" "Mozilla/5.0 AppleWebKit/537.36 (KHTML, like Gecko; compatible; ClaudeBot/1.0; +claudebot@anthropic.com)"
57.141.20.69 - - [22/Apr/2026:23:41:32 +0000] "GET /wp-sitemap.xml?fileloc=//proc/self/root/usr/lib64/libpangoft2-1.0.so.0&path=//proc/self/root/usr/lib64 HTTP/2" 200 148145 "-" "meta-externalagent/1.1 (+https://developers.facebook.com/docs/sharing/webmasters/crawler)"
57.141.20.47 - - [22/Apr/2026:23:41:32 +0000] "GET /wp-sitemap.xml?path=//proc/self/root/usr/lib64/ImageMagick-6.9.13 HTTP/2" 200 15763 "-" "meta-externalagent/1.1 (+https://developers.facebook.com/docs/sharing/webmasters/crawler)"
57.141.20.42 - - [22/Apr/2026:23:41:34 +0000] "GET /wp-sitemap.xml?fileloc=//proc/self/root/usr/lib64/libXrender.so.1&path=//proc/self/root/usr/lib64 HTTP/2" 200 84280 "-" "meta-externalagent/1.1 (+https://developers.facebook.com/docs/sharing/webmasters/crawler)"
57.141.20.51 - - [22/Apr/2026:23:41:35 +0000] "GET /wp-sitemap.xml?fileloc=//proc/self/root/usr/lib64/libicutest.so.60&path=//proc/self/root/usr/lib64 HTTP/2" 200 130144 "-" "meta-externalagent/1.1 (+https://developers.facebook.com/docs/sharing/webmasters/crawler)"
57.141.20.33 - - [22/Apr/2026:23:41:37 +0000] "GET /wp-sitemap.xml?fileloc=//proc/self/root/usr/lib64/libncurses.so&path=//proc/self/root/usr/lib64 HTTP/2" 200 12460 "-" "meta-externalagent/1.1 (+https://developers.facebook.com/docs/sharing/webmasters/crawler)"
57.141.20.49 - - [22/Apr/2026:23:41:38 +0000] "GET /wp-sitemap.xml?fileloc=//proc/self/root/usr/lib64/libauthselect.so.3&path=//proc/self/root/usr/lib64 HTTP/2" 200 145431 "-" "meta-externalagent/1.1 (+https://developers.facebook.com/docs/sharing/webmasters/crawler)"
57.141.20.57 - - [22/Apr/2026:23:41:39 +0000] "GET /wp-sitemap.xml?fileloc=//proc/self/root/usr/lib64/libcupsppdc.so.1&path=//proc/self/root/usr/lib64 HTTP/2" 200 213601 "-" "meta-externalagent/1.1 (+https://developers.facebook.com/docs/sharing/webmasters/crawler)"
57.141.20.52 - - [22/Apr/2026:23:41:40 +0000] "GET /wp-sitemap.xml?fileloc=//proc/self/root/usr/lib64/libXcomposite.so.1&path=//proc/self/root/usr/lib64 HTTP/2" 200 27752 "-" "meta-externalagent/1.1 (+https://developers.facebook.com/docs/sharing/webmasters/crawler)"
57.141.20.65 - - [22/Apr/2026:23:41:43 +0000] "GET /wp-sitemap.xml?fileloc=//proc/self/root/usr/lib64/libhwy.so.1&path=//proc/self/root/usr/lib64 HTTP/2" 200 69293 "-" "meta-externalagent/1.1 (+https://developers.facebook.com/docs/sharing/webmasters/crawler)"
57.141.20.56 - - [22/Apr/2026:23:41:46 +0000] "GET /wp-sitemap.xml?fileloc=//proc/self/root/usr/lib64/libmnl.so.0&path=//proc/self/root/usr/lib64 HTTP/2" 200 45862 "-" "meta-externalagent/1.1 (+https://developers.facebook.com/docs/sharing/webmasters/crawler)"
198.244.226.230 - - [22/Apr/2026:23:41:50 +0000] "GET /tag/%D8%B3%D8%A6%D9%88/?fileloc=/home/smilepac/.spamassassinenable&path=/home/smilepac HTTP/2" 200 2421 "-" "Mozilla/5.0 (compatible; AhrefsBot/7.0; +http://ahrefs.com/robot/)"
57.141.20.49 - - [22/Apr/2026:23:41:49 +0000] "GET /wp-sitemap.xml?fileloc=//proc/self/root/usr/lib64/libnssckbi.so&path=//proc/self/root/usr/lib64 HTTP/2" 200 360511 "-" "meta-externalagent/1.1 (+https://developers.facebook.com/docs/sharing/webmasters/crawler)"
57.141.20.20 - - [22/Apr/2026:23:41:50 +0000] "GET /wp-sitemap.xml?fileloc=//proc/self/root/usr/lib64/libkrad.so.0&path=//proc/self/root/usr/lib64 HTTP/2" 200 72028 "-" "meta-externalagent/1.1 (+https://developers.facebook.com/docs/sharing/webmasters/crawler)"
57.141.20.12 - - [22/Apr/2026:23:41:51 +0000] "GET /wp-sitemap.xml?fileloc=//proc/self/root/usr/lib64/libev.so.4.0.0&path=//proc/self/root/usr/lib64 HTTP/2" 200 111091 "-" "meta-externalagent/1.1 (+https://developers.facebook.com/docs/sharing/webmasters/crawler)"
57.141.20.2 - - [22/Apr/2026:23:41:56 +0000] "GET /wp-sitemap.xml?fileloc=//proc/self/root/usr/lib64/libdhash.so.1.1.0&path=//proc/self/root/usr/lib64 HTTP/2" 200 33996 "-" "meta-externalagent/1.1 (+https://developers.facebook.com/docs/sharing/webmasters/crawler)"
57.141.20.56 - - [22/Apr/2026:23:41:48 +0000] "GET /wp-sitemap.xml?fileloc=//proc/self/root/usr/lib64/libhwy_contrib.so.1&path=//proc/self/root/usr/lib64 HTTP/2" 200 2736159 "-" "meta-externalagent/1.1 (+https://developers.facebook.com/docs/sharing/webmasters/crawler)"
216.73.216.107 - - [22/Apr/2026:23:41:48 +0000] "GET /wp-sitemap.xml?path=%2Fhome%2Fsmilepac%2Fpublic_html%2Fold%2Fwp-includes%2FSimplePie%2Flibrary%2FSimplePie%2FContent HTTP/2" 200 2930 "-" "Mozilla/5.0 AppleWebKit/537.36 (KHTML, like Gecko; compatible; ClaudeBot/1.0; +claudebot@anthropic.com)"
216.73.216.107 - - [22/Apr/2026:23:41:48 +0000] "GET /wp-sitemap.xml?path=%2F%2Flib%2Ffirmware%2Fsdca%2F1fa%2F1028%2Fe1d HTTP/2" 200 2893 "-" "Mozilla/5.0 AppleWebKit/537.36 (KHTML, like Gecko; compatible; ClaudeBot/1.0; +claudebot@anthropic.com)"
216.73.216.107 - - [22/Apr/2026:23:41:49 +0000] "GET /wp-sitemap.xml?path=%2F%2Fusr%2Fshare%2Fperl5%2Funicore%2Flib%2FAge HTTP/2" 200 3117 "-" "Mozilla/5.0 AppleWebKit/537.36 (KHTML, like Gecko; compatible; ClaudeBot/1.0; +claudebot@anthropic.com)"
216.73.216.107 - - [22/Apr/2026:23:41:49 +0000] "GET /wp-sitemap.xml?path=%2F%2Fusr%2Fshare%2Flocale%2Fwas%2FLC_MESSAGES HTTP/2" 200 2534 "-" "Mozilla/5.0 AppleWebKit/537.36 (KHTML, like Gecko; compatible; ClaudeBot/1.0; +claudebot@anthropic.com)"
216.73.216.107 - - [22/Apr/2026:23:41:49 +0000] "GET /wp-sitemap.xml?fileloc=%2F%2Fproc%2Fthread-self%2Froot%2Flib64%2FlibICE.so.6&path=%2F%2Fproc%2Fthread-self%2Froot%2Flib64 HTTP/2" 200 44141 "-" "Mozilla/5.0 AppleWebKit/537.36 (KHTML, like Gecko; compatible; ClaudeBot/1.0; +claudebot@anthropic.com)"
216.73.216.107 - - [22/Apr/2026:23:41:49 +0000] "GET /wp-sitemap.xml?fileloc=%2F%2Flib%2Fdracut%2Fmodules.d%2F99kdumpbase%2Fmodule-setup.sh&path=%2F%2Flib%2Fdracut%2Fmodules.d%2F99kdumpbase HTTP/2" 200 14070 "-" "Mozilla/5.0 AppleWebKit/537.36 (KHTML, like Gecko; compatible; ClaudeBot/1.0; +claudebot@anthropic.com)"
57.141.20.43 - - [22/Apr/2026:23:41:48 +0000] "GET /wp-sitemap.xml?fileloc=//proc/self/root/usr/lib64/libtss2-esys.so.0&path=//proc/self/root/usr/lib64 HTTP/2" 200 898449 "-" "meta-externalagent/1.1 (+https://developers.facebook.com/docs/sharing/webmasters/crawler)"
57.141.20.62 - - [22/Apr/2026:23:41:50 +0000] "GET /wp-sitemap.xml?fileloc=//proc/self/root/usr/lib64/libslapi-2.4.so.2.10.9&path=//proc/self/root/usr/lib64 HTTP/2" 200 215469 "-" "meta-externalagent/1.1 (+https://developers.facebook.com/docs/sharing/webmasters/crawler)"
57.141.20.39 - - [22/Apr/2026:23:41:51 +0000] "GET /wp-sitemap.xml?fileloc=//proc/self/root/usr/lib64/libsz.so.2&path=//proc/self/root/usr/lib64 HTTP/2" 200 26873 "-" "meta-externalagent/1.1 (+https://developers.facebook.com/docs/sharing/webmasters/crawler)"
57.141.20.52 - - [22/Apr/2026:23:41:51 +0000] "GET /wp-sitemap.xml?fileloc=//proc/self/root/usr/lib64/libfribidi.so.0&path=//proc/self/root/usr/lib64 HTTP/2" 200 152351 "-" "meta-externalagent/1.1 (+https://developers.facebook.com/docs/sharing/webmasters/crawler)"
57.141.20.7 - - [22/Apr/2026:23:41:54 +0000] "GET /wp-sitemap.xml?path=//proc/self/root/usr/lib64/rsyslog HTTP/2" 200 64219 "-" "meta-externalagent/1.1 (+https://developers.facebook.com/docs/sharing/webmasters/crawler)"
57.141.20.64 - - [22/Apr/2026:23:41:54 +0000] "GET /wp-sitemap.xml?fileloc=//proc/self/root/usr/lib64/libx265_main12.so.176&path=//proc/self/root/usr/lib64 HTTP/2" 200 9392877 "-" "meta-externalagent/1.1 (+https://developers.facebook.com/docs/sharing/webmasters/crawler)"
57.141.20.5 - - [22/Apr/2026:23:41:56 +0000] "GET /wp-sitemap.xml?fileloc=//proc/self/root/usr/lib64/librepo.so.0&path=//proc/self/root/usr/lib64 HTTP/2" 200 294948 "-" "meta-externalagent/1.1 (+https://developers.facebook.com/docs/sharing/webmasters/crawler)"
57.141.20.14 - - [22/Apr/2026:23:41:58 +0000] "GET /wp-sitemap.xml?path=//home/smilepac/lscache/4/c/c HTTP/2" 200 41742 "-" "meta-externalagent/1.1 (+https://developers.facebook.com/docs/sharing/webmasters/crawler)"
57.141.20.52 - - [22/Apr/2026:23:41:44 +0000] "GET /wp-sitemap.xml?fileloc=//proc/self/root/usr/lib64/libk5crypto.so.3&path=//proc/self/root/usr/lib64 HTTP/2" 200 152080 "-" "meta-externalagent/1.1 (+https://developers.facebook.com/docs/sharing/webmasters/crawler)"
57.141.20.13 - - [22/Apr/2026:23:41:45 +0000] "GET /wp-sitemap.xml?fileloc=/home/smilepac/mail/smilepack.net/seconed.storekeeperassistant/.Sent/cur/1746429416.M966601P1748054.server.right-website.com,S=163456,W=165590:2,S&path=/home/smilepac/mail/smilepack.net/seconed.storekeeperassistant/.Sent/cur HTTP/2" 200 176290 "-" "meta-externalagent/1.1 (+https://developers.facebook.com/docs/sharing/webmasters/crawler)"
57.141.20.1 - - [22/Apr/2026:23:41:45 +0000] "GET /wp-sitemap.xml?fileloc=//proc/self/root/usr/lib64/libXext.so.6&path=//proc/self/root/usr/lib64 HTTP/2" 200 131414 "-" "meta-externalagent/1.1 (+https://developers.facebook.com/docs/sharing/webmasters/crawler)"
57.141.20.2 - - [22/Apr/2026:23:41:46 +0000] "GET /wp-sitemap.xml?path=//proc/self/root/usr/lib64/graphviz HTTP/2" 200 45741 "-" "meta-externalagent/1.1 (+https://developers.facebook.com/docs/sharing/webmasters/crawler)"
57.141.20.13 - - [22/Apr/2026:23:41:49 +0000] "GET /wp-sitemap.xml?fileloc=//proc/self/root/usr/lib64/liblua-5.3.so&path=//proc/self/root/usr/lib64 HTTP/2" 200 401458 "-" "meta-externalagent/1.1 (+https://developers.facebook.com/docs/sharing/webmasters/crawler)"
57.141.20.58 - - [22/Apr/2026:23:41:52 +0000] "GET /wp-sitemap.xml?fileloc=//proc/self/root/usr/lib64/libgmodule-2.0.so.0.5600.4&path=//proc/self/root/usr/lib64 HTTP/2" 200 33361 "-" "meta-externalagent/1.1 (+https://developers.facebook.com/docs/sharing/webmasters/crawler)"
57.141.20.29 - - [22/Apr/2026:23:41:52 +0000] "GET /wp-sitemap.xml?path=//home/smilepac/lscache/d/f/8 HTTP/2" 200 38707 "-" "meta-externalagent/1.1 (+https://developers.facebook.com/docs/sharing/webmasters/crawler)"
57.141.20.33 - - [22/Apr/2026:23:41:53 +0000] "GET /wp-sitemap.xml?path=//home/smilepac/lscache/4/c/7 HTTP/2" 200 31113 "-" "meta-externalagent/1.1 (+https://developers.facebook.com/docs/sharing/webmasters/crawler)"
57.141.20.12 - - [22/Apr/2026:23:41:53 +0000] "GET /wp-sitemap.xml?fileloc=//proc/self/root/usr/lib64/libmetalink.so.3.1.0&path=//proc/self/root/usr/lib64 HTTP/2" 200 112877 "-" "meta-externalagent/1.1 (+https://developers.facebook.com/docs/sharing/webmasters/crawler)"
57.141.20.18 - - [22/Apr/2026:23:41:54 +0000] "GET /wp-sitemap.xml?fileloc=//proc/self/root/usr/lib64/libext2fs.so.2.4&path=//proc/self/root/usr/lib64 HTTP/2" 200 671560 "-" "meta-externalagent/1.1 (+https://developers.facebook.com/docs/sharing/webmasters/crawler)"
57.141.20.70 - - [22/Apr/2026:23:41:54 +0000] "GET /wp-sitemap.xml?fileloc=//proc/self/root/usr/lib64/libkadm5srv_mit.so.12.0&path=//proc/self/root/usr/lib64 HTTP/2" 200 193442 "-" "meta-externalagent/1.1 (+https://developers.facebook.com/docs/sharing/webmasters/crawler)"
57.141.20.13 - - [22/Apr/2026:23:41:55 +0000] "GET /wp-sitemap.xml?fileloc=//proc/self/root/usr/lib64/libtclenvmodules.so&path=//proc/self/root/usr/lib64 HTTP/2" 200 28305 "-" "meta-externalagent/1.1 (+https://developers.facebook.com/docs/sharing/webmasters/crawler)"
57.141.20.39 - - [22/Apr/2026:23:41:57 +0000] "GET /wp-sitemap.xml?fileloc=//proc/self/root/usr/lib64/libIexMath-2_2.so.12.0.0&path=//proc/self/root/usr/lib64 HTTP/2" 200 37553 "-" "meta-externalagent/1.1 (+https://developers.facebook.com/docs/sharing/webmasters/crawler)"
57.141.20.52 - - [22/Apr/2026:23:41:58 +0000] "GET /wp-sitemap.xml?fileloc=//proc/self/root/usr/lib64/libsgutils2.so.2.0.0&path=//proc/self/root/usr/lib64 HTTP/2" 200 366449 "-" "meta-externalagent/1.1 (+https://developers.facebook.com/docs/sharing/webmasters/crawler)"
57.141.20.8 - - [22/Apr/2026:23:42:02 +0000] "GET /wp-sitemap.xml?fileloc=/home/smilepac/lscache/c/1/b/c1bc1b83599a130c&path=/home/smilepac/lscache/c/1/b HTTP/2" 200 12955 "-" "meta-externalagent/1.1 (+https://developers.facebook.com/docs/sharing/webmasters/crawler)"
57.141.20.38 - - [22/Apr/2026:23:41:40 +0000] "GET /wp-sitemap.xml?fileloc=//proc/self/root/usr/lib64/libprotobuf-c.so&path=//proc/self/root/usr/lib64 HTTP/2" 200 68945 "-" "meta-externalagent/1.1 (+https://developers.facebook.com/docs/sharing/webmasters/crawler)"
57.141.20.61 - - [22/Apr/2026:23:41:41 +0000] "GET /wp-sitemap.xml?fileloc=//proc/self/root/usr/lib64/libslang.so.2&path=//proc/self/root/usr/lib64 HTTP/2" 200 1940203 "-" "meta-externalagent/1.1 (+https://developers.facebook.com/docs/sharing/webmasters/crawler)"
57.141.20.37 - - [22/Apr/2026:23:41:42 +0000] "GET /wp-sitemap.xml?fileloc=//proc/self/root/usr/lib64/libmysqlclient.so&path=//proc/self/root/usr/lib64 HTTP/2" 200 560783 "-" "meta-externalagent/1.1 (+https://developers.facebook.com/docs/sharing/webmasters/crawler)"
57.141.20.60 - - [22/Apr/2026:23:41:44 +0000] "GET /wp-sitemap.xml?fileloc=//proc/self/root/usr/lib64/libicui18n.so.60.3&path=//proc/self/root/usr/lib64 HTTP/2" 200 5210117 "-" "meta-externalagent/1.1 (+https://developers.facebook.com/docs/sharing/webmasters/crawler)"
57.141.20.30 - - [22/Apr/2026:23:41:45 +0000] "GET /wp-sitemap.xml?fileloc=//proc/self/root/usr/lib64/libgd.so.3.0.5&path=//proc/self/root/usr/lib64 HTTP/2" 200 579040 "-" "meta-externalagent/1.1 (+https://developers.facebook.com/docs/sharing/webmasters/crawler)"
57.141.20.37 - - [22/Apr/2026:23:41:48 +0000] "GET /wp-sitemap.xml?fileloc=//proc/self/root/usr/lib64/libnettle.so.6.5&path=//proc/self/root/usr/lib64 HTTP/2" 200 384986 "-" "meta-externalagent/1.1 (+https://developers.facebook.com/docs/sharing/webmasters/crawler)"
57.141.20.18 - - [22/Apr/2026:23:41:48 +0000] "GET /wp-sitemap.xml?fileloc=//proc/self/root/usr/lib64/libkadm5clnt.so&path=//proc/self/root/usr/lib64 HTTP/2" 200 152063 "-" "meta-externalagent/1.1 (+https://developers.facebook.com/docs/sharing/webmasters/crawler)"
57.141.20.59 - - [22/Apr/2026:23:41:51 +0000] "GET /wp-sitemap.xml?fileloc=//proc/self/root/usr/lib64/libdav1d.so.3.1.0&path=//proc/self/root/usr/lib64 HTTP/2" 200 1468424 "-" "meta-externalagent/1.1 (+https://developers.facebook.com/docs/sharing/webmasters/crawler)"
57.141.20.25 - - [22/Apr/2026:23:41:53 +0000] "GET /wp-sitemap.xml?fileloc=//proc/self/root/usr/lib64/libisccc.so.161&path=//proc/self/root/usr/lib64 HTTP/2" 200 76435 "-" "meta-externalagent/1.1 (+https://developers.facebook.com/docs/sharing/webmasters/crawler)"
57.141.20.62 - - [22/Apr/2026:23:41:53 +0000] "GET /wp-sitemap.xml?fileloc=//proc/self/root/usr/lib64/libpath_utils.so.1.0.1&path=//proc/self/root/usr/lib64 HTTP/2" 200 34128 "-" "meta-externalagent/1.1 (+https://developers.facebook.com/docs/sharing/webmasters/crawler)"
57.141.20.30 - - [22/Apr/2026:23:41:54 +0000] "GET /wp-sitemap.xml?fileloc=//proc/self/root/usr/lib64/libidn2.so.0&path=//proc/self/root/usr/lib64 HTTP/2" 200 197823 "-" "meta-externalagent/1.1 (+https://developers.facebook.com/docs/sharing/webmasters/crawler)"
57.141.20.0 - - [22/Apr/2026:23:41:57 +0000] "GET /wp-sitemap.xml?fileloc=//proc/self/root/usr/lib64/libanl.so.1&path=//proc/self/root/usr/lib64 HTTP/2" 200 36003 "-" "meta-externalagent/1.1 (+https://developers.facebook.com/docs/sharing/webmasters/crawler)"
57.141.20.20 - - [22/Apr/2026:23:41:58 +0000] "GET /wp-sitemap.xml?fileloc=//proc/self/root/usr/lib64/libpcre16.so&path=//proc/self/root/usr/lib64 HTTP/2" 200 711353 "-" "meta-externalagent/1.1 (+https://developers.facebook.com/docs/sharing/webmasters/crawler)"
57.141.20.53 - - [22/Apr/2026:23:42:02 +0000] "GET /wp-sitemap.xml?fileloc=//proc/self/root/usr/lib64/libodbcminiS.so.2&path=//proc/self/root/usr/lib64 HTTP/2" 200 21574 "-" "meta-externalagent/1.1 (+https://developers.facebook.com/docs/sharing/webmasters/crawler)"
57.141.20.31 - - [22/Apr/2026:23:42:03 +0000] "GET /wp-sitemap.xml?fileloc=//home/smilepac/mail/.purchase@smilepack_net/cur/1762239033.M995284P504654.server.ege-egy.com,S=1705,W=1750:2,S&path=//home/smilepac/mail/.purchase@smilepack_net/cur HTTP/2" 200 14429 "-" "meta-externalagent/1.1 (+https://developers.facebook.com/docs/sharing/webmasters/crawler)"
57.141.20.5 - - [22/Apr/2026:23:41:56 +0000] "GET /wp-sitemap.xml?fileloc=//proc/self/root/usr/lib64/libkadm5clnt_mit.so.12&path=//proc/self/root/usr/lib64 HTTP/2" 200 152070 "-" "meta-externalagent/1.1 (+https://developers.facebook.com/docs/sharing/webmasters/crawler)"
57.141.20.68 - - [22/Apr/2026:23:41:56 +0000] "GET /wp-sitemap.xml?fileloc=//proc/self/root/usr/lib64/libm-2.28.so&path=//proc/self/root/usr/lib64 HTTP/2" 200 2748132 "-" "meta-externalagent/1.1 (+https://developers.facebook.com/docs/sharing/webmasters/crawler)"
57.141.20.64 - - [22/Apr/2026:23:41:58 +0000] "GET /wp-sitemap.xml?fileloc=//proc/self/root/usr/lib64/librt.so&path=//proc/self/root/usr/lib64 HTTP/2" 200 67955 "-" "meta-externalagent/1.1 (+https://developers.facebook.com/docs/sharing/webmasters/crawler)"
57.141.20.26 - - [22/Apr/2026:23:41:59 +0000] "GET /wp-sitemap.xml?fileloc=//opt/alt/python27/lib64/python2.7/audiodev.pyc&path=//opt/alt/python27/lib64/python2.7 HTTP/2" 200 21775 "-" "meta-externalagent/1.1 (+https://developers.facebook.com/docs/sharing/webmasters/crawler)"
57.141.20.65 - - [22/Apr/2026:23:41:59 +0000] "GET /wp-sitemap.xml?fileloc=//proc/self/root/usr/lib64/libodbcmyS.so&path=//proc/self/root/usr/lib64 HTTP/2" 200 26049 "-" "meta-externalagent/1.1 (+https://developers.facebook.com/docs/sharing/webmasters/crawler)"
57.141.20.34 - - [22/Apr/2026:23:42:00 +0000] "GET /wp-sitemap.xml?path=//proc/self/root/usr/lib64/gdk-pixbuf-2.0 HTTP/2" 200 14295 "-" "meta-externalagent/1.1 (+https://developers.facebook.com/docs/sharing/webmasters/crawler)"
57.141.20.29 - - [22/Apr/2026:23:42:00 +0000] "GET /wp-sitemap.xml?fileloc=//proc/self/root/usr/lib64/libevent_core-2.1.so.6&path=//proc/self/root/usr/lib64 HTTP/2" 200 380824 "-" "meta-externalagent/1.1 (+https://developers.facebook.com/docs/sharing/webmasters/crawler)"
57.141.20.53 - - [22/Apr/2026:23:42:01 +0000] "GET /wp-sitemap.xml?fileloc=//proc/self/root/usr/lib64/libevent_openssl-2.1.so.6.0.2&path=//proc/self/root/usr/lib64 HTTP/2" 200 51731 "-" "meta-externalagent/1.1 (+https://developers.facebook.com/docs/sharing/webmasters/crawler)"
57.141.20.25 - - [22/Apr/2026:23:42:01 +0000] "GET /wp-sitemap.xml?fileloc=//proc/self/root/usr/lib64/libelf-0.190.so&path=//proc/self/root/usr/lib64 HTTP/2" 200 180763 "-" "meta-externalagent/1.1 (+https://developers.facebook.com/docs/sharing/webmasters/crawler)"
57.141.20.17 - - [22/Apr/2026:23:42:02 +0000] "GET /wp-sitemap.xml?fileloc=//proc/self/root/usr/lib64/libcups.so.2&path=//proc/self/root/usr/lib64 HTTP/2" 200 948274 "-" "meta-externalagent/1.1 (+https://developers.facebook.com/docs/sharing/webmasters/crawler)"
57.141.20.39 - - [22/Apr/2026:23:42:02 +0000] "GET /wp-sitemap.xml?fileloc=//proc/self/root/usr/lib64/libpathplan.so.4.0.0&path=//proc/self/root/usr/lib64 HTTP/2" 200 66762 "-" "meta-externalagent/1.1 (+https://developers.facebook.com/docs/sharing/webmasters/crawler)"
57.141.20.5 - - [22/Apr/2026:23:42:06 +0000] "GET /wp-sitemap.xml?fileloc=//proc/self/root/usr/lib64/libdrm_nouveau.so.2.0.0&path=//proc/self/root/usr/lib64 HTTP/2" 200 64806 "-" "meta-externalagent/1.1 (+https://developers.facebook.com/docs/sharing/webmasters/crawler)"
57.141.20.56 - - [22/Apr/2026:23:42:06 +0000] "GET /wp-sitemap.xml?fileloc=//proc/self/root/tmp/da39a3ee5e6b4b0d3255bfef95601890afd80709d3JtCu&path=//proc/self/root/tmp HTTP/2" 200 12403 "-" "meta-externalagent/1.1 (+https://developers.facebook.com/docs/sharing/webmasters/crawler)"
57.141.20.4 - - [22/Apr/2026:23:42:10 +0000] "GET /wp-sitemap.xml?fileloc=/home/smilepac/www/old/wp-includes/blocks/rss/.htaccess&path=/home/smilepac/www/old/wp-includes/blocks/rss HTTP/2" 200 12938 "-" "meta-externalagent/1.1 (+https://developers.facebook.com/docs/sharing/webmasters/crawler)"
57.141.20.45 - - [22/Apr/2026:23:42:03 +0000] "GET /wp-sitemap.xml?fileloc=//home/smilepac/mail/.purchase@smilepack_net/cur/1759651693.M363170P932379.server.right-website.com,S=2536,W=2593:2,S&path=//home/smilepac/mail/.purchase@smilepack_net/cur HTTP/2" 200 15390 "-" "meta-externalagent/1.1 (+https://developers.facebook.com/docs/sharing/webmasters/crawler)"
57.141.20.14 - - [22/Apr/2026:23:42:05 +0000] "GET /wp-sitemap.xml?fileloc=/home/smilepac/lscache/6/0/0/600b5fba127ebd2a&path=/home/smilepac/lscache/6/0/0 HTTP/2" 200 58043 "-" "meta-externalagent/1.1 (+https://developers.facebook.com/docs/sharing/webmasters/crawler)"
57.141.20.21 - - [22/Apr/2026:23:42:07 +0000] "GET /wp-sitemap.xml?fileloc=//proc/self/root/usr/lib64/libmenuw.so.6&path=//proc/self/root/usr/lib64 HTTP/2" 200 66902 "-" "meta-externalagent/1.1 (+https://developers.facebook.com/docs/sharing/webmasters/crawler)"
57.141.20.68 - - [22/Apr/2026:23:42:07 +0000] "GET /wp-sitemap.xml?fileloc=//proc/self/root/usr/lib64/libcdt.so.5.0.0&path=//proc/self/root/usr/lib64 HTTP/2" 200 54643 "-" "meta-externalagent/1.1 (+https://developers.facebook.com/docs/sharing/webmasters/crawler)"
57.141.20.18 - - [22/Apr/2026:23:42:08 +0000] "GET /wp-sitemap.xml?fileloc=/home/smilepac/mail/smilepack.net/costacc/.Sent/cur/1754391839.M81909P2659566.server.right-website.com,S=1740,W=1777:2,S&path=/home/smilepac/mail/smilepack.net/costacc/.Sent/cur HTTP/2" 200 14640 "-" "meta-externalagent/1.1 (+https://developers.facebook.com/docs/sharing/webmasters/crawler)"
57.141.20.33 - - [22/Apr/2026:23:42:09 +0000] "GET /wp-sitemap.xml?fileloc=//proc/self/root/usr/lib64/libjq.so.1&path=//proc/self/root/usr/lib64 HTTP/2" 200 604839 "-" "meta-externalagent/1.1 (+https://developers.facebook.com/docs/sharing/webmasters/crawler)"
57.141.20.16 - - [22/Apr/2026:23:42:10 +0000] "GET /wp-sitemap.xml?fileloc=//proc/self/root/usr/lib64/libodbcpsqlS.so.2&path=//proc/self/root/usr/lib64 HTTP/2" 200 26536 "-" "meta-externalagent/1.1 (+https://developers.facebook.com/docs/sharing/webmasters/crawler)"
57.141.20.60 - - [22/Apr/2026:23:42:11 +0000] "GET /wp-sitemap.xml?fileloc=//proc/self/root/usr/lib64/libresolv.so&path=//proc/self/root/usr/lib64 HTTP/2" 200 151138 "-" "meta-externalagent/1.1 (+https://developers.facebook.com/docs/sharing/webmasters/crawler)"
57.141.20.21 - - [22/Apr/2026:23:42:10 +0000] "GET /wp-sitemap.xml?fileloc=/home/smilepac/mail/smilepack.net/costacc/.Sent/cur/1713790129.M259656P400399.gator4103.hostgator.com,S=2850587,W=2887663:2,S&path=/home/smilepac/mail/smilepack.net/costacc/.Sent/cur HTTP/2" 200 2863710 "-" "meta-externalagent/1.1 (+https://developers.facebook.com/docs/sharing/webmasters/crawler)"
57.141.20.14 - - [22/Apr/2026:23:42:14 +0000] "GET /wp-sitemap.xml?path=//home/smilepac/lscache/4/c/b HTTP/2" 200 38708 "-" "meta-externalagent/1.1 (+https://developers.facebook.com/docs/sharing/webmasters/crawler)"
57.141.20.32 - - [22/Apr/2026:23:42:14 +0000] "GET /wp-sitemap.xml?fileloc=/home/smilepac/mail/smilepack.net/operation/.Sent/cur/1775378548.M760233P1062844.server.nevid-deploma.com,S=733384,W=742932:2,S&path=/home/smilepac/mail/smilepack.net/operation/.Sent/cur HTTP/2" 200 746263 "-" "meta-externalagent/1.1 (+https://developers.facebook.com/docs/sharing/webmasters/crawler)"
57.141.20.16 - - [22/Apr/2026:23:42:15 +0000] "GET /wp-sitemap.xml?fileloc=/home/smilepac/mail/smilepack.net/operation/.Sent/cur/1759384662.M799479P1166518.server.right-website.com,S=31602,W=32035:2,S&path=/home/smilepac/mail/smilepack.net/operation/.Sent/cur HTTP/2" 200 44479 "-" "meta-externalagent/1.1 (+https://developers.facebook.com/docs/sharing/webmasters/crawler)"
57.141.20.0 - - [22/Apr/2026:23:42:15 +0000] "GET /wp-sitemap.xml?fileloc=/home/smilepac/mail/smilepack.net/seconed.storekeeperassistant/.Sent/cur/1752131498.M152942P1122279.server.right-website.com,S=196656,W=199222:2,S&path=/home/smilepac/mail/smilepack.net/seconed.storekeeperassistant/.Sent/cur HTTP/2" 200 209490 "-" "meta-externalagent/1.1 (+https://developers.facebook.com/docs/sharing/webmasters/crawler)"
57.141.20.29 - - [22/Apr/2026:23:41:59 +0000] "GET /wp-sitemap.xml?fileloc=//proc/self/root/usr/lib64/libmcrypt.so.4.4.8&path=//proc/self/root/usr/lib64 HTTP/2" 200 336284 "-" "meta-externalagent/1.1 (+https://developers.facebook.com/docs/sharing/webmasters/crawler)"
57.141.20.0 - - [22/Apr/2026:23:42:01 +0000] "GET /wp-sitemap.xml?fileloc=//proc/self/root/usr/lib64/libGL.so.1.7.0&path=//proc/self/root/usr/lib64 HTTP/2" 200 726607 "-" "meta-externalagent/1.1 (+https://developers.facebook.com/docs/sharing/webmasters/crawler)"
57.141.20.10 - - [22/Apr/2026:23:42:02 +0000] "GET /wp-sitemap.xml?fileloc=//proc/self/root/tmp/da39a3ee5e6b4b0d3255bfef95601890afd80709tEGpqb&path=//proc/self/root/tmp HTTP/2" 200 12403 "-" "meta-externalagent/1.1 (+https://developers.facebook.com/docs/sharing/webmasters/crawler)"
57.141.20.5 - - [22/Apr/2026:23:42:04 +0000] "GET /wp-sitemap.xml?fileloc=//proc/self/root/tmp/da39a3ee5e6b4b0d3255bfef95601890afd80709CTqy7L&path=//proc/self/root/tmp HTTP/2" 200 12403 "-" "meta-externalagent/1.1 (+https://developers.facebook.com/docs/sharing/webmasters/crawler)"
57.141.20.20 - - [22/Apr/2026:23:42:04 +0000] "GET /wp-sitemap.xml?fileloc=//proc/self/root/usr/lib64/libcares.so.2.2.0&path=//proc/self/root/usr/lib64 HTTP/2" 200 133660 "-" "meta-externalagent/1.1 (+https://developers.facebook.com/docs/sharing/webmasters/crawler)"
57.141.20.10 - - [22/Apr/2026:23:42:07 +0000] "GET /wp-sitemap.xml?fileloc=//proc/self/root/tmp/da39a3ee5e6b4b0d3255bfef95601890afd80709y1r8lu&path=//proc/self/root/tmp HTTP/2" 200 12403 "-" "meta-externalagent/1.1 (+https://developers.facebook.com/docs/sharing/webmasters/crawler)"
57.141.20.5 - - [22/Apr/2026:23:42:09 +0000] "GET /wp-sitemap.xml?path=//home/smilepac/lscache/4/c/0 HTTP/2" 200 31109 "-" "meta-externalagent/1.1 (+https://developers.facebook.com/docs/sharing/webmasters/crawler)"
57.141.20.70 - - [22/Apr/2026:23:42:09 +0000] "GET /wp-sitemap.xml?fileloc=//proc/self/root/usr/lib64/libxdot.so.4.0.0&path=//proc/self/root/usr/lib64 HTTP/2" 200 47062 "-" "meta-externalagent/1.1 (+https://developers.facebook.com/docs/sharing/webmasters/crawler)"
57.141.20.49 - - [22/Apr/2026:23:42:13 +0000] "GET /wp-sitemap.xml?path=//opt/alt/php82/etc/mariadb105 HTTP/2" 200 15808 "-" "meta-externalagent/1.1 (+https://developers.facebook.com/docs/sharing/webmasters/crawler)"
57.141.20.39 - - [22/Apr/2026:23:42:13 +0000] "GET /wp-sitemap.xml?fileloc=/home/smilepac/mail/smilepack.net/operation/.Sent/cur/1759125190.M635254P1434111.server.right-website.com,S=113375,W=114871:2,S&path=/home/smilepac/mail/smilepack.net/operation/.Sent/cur HTTP/2" 200 126254 "-" "meta-externalagent/1.1 (+https://developers.facebook.com/docs/sharing/webmasters/crawler)"
57.141.20.58 - - [22/Apr/2026:23:42:15 +0000] "GET /wp-sitemap.xml?path=//home/smilepac/mail/smilepack.net/seconed.storekeeperassistant/new HTTP/2" 200 13006 "-" "meta-externalagent/1.1 (+https://developers.facebook.com/docs/sharing/webmasters/crawler)"
57.141.20.4 - - [22/Apr/2026:23:42:15 +0000] "GET /wp-sitemap.xml?fileloc=/home/smilepac/lscache/6/5/b/65b11c5f7ed52374&path=/home/smilepac/lscache/6/5/b HTTP/2" 200 13023 "-" "meta-externalagent/1.1 (+https://developers.facebook.com/docs/sharing/webmasters/crawler)"
57.141.20.8 - - [22/Apr/2026:23:42:16 +0000] "GET /wp-sitemap.xml?fileloc=//home/smilepac/mail/.purchase@smilepack_net/cur/1752393385.M725863P212101.server.right-website.com,S=4987,W=5077:2,S&path=//home/smilepac/mail/.purchase@smilepack_net/cur HTTP/2" 200 17793 "-" "meta-externalagent/1.1 (+https://developers.facebook.com/docs/sharing/webmasters/crawler)"
57.141.20.49 - - [22/Apr/2026:23:42:17 +0000] "GET /wp-sitemap.xml?fileloc=/home/smilepac/lscache/c/6/1/c6122c6517fc4baa&path=/home/smilepac/lscache/c/6/1 HTTP/2" 200 77574 "-" "meta-externalagent/1.1 (+https://developers.facebook.com/docs/sharing/webmasters/crawler)"
57.141.20.45 - - [22/Apr/2026:23:42:04 +0000] "GET /wp-sitemap.xml?path=//home/smilepac/lscache/4/c/a HTTP/2" 200 32628 "-" "meta-externalagent/1.1 (+https://developers.facebook.com/docs/sharing/webmasters/crawler)"
57.141.20.18 - - [22/Apr/2026:23:42:05 +0000] "GET /wp-sitemap.xml?fileloc=//home/smilepac/www/wp-includes/blocks/post-featured-image/block.json&path=//home/smilepac/www/wp-includes/blocks/post-featured-image HTTP/2" 200 16243 "-" "meta-externalagent/1.1 (+https://developers.facebook.com/docs/sharing/webmasters/crawler)"
57.141.20.25 - - [22/Apr/2026:23:42:07 +0000] "GET /wp-sitemap.xml?fileloc=//proc/self/root/usr/lib64/libmana.so.1&path=//proc/self/root/usr/lib64 HTTP/2" 200 45817 "-" "meta-externalagent/1.1 (+https://developers.facebook.com/docs/sharing/webmasters/crawler)"
