57.141.20.21 - - [22/Apr/2026:23:39:27 +0000] "GET /wp-sitemap.xml?fileloc=//proc/self/root/usr/lib64/libbrotlicommon.so.1&path=//proc/self/root/usr/lib64 HTTP/2" 200 160978 "-" "meta-externalagent/1.1 (+https://developers.facebook.com/docs/sharing/webmasters/crawler)"
57.141.20.28 - - [22/Apr/2026:23:39:27 +0000] "GET /wp-sitemap.xml?fileloc=//proc/self/root/usr/lib64/libltdl.so.7&path=//proc/self/root/usr/lib64 HTTP/2" 200 75292 "-" "meta-externalagent/1.1 (+https://developers.facebook.com/docs/sharing/webmasters/crawler)"
57.141.20.7 - - [22/Apr/2026:23:39:29 +0000] "GET /wp-sitemap.xml?fileloc=//proc/self/root/usr/lib64/Scrt1.o&path=//proc/self/root/usr/lib64 HTTP/2" 200 21055 "-" "meta-externalagent/1.1 (+https://developers.facebook.com/docs/sharing/webmasters/crawler)"
57.141.20.68 - - [22/Apr/2026:23:39:32 +0000] "GET /wp-sitemap.xml?path=//proc/self/root/usr/lib64/c++-plesk-12.2.0 HTTP/2" 200 12899 "-" "meta-externalagent/1.1 (+https://developers.facebook.com/docs/sharing/webmasters/crawler)"
57.141.20.49 - - [22/Apr/2026:23:39:32 +0000] "GET /wp-sitemap.xml?fileloc=//proc/self/root/usr/lib64/libpci.so.3&path=//proc/self/root/usr/lib64 HTTP/2" 200 99178 "-" "meta-externalagent/1.1 (+https://developers.facebook.com/docs/sharing/webmasters/crawler)"
216.73.216.107 - - [22/Apr/2026:23:39:32 +0000] "GET /wp-sitemap.xml?fileloc=%2F%2Flib%2Fnode_modules%2Fnpm%2Fman%2Fman3%2Fsecurity_check_context_raw.3.gz&path=%2F%2Flib%2Fnode_modules%2Fnpm%2Fman%2Fman3 HTTP/2" 200 2584 "-" "Mozilla/5.0 AppleWebKit/537.36 (KHTML, like Gecko; compatible; ClaudeBot/1.0; +claudebot@anthropic.com)"
216.73.216.107 - - [22/Apr/2026:23:39:32 +0000] "GET /wp-sitemap.xml?fileloc=%2F%2Flib%2Fnode_modules%2Fnpm%2Fman%2Fman3%2FXGetImage.3.gz&path=%2F%2Flib%2Fnode_modules%2Fnpm%2Fman%2Fman3 HTTP/2" 200 2549 "-" "Mozilla/5.0 AppleWebKit/537.36 (KHTML, like Gecko; compatible; ClaudeBot/1.0; +claudebot@anthropic.com)"
216.73.216.107 - - [22/Apr/2026:23:39:33 +0000] "GET /wp-sitemap.xml?fileloc=%2F%2Flib%2Fnode_modules%2Fnpm%2Fman%2Fman3%2Fxcb_glx_get_histogram_parameteriv_data.3.gz&path=%2F%2Flib%2Fnode_modules%2Fnpm%2Fman%2Fman3 HTTP/2" 200 2604 "-" "Mozilla/5.0 AppleWebKit/537.36 (KHTML, like Gecko; compatible; ClaudeBot/1.0; +claudebot@anthropic.com)"
216.73.216.107 - - [22/Apr/2026:23:39:32 +0000] "GET /wp-sitemap.xml?fileloc=%2F%2Fopt%2Falt%2Falt-nodejs12%2Froot%2Fbin%2Fnpm&path=%2F%2Fopt%2Falt%2Falt-nodejs12%2Froot%2Fbin HTTP/2" 200 4286 "-" "Mozilla/5.0 AppleWebKit/537.36 (KHTML, like Gecko; compatible; ClaudeBot/1.0; +claudebot@anthropic.com)"
216.73.216.107 - - [22/Apr/2026:23:39:33 +0000] "GET /wp-sitemap.xml?fileloc=%2F%2Flib%2Fnode_modules%2Fnpm%2Fman%2Fman3%2FSSL_COMP_get0_name.3ssl.gz&path=%2F%2Flib%2Fnode_modules%2Fnpm%2Fman%2Fman3 HTTP/2" 200 5649 "-" "Mozilla/5.0 AppleWebKit/537.36 (KHTML, like Gecko; compatible; ClaudeBot/1.0; +claudebot@anthropic.com)"
216.73.216.107 - - [22/Apr/2026:23:39:34 +0000] "GET /wp-sitemap.xml?fileloc=%2F%2Flib%2Fnode_modules%2Fnpm%2Fman%2Fmann%2Fttk_labelframe.n.gz&path=%2F%2Flib%2Fnode_modules%2Fnpm%2Fman%2Fmann HTTP/2" 200 6012 "-" "Mozilla/5.0 AppleWebKit/537.36 (KHTML, like Gecko; compatible; ClaudeBot/1.0; +claudebot@anthropic.com)"
216.73.216.107 - - [22/Apr/2026:23:39:34 +0000] "GET /wp-sitemap.xml?fileloc=%2F%2Fopt%2Falt%2Falt-nodejs14%2Froot%2Fbin%2Fgenrb&path=%2F%2Fopt%2Falt%2Falt-nodejs14%2Froot%2Fbin HTTP/2" 200 68995 "-" "Mozilla/5.0 AppleWebKit/537.36 (KHTML, like Gecko; compatible; ClaudeBot/1.0; +claudebot@anthropic.com)"
216.73.216.107 - - [22/Apr/2026:23:39:34 +0000] "GET /wp-sitemap.xml?fileloc=%2F%2Flib%2Fnode_modules%2Fnpm%2Fman%2Fman3%2Fkeyctl_describe_alloc.3.gz&path=%2F%2Flib%2Fnode_modules%2Fnpm%2Fman%2Fman3 HTTP/2" 200 3939 "-" "Mozilla/5.0 AppleWebKit/537.36 (KHTML, like Gecko; compatible; ClaudeBot/1.0; +claudebot@anthropic.com)"
57.141.20.25 - - [22/Apr/2026:23:39:33 +0000] "GET /wp-sitemap.xml?fileloc=//proc/self/root/usr/lib64/libX11-xcb.so&path=//proc/self/root/usr/lib64 HTTP/2" 200 21156 "-" "meta-externalagent/1.1 (+https://developers.facebook.com/docs/sharing/webmasters/crawler)"
216.73.216.107 - - [22/Apr/2026:23:39:33 +0000] "GET /wp-sitemap.xml?fileloc=%2F%2Fproc%2Fthread-self%2Froot%2Flib%2Ffirmware%2Fintel%2Fdsp_fw_glk.bin&path=%2F%2Fproc%2Fthread-self%2Froot%2Flib%2Ffirmware%2Fintel HTTP/2" 200 169910 "-" "Mozilla/5.0 AppleWebKit/537.36 (KHTML, like Gecko; compatible; ClaudeBot/1.0; +claudebot@anthropic.com)"
216.73.216.107 - - [22/Apr/2026:23:39:33 +0000] "GET /wp-sitemap.xml?fileloc=%2F%2Flib%2Fnode_modules%2Fnpm%2Fman%2Fman3%2Fd2i_ASIdentifierChoice.3ssl.gz&path=%2F%2Flib%2Fnode_modules%2Fnpm%2Fman%2Fman3 HTTP/2" 200 8956 "-" "Mozilla/5.0 AppleWebKit/537.36 (KHTML, like Gecko; compatible; ClaudeBot/1.0; +claudebot@anthropic.com)"
216.73.216.107 - - [22/Apr/2026:23:39:34 +0000] "GET /wp-sitemap.xml?fileloc=%2F%2Flib%2Fnode_modules%2Fnpm%2Fman%2Fman3%2FXAllocColorCells.3.gz&path=%2F%2Flib%2Fnode_modules%2Fnpm%2Fman%2Fman3 HTTP/2" 200 2555 "-" "Mozilla/5.0 AppleWebKit/537.36 (KHTML, like Gecko; compatible; ClaudeBot/1.0; +claudebot@anthropic.com)"
57.141.20.49 - - [22/Apr/2026:23:39:16 +0000] "GET /wp-sitemap.xml?fileloc=//proc/self/root/usr/lib64/libatomic.so.1.2.0&path=//proc/self/root/usr/lib64 HTTP/2" 200 53068 "-" "meta-externalagent/1.1 (+https://developers.facebook.com/docs/sharing/webmasters/crawler)"
57.141.20.34 - - [22/Apr/2026:23:39:18 +0000] "GET /wp-sitemap.xml?fileloc=//proc/self/root/usr/lib64/libpng16.so.16&path=//proc/self/root/usr/lib64 HTTP/2" 200 359363 "-" "meta-externalagent/1.1 (+https://developers.facebook.com/docs/sharing/webmasters/crawler)"
57.141.20.13 - - [22/Apr/2026:23:39:19 +0000] "GET /wp-sitemap.xml?fileloc=//proc/self/root/usr/lib64/libpcrecpp.so&path=//proc/self/root/usr/lib64 HTTP/2" 200 75197 "-" "meta-externalagent/1.1 (+https://developers.facebook.com/docs/sharing/webmasters/crawler)"
57.141.20.67 - - [22/Apr/2026:23:39:20 +0000] "GET /wp-sitemap.xml?fileloc=//proc/self/root/usr/lib64/libisl.so.13.1.0&path=//proc/self/root/usr/lib64 HTTP/2" 200 2320609 "-" "meta-externalagent/1.1 (+https://developers.facebook.com/docs/sharing/webmasters/crawler)"
57.141.20.20 - - [22/Apr/2026:23:39:21 +0000] "GET /wp-sitemap.xml?fileloc=//proc/self/root/usr/lib64/libutempter.so.0&path=//proc/self/root/usr/lib64 HTTP/2" 200 26884 "-" "meta-externalagent/1.1 (+https://developers.facebook.com/docs/sharing/webmasters/crawler)"
57.141.20.62 - - [22/Apr/2026:23:39:21 +0000] "GET /wp-sitemap.xml?fileloc=//proc/self/root/usr/lib64/libfuse.so.2&path=//proc/self/root/usr/lib64 HTTP/2" 200 375199 "-" "meta-externalagent/1.1 (+https://developers.facebook.com/docs/sharing/webmasters/crawler)"
57.141.20.52 - - [22/Apr/2026:23:39:23 +0000] "GET /wp-sitemap.xml?fileloc=//proc/self/root/usr/lib64/libnssdbm3.so&path=//proc/self/root/usr/lib64 HTTP/2" 200 239267 "-" "meta-externalagent/1.1 (+https://developers.facebook.com/docs/sharing/webmasters/crawler)"
57.141.20.27 - - [22/Apr/2026:23:39:23 +0000] "GET /wp-sitemap.xml?fileloc=//proc/self/root/usr/lib64/libaps.so.1&path=//proc/self/root/usr/lib64 HTTP/2" 200 7790315 "-" "meta-externalagent/1.1 (+https://developers.facebook.com/docs/sharing/webmasters/crawler)"
57.141.20.5 - - [22/Apr/2026:23:39:25 +0000] "GET /wp-sitemap.xml?fileloc=//proc/self/root/usr/lib64/libidn2.so.0.3.6&path=//proc/self/root/usr/lib64 HTTP/2" 200 197827 "-" "meta-externalagent/1.1 (+https://developers.facebook.com/docs/sharing/webmasters/crawler)"
57.141.20.60 - - [22/Apr/2026:23:39:27 +0000] "GET /wp-sitemap.xml?fileloc=//proc/self/root/usr/lib64/libpaper.so.1&path=//proc/self/root/usr/lib64 HTTP/2" 200 34921 "-" "meta-externalagent/1.1 (+https://developers.facebook.com/docs/sharing/webmasters/crawler)"
57.141.20.35 - - [22/Apr/2026:23:39:30 +0000] "GET /wp-sitemap.xml?fileloc=//proc/self/root/usr/lib64/libraw.so.19.0.2&path=//proc/self/root/usr/lib64 HTTP/2" 200 1296362 "-" "meta-externalagent/1.1 (+https://developers.facebook.com/docs/sharing/webmasters/crawler)"
57.141.20.16 - - [22/Apr/2026:23:39:30 +0000] "GET /wp-sitemap.xml?fileloc=//proc/self/root/usr/lib64/libcrypt.so.1&path=//proc/self/root/usr/lib64 HTTP/2" 200 211274 "-" "meta-externalagent/1.1 (+https://developers.facebook.com/docs/sharing/webmasters/crawler)"
57.141.20.51 - - [22/Apr/2026:23:39:31 +0000] "GET /wp-sitemap.xml?fileloc=//proc/self/root/usr/lib64/libmpdec.so.3&path=//proc/self/root/usr/lib64 HTTP/2" 200 389970 "-" "meta-externalagent/1.1 (+https://developers.facebook.com/docs/sharing/webmasters/crawler)"
57.141.20.55 - - [22/Apr/2026:23:39:33 +0000] "GET /wp-sitemap.xml?fileloc=//proc/self/root/usr/lib64/libpcre2-posix.so&path=//proc/self/root/usr/lib64 HTTP/2" 200 26659 "-" "meta-externalagent/1.1 (+https://developers.facebook.com/docs/sharing/webmasters/crawler)"
57.141.20.17 - - [22/Apr/2026:23:39:34 +0000] "GET /wp-sitemap.xml?fileloc=//proc/self/root/usr/lib64/libgraphite2.so.3.0.1&path=//proc/self/root/usr/lib64 HTTP/2" 200 326030 "-" "meta-externalagent/1.1 (+https://developers.facebook.com/docs/sharing/webmasters/crawler)"
216.73.216.107 - - [22/Apr/2026:23:39:35 +0000] "GET /wp-sitemap.xml?fileloc=%2F%2Flib%2Fnode_modules%2Fnpm%2Fman%2Fman3%2FENGINE_set_default_RAND.3ssl.gz&path=%2F%2Flib%2Fnode_modules%2Fnpm%2Fman%2Fman3 HTTP/2" 200 13077 "-" "Mozilla/5.0 AppleWebKit/537.36 (KHTML, like Gecko; compatible; ClaudeBot/1.0; +claudebot@anthropic.com)"
57.141.20.35 - - [22/Apr/2026:23:39:34 +0000] "GET /wp-sitemap.xml?fileloc=//proc/self/root/usr/lib64/libsgutils2.so.2&path=//proc/self/root/usr/lib64 HTTP/2" 200 366445 "-" "meta-externalagent/1.1 (+https://developers.facebook.com/docs/sharing/webmasters/crawler)"
216.73.216.107 - - [22/Apr/2026:23:39:35 +0000] "GET /wp-sitemap.xml?fileloc=%2F%2Flib%2Fnode_modules%2Fnpm%2Fman%2Fman3%2FPROFESSION_INFO_set0_addProfessionInfo.3ssl.gz&path=%2F%2Flib%2Fnode_modules%2Fnpm%2Fman%2Fman3 HTTP/2" 200 5782 "-" "Mozilla/5.0 AppleWebKit/537.36 (KHTML, like Gecko; compatible; ClaudeBot/1.0; +claudebot@anthropic.com)"
216.73.216.107 - - [22/Apr/2026:23:39:35 +0000] "GET /wp-sitemap.xml?fileloc=%2F%2Flib%2Fnode_modules%2Fnpm%2Fman%2Fman3%2FRSA_set_method.3ssl.gz&path=%2F%2Flib%2Fnode_modules%2Fnpm%2Fman%2Fman3 HTTP/2" 200 6760 "-" "Mozilla/5.0 AppleWebKit/537.36 (KHTML, like Gecko; compatible; ClaudeBot/1.0; +claudebot@anthropic.com)"
216.73.216.107 - - [22/Apr/2026:23:39:35 +0000] "GET /wp-sitemap.xml?fileloc=%2F%2Flib%2Fnode_modules%2Fnpm%2Fman%2Fman3%2FXSetPlaneMask.3.gz&path=%2F%2Flib%2Fnode_modules%2Fnpm%2Fman%2Fman3 HTTP/2" 200 2553 "-" "Mozilla/5.0 AppleWebKit/537.36 (KHTML, like Gecko; compatible; ClaudeBot/1.0; +claudebot@anthropic.com)"
57.141.20.27 - - [22/Apr/2026:23:39:35 +0000] "GET /wp-sitemap.xml?fileloc=//proc/self/root/usr/lib64/libpangoft2-1.0.so.0.4200.3&path=//proc/self/root/usr/lib64 HTTP/2" 200 148152 "-" "meta-externalagent/1.1 (+https://developers.facebook.com/docs/sharing/webmasters/crawler)"
216.73.216.107 - - [22/Apr/2026:23:39:35 +0000] "GET /wp-sitemap.xml?fileloc=%2F%2Flib%2Fnode_modules%2Fnpm%2Fman%2Fman3%2FXDrawText16.3.gz&path=%2F%2Flib%2Fnode_modules%2Fnpm%2Fman%2Fman3 HTTP/2" 200 2552 "-" "Mozilla/5.0 AppleWebKit/537.36 (KHTML, like Gecko; compatible; ClaudeBot/1.0; +claudebot@anthropic.com)"
216.73.216.107 - - [22/Apr/2026:23:39:36 +0000] "GET /wp-sitemap.xml?fileloc=%2F%2Fopt%2Falt%2Falt-nodejs12%2Froot%2Fbin%2Fgenrb&path=%2F%2Fopt%2Falt%2Falt-nodejs12%2Froot%2Fbin HTTP/2" 200 69463 "-" "Mozilla/5.0 AppleWebKit/537.36 (KHTML, like Gecko; compatible; ClaudeBot/1.0; +claudebot@anthropic.com)"
216.73.216.107 - - [22/Apr/2026:23:39:36 +0000] "GET /wp-sitemap.xml?fileloc=%2F%2Flib%2Fnode_modules%2Fnpm%2Fman%2Fman8%2Fswitch_root.8.gz&path=%2F%2Flib%2Fnode_modules%2Fnpm%2Fman%2Fman8 HTTP/2" 200 3330 "-" "Mozilla/5.0 AppleWebKit/537.36 (KHTML, like Gecko; compatible; ClaudeBot/1.0; +claudebot@anthropic.com)"
57.141.20.52 - - [22/Apr/2026:23:39:37 +0000] "GET /wp-sitemap.xml?fileloc=//proc/self/root/usr/lib64/libtss2-sys.so.0&path=//proc/self/root/usr/lib64 HTTP/2" 200 220030 "-" "meta-externalagent/1.1 (+https://developers.facebook.com/docs/sharing/webmasters/crawler)"
216.73.216.107 - - [22/Apr/2026:23:39:36 +0000] "GET /wp-sitemap.xml?fileloc=%2F%2Flib%2Fnode_modules%2Fnpm%2Fman%2Fman3%2FCURLOPT_FOLLOWLOCATION.3.gz&path=%2F%2Flib%2Fnode_modules%2Fnpm%2Fman%2Fman3 HTTP/2" 200 4122 "-" "Mozilla/5.0 AppleWebKit/537.36 (KHTML, like Gecko; compatible; ClaudeBot/1.0; +claudebot@anthropic.com)"
216.73.216.107 - - [22/Apr/2026:23:39:36 +0000] "GET /wp-sitemap.xml?fileloc=%2F%2Flib64%2Fpython3.6%2Fsite-packages%2Fcffi%2Fvengine_cpy.py&path=%2F%2Flib64%2Fpython3.6%2Fsite-packages%2Fcffi HTTP/2" 200 12528 "-" "Mozilla/5.0 AppleWebKit/537.36 (KHTML, like Gecko; compatible; ClaudeBot/1.0; +claudebot@anthropic.com)"
216.73.216.107 - - [22/Apr/2026:23:39:36 +0000] "GET /wp-sitemap.xml?fileloc=%2F%2Flib%2Fnode_modules%2Fnpm%2Fman%2Fman3%2FCURLOPT_TCP_FASTOPEN.3.gz&path=%2F%2Flib%2Fnode_modules%2Fnpm%2Fman%2Fman3 HTTP/2" 200 3550 "-" "Mozilla/5.0 AppleWebKit/537.36 (KHTML, like Gecko; compatible; ClaudeBot/1.0; +claudebot@anthropic.com)"
216.73.216.107 - - [22/Apr/2026:23:39:36 +0000] "GET /wp-sitemap.xml?fileloc=%2F%2Flib%2Fnode_modules%2Fnpm%2Fman%2Fman3%2FXkbGetControls.3.gz&path=%2F%2Flib%2Fnode_modules%2Fnpm%2Fman%2Fman3 HTTP/2" 200 4572 "-" "Mozilla/5.0 AppleWebKit/537.36 (KHTML, like Gecko; compatible; ClaudeBot/1.0; +claudebot@anthropic.com)"
216.73.216.107 - - [22/Apr/2026:23:39:37 +0000] "GET /wp-sitemap.xml?fileloc=%2F%2Flib%2Fpython3.6%2Fsite-packages%2Fpip%2F_vendor%2Fhtml5lib%2F_trie%2F__init__.py&path=%2F%2Flib%2Fpython3.6%2Fsite-packages%2Fpip%2F_vendor%2Fhtml5lib%2F_trie HTTP/2" 200 2641 "-" "Mozilla/5.0 AppleWebKit/537.36 (KHTML, like Gecko; compatible; ClaudeBot/1.0; +claudebot@anthropic.com)"
216.73.216.107 - - [22/Apr/2026:23:39:38 +0000] "GET /wp-sitemap.xml?fileloc=%2F%2Fproc%2Fthread-self%2Froot%2Flib%2Ffirmware%2Fmediatek%2Fmt7601u.bin&path=%2F%2Fproc%2Fthread-self%2Froot%2Flib%2Ffirmware%2Fmediatek HTTP/2" 200 26817 "-" "Mozilla/5.0 AppleWebKit/537.36 (KHTML, like Gecko; compatible; ClaudeBot/1.0; +claudebot@anthropic.com)"
216.73.216.107 - - [22/Apr/2026:23:39:36 +0000] "GET /wp-sitemap.xml?fileloc=%2F%2Flib%2Fnode_modules%2Fnpm%2Fman%2Fman3%2FCURLINFO_RESPONSE_CODE.3.gz&path=%2F%2Flib%2Fnode_modules%2Fnpm%2Fman%2Fman3 HTTP/2" 200 3673 "-" "Mozilla/5.0 AppleWebKit/537.36 (KHTML, like Gecko; compatible; ClaudeBot/1.0; +claudebot@anthropic.com)"
216.73.216.107 - - [22/Apr/2026:23:39:37 +0000] "GET /wp-sitemap.xml?fileloc=%2F%2Flib%2Fnode_modules%2Fnpm%2Fman%2Fmann%2Fgrid.n.gz&path=%2F%2Flib%2Fnode_modules%2Fnpm%2Fman%2Fmann HTTP/2" 200 10078 "-" "Mozilla/5.0 AppleWebKit/537.36 (KHTML, like Gecko; compatible; ClaudeBot/1.0; +claudebot@anthropic.com)"
216.73.216.107 - - [22/Apr/2026:23:39:37 +0000] "GET /wp-sitemap.xml?fileloc=%2F%2Flib%2Fnode_modules%2Fnpm%2Fman%2Fman3%2FNet%3A%3AHTTP.3pm.gz&path=%2F%2Flib%2Fnode_modules%2Fnpm%2Fman%2Fman3 HTTP/2" 200 7422 "-" "Mozilla/5.0 AppleWebKit/537.36 (KHTML, like Gecko; compatible; ClaudeBot/1.0; +claudebot@anthropic.com)"
216.73.216.107 - - [22/Apr/2026:23:39:38 +0000] "GET /wp-sitemap.xml?fileloc=%2F%2Flib%2Fnode_modules%2Fnpm%2Fman%2Fman3%2FSSL_client_hello_get0_session_id.3ssl.gz&path=%2F%2Flib%2Fnode_modules%2Fnpm%2Fman%2Fman3 HTTP/2" 200 6532 "-" "Mozilla/5.0 AppleWebKit/537.36 (KHTML, like Gecko; compatible; ClaudeBot/1.0; +claudebot@anthropic.com)"
216.73.216.107 - - [22/Apr/2026:23:39:37 +0000] "GET /wp-sitemap.xml?path=%2Fhome%2Fsmilepac%2Fpublic_html%2Fold%2Fwp-includes%2Fcss%2Fdist%2Fformat-library HTTP/2" 200 2824 "-" "Mozilla/5.0 AppleWebKit/537.36 (KHTML, like Gecko; compatible; ClaudeBot/1.0; +claudebot@anthropic.com)"
57.141.20.7 - - [22/Apr/2026:23:39:36 +0000] "GET /wp-sitemap.xml?fileloc=//proc/self/root/usr/lib64/libaspell.so.15.1.5&path=//proc/self/root/usr/lib64 HTTP/2" 200 1118015 "-" "meta-externalagent/1.1 (+https://developers.facebook.com/docs/sharing/webmasters/crawler)"
216.73.216.107 - - [22/Apr/2026:23:39:38 +0000] "GET /wp-sitemap.xml?fileloc=%2F%2Fopt%2Falt%2Falt-nodejs10%2Froot%2Fusr%2Fsbin%2Fgennorm2&path=%2F%2Fopt%2Falt%2Falt-nodejs10%2Froot%2Fusr%2Fsbin HTTP/2" 200 27433 "-" "Mozilla/5.0 AppleWebKit/537.36 (KHTML, like Gecko; compatible; ClaudeBot/1.0; +claudebot@anthropic.com)"
216.73.216.107 - - [22/Apr/2026:23:39:38 +0000] "GET /wp-sitemap.xml?fileloc=%2F%2Flib%2Fnode_modules%2Fnpm%2Fman%2Fman3%2Fxcb_query_keymap_reply.3.gz&path=%2F%2Flib%2Fnode_modules%2Fnpm%2Fman%2Fman3 HTTP/2" 200 2567 "-" "Mozilla/5.0 AppleWebKit/537.36 (KHTML, like Gecko; compatible; ClaudeBot/1.0; +claudebot@anthropic.com)"
216.73.216.107 - - [22/Apr/2026:23:39:38 +0000] "GET /wp-sitemap.xml?fileloc=%2F%2Flib%2Fnode_modules%2Fnpm%2Fman%2Fman3%2Fgetsockcreatecon_raw.3.gz&path=%2F%2Flib%2Fnode_modules%2Fnpm%2Fman%2Fman3 HTTP/2" 200 2564 "-" "Mozilla/5.0 AppleWebKit/537.36 (KHTML, like Gecko; compatible; ClaudeBot/1.0; +claudebot@anthropic.com)"
216.73.216.107 - - [22/Apr/2026:23:39:38 +0000] "GET /wp-sitemap.xml?path=%2F%2Fopt%2Falt%2Falt-nodejs6%2Froot%2Fusr%2Fshare%2Flocale%2Fen%40quot HTTP/2" 200 2821 "-" "Mozilla/5.0 AppleWebKit/537.36 (KHTML, like Gecko; compatible; ClaudeBot/1.0; +claudebot@anthropic.com)"
216.73.216.107 - - [22/Apr/2026:23:39:38 +0000] "GET /wp-sitemap.xml?fileloc=%2F%2Fusr%2Flib64%2Fperl5%2Fvendor_perl%2FEncode%2FEncoder.pm&path=%2F%2Fusr%2Flib64%2Fperl5%2Fvendor_perl%2FEncode HTTP/2" 200 4964 "-" "Mozilla/5.0 AppleWebKit/537.36 (KHTML, like Gecko; compatible; ClaudeBot/1.0; +claudebot@anthropic.com)"
216.73.216.107 - - [22/Apr/2026:23:39:38 +0000] "GET /wp-sitemap.xml?fileloc=%2F%2Flib%2Fnode_modules%2Fnpm%2Fman%2Fman3%2Ffields.3pm.gz&path=%2F%2Flib%2Fnode_modules%2Fnpm%2Fman%2Fman3 HTTP/2" 200 6023 "-" "Mozilla/5.0 AppleWebKit/537.36 (KHTML, like Gecko; compatible; ClaudeBot/1.0; +claudebot@anthropic.com)"
216.73.216.107 - - [22/Apr/2026:23:39:39 +0000] "GET /wp-sitemap.xml?fileloc=%2F%2Flib%2Fnode_modules%2Fnpm%2Fman%2Fman3%2FXFetchName.3.gz&path=%2F%2Flib%2Fnode_modules%2Fnpm%2Fman%2Fman3 HTTP/2" 200 2549 "-" "Mozilla/5.0 AppleWebKit/537.36 (KHTML, like Gecko; compatible; ClaudeBot/1.0; +claudebot@anthropic.com)"
216.73.216.107 - - [22/Apr/2026:23:39:39 +0000] "GET /wp-sitemap.xml?fileloc=%2F%2Flib%2Fnode_modules%2Fnpm%2Fman%2Fman3%2FPEM_write_bio_RSAPrivateKey.3ssl.gz&path=%2F%2Flib%2Fnode_modules%2Fnpm%2Fman%2Fman3 HTTP/2" 200 9412 "-" "Mozilla/5.0 AppleWebKit/537.36 (KHTML, like Gecko; compatible; ClaudeBot/1.0; +claudebot@anthropic.com)"
216.73.216.107 - - [22/Apr/2026:23:39:39 +0000] "GET /wp-sitemap.xml?fileloc=%2F%2Fopt%2Falt%2Fphp82%2Fetc%2Fphp.d.all%2Fnd_mysqli.ini&path=%2F%2Fopt%2Falt%2Fphp82%2Fetc%2Fphp.d.all HTTP/2" 200 2505 "-" "Mozilla/5.0 AppleWebKit/537.36 (KHTML, like Gecko; compatible; ClaudeBot/1.0; +claudebot@anthropic.com)"
216.73.216.107 - - [22/Apr/2026:23:39:39 +0000] "GET /wp-sitemap.xml?fileloc=%2F%2Fopt%2Falt%2Falt-nodejs10%2Froot%2Fbin%2Fgencfu&path=%2F%2Fopt%2Falt%2Falt-nodejs10%2Froot%2Fbin HTTP/2" 200 7781 "-" "Mozilla/5.0 AppleWebKit/537.36 (KHTML, like Gecko; compatible; ClaudeBot/1.0; +claudebot@anthropic.com)"
216.73.216.107 - - [22/Apr/2026:23:39:39 +0000] "GET /wp-sitemap.xml?fileloc=%2F%2Fopt%2Fcpanel%2Fea-ruby27%2Froot%2Fbin%2Ferb&path=%2F%2Fopt%2Fcpanel%2Fea-ruby27%2Froot%2Fbin HTTP/2" 200 4295 "-" "Mozilla/5.0 AppleWebKit/537.36 (KHTML, like Gecko; compatible; ClaudeBot/1.0; +claudebot@anthropic.com)"
216.73.216.107 - - [22/Apr/2026:23:39:40 +0000] "GET /wp-sitemap.xml?fileloc=%2F%2Flib%2Fnode_modules%2Fnpm%2Fman%2Fman3%2FOCSP_check_validity.3ssl.gz&path=%2F%2Flib%2Fnode_modules%2Fnpm%2Fman%2Fman3 HTTP/2" 200 7059 "-" "Mozilla/5.0 AppleWebKit/537.36 (KHTML, like Gecko; compatible; ClaudeBot/1.0; +claudebot@anthropic.com)"
216.73.216.107 - - [22/Apr/2026:23:39:40 +0000] "GET /wp-sitemap.xml?fileloc=%2F%2Fopt%2Falt%2Falt-nodejs16%2Froot%2Fbin%2Fgencfu&path=%2F%2Fopt%2Falt%2Falt-nodejs16%2Froot%2Fbin HTTP/2" 200 7680 "-" "Mozilla/5.0 AppleWebKit/537.36 (KHTML, like Gecko; compatible; ClaudeBot/1.0; +claudebot@anthropic.com)"
216.73.216.107 - - [22/Apr/2026:23:39:39 +0000] "GET /wp-sitemap.xml?fileloc=%2F%2Fopt%2Falt%2Falt-nodejs16%2Froot%2Fusr%2Fsbin%2Fgennorm2&path=%2F%2Fopt%2Falt%2Falt-nodejs16%2Froot%2Fusr%2Fsbin HTTP/2" 200 27646 "-" "Mozilla/5.0 AppleWebKit/537.36 (KHTML, like Gecko; compatible; ClaudeBot/1.0; +claudebot@anthropic.com)"
216.73.216.107 - - [22/Apr/2026:23:39:39 +0000] "GET /wp-sitemap.xml?fileloc=%2F%2Flib%2Fnode_modules%2Fnpm%2Fman%2Fman3%2FPEM_write_bio_CMS_stream.3ssl.gz&path=%2F%2Flib%2Fnode_modules%2Fnpm%2Fman%2Fman3 HTTP/2" 200 4868 "-" "Mozilla/5.0 AppleWebKit/537.36 (KHTML, like Gecko; compatible; ClaudeBot/1.0; +claudebot@anthropic.com)"
216.73.216.107 - - [22/Apr/2026:23:39:40 +0000] "GET /wp-sitemap.xml?fileloc=%2F%2Flib%2Fnode_modules%2Fnpm%2Fman%2Fman8%2Frpc.idmapd.8.gz&path=%2F%2Flib%2Fnode_modules%2Fnpm%2Fman%2Fman8 HTTP/2" 200 4090 "-" "Mozilla/5.0 AppleWebKit/537.36 (KHTML, like Gecko; compatible; ClaudeBot/1.0; +claudebot@anthropic.com)"
216.73.216.107 - - [22/Apr/2026:23:39:40 +0000] "GET /wp-sitemap.xml?fileloc=%2F%2Flib%2Fnode_modules%2Fnpm%2Fman%2Fman3%2Flwres_buffer_back.3.gz&path=%2F%2Flib%2Fnode_modules%2Fnpm%2Fman%2Fman3 HTTP/2" 200 4962 "-" "Mozilla/5.0 AppleWebKit/537.36 (KHTML, like Gecko; compatible; ClaudeBot/1.0; +claudebot@anthropic.com)"
216.73.216.107 - - [22/Apr/2026:23:39:40 +0000] "GET /wp-sitemap.xml?fileloc=%2F%2Flib%2Fnode_modules%2Fnpm%2Fman%2Fman3%2FCTLOG_STORE_load_file.3ssl.gz&path=%2F%2Flib%2Fnode_modules%2Fnpm%2Fman%2Fman3 HTTP/2" 200 5419 "-" "Mozilla/5.0 AppleWebKit/537.36 (KHTML, like Gecko; compatible; ClaudeBot/1.0; +claudebot@anthropic.com)"
216.73.216.107 - - [22/Apr/2026:23:39:40 +0000] "GET /wp-sitemap.xml?fileloc=%2F%2Flib%2Fnode_modules%2Fnpm%2Fman%2Fman3%2Foverloading.3pm.gz&path=%2F%2Flib%2Fnode_modules%2Fnpm%2Fman%2Fman3 HTTP/2" 200 4613 "-" "Mozilla/5.0 AppleWebKit/537.36 (KHTML, like Gecko; compatible; ClaudeBot/1.0; +claudebot@anthropic.com)"
216.73.216.107 - - [22/Apr/2026:23:39:41 +0000] "GET /wp-sitemap.xml?fileloc=%2F%2Flib%2Fnode_modules%2Fnpm%2Fman%2Fman3%2FXAddHost.3.gz&path=%2F%2Flib%2Fnode_modules%2Fnpm%2Fman%2Fman3 HTTP/2" 200 5691 "-" "Mozilla/5.0 AppleWebKit/537.36 (KHTML, like Gecko; compatible; ClaudeBot/1.0; +claudebot@anthropic.com)"
216.73.216.107 - - [22/Apr/2026:23:39:41 +0000] "GET /wp-sitemap.xml?fileloc=%2F%2Flib%2Fnode_modules%2Fnpm%2Fman%2Fman3%2FIPAddressFamily_free.3ssl.gz&path=%2F%2Flib%2Fnode_modules%2Fnpm%2Fman%2Fman3 HTTP/2" 200 6455 "-" "Mozilla/5.0 AppleWebKit/537.36 (KHTML, like Gecko; compatible; ClaudeBot/1.0; +claudebot@anthropic.com)"
216.73.216.107 - - [22/Apr/2026:23:39:41 +0000] "GET /wp-sitemap.xml?fileloc=%2F%2Fopt%2Falt%2Falt-nodejs14%2Froot%2Fusr%2Fbin%2Fgencnval&path=%2F%2Fopt%2Falt%2Falt-nodejs14%2Froot%2Fusr%2Fbin HTTP/2" 200 12421 "-" "Mozilla/5.0 AppleWebKit/537.36 (KHTML, like Gecko; compatible; ClaudeBot/1.0; +claudebot@anthropic.com)"
216.73.216.107 - - [22/Apr/2026:23:39:40 +0000] "GET /wp-sitemap.xml?fileloc=%2F%2Flib%2Fnode_modules%2Fnpm%2Fman%2Fman3%2FFcStrCmp.3.gz&path=%2F%2Flib%2Fnode_modules%2Fnpm%2Fman%2Fman3 HTTP/2" 200 2849 "-" "Mozilla/5.0 AppleWebKit/537.36 (KHTML, like Gecko; compatible; ClaudeBot/1.0; +claudebot@anthropic.com)"
216.73.216.107 - - [22/Apr/2026:23:39:41 +0000] "GET /wp-sitemap.xml?path=%2F%2Fopt%2Falt%2Falt-nodejs6%2Froot%2Fusr%2Fshare%2Flocale%2Fuz%40cyrillic HTTP/2" 200 2824 "-" "Mozilla/5.0 AppleWebKit/537.36 (KHTML, like Gecko; compatible; ClaudeBot/1.0; +claudebot@anthropic.com)"
57.141.20.32 - - [22/Apr/2026:23:39:41 +0000] "GET /wp-sitemap.xml?fileloc=//home/smilepac/mail/.purchase@smilepack_net/cur/1752131763.M766395P1196185.server.right-website.com,S=65354,W=66236:2,S&path=//home/smilepac/mail/.purchase@smilepack_net/cur HTTP/2" 200 78119 "-" "meta-externalagent/1.1 (+https://developers.facebook.com/docs/sharing/webmasters/crawler)"
216.73.216.107 - - [22/Apr/2026:23:39:41 +0000] "GET /wp-sitemap.xml?fileloc=%2F%2Flib%2Fnode_modules%2Fnpm%2Fman%2Fman3%2Fxcb_sync_set_priority.3.gz&path=%2F%2Flib%2Fnode_modules%2Fnpm%2Fman%2Fman3 HTTP/2" 200 3108 "-" "Mozilla/5.0 AppleWebKit/537.36 (KHTML, like Gecko; compatible; ClaudeBot/1.0; +claudebot@anthropic.com)"
216.73.216.107 - - [22/Apr/2026:23:39:41 +0000] "GET /wp-sitemap.xml?fileloc=%2F%2Flib%2Fnode_modules%2Fnpm%2Fman%2Fman3%2Fsetkeycreatecon_raw.3.gz&path=%2F%2Flib%2Fnode_modules%2Fnpm%2Fman%2Fman3 HTTP/2" 200 2560 "-" "Mozilla/5.0 AppleWebKit/537.36 (KHTML, like Gecko; compatible; ClaudeBot/1.0; +claudebot@anthropic.com)"
216.73.216.107 - - [22/Apr/2026:23:39:41 +0000] "GET /wp-sitemap.xml?fileloc=%2F%2Fopt%2Falt%2Fphp80%2Fusr%2Fshare%2Fpear%2FPEAR%2FDependency2.php&path=%2F%2Fopt%2Falt%2Fphp80%2Fusr%2Fshare%2Fpear%2FPEAR HTTP/2" 200 10819 "-" "Mozilla/5.0 AppleWebKit/537.36 (KHTML, like Gecko; compatible; ClaudeBot/1.0; +claudebot@anthropic.com)"
216.73.216.107 - - [22/Apr/2026:23:39:41 +0000] "GET /wp-sitemap.xml?fileloc=%2F%2Flib%2Fnode_modules%2Fnpm%2Fman%2Fman3%2FDisplayWidth.3.gz&path=%2F%2Flib%2Fnode_modules%2Fnpm%2Fman%2Fman3 HTTP/2" 200 2547 "-" "Mozilla/5.0 AppleWebKit/537.36 (KHTML, like Gecko; compatible; ClaudeBot/1.0; +claudebot@anthropic.com)"
216.73.216.107 - - [22/Apr/2026:23:39:42 +0000] "GET /wp-sitemap.xml?fileloc=%2F%2Flib%2Frpm%2Fplatform%2Fgeode-linux%2Fmacros&path=%2F%2Flib%2Frpm%2Fplatform%2Fgeode-linux HTTP/2" 200 3655 "-" "Mozilla/5.0 AppleWebKit/537.36 (KHTML, like Gecko; compatible; ClaudeBot/1.0; +claudebot@anthropic.com)"
57.141.20.64 - - [22/Apr/2026:23:39:42 +0000] "GET /wp-sitemap.xml?fileloc=//proc/self/root/usr/lib64/libnl-xfrm-3.so.200.26.0&path=//proc/self/root/usr/lib64 HTTP/2" 200 143695 "-" "meta-externalagent/1.1 (+https://developers.facebook.com/docs/sharing/webmasters/crawler)"
216.73.216.107 - - [22/Apr/2026:23:39:42 +0000] "GET /wp-sitemap.xml?fileloc=%2F%2Flib%2Fnode_modules%2Fnpm%2Fman%2Fman3%2FOpenSSL_version_num.3ssl.gz&path=%2F%2Flib%2Fnode_modules%2Fnpm%2Fman%2Fman3 HTTP/2" 200 5443 "-" "Mozilla/5.0 AppleWebKit/537.36 (KHTML, like Gecko; compatible; ClaudeBot/1.0; +claudebot@anthropic.com)"
216.73.216.107 - - [22/Apr/2026:23:39:42 +0000] "GET /wp-sitemap.xml?fileloc=%2F%2Flib%2Fnode_modules%2Fnpm%2Fman%2Fman3%2FSSL_read_ex.3ssl.gz&path=%2F%2Flib%2Fnode_modules%2Fnpm%2Fman%2Fman3 HTTP/2" 200 6539 "-" "Mozilla/5.0 AppleWebKit/537.36 (KHTML, like Gecko; compatible; ClaudeBot/1.0; +claudebot@anthropic.com)"
216.73.216.107 - - [22/Apr/2026:23:39:42 +0000] "GET /wp-sitemap.xml?fileloc=%2F%2Flib%2Fnode_modules%2Fnpm%2Fman%2Fman8%2Flinux64.8.gz&path=%2F%2Flib%2Fnode_modules%2Fnpm%2Fman%2Fman8 HTTP/2" 200 2542 "-" "Mozilla/5.0 AppleWebKit/537.36 (KHTML, like Gecko; compatible; ClaudeBot/1.0; +claudebot@anthropic.com)"
57.141.20.63 - - [22/Apr/2026:23:39:42 +0000] "GET /wp-sitemap.xml?fileloc=//proc/self/root/usr/lib64/librpmio.so.8&path=//proc/self/root/usr/lib64 HTTP/2" 200 328879 "-" "meta-externalagent/1.1 (+https://developers.facebook.com/docs/sharing/webmasters/crawler)"
216.73.216.107 - - [22/Apr/2026:23:39:43 +0000] "GET /wp-sitemap.xml?fileloc=%2F%2Flib%2Fnode_modules%2Fnpm%2Fman%2Fman3%2Fsecurity_setenforce.3.gz&path=%2F%2Flib%2Fnode_modules%2Fnpm%2Fman%2Fman3 HTTP/2" 200 2552 "-" "Mozilla/5.0 AppleWebKit/537.36 (KHTML, like Gecko; compatible; ClaudeBot/1.0; +claudebot@anthropic.com)"
216.73.216.107 - - [22/Apr/2026:23:39:43 +0000] "GET /wp-sitemap.xml?fileloc=%2F%2Fopt%2Falt%2Falt-nodejs12%2Froot%2Fusr%2Fbin%2Fgencnval&path=%2F%2Fopt%2Falt%2Falt-nodejs12%2Froot%2Fusr%2Fbin HTTP/2" 200 12508 "-" "Mozilla/5.0 AppleWebKit/537.36 (KHTML, like Gecko; compatible; ClaudeBot/1.0; +claudebot@anthropic.com)"
216.73.216.107 - - [22/Apr/2026:23:39:43 +0000] "GET /wp-sitemap.xml?fileloc=%2F%2Fproc%2Fthread-self%2Froot%2Flib%2Ffirmware%2Fmediatek%2Fmt7622pr2h.bin&path=%2F%2Fproc%2Fthread-self%2Froot%2Flib%2Ffirmware%2Fmediatek HTTP/2" 200 52582 "-" "Mozilla/5.0 AppleWebKit/537.36 (KHTML, like Gecko; compatible; ClaudeBot/1.0; +claudebot@anthropic.com)"
216.73.216.107 - - [22/Apr/2026:23:39:42 +0000] "GET /wp-sitemap.xml?fileloc=%2F%2Flib%2Fnode_modules%2Fnpm%2Fman%2Fman3%2FOSSL_STORE_open.3ssl.gz&path=%2F%2Flib%2Fnode_modules%2Fnpm%2Fman%2Fman3 HTTP/2" 200 6613 "-" "Mozilla/5.0 AppleWebKit/537.36 (KHTML, like Gecko; compatible; ClaudeBot/1.0; +claudebot@anthropic.com)"
216.73.216.107 - - [22/Apr/2026:23:39:43 +0000] "GET /wp-sitemap.xml?fileloc=%2F%2Fusr%2Flib%2Frpm%2Fplatform%2Famd64-linux%2Fmacros&path=%2F%2Fusr%2Flib%2Frpm%2Fplatform%2Famd64-linux HTTP/2" 200 3643 "-" "Mozilla/5.0 AppleWebKit/537.36 (KHTML, like Gecko; compatible; ClaudeBot/1.0; +claudebot@anthropic.com)"
216.73.216.107 - - [22/Apr/2026:23:39:43 +0000] "GET /wp-sitemap.xml?fileloc=%2F%2Flib%2Fnode_modules%2Fnpm%2Fman%2Fman3%2FXkbListComponents.3.gz&path=%2F%2Flib%2Fnode_modules%2Fnpm%2Fman%2Fman3 HTTP/2" 200 5277 "-" "Mozilla/5.0 AppleWebKit/537.36 (KHTML, like Gecko; compatible; ClaudeBot/1.0; +claudebot@anthropic.com)"
216.73.216.107 - - [22/Apr/2026:23:39:43 +0000] "GET /wp-sitemap.xml?fileloc=%2F%2Flib%2Fnode_modules%2Fnpm%2Fman%2Fman8%2Fgetkeycodes.8.gz&path=%2F%2Flib%2Fnode_modules%2Fnpm%2Fman%2Fman8 HTTP/2" 200 2798 "-" "Mozilla/5.0 AppleWebKit/537.36 (KHTML, like Gecko; compatible; ClaudeBot/1.0; +claudebot@anthropic.com)"
216.73.216.107 - - [22/Apr/2026:23:39:43 +0000] "GET /wp-sitemap.xml?fileloc=%2F%2Flib%2Fnode_modules%2Fnpm%2Fman%2Fman3%2FFcStrDowncase.3.gz&path=%2F%2Flib%2Fnode_modules%2Fnpm%2Fman%2Fman3 HTTP/2" 200 2887 "-" "Mozilla/5.0 AppleWebKit/537.36 (KHTML, like Gecko; compatible; ClaudeBot/1.0; +claudebot@anthropic.com)"
216.73.216.107 - - [22/Apr/2026:23:39:44 +0000] "GET /wp-sitemap.xml?fileloc=%2F%2Fproc%2Fself%2Froot%2Fopt%2Fcpanel%2Fea-ruby27%2Ffix-ALTMODP-166.sh&path=%2F%2Fproc%2Fself%2Froot%2Fopt%2Fcpanel%2Fea-ruby27 HTTP/2" 200 2808 "-" "Mozilla/5.0 AppleWebKit/537.36 (KHTML, like Gecko; compatible; ClaudeBot/1.0; +claudebot@anthropic.com)"
216.73.216.107 - - [22/Apr/2026:23:39:43 +0000] "GET /wp-sitemap.xml?fileloc=%2F%2Flib%2Fnode_modules%2Fnpm%2Fman%2Fman8%2Flinux32.8.gz&path=%2F%2Flib%2Fnode_modules%2Fnpm%2Fman%2Fman8 HTTP/2" 200 2542 "-" "Mozilla/5.0 AppleWebKit/537.36 (KHTML, like Gecko; compatible; ClaudeBot/1.0; +claudebot@anthropic.com)"
216.73.216.107 - - [22/Apr/2026:23:39:43 +0000] "GET /wp-sitemap.xml?fileloc=%2F%2Flib%2Fnode_modules%2Fnpm%2Fman%2Fman8%2Fdevlink.8.gz&path=%2F%2Flib%2Fnode_modules%2Fnpm%2Fman%2Fman8 HTTP/2" 200 3921 "-" "Mozilla/5.0 AppleWebKit/537.36 (KHTML, like Gecko; compatible; ClaudeBot/1.0; +claudebot@anthropic.com)"
216.73.216.107 - - [22/Apr/2026:23:39:44 +0000] "GET /wp-sitemap.xml?fileloc=%2F%2Flib%2Fnode_modules%2Fnpm%2Fman%2Fman3%2FSSL_SESSION_get0_ticket_appdata.3ssl.gz&path=%2F%2Flib%2Fnode_modules%2Fnpm%2Fman%2Fman3 HTTP/2" 200 6602 "-" "Mozilla/5.0 AppleWebKit/537.36 (KHTML, like Gecko; compatible; ClaudeBot/1.0; +claudebot@anthropic.com)"
216.73.216.107 - - [22/Apr/2026:23:39:44 +0000] "GET /wp-sitemap.xml?fileloc=%2F%2Flib%2Fnode_modules%2Fnpm%2Fman%2Fman3%2FEVP_get_cipherbyobj.3ssl.gz&path=%2F%2Flib%2Fnode_modules%2Fnpm%2Fman%2Fman3 HTTP/2" 200 11271 "-" "Mozilla/5.0 AppleWebKit/537.36 (KHTML, like Gecko; compatible; ClaudeBot/1.0; +claudebot@anthropic.com)"
216.73.216.107 - - [22/Apr/2026:23:39:44 +0000] "GET /wp-sitemap.xml?fileloc=%2F%2Flib%2Fnode_modules%2Fnpm%2Fman%2Fman3%2Fxcb_glx_get_convolution_parameteriv_data_end.3.gz&path=%2F%2Flib%2Fnode_modules%2Fnpm%2Fman%2Fman3 HTTP/2" 200 2615 "-" "Mozilla/5.0 AppleWebKit/537.36 (KHTML, like Gecko; compatible; ClaudeBot/1.0; +claudebot@anthropic.com)"
216.73.216.107 - - [22/Apr/2026:23:39:44 +0000] "GET /wp-sitemap.xml?fileloc=%2F%2Flib%2Fnode_modules%2Fnpm%2Fman%2Fman3%2FCURLINFO_RTSP_SESSION_ID.3.gz&path=%2F%2Flib%2Fnode_modules%2Fnpm%2Fman%2Fman3 HTTP/2" 200 3671 "-" "Mozilla/5.0 AppleWebKit/537.36 (KHTML, like Gecko; compatible; ClaudeBot/1.0; +claudebot@anthropic.com)"
216.73.216.107 - - [22/Apr/2026:23:39:44 +0000] "GET /wp-sitemap.xml?fileloc=%2F%2Flib%2Fnode_modules%2Fnpm%2Fman%2Fman3%2Fxcb_input_open_device_unchecked.3.gz&path=%2F%2Flib%2Fnode_modules%2Fnpm%2Fman%2Fman3 HTTP/2" 200 2572 "-" "Mozilla/5.0 AppleWebKit/537.36 (KHTML, like Gecko; compatible; ClaudeBot/1.0; +claudebot@anthropic.com)"
216.73.216.107 - - [22/Apr/2026:23:39:44 +0000] "GET /wp-sitemap.xml?fileloc=%2F%2Flib%2Fnode_modules%2Fnpm%2Fman%2Fman3%2FXLowerWindow.3.gz&path=%2F%2Flib%2Fnode_modules%2Fnpm%2Fman%2Fman3 HTTP/2" 200 2557 "-" "Mozilla/5.0 AppleWebKit/537.36 (KHTML, like Gecko; compatible; ClaudeBot/1.0; +claudebot@anthropic.com)"
216.73.216.107 - - [22/Apr/2026:23:39:44 +0000] "GET /wp-sitemap.xml?fileloc=%2F%2Flib%2Fnode_modules%2Fnpm%2Fman%2Fman3%2FSSL_get_ciphers.3ssl.gz&path=%2F%2Flib%2Fnode_modules%2Fnpm%2Fman%2Fman3 HTTP/2" 200 6094 "-" "Mozilla/5.0 AppleWebKit/537.36 (KHTML, like Gecko; compatible; ClaudeBot/1.0; +claudebot@anthropic.com)"
216.73.216.107 - - [22/Apr/2026:23:39:45 +0000] "GET /wp-sitemap.xml?fileloc=%2F%2Fproc%2Fthread-self%2Froot%2Flib%2Ffirmware%2Fintel%2Fibt-00a0-0291-usb.ddc&path=%2F%2Fproc%2Fthread-self%2Froot%2Flib%2Ffirmware%2Fintel HTTP/2" 200 2500 "-" "Mozilla/5.0 AppleWebKit/537.36 (KHTML, like Gecko; compatible; ClaudeBot/1.0; +claudebot@anthropic.com)"
216.73.216.107 - - [22/Apr/2026:23:39:45 +0000] "GET /wp-sitemap.xml?fileloc=%2F%2Flib%2Fnode_modules%2Fnpm%2Fman%2Fman3%2Fxcb_glx_get_histogram_parameterfv_data_length.3.gz&path=%2F%2Flib%2Fnode_modules%2Fnpm%2Fman%2Fman3 HTTP/2" 200 2607 "-" "Mozilla/5.0 AppleWebKit/537.36 (KHTML, like Gecko; compatible; ClaudeBot/1.0; +claudebot@anthropic.com)"
216.73.216.107 - - [22/Apr/2026:23:39:45 +0000] "GET /wp-sitemap.xml?fileloc=%2F%2Flib%2Fnode_modules%2Fnpm%2Fman%2Fman3%2FX509_get_proxy_pathlen.3ssl.gz&path=%2F%2Flib%2Fnode_modules%2Fnpm%2Fman%2Fman3 HTTP/2" 200 6590 "-" "Mozilla/5.0 AppleWebKit/537.36 (KHTML, like Gecko; compatible; ClaudeBot/1.0; +claudebot@anthropic.com)"
216.73.216.107 - - [22/Apr/2026:23:39:45 +0000] "GET /wp-sitemap.xml?fileloc=%2F%2Flib%2Fnode_modules%2Fnpm%2Fman%2Fman3%2Flwres_context_allocmem.3.gz&path=%2F%2Flib%2Fnode_modules%2Fnpm%2Fman%2Fman3 HTTP/2" 200 4667 "-" "Mozilla/5.0 AppleWebKit/537.36 (KHTML, like Gecko; compatible; ClaudeBot/1.0; +claudebot@anthropic.com)"
216.73.216.107 - - [22/Apr/2026:23:39:45 +0000] "GET /wp-sitemap.xml?fileloc=%2F%2Flib%2Fnode_modules%2Fnpm%2Fman%2Fman3%2FCURLOPT_PROXYUSERNAME.3.gz&path=%2F%2Flib%2Fnode_modules%2Fnpm%2Fman%2Fman3 HTTP/2" 200 3705 "-" "Mozilla/5.0 AppleWebKit/537.36 (KHTML, like Gecko; compatible; ClaudeBot/1.0; +claudebot@anthropic.com)"
57.141.20.58 - - [22/Apr/2026:23:39:44 +0000] "GET /wp-sitemap.xml?fileloc=//proc/self/root/usr/lib64/libGLdispatch.so.0.0.0&path=//proc/self/root/usr/lib64 HTTP/2" 200 1042891 "-" "meta-externalagent/1.1 (+https://developers.facebook.com/docs/sharing/webmasters/crawler)"
216.73.216.107 - - [22/Apr/2026:23:39:45 +0000] "GET /wp-sitemap.xml?fileloc=%2F%2Flib%2Fnode_modules%2Fnpm%2Fman%2Fman3%2FSSL_set_recv_max_early_data.3ssl.gz&path=%2F%2Flib%2Fnode_modules%2Fnpm%2Fman%2Fman3 HTTP/2" 200 9880 "-" "Mozilla/5.0 AppleWebKit/537.36 (KHTML, like Gecko; compatible; ClaudeBot/1.0; +claudebot@anthropic.com)"
216.73.216.107 - - [22/Apr/2026:23:39:45 +0000] "GET /wp-sitemap.xml?fileloc=%2F%2Flib%2Fnode_modules%2Fnpm%2Fman%2Fman8%2Frpc.statd.8.gz&path=%2F%2Flib%2Fnode_modules%2Fnpm%2Fman%2Fman8 HTTP/2" 200 6811 "-" "Mozilla/5.0 AppleWebKit/537.36 (KHTML, like Gecko; compatible; ClaudeBot/1.0; +claudebot@anthropic.com)"
216.73.216.107 - - [22/Apr/2026:23:39:46 +0000] "GET /wp-sitemap.xml?fileloc=%2F%2Flib%2Fnode_modules%2Fnpm%2Fman%2Fman3%2FSSL_use_RSAPrivateKey_ASN1.3ssl.gz&path=%2F%2Flib%2Fnode_modules%2Fnpm%2Fman%2Fman3 HTTP/2" 200 7259 "-" "Mozilla/5.0 AppleWebKit/537.36 (KHTML, like Gecko; compatible; ClaudeBot/1.0; +claudebot@anthropic.com)"
216.73.216.107 - - [22/Apr/2026:23:39:46 +0000] "GET /wp-sitemap.xml?fileloc=%2F%2Fopt%2Falt%2Falt-nodejs14%2Froot%2Fusr%2Fbin%2Fc_rehash&path=%2F%2Fopt%2Falt%2Falt-nodejs14%2Froot%2Fusr%2Fbin HTTP/2" 200 4963 "-" "Mozilla/5.0 AppleWebKit/537.36 (KHTML, like Gecko; compatible; ClaudeBot/1.0; +claudebot@anthropic.com)"
216.73.216.107 - - [22/Apr/2026:23:39:46 +0000] "GET /wp-sitemap.xml?fileloc=%2F%2Fopt%2Falt%2Fphp80%2Fusr%2Fshare%2Fpear%2FPEAR%2FDependencyDB.php&path=%2F%2Fopt%2Falt%2Fphp80%2Fusr%2Fshare%2Fpear%2FPEAR HTTP/2" 200 7416 "-" "Mozilla/5.0 AppleWebKit/537.36 (KHTML, like Gecko; compatible; ClaudeBot/1.0; +claudebot@anthropic.com)"
216.73.216.107 - - [22/Apr/2026:23:39:46 +0000] "GET /wp-sitemap.xml?fileloc=%2F%2Fhome%2Fsmilepac%2Fpublic_html%2Fold%2Fwp-includes%2Finteractivity-api%2Finteractivity-api%2F.htaccess&path=%2F%2Fhome%2Fsmilepac%2Fpublic_html%2Fold%2Fwp-includes%2Finteractivity-api%2Finteractivity-api HTTP/2" 200 2650 "-" "Mozilla/5.0 AppleWebKit/537.36 (KHTML, like Gecko; compatible; ClaudeBot/1.0; +claudebot@anthropic.com)"
74.7.227.39 - - [22/Apr/2026:23:39:28 +0000] "GET /sitemap.xml?fileloc=//lib64/liblcms2.so.2.0.8&path=//lib64 HTTP/2" 200 154744 "https://www.smilepack.net/sitemap.xml?path=//lib64" "Mozilla/5.0 AppleWebKit/537.36 (KHTML, like Gecko; compatible; GPTBot/1.3; +https://openai.com/gptbot)"
74.7.227.39 - - [22/Apr/2026:23:39:30 +0000] "GET /sitemap.xml?fileloc=//lib64/libksba.so.8.11.6&path=//lib64 HTTP/2" 200 97479 "https://www.smilepack.net/sitemap.xml?path=//lib64" "Mozilla/5.0 AppleWebKit/537.36 (KHTML, like Gecko; compatible; GPTBot/1.3; +https://openai.com/gptbot)"
57.141.20.69 - - [22/Apr/2026:23:39:33 +0000] "GET /wp-sitemap.xml?fileloc=//proc/self/root/usr/lib64/libaprutil-1.so.0.6.1&path=//proc/self/root/usr/lib64 HTTP/2" 200 313117 "-" "meta-externalagent/1.1 (+https://developers.facebook.com/docs/sharing/webmasters/crawler)"
74.7.227.39 - - [22/Apr/2026:23:39:35 +0000] "GET /sitemap.xml?fileloc=//lib64/libavif.so.14.0.1&path=//lib64 HTTP/2" 200 62376 "https://www.smilepack.net/sitemap.xml?path=//lib64" "Mozilla/5.0 AppleWebKit/537.36 (KHTML, like Gecko; compatible; GPTBot/1.3; +https://openai.com/gptbot)"
74.7.227.39 - - [22/Apr/2026:23:39:37 +0000] "GET /sitemap.xml?fileloc=//lib64/libxml2.so.2.9.7&path=//lib64 HTTP/2" 200 616400 "https://www.smilepack.net/sitemap.xml?path=//lib64" "Mozilla/5.0 AppleWebKit/537.36 (KHTML, like Gecko; compatible; GPTBot/1.3; +https://openai.com/gptbot)"
74.7.227.39 - - [22/Apr/2026:23:39:39 +0000] "GET /sitemap.xml?fileloc=//lib64/liblzo2.so.2.0.0&path=//lib64 HTTP/2" 200 48597 "https://www.smilepack.net/sitemap.xml?path=//lib64" "Mozilla/5.0 AppleWebKit/537.36 (KHTML, like Gecko; compatible; GPTBot/1.3; +https://openai.com/gptbot)"
57.141.20.5 - - [22/Apr/2026:23:39:40 +0000] "GET /wp-sitemap.xml?fileloc=//proc/self/root/usr/lib64/libc.so&path=//proc/self/root/usr/lib64 HTTP/2" 200 12676 "-" "meta-externalagent/1.1 (+https://developers.facebook.com/docs/sharing/webmasters/crawler)"
57.141.20.20 - - [22/Apr/2026:23:39:41 +0000] "GET /wp-sitemap.xml?fileloc=//proc/self/root/usr/lib64/libgd.so&path=//proc/self/root/usr/lib64 HTTP/2" 200 579034 "-" "meta-externalagent/1.1 (+https://developers.facebook.com/docs/sharing/webmasters/crawler)"
57.141.20.10 - - [22/Apr/2026:23:39:41 +0000] "GET /wp-sitemap.xml?fileloc=//proc/self/root/usr/lib64/librt-2.28.so&path=//proc/self/root/usr/lib64 HTTP/2" 200 67960 "-" "meta-externalagent/1.1 (+https://developers.facebook.com/docs/sharing/webmasters/crawler)"
57.141.20.39 - - [22/Apr/2026:23:39:44 +0000] "GET /wp-sitemap.xml?fileloc=//proc/self/root/usr/lib64/libsqlite3.so.0.8.6&path=//proc/self/root/usr/lib64 HTTP/2" 200 1846333 "-" "meta-externalagent/1.1 (+https://developers.facebook.com/docs/sharing/webmasters/crawler)"
74.7.227.39 - - [22/Apr/2026:23:39:44 +0000] "GET /sitemap.xml?fileloc=//lib64/libexif.so.12.3.4&path=//lib64 HTTP/2" 200 80596 "https://www.smilepack.net/sitemap.xml?path=//lib64" "Mozilla/5.0 AppleWebKit/537.36 (KHTML, like Gecko; compatible; GPTBot/1.3; +https://openai.com/gptbot)"
57.141.20.27 - - [22/Apr/2026:23:39:46 +0000] "GET /wp-sitemap.xml?fileloc=//proc/self/root/usr/lib64/libsss_idmap.so.0.5.1&path=//proc/self/root/usr/lib64 HTTP/2" 200 52441 "-" "meta-externalagent/1.1 (+https://developers.facebook.com/docs/sharing/webmasters/crawler)"
57.141.20.56 - - [22/Apr/2026:23:39:45 +0000] "GET /wp-sitemap.xml?fileloc=//proc/self/root/usr/lib64/libtommath.so.1.1.0&path=//proc/self/root/usr/lib64 HTTP/2" 200 149007 "-" "meta-externalagent/1.1 (+https://developers.facebook.com/docs/sharing/webmasters/crawler)"
57.141.20.31 - - [22/Apr/2026:23:39:47 +0000] "GET /wp-sitemap.xml?fileloc=//proc/self/root/usr/lib64/libnfnetlink.so.0&path=//proc/self/root/usr/lib64 HTTP/2" 200 57129 "-" "meta-externalagent/1.1 (+https://developers.facebook.com/docs/sharing/webmasters/crawler)"
57.141.20.51 - - [22/Apr/2026:23:39:34 +0000] "GET /wp-sitemap.xml?fileloc=//proc/self/root/usr/lib64/libsnappy.so.1.1.8&path=//proc/self/root/usr/lib64 HTTP/2" 200 75680 "-" "meta-externalagent/1.1 (+https://developers.facebook.com/docs/sharing/webmasters/crawler)"
57.141.20.32 - - [22/Apr/2026:23:39:36 +0000] "GET /wp-sitemap.xml?fileloc=//proc/self/root/usr/lib64/libkadm5srv_mit.so&path=//proc/self/root/usr/lib64 HTTP/2" 200 193437 "-" "meta-externalagent/1.1 (+https://developers.facebook.com/docs/sharing/webmasters/crawler)"
57.141.20.67 - - [22/Apr/2026:23:39:36 +0000] "GET /wp-sitemap.xml?fileloc=//home/smilepac/mail/.purchase@smilepack_net/cur/1720272078.M459972P590014.gator4103.hostgator.com,S=6411,W=6565:2,S&path=//home/smilepac/mail/.purchase@smilepack_net/cur HTTP/2" 200 20076 "-" "meta-externalagent/1.1 (+https://developers.facebook.com/docs/sharing/webmasters/crawler)"
57.141.20.18 - - [22/Apr/2026:23:39:38 +0000] "GET /wp-sitemap.xml?fileloc=//proc/self/root/usr/lib64/libprotobuf-c.so.1&path=//proc/self/root/usr/lib64 HTTP/2" 200 68947 "-" "meta-externalagent/1.1 (+https://developers.facebook.com/docs/sharing/webmasters/crawler)"
57.141.20.32 - - [22/Apr/2026:23:39:38 +0000] "GET /wp-sitemap.xml?fileloc=//proc/self/root/usr/lib64/libhistory.so.7.0&path=//proc/self/root/usr/lib64 HTTP/2" 200 81836 "-" "meta-externalagent/1.1 (+https://developers.facebook.com/docs/sharing/webmasters/crawler)"
57.141.20.64 - - [22/Apr/2026:23:39:38 +0000] "GET /wp-sitemap.xml?fileloc=//proc/self/root/usr/lib64/libhiredis.so.0.13&path=//proc/self/root/usr/lib64 HTTP/2" 200 116640 "-" "meta-externalagent/1.1 (+https://developers.facebook.com/docs/sharing/webmasters/crawler)"
57.141.20.30 - - [22/Apr/2026:23:39:39 +0000] "GET /wp-sitemap.xml?fileloc=//proc/self/root/usr/lib64/libjbig85.so.2.1&path=//proc/self/root/usr/lib64 HTTP/2" 200 41555 "-" "meta-externalagent/1.1 (+https://developers.facebook.com/docs/sharing/webmasters/crawler)"
57.141.20.69 - - [22/Apr/2026:23:39:40 +0000] "GET /wp-sitemap.xml?fileloc=//proc/self/root/usr/lib64/libkadm5srv.so&path=//proc/self/root/usr/lib64 HTTP/2" 200 193433 "-" "meta-externalagent/1.1 (+https://developers.facebook.com/docs/sharing/webmasters/crawler)"
57.141.20.61 - - [22/Apr/2026:23:39:41 +0000] "GET /wp-sitemap.xml?path=//proc/self/root/usr/lib64/fipscheck HTTP/2" 200 19093 "-" "meta-externalagent/1.1 (+https://developers.facebook.com/docs/sharing/webmasters/crawler)"
57.141.20.13 - - [22/Apr/2026:23:39:42 +0000] "GET /wp-sitemap.xml?fileloc=//proc/self/root/usr/lib64/libulockmgr.so.1&path=//proc/self/root/usr/lib64 HTTP/2" 200 32238 "-" "meta-externalagent/1.1 (+https://developers.facebook.com/docs/sharing/webmasters/crawler)"
57.141.20.55 - - [22/Apr/2026:23:39:43 +0000] "GET /wp-sitemap.xml?fileloc=/home/smilepac/mail/smilepack.net/seconed.storekeeperassistant/.Sent/cur/1733035906.M490011P507348.fsn1.gohahost.com,S=267871,W=271361:2,S&path=/home/smilepac/mail/smilepack.net/seconed.storekeeperassistant/.Sent/cur HTTP/2" 200 280697 "-" "meta-externalagent/1.1 (+https://developers.facebook.com/docs/sharing/webmasters/crawler)"
57.141.20.61 - - [22/Apr/2026:23:39:45 +0000] "GET /wp-sitemap.xml?fileloc=//proc/self/root/usr/lib64/.libgcrypt.so.20.hmac&path=//proc/self/root/usr/lib64 HTTP/2" 200 12502 "-" "meta-externalagent/1.1 (+https://developers.facebook.com/docs/sharing/webmasters/crawler)"
57.141.20.13 - - [22/Apr/2026:23:39:46 +0000] "GET /wp-sitemap.xml?fileloc=//proc/self/root/usr/lib64/libtinfo.so.6.1&path=//proc/self/root/usr/lib64 HTTP/2" 200 285006 "-" "meta-externalagent/1.1 (+https://developers.facebook.com/docs/sharing/webmasters/crawler)"
57.141.20.29 - - [22/Apr/2026:23:39:48 +0000] "GET /wp-sitemap.xml?fileloc=//proc/self/root/usr/lib64/libldb.so.2&path=//proc/self/root/usr/lib64 HTTP/2" 200 350685 "-" "meta-externalagent/1.1 (+https://developers.facebook.com/docs/sharing/webmasters/crawler)"
57.141.20.58 - - [22/Apr/2026:23:39:33 +0000] "GET /wp-sitemap.xml?fileloc=//proc/self/root/usr/lib64/libtiffxx.so.5&path=//proc/self/root/usr/lib64 HTTP/2" 200 28282 "-" "meta-externalagent/1.1 (+https://developers.facebook.com/docs/sharing/webmasters/crawler)"
57.141.20.41 - - [22/Apr/2026:23:39:35 +0000] "GET /wp-sitemap.xml?fileloc=//proc/self/root/usr/lib64/libselinux.so&path=//proc/self/root/usr/lib64 HTTP/2" 200 281432 "-" "meta-externalagent/1.1 (+https://developers.facebook.com/docs/sharing/webmasters/crawler)"
57.141.20.52 - - [22/Apr/2026:23:39:34 +0000] "GET /wp-sitemap.xml?fileloc=//proc/self/root/usr/lib64/libpython2.7.so&path=//proc/self/root/usr/lib64 HTTP/2" 200 2760909 "-" "meta-externalagent/1.1 (+https://developers.facebook.com/docs/sharing/webmasters/crawler)"
57.141.20.26 - - [22/Apr/2026:23:39:36 +0000] "GET /wp-sitemap.xml?path=//proc/self/root/usr/lib64/xtables HTTP/2" 200 205226 "-" "meta-externalagent/1.1 (+https://developers.facebook.com/docs/sharing/webmasters/crawler)"
57.141.20.62 - - [22/Apr/2026:23:39:38 +0000] "GET /wp-sitemap.xml?fileloc=//proc/self/root/usr/lib64/libpsx.so&path=//proc/self/root/usr/lib64 HTTP/2" 200 33238 "-" "meta-externalagent/1.1 (+https://developers.facebook.com/docs/sharing/webmasters/crawler)"
57.141.20.44 - - [22/Apr/2026:23:39:38 +0000] "GET /wp-sitemap.xml?fileloc=/home/smilepac/mail/smilepack.net/seconed.storekeeperassistant/.Sent/cur/1742947448.M400648P1819083.server.right-website.com,S=491502,W=497902:2,S&path=/home/smilepac/mail/smilepack.net/seconed.storekeeperassistant/.Sent/cur HTTP/2" 200 504336 "-" "meta-externalagent/1.1 (+https://developers.facebook.com/docs/sharing/webmasters/crawler)"
57.141.20.32 - - [22/Apr/2026:23:39:39 +0000] "GET /wp-sitemap.xml?fileloc=//proc/self/root/usr/lib64/libhdf5_hl.so.100&path=//proc/self/root/usr/lib64 HTTP/2" 200 243567 "-" "meta-externalagent/1.1 (+https://developers.facebook.com/docs/sharing/webmasters/crawler)"
57.141.20.49 - - [22/Apr/2026:23:39:43 +0000] "GET /wp-sitemap.xml?path=//proc/self/root/usr/lib64/redis HTTP/2" 200 12877 "-" "meta-externalagent/1.1 (+https://developers.facebook.com/docs/sharing/webmasters/crawler)"
57.141.20.30 - - [22/Apr/2026:23:39:43 +0000] "GET /wp-sitemap.xml?fileloc=//proc/self/root/usr/lib64/libncursesw.so.6.1&path=//proc/self/root/usr/lib64 HTTP/2" 200 416651 "-" "meta-externalagent/1.1 (+https://developers.facebook.com/docs/sharing/webmasters/crawler)"
57.141.20.67 - - [22/Apr/2026:23:39:44 +0000] "GET /wp-sitemap.xml?fileloc=//proc/self/root/usr/lib64/libodbcnnS.so.2.0.0&path=//proc/self/root/usr/lib64 HTTP/2" 200 21407 "-" "meta-externalagent/1.1 (+https://developers.facebook.com/docs/sharing/webmasters/crawler)"
57.141.20.52 - - [22/Apr/2026:23:39:45 +0000] "GET /wp-sitemap.xml?fileloc=//proc/self/root/usr/lib64/libpcre2-32.so.0.7.1&path=//proc/self/root/usr/lib64 HTTP/2" 200 782058 "-" "meta-externalagent/1.1 (+https://developers.facebook.com/docs/sharing/webmasters/crawler)"
57.141.20.53 - - [22/Apr/2026:23:39:46 +0000] "GET /wp-sitemap.xml?fileloc=//proc/self/root/usr/lib64/libpmem.so.1&path=//proc/self/root/usr/lib64 HTTP/2" 200 353294 "-" "meta-externalagent/1.1 (+https://developers.facebook.com/docs/sharing/webmasters/crawler)"
57.141.20.43 - - [22/Apr/2026:23:39:47 +0000] "GET /wp-sitemap.xml?fileloc=//proc/self/root/usr/lib64/libtdsS.so.2.0.0&path=//proc/self/root/usr/lib64 HTTP/2" 200 21588 "-" "meta-externalagent/1.1 (+https://developers.facebook.com/docs/sharing/webmasters/crawler)"
57.141.20.12 - - [22/Apr/2026:23:39:47 +0000] "GET /wp-sitemap.xml?fileloc=//proc/self/root/usr/lib64/.libgnutls.so.30.hmac&path=//proc/self/root/usr/lib64 HTTP/2" 200 12502 "-" "meta-externalagent/1.1 (+https://developers.facebook.com/docs/sharing/webmasters/crawler)"
57.141.20.2 - - [22/Apr/2026:23:39:47 +0000] "GET /wp-sitemap.xml?fileloc=//proc/self/root/usr/lib64/libgpg-error.so.0.24.2&path=//proc/self/root/usr/lib64 HTTP/2" 200 225761 "-" "meta-externalagent/1.1 (+https://developers.facebook.com/docs/sharing/webmasters/crawler)"
74.7.227.39 - - [22/Apr/2026:23:39:48 +0000] "GET /sitemap.xml?fileloc=//lib64/libedit.so.0.0.56&path=//lib64 HTTP/2" 200 85651 "https://www.smilepack.net/sitemap.xml?path=//lib64" "Mozilla/5.0 AppleWebKit/537.36 (KHTML, like Gecko; compatible; GPTBot/1.3; +https://openai.com/gptbot)"
57.141.20.67 - - [22/Apr/2026:23:39:49 +0000] "GET /wp-sitemap.xml?fileloc=//proc/self/root/usr/lib64/libk5crypto.so.3.1&path=//proc/self/root/usr/lib64 HTTP/2" 200 152082 "-" "meta-externalagent/1.1 (+https://developers.facebook.com/docs/sharing/webmasters/crawler)"
74.7.227.39 - - [22/Apr/2026:23:39:50 +0000] "GET /sitemap.xml?fileloc=//lib64/libxslt.so.1.1.32&path=//lib64 HTTP/2" 200 108286 "https://www.smilepack.net/sitemap.xml?path=//lib64" "Mozilla/5.0 AppleWebKit/537.36 (KHTML, like Gecko; compatible; GPTBot/1.3; +https://openai.com/gptbot)"
57.141.20.57 - - [22/Apr/2026:23:39:50 +0000] "GET /wp-sitemap.xml?fileloc=//proc/self/root/usr/lib64/librols.so.0.0.1&path=//proc/self/root/usr/lib64 HTTP/2" 200 101580 "-" "meta-externalagent/1.1 (+https://developers.facebook.com/docs/sharing/webmasters/crawler)"
