74.7.227.39 - - [22/Apr/2026:23:28:06 +0000] "GET /sitemap-declare401.xml?path=//usr/lib64/python2.7/xml/etree HTTP/1.1" 200 3170 "http://www.smilepack.net/sitemap-declare401.xml?path=//usr/lib64/python2.7/xml" "Mozilla/5.0 AppleWebKit/537.36 (KHTML, like Gecko; compatible; GPTBot/1.3; +https://openai.com/gptbot)"
74.7.227.39 - - [22/Apr/2026:23:28:06 +0000] "GET /sitemap-declare401.xml?path=//usr/lib64/python3.8/xml/etree HTTP/1.1" 200 3048 "http://www.smilepack.net/sitemap-declare401.xml?path=//usr/lib64/python3.8/xml" "Mozilla/5.0 AppleWebKit/537.36 (KHTML, like Gecko; compatible; GPTBot/1.3; +https://openai.com/gptbot)"
74.7.227.39 - - [22/Apr/2026:23:28:07 +0000] "GET /sitemap-declare401.xml?path=//usr/lib64/python2.7/xml/parsers HTTP/1.1" 200 2931 "http://www.smilepack.net/sitemap-declare401.xml?path=//usr/lib64/python2.7/xml" "Mozilla/5.0 AppleWebKit/537.36 (KHTML, like Gecko; compatible; GPTBot/1.3; +https://openai.com/gptbot)"
74.7.227.39 - - [22/Apr/2026:23:28:07 +0000] "GET /sitemap-declare401.xml?path=//usr/lib64/python2.7/xml/dom HTTP/1.1" 200 3394 "http://www.smilepack.net/sitemap-declare401.xml?path=//usr/lib64/python2.7/xml" "Mozilla/5.0 AppleWebKit/537.36 (KHTML, like Gecko; compatible; GPTBot/1.3; +https://openai.com/gptbot)"
146.190.103.103 - - [22/Apr/2026:23:28:08 +0000] "GET /server-status HTTP/1.1" 200 4630 "-" "Mozilla/5.0 (l9scan/2.0.43e22323e2130323e2833313; +https://leakix.net)"
74.7.227.39 - - [22/Apr/2026:23:28:08 +0000] "GET /sitemap-declare401.xml?path=//usr/lib64/python3.6/xml/parsers HTTP/1.1" 200 2923 "http://www.smilepack.net/sitemap-declare401.xml?path=//usr/lib64/python3.6/xml" "Mozilla/5.0 AppleWebKit/537.36 (KHTML, like Gecko; compatible; GPTBot/1.3; +https://openai.com/gptbot)"
74.7.227.39 - - [22/Apr/2026:23:28:09 +0000] "GET /sitemap-declare401.xml?path=//usr/lib64/python3.6/xml/etree HTTP/1.1" 200 3039 "http://www.smilepack.net/sitemap-declare401.xml?path=//usr/lib64/python3.6/xml" "Mozilla/5.0 AppleWebKit/537.36 (KHTML, like Gecko; compatible; GPTBot/1.3; +https://openai.com/gptbot)"
74.7.227.39 - - [22/Apr/2026:23:28:09 +0000] "GET /sitemap-declare401.xml?path=//usr/lib64/python3.8/xml/sax HTTP/1.1" 200 3067 "http://www.smilepack.net/sitemap-declare401.xml?path=//usr/lib64/python3.8/xml" "Mozilla/5.0 AppleWebKit/537.36 (KHTML, like Gecko; compatible; GPTBot/1.3; +https://openai.com/gptbot)"
74.7.227.39 - - [22/Apr/2026:23:28:10 +0000] "GET /sitemap-declare401.xml?path=//usr/lib64/python3.8/xml/dom HTTP/1.1" 200 3149 "http://www.smilepack.net/sitemap-declare401.xml?path=//usr/lib64/python3.8/xml" "Mozilla/5.0 AppleWebKit/537.36 (KHTML, like Gecko; compatible; GPTBot/1.3; +https://openai.com/gptbot)"
74.7.227.39 - - [22/Apr/2026:23:28:10 +0000] "GET /sitemap-declare401.xml?path=//usr/lib64/python2.7/xml/sax HTTP/1.1" 200 3235 "http://www.smilepack.net/sitemap-declare401.xml?path=//usr/lib64/python2.7/xml" "Mozilla/5.0 AppleWebKit/537.36 (KHTML, like Gecko; compatible; GPTBot/1.3; +https://openai.com/gptbot)"
74.7.227.39 - - [22/Apr/2026:23:28:11 +0000] "GET /sitemap-declare401.xml?path=//usr/lib64/python3.6/xml/dom HTTP/1.1" 200 3151 "http://www.smilepack.net/sitemap-declare401.xml?path=//usr/lib64/python3.6/xml" "Mozilla/5.0 AppleWebKit/537.36 (KHTML, like Gecko; compatible; GPTBot/1.3; +https://openai.com/gptbot)"
74.7.227.39 - - [22/Apr/2026:23:28:11 +0000] "GET /sitemap-declare401.xml?path=//usr/lib64/python3.6/xml/sax HTTP/1.1" 200 3067 "http://www.smilepack.net/sitemap-declare401.xml?path=//usr/lib64/python3.6/xml" "Mozilla/5.0 AppleWebKit/537.36 (KHTML, like Gecko; compatible; GPTBot/1.3; +https://openai.com/gptbot)"
146.190.103.103 - - [22/Apr/2026:23:28:12 +0000] "GET /.DS_Store HTTP/1.1" 200 4624 "-" "Mozilla/5.0 (l9scan/2.0.43e22323e2130323e2833313; +https://leakix.net)"
74.7.227.39 - - [22/Apr/2026:23:28:12 +0000] "GET /sitemap-declare401.xml?path=//usr/lib64/python3.8/xml/parsers/__pycache__ HTTP/1.1" 200 2951 "http://www.smilepack.net/sitemap-declare401.xml?path=//usr/lib64/python3.8/xml/parsers" "Mozilla/5.0 AppleWebKit/537.36 (KHTML, like Gecko; compatible; GPTBot/1.3; +https://openai.com/gptbot)"
146.190.103.103 - - [22/Apr/2026:23:28:13 +0000] "GET /.env HTTP/1.1" 403 1242 "-" "Mozilla/5.0 (l9scan/2.0.43e22323e2130323e2833313; +https://leakix.net)"
74.7.227.39 - - [22/Apr/2026:23:28:13 +0000] "GET /sitemap-declare401.xml?path=//usr/lib64/python3.8/xml/etree/__pycache__ HTTP/1.1" 200 3161 "http://www.smilepack.net/sitemap-declare401.xml?path=//usr/lib64/python3.8/xml/etree" "Mozilla/5.0 AppleWebKit/537.36 (KHTML, like Gecko; compatible; GPTBot/1.3; +https://openai.com/gptbot)"
74.7.227.39 - - [22/Apr/2026:23:28:13 +0000] "GET /sitemap-declare401.xml?path=//usr/lib64/python3.8/xml/__pycache__ HTTP/1.1" 200 2868 "http://www.smilepack.net/sitemap-declare401.xml?path=//usr/lib64/python3.8/xml" "Mozilla/5.0 AppleWebKit/537.36 (KHTML, like Gecko; compatible; GPTBot/1.3; +https://openai.com/gptbot)"
74.7.227.39 - - [22/Apr/2026:23:28:14 +0000] "GET /sitemap-declare401.xml?fileloc=//usr/lib64/python2.7/xml/dom/domreg.pyc&path=//usr/lib64/python2.7/xml/dom HTTP/1.1" 200 4144 "http://www.smilepack.net/sitemap-declare401.xml?path=//usr/lib64/python2.7/xml/dom" "Mozilla/5.0 AppleWebKit/537.36 (KHTML, like Gecko; compatible; GPTBot/1.3; +https://openai.com/gptbot)"
74.7.227.39 - - [22/Apr/2026:23:28:14 +0000] "GET /sitemap-declare401.xml?path=//usr/lib64/python3.6/xml/parsers/__pycache__ HTTP/1.1" 200 2955 "http://www.smilepack.net/sitemap-declare401.xml?path=//usr/lib64/python3.6/xml/parsers" "Mozilla/5.0 AppleWebKit/537.36 (KHTML, like Gecko; compatible; GPTBot/1.3; +https://openai.com/gptbot)"
74.7.227.39 - - [22/Apr/2026:23:28:15 +0000] "GET /sitemap-declare401.xml?fileloc=//usr/lib64/python3.6/xml/etree/ElementInclude.py&path=//usr/lib64/python3.6/xml/etree HTTP/1.1" 200 4535 "http://www.smilepack.net/sitemap-declare401.xml?path=//usr/lib64/python3.6/xml/etree" "Mozilla/5.0 AppleWebKit/537.36 (KHTML, like Gecko; compatible; GPTBot/1.3; +https://openai.com/gptbot)"
74.7.227.39 - - [22/Apr/2026:23:28:15 +0000] "GET /sitemap-declare401.xml?path=//usr/lib64/python3.6/xml/etree/__pycache__ HTTP/1.1" 200 3160 "http://www.smilepack.net/sitemap-declare401.xml?path=//usr/lib64/python3.6/xml/etree" "Mozilla/5.0 AppleWebKit/537.36 (KHTML, like Gecko; compatible; GPTBot/1.3; +https://openai.com/gptbot)"
74.7.227.39 - - [22/Apr/2026:23:28:16 +0000] "GET /sitemap-declare401.xml?path=//usr/lib64/python3.8/xml/dom/__pycache__ HTTP/1.1" 200 3428 "http://www.smilepack.net/sitemap-declare401.xml?path=//usr/lib64/python3.8/xml/dom" "Mozilla/5.0 AppleWebKit/537.36 (KHTML, like Gecko; compatible; GPTBot/1.3; +https://openai.com/gptbot)"
74.7.227.39 - - [22/Apr/2026:23:28:16 +0000] "GET /sitemap-declare401.xml?path=//usr/lib64/python3.8/xml/sax/__pycache__ HTTP/1.1" 200 3259 "http://www.smilepack.net/sitemap-declare401.xml?path=//usr/lib64/python3.8/xml/sax" "Mozilla/5.0 AppleWebKit/537.36 (KHTML, like Gecko; compatible; GPTBot/1.3; +https://openai.com/gptbot)"
74.7.227.39 - - [22/Apr/2026:23:28:17 +0000] "GET /sitemap-declare401.xml?path=//usr/lib64/python3.6/xml/dom/__pycache__ HTTP/1.1" 200 3431 "http://www.smilepack.net/sitemap-declare401.xml?path=//usr/lib64/python3.6/xml/dom" "Mozilla/5.0 AppleWebKit/537.36 (KHTML, like Gecko; compatible; GPTBot/1.3; +https://openai.com/gptbot)"
74.7.227.39 - - [22/Apr/2026:23:28:17 +0000] "GET /sitemap-declare401.xml?path=//usr/lib64/python3.6/xml/sax/__pycache__ HTTP/1.1" 200 3257 "http://www.smilepack.net/sitemap-declare401.xml?path=//usr/lib64/python3.6/xml/sax" "Mozilla/5.0 AppleWebKit/537.36 (KHTML, like Gecko; compatible; GPTBot/1.3; +https://openai.com/gptbot)"
146.190.103.103 - - [22/Apr/2026:23:28:18 +0000] "POST /graphql HTTP/1.1" 200 4624 "-" "Mozilla/5.0 (l9scan/2.0.43e22323e2130323e2833313; +https://leakix.net)"
74.7.227.39 - - [22/Apr/2026:23:28:18 +0000] "GET /sitemap-declare401.xml?path=//usr/lib64/python3.6/xml/__pycache__ HTTP/1.1" 200 2867 "http://www.smilepack.net/sitemap-declare401.xml?path=//usr/lib64/python3.6/xml" "Mozilla/5.0 AppleWebKit/537.36 (KHTML, like Gecko; compatible; GPTBot/1.3; +https://openai.com/gptbot)"
74.7.227.39 - - [22/Apr/2026:23:28:19 +0000] "GET /sitemap-declare401.xml?path=//usr/lib64/python3.6/dbm HTTP/1.1" 200 2986 "http://www.smilepack.net/sitemap-declare401.xml?path=//usr/lib64/python3.6" "Mozilla/5.0 AppleWebKit/537.36 (KHTML, like Gecko; compatible; GPTBot/1.3; +https://openai.com/gptbot)"
146.190.103.103 - - [22/Apr/2026:23:28:19 +0000] "POST /api HTTP/1.1" 200 4630 "-" "Mozilla/5.0 (l9scan/2.0.43e22323e2130323e2833313; +https://leakix.net)"
74.7.227.39 - - [22/Apr/2026:23:28:19 +0000] "GET /sitemap-declare401.xml?path=//usr/lib64/X11 HTTP/1.1" 200 2499 "http://www.smilepack.net/sitemap-declare401.xml?path=//usr/lib64" "Mozilla/5.0 AppleWebKit/537.36 (KHTML, like Gecko; compatible; GPTBot/1.3; +https://openai.com/gptbot)"
74.7.227.39 - - [22/Apr/2026:23:28:20 +0000] "GET /sitemap-declare401.xml?path=//usr/lib64/python2.7/Doc HTTP/1.1" 200 2774 "http://www.smilepack.net/sitemap-declare401.xml?path=//usr/lib64/python2.7" "Mozilla/5.0 AppleWebKit/537.36 (KHTML, like Gecko; compatible; GPTBot/1.3; +https://openai.com/gptbot)"
74.7.227.39 - - [22/Apr/2026:23:28:20 +0000] "GET /sitemap-declare401.xml?path=//usr/lib64/libuser HTTP/1.1" 200 2856 "http://www.smilepack.net/sitemap-declare401.xml?path=//usr/lib64" "Mozilla/5.0 AppleWebKit/537.36 (KHTML, like Gecko; compatible; GPTBot/1.3; +https://openai.com/gptbot)"
146.190.103.103 - - [22/Apr/2026:23:28:20 +0000] "POST /graphql/api HTTP/1.1" 200 4624 "-" "Mozilla/5.0 (l9scan/2.0.43e22323e2130323e2833313; +https://leakix.net)"
74.7.227.39 - - [22/Apr/2026:23:28:21 +0000] "GET /sitemap-declare401.xml?fileloc=//usr/lib64/python2.7/user.pyc&path=//usr/lib64/python2.7 HTTP/1.1" 200 3437 "http://www.smilepack.net/sitemap-declare401.xml?path=//usr/lib64/python2.7" "Mozilla/5.0 AppleWebKit/537.36 (KHTML, like Gecko; compatible; GPTBot/1.3; +https://openai.com/gptbot)"
74.7.227.39 - - [22/Apr/2026:23:28:21 +0000] "GET /sitemap-declare401.xml?fileloc=//usr/lib64/python3.6/xml/etree/__pycache__/ElementTree.cpython-36.opt-2.pyc&path=//usr/lib64/python3.6/xml/etree/__pycache__ HTTP/1.1" 200 14260 "http://www.smilepack.net/sitemap-declare401.xml?path=//usr/lib64/python3.6/xml/etree/__pycache__" "Mozilla/5.0 AppleWebKit/537.36 (KHTML, like Gecko; compatible; GPTBot/1.3; +https://openai.com/gptbot)"
74.7.227.39 - - [22/Apr/2026:23:28:22 +0000] "GET /sitemap-declare401.xml?fileloc=//usr/lib64/python3.8/xml/dom/__pycache__/pulldom.cpython-38.pyc&path=//usr/lib64/python3.8/xml/dom/__pycache__ HTTP/1.1" 200 7226 "http://www.smilepack.net/sitemap-declare401.xml?path=//usr/lib64/python3.8/xml/dom/__pycache__" "Mozilla/5.0 AppleWebKit/537.36 (KHTML, like Gecko; compatible; GPTBot/1.3; +https://openai.com/gptbot)"
146.190.103.103 - - [22/Apr/2026:23:28:22 +0000] "GET /s/43e22323e2130323e2833313/_/;/META-INF/maven/com.atlassian.jira/jira-webapp-dist/pom.properties HTTP/1.1" 200 4624 "-" "Mozilla/5.0 (l9scan/2.0.43e22323e2130323e2833313; +https://leakix.net)"
74.7.227.39 - - [22/Apr/2026:23:28:22 +0000] "GET /sitemap-declare401.xml?fileloc=//usr/lib64/python3.8/xml/sax/__pycache__/saxutils.cpython-38.pyc&path=//usr/lib64/python3.8/xml/sax/__pycache__ HTTP/1.1" 200 7612 "http://www.smilepack.net/sitemap-declare401.xml?path=//usr/lib64/python3.8/xml/sax/__pycache__" "Mozilla/5.0 AppleWebKit/537.36 (KHTML, like Gecko; compatible; GPTBot/1.3; +https://openai.com/gptbot)"
74.7.227.39 - - [22/Apr/2026:23:28:23 +0000] "GET /sitemap-declare401.xml?fileloc=//usr/lib64/python3.6/xml/dom/__pycache__/minidom.cpython-36.pyc&path=//usr/lib64/python3.6/xml/dom/__pycache__ HTTP/1.1" 200 22238 "http://www.smilepack.net/sitemap-declare401.xml?path=//usr/lib64/python3.6/xml/dom/__pycache__" "Mozilla/5.0 AppleWebKit/537.36 (KHTML, like Gecko; compatible; GPTBot/1.3; +https://openai.com/gptbot)"
74.7.227.39 - - [22/Apr/2026:23:28:24 +0000] "GET /sitemap-declare401.xml?fileloc=//usr/lib64/python3.6/xml/dom/__pycache__/pulldom.cpython-36.pyc&path=//usr/lib64/python3.6/xml/dom/__pycache__ HTTP/1.1" 200 7094 "http://www.smilepack.net/sitemap-declare401.xml?path=//usr/lib64/python3.6/xml/dom/__pycache__" "Mozilla/5.0 AppleWebKit/537.36 (KHTML, like Gecko; compatible; GPTBot/1.3; +https://openai.com/gptbot)"
74.7.227.39 - - [22/Apr/2026:23:28:24 +0000] "GET /sitemap-declare401.xml?fileloc=//usr/lib64/python3.8/xml/sax/__pycache__/xmlreader.cpython-38.pyc&path=//usr/lib64/python3.8/xml/sax/__pycache__ HTTP/1.1" 200 7944 "http://www.smilepack.net/sitemap-declare401.xml?path=//usr/lib64/python3.8/xml/sax/__pycache__" "Mozilla/5.0 AppleWebKit/537.36 (KHTML, like Gecko; compatible; GPTBot/1.3; +https://openai.com/gptbot)"
74.7.227.39 - - [22/Apr/2026:23:28:25 +0000] "GET /sitemap-declare401.xml?fileloc=//usr/lib64/python3.6/xml/sax/__pycache__/handler.cpython-36.pyc&path=//usr/lib64/python3.6/xml/sax/__pycache__ HTTP/1.1" 200 6659 "http://www.smilepack.net/sitemap-declare401.xml?path=//usr/lib64/python3.6/xml/sax/__pycache__" "Mozilla/5.0 AppleWebKit/537.36 (KHTML, like Gecko; compatible; GPTBot/1.3; +https://openai.com/gptbot)"
74.7.227.39 - - [22/Apr/2026:23:28:26 +0000] "GET /sitemap-declare401.xml?fileloc=//usr/lib64/python3.8/xml/sax/__pycache__/handler.cpython-38.pyc&path=//usr/lib64/python3.8/xml/sax/__pycache__ HTTP/1.1" 200 6682 "http://www.smilepack.net/sitemap-declare401.xml?path=//usr/lib64/python3.8/xml/sax/__pycache__" "Mozilla/5.0 AppleWebKit/537.36 (KHTML, like Gecko; compatible; GPTBot/1.3; +https://openai.com/gptbot)"
74.7.227.39 - - [22/Apr/2026:23:28:26 +0000] "GET /sitemap-declare401.xml?fileloc=//usr/lib64/python3.6/xml/sax/__pycache__/saxutils.cpython-36.pyc&path=//usr/lib64/python3.6/xml/sax/__pycache__ HTTP/1.1" 200 7586 "http://www.smilepack.net/sitemap-declare401.xml?path=//usr/lib64/python3.6/xml/sax/__pycache__" "Mozilla/5.0 AppleWebKit/537.36 (KHTML, like Gecko; compatible; GPTBot/1.3; +https://openai.com/gptbot)"
74.7.227.39 - - [22/Apr/2026:23:28:27 +0000] "GET /sitemap-declare401.xml?fileloc=//usr/lib64/python3.6/xml/sax/__pycache__/xmlreader.cpython-36.pyc&path=//usr/lib64/python3.6/xml/sax/__pycache__ HTTP/1.1" 200 7915 "http://www.smilepack.net/sitemap-declare401.xml?path=//usr/lib64/python3.6/xml/sax/__pycache__" "Mozilla/5.0 AppleWebKit/537.36 (KHTML, like Gecko; compatible; GPTBot/1.3; +https://openai.com/gptbot)"
74.7.227.39 - - [22/Apr/2026:23:28:27 +0000] "GET /sitemap-declare401.xml?fileloc=//usr/lib64/python3.6/xml/dom/__pycache__/domreg.cpython-36.pyc&path=//usr/lib64/python3.6/xml/dom/__pycache__ HTTP/1.1" 200 4137 "http://www.smilepack.net/sitemap-declare401.xml?path=//usr/lib64/python3.6/xml/dom/__pycache__" "Mozilla/5.0 AppleWebKit/537.36 (KHTML, like Gecko; compatible; GPTBot/1.3; +https://openai.com/gptbot)"
74.7.227.39 - - [22/Apr/2026:23:28:28 +0000] "GET /sitemap-declare401.xml?fileloc=//usr/lib64/python3.8/xml/dom/__pycache__/minidom.cpython-38.pyc&path=//usr/lib64/python3.8/xml/dom/__pycache__ HTTP/1.1" 200 22304 "http://www.smilepack.net/sitemap-declare401.xml?path=//usr/lib64/python3.8/xml/dom/__pycache__" "Mozilla/5.0 AppleWebKit/537.36 (KHTML, like Gecko; compatible; GPTBot/1.3; +https://openai.com/gptbot)"
74.7.227.39 - - [22/Apr/2026:23:28:28 +0000] "GET /sitemap-declare401.xml?fileloc=//usr/lib64/python2.7/user.py&path=//usr/lib64/python2.7 HTTP/1.1" 200 3223 "http://www.smilepack.net/sitemap-declare401.xml?path=//usr/lib64/python2.7" "Mozilla/5.0 AppleWebKit/537.36 (KHTML, like Gecko; compatible; GPTBot/1.3; +https://openai.com/gptbot)"
74.7.227.39 - - [22/Apr/2026:23:28:29 +0000] "GET /sitemap-declare401.xml?fileloc=//usr/lib64/python2.7/user.pyo&path=//usr/lib64/python2.7 HTTP/1.1" 200 3437 "http://www.smilepack.net/sitemap-declare401.xml?path=//usr/lib64/python2.7" "Mozilla/5.0 AppleWebKit/537.36 (KHTML, like Gecko; compatible; GPTBot/1.3; +https://openai.com/gptbot)"
74.7.227.39 - - [22/Apr/2026:23:28:29 +0000] "GET /sitemap-declare401.xml?path=//usr/lib64/python3.6/venv HTTP/1.1" 200 2946 "http://www.smilepack.net/sitemap-declare401.xml?path=//usr/lib64/python3.6" "Mozilla/5.0 AppleWebKit/537.36 (KHTML, like Gecko; compatible; GPTBot/1.3; +https://openai.com/gptbot)"
74.7.227.39 - - [22/Apr/2026:23:28:30 +0000] "GET /sitemap-declare401.xml?path=//usr/lib64/python2.7/json HTTP/1.1" 200 3128 "http://www.smilepack.net/sitemap-declare401.xml?path=//usr/lib64/python2.7" "Mozilla/5.0 AppleWebKit/537.36 (KHTML, like Gecko; compatible; GPTBot/1.3; +https://openai.com/gptbot)"
74.7.227.39 - - [22/Apr/2026:23:28:30 +0000] "GET /sitemap-declare401.xml?path=//usr/lib64/python3.6/json HTTP/1.1" 200 3014 "http://www.smilepack.net/sitemap-declare401.xml?path=//usr/lib64/python3.6" "Mozilla/5.0 AppleWebKit/537.36 (KHTML, like Gecko; compatible; GPTBot/1.3; +https://openai.com/gptbot)"
74.7.227.39 - - [22/Apr/2026:23:28:31 +0000] "GET /sitemap-declare401.xml?path=//usr/lib64/python3.8/json HTTP/1.1" 200 3012 "http://www.smilepack.net/sitemap-declare401.xml?path=//usr/lib64/python3.8" "Mozilla/5.0 AppleWebKit/537.36 (KHTML, like Gecko; compatible; GPTBot/1.3; +https://openai.com/gptbot)"
74.7.227.39 - - [22/Apr/2026:23:28:32 +0000] "GET /sitemap-declare401.xml?path=//usr/lib64/python3.8/venv HTTP/1.1" 200 2950 "http://www.smilepack.net/sitemap-declare401.xml?path=//usr/lib64/python3.8" "Mozilla/5.0 AppleWebKit/537.36 (KHTML, like Gecko; compatible; GPTBot/1.3; +https://openai.com/gptbot)"
146.190.103.103 - - [22/Apr/2026:23:28:32 +0000] "GET /webjars/swagger-ui/index.html HTTP/1.1" 200 4624 "-" "Mozilla/5.0 (l9scan/2.0.43e22323e2130323e2833313; +https://leakix.net)"
74.7.227.39 - - [22/Apr/2026:23:28:32 +0000] "GET /sitemap-declare401.xml?path=//usr/lib64/ldb HTTP/1.1" 200 2962 "http://www.smilepack.net/sitemap-declare401.xml?path=//usr/lib64" "Mozilla/5.0 AppleWebKit/537.36 (KHTML, like Gecko; compatible; GPTBot/1.3; +https://openai.com/gptbot)"
74.7.227.39 - - [22/Apr/2026:23:28:33 +0000] "GET /sitemap-declare401.xml?path=//usr/lib64/tls HTTP/1.1" 200 2498 "http://www.smilepack.net/sitemap-declare401.xml?path=//usr/lib64" "Mozilla/5.0 AppleWebKit/537.36 (KHTML, like Gecko; compatible; GPTBot/1.3; +https://openai.com/gptbot)"
74.7.227.39 - - [22/Apr/2026:23:28:33 +0000] "GET /sitemap-declare401.xml?path=//usr/lib64/audit HTTP/1.1" 200 2778 "http://www.smilepack.net/sitemap-declare401.xml?path=//usr/lib64" "Mozilla/5.0 AppleWebKit/537.36 (KHTML, like Gecko; compatible; GPTBot/1.3; +https://openai.com/gptbot)"
74.7.227.39 - - [22/Apr/2026:23:28:34 +0000] "GET /sitemap-declare401.xml?path=//usr/lib64/lua HTTP/1.1" 200 2770 "http://www.smilepack.net/sitemap-declare401.xml?path=//usr/lib64" "Mozilla/5.0 AppleWebKit/537.36 (KHTML, like Gecko; compatible; GPTBot/1.3; +https://openai.com/gptbot)"
74.7.227.39 - - [22/Apr/2026:23:28:34 +0000] "GET /sitemap-declare401.xml?path=//usr/lib64/games HTTP/1.1" 200 2492 "http://www.smilepack.net/sitemap-declare401.xml?path=//usr/lib64" "Mozilla/5.0 AppleWebKit/537.36 (KHTML, like Gecko; compatible; GPTBot/1.3; +https://openai.com/gptbot)"
74.7.227.39 - - [22/Apr/2026:23:28:35 +0000] "GET /sitemap-declare401.xml?path=//usr/lib64/sa HTTP/1.1" 200 2834 "http://www.smilepack.net/sitemap-declare401.xml?path=//usr/lib64" "Mozilla/5.0 AppleWebKit/537.36 (KHTML, like Gecko; compatible; GPTBot/1.3; +https://openai.com/gptbot)"
74.7.227.39 - - [22/Apr/2026:23:28:35 +0000] "GET /sitemap-declare401.xml?path=//usr/lib64/redis HTTP/1.1" 200 2491 "http://www.smilepack.net/sitemap-declare401.xml?path=//usr/lib64" "Mozilla/5.0 AppleWebKit/537.36 (KHTML, like Gecko; compatible; GPTBot/1.3; +https://openai.com/gptbot)"
74.7.227.39 - - [22/Apr/2026:23:28:36 +0000] "GET /sitemap-declare401.xml?path=//usr/lib64/python3.6/http HTTP/1.1" 200 3004 "http://www.smilepack.net/sitemap-declare401.xml?path=//usr/lib64/python3.6" "Mozilla/5.0 AppleWebKit/537.36 (KHTML, like Gecko; compatible; GPTBot/1.3; +https://openai.com/gptbot)"
74.7.227.39 - - [22/Apr/2026:23:28:36 +0000] "GET /sitemap-declare401.xml?path=//usr/lib64/python3.6/test HTTP/1.1" 200 2908 "http://www.smilepack.net/sitemap-declare401.xml?path=//usr/lib64/python3.6" "Mozilla/5.0 AppleWebKit/537.36 (KHTML, like Gecko; compatible; GPTBot/1.3; +https://openai.com/gptbot)"
74.7.227.39 - - [22/Apr/2026:23:28:37 +0000] "GET /sitemap-declare401.xml?path=//usr/lib64/python2.7/test HTTP/1.1" 200 3073 "http://www.smilepack.net/sitemap-declare401.xml?path=//usr/lib64/python2.7" "Mozilla/5.0 AppleWebKit/537.36 (KHTML, like Gecko; compatible; GPTBot/1.3; +https://openai.com/gptbot)"
74.7.227.39 - - [22/Apr/2026:23:28:38 +0000] "GET /sitemap-declare401.xml?path=//usr/lib64/python3.8/http HTTP/1.1" 200 3006 "http://www.smilepack.net/sitemap-declare401.xml?path=//usr/lib64/python3.8" "Mozilla/5.0 AppleWebKit/537.36 (KHTML, like Gecko; compatible; GPTBot/1.3; +https://openai.com/gptbot)"
74.7.227.39 - - [22/Apr/2026:23:28:38 +0000] "GET /sitemap-declare401.xml?path=//usr/lib64/gtk-2.0 HTTP/1.1" 200 2815 "http://www.smilepack.net/sitemap-declare401.xml?path=//usr/lib64" "Mozilla/5.0 AppleWebKit/537.36 (KHTML, like Gecko; compatible; GPTBot/1.3; +https://openai.com/gptbot)"
74.7.227.39 - - [22/Apr/2026:23:28:39 +0000] "GET /sitemap-declare401.xml?path=//usr/lib64/sssd HTTP/1.1" 200 3395 "http://www.smilepack.net/sitemap-declare401.xml?path=//usr/lib64" "Mozilla/5.0 AppleWebKit/537.36 (KHTML, like Gecko; compatible; GPTBot/1.3; +https://openai.com/gptbot)"
74.7.227.39 - - [22/Apr/2026:23:28:40 +0000] "GET /sitemap-declare401.xml?path=//usr/lib64/libnl HTTP/1.1" 200 2750 "http://www.smilepack.net/sitemap-declare401.xml?path=//usr/lib64" "Mozilla/5.0 AppleWebKit/537.36 (KHTML, like Gecko; compatible; GPTBot/1.3; +https://openai.com/gptbot)"
74.7.227.39 - - [22/Apr/2026:23:28:40 +0000] "GET /sitemap-declare401.xml?path=//usr/lib64/lua/5.1 HTTP/1.1" 200 2499 "http://www.smilepack.net/sitemap-declare401.xml?path=//usr/lib64/lua" "Mozilla/5.0 AppleWebKit/537.36 (KHTML, like Gecko; compatible; GPTBot/1.3; +https://openai.com/gptbot)"
146.190.103.103 - - [22/Apr/2026:23:28:40 +0000] "GET /@vite/env HTTP/1.1" 200 4624 "-" "Mozilla/5.0 (l9scan/2.0.43e22323e2130323e2833313; +https://leakix.net)"
74.7.227.39 - - [22/Apr/2026:23:28:41 +0000] "GET /sitemap-declare401.xml?path=//usr/lib64/lua/5.3 HTTP/1.1" 200 2801 "http://www.smilepack.net/sitemap-declare401.xml?path=//usr/lib64/lua" "Mozilla/5.0 AppleWebKit/537.36 (KHTML, like Gecko; compatible; GPTBot/1.3; +https://openai.com/gptbot)"
146.190.103.103 - - [22/Apr/2026:23:28:41 +0000] "GET /.vscode/sftp.json HTTP/1.1" 200 4630 "-" "Mozilla/5.0 (l9scan/2.0.43e22323e2130323e2833313; +https://leakix.net)"
74.7.227.39 - - [22/Apr/2026:23:28:41 +0000] "GET /sitemap-declare401.xml?fileloc=//usr/lib64/python3.8/xml/sax/__pycache__/__init__.cpython-38.pyc&path=//usr/lib64/python3.8/xml/sax/__pycache__ HTTP/1.1" 200 4357 "http://www.smilepack.net/sitemap-declare401.xml?path=//usr/lib64/python3.8/xml/sax/__pycache__" "Mozilla/5.0 AppleWebKit/537.36 (KHTML, like Gecko; compatible; GPTBot/1.3; +https://openai.com/gptbot)"
74.7.227.39 - - [22/Apr/2026:23:28:42 +0000] "GET /sitemap-declare401.xml?fileloc=//usr/lib64/python3.6/xml/dom/__pycache__/__init__.cpython-36.pyc&path=//usr/lib64/python3.6/xml/dom/__pycache__ HTTP/1.1" 200 4756 "http://www.smilepack.net/sitemap-declare401.xml?path=//usr/lib64/python3.6/xml/dom/__pycache__" "Mozilla/5.0 AppleWebKit/537.36 (KHTML, like Gecko; compatible; GPTBot/1.3; +https://openai.com/gptbot)"
74.7.227.39 - - [22/Apr/2026:23:28:42 +0000] "GET /sitemap-declare401.xml?fileloc=//usr/lib64/python3.8/xml/dom/__pycache__/__init__.cpython-38.pyc&path=//usr/lib64/python3.8/xml/dom/__pycache__ HTTP/1.1" 200 4753 "http://www.smilepack.net/sitemap-declare401.xml?path=//usr/lib64/python3.8/xml/dom/__pycache__" "Mozilla/5.0 AppleWebKit/537.36 (KHTML, like Gecko; compatible; GPTBot/1.3; +https://openai.com/gptbot)"
74.7.227.39 - - [22/Apr/2026:23:28:43 +0000] "GET /sitemap-declare401.xml?fileloc=//usr/lib64/python3.6/xml/sax/__pycache__/__init__.cpython-36.pyc&path=//usr/lib64/python3.6/xml/sax/__pycache__ HTTP/1.1" 200 4353 "http://www.smilepack.net/sitemap-declare401.xml?path=//usr/lib64/python3.6/xml/sax/__pycache__" "Mozilla/5.0 AppleWebKit/537.36 (KHTML, like Gecko; compatible; GPTBot/1.3; +https://openai.com/gptbot)"
74.7.227.39 - - [22/Apr/2026:23:28:43 +0000] "GET /sitemap-declare401.xml?path=//usr/lib64/gettext HTTP/1.1" 200 2932 "http://www.smilepack.net/sitemap-declare401.xml?path=//usr/lib64" "Mozilla/5.0 AppleWebKit/537.36 (KHTML, like Gecko; compatible; GPTBot/1.3; +https://openai.com/gptbot)"
74.7.227.39 - - [22/Apr/2026:23:28:44 +0000] "GET /sitemap-declare401.xml?path=//usr/lib64/xtables HTTP/1.1" 200 6448 "http://www.smilepack.net/sitemap-declare401.xml?path=//usr/lib64" "Mozilla/5.0 AppleWebKit/537.36 (KHTML, like Gecko; compatible; GPTBot/1.3; +https://openai.com/gptbot)"
74.7.227.39 - - [22/Apr/2026:23:28:44 +0000] "GET /sitemap-declare401.xml?path=//usr/lib64/gtk-2.0/modules HTTP/1.1" 200 2832 "http://www.smilepack.net/sitemap-declare401.xml?path=//usr/lib64/gtk-2.0" "Mozilla/5.0 AppleWebKit/537.36 (KHTML, like Gecko; compatible; GPTBot/1.3; +https://openai.com/gptbot)"
74.7.227.39 - - [22/Apr/2026:23:28:45 +0000] "GET /sitemap-declare401.xml?path=//usr/lib64/hmaccalc HTTP/1.1" 200 2921 "http://www.smilepack.net/sitemap-declare401.xml?path=//usr/lib64" "Mozilla/5.0 AppleWebKit/537.36 (KHTML, like Gecko; compatible; GPTBot/1.3; +https://openai.com/gptbot)"
74.7.227.39 - - [22/Apr/2026:23:28:45 +0000] "GET /sitemap-declare401.xml?path=//usr/lib64/libnl/cli HTTP/1.1" 200 2799 "http://www.smilepack.net/sitemap-declare401.xml?path=//usr/lib64/libnl" "Mozilla/5.0 AppleWebKit/537.36 (KHTML, like Gecko; compatible; GPTBot/1.3; +https://openai.com/gptbot)"
74.7.227.39 - - [22/Apr/2026:23:28:46 +0000] "GET /sitemap-declare401.xml?path=//usr/lib64/perl5/B HTTP/1.1" 200 2894 "http://www.smilepack.net/sitemap-declare401.xml?path=//usr/lib64/perl5" "Mozilla/5.0 AppleWebKit/537.36 (KHTML, like Gecko; compatible; GPTBot/1.3; +https://openai.com/gptbot)"
74.7.227.39 - - [22/Apr/2026:23:28:46 +0000] "GET /sitemap-declare401.xml?path=//usr/lib64/lua/5.3/mime HTTP/1.1" 200 2796 "http://www.smilepack.net/sitemap-declare401.xml?path=//usr/lib64/lua/5.3" "Mozilla/5.0 AppleWebKit/537.36 (KHTML, like Gecko; compatible; GPTBot/1.3; +https://openai.com/gptbot)"
74.7.227.39 - - [22/Apr/2026:23:28:47 +0000] "GET /sitemap-declare401.xml?path=//usr/lib64/lua/5.3/socket HTTP/1.1" 200 2867 "http://www.smilepack.net/sitemap-declare401.xml?path=//usr/lib64/lua/5.3" "Mozilla/5.0 AppleWebKit/537.36 (KHTML, like Gecko; compatible; GPTBot/1.3; +https://openai.com/gptbot)"
74.7.227.39 - - [22/Apr/2026:23:28:47 +0000] "GET /sitemap-declare401.xml?fileloc=//usr/lib64/python3.8/xml/dom/__pycache__/minicompat.cpython-38.opt-1.pyc&path=//usr/lib64/python3.8/xml/dom/__pycache__ HTTP/1.1" 200 3825 "http://www.smilepack.net/sitemap-declare401.xml?path=//usr/lib64/python3.8/xml/dom/__pycache__" "Mozilla/5.0 AppleWebKit/537.36 (KHTML, like Gecko; compatible; GPTBot/1.3; +https://openai.com/gptbot)"
74.7.227.39 - - [22/Apr/2026:23:28:48 +0000] "GET /sitemap-declare401.xml?fileloc=//usr/lib64/python3.6/xml/dom/__pycache__/expatbuilder.cpython-36.opt-2.pyc&path=//usr/lib64/python3.6/xml/dom/__pycache__ HTTP/1.1" 200 12478 "http://www.smilepack.net/sitemap-declare401.xml?path=//usr/lib64/python3.6/xml/dom/__pycache__" "Mozilla/5.0 AppleWebKit/537.36 (KHTML, like Gecko; compatible; GPTBot/1.3; +https://openai.com/gptbot)"
74.7.227.39 - - [22/Apr/2026:23:28:48 +0000] "GET /sitemap-declare401.xml?fileloc=//usr/lib64/python3.8/xml/parsers/__pycache__/expat.cpython-38.opt-1.pyc&path=//usr/lib64/python3.8/xml/parsers/__pycache__ HTTP/1.1" 200 2756 "http://www.smilepack.net/sitemap-declare401.xml?path=//usr/lib64/python3.8/xml/parsers/__pycache__" "Mozilla/5.0 AppleWebKit/537.36 (KHTML, like Gecko; compatible; GPTBot/1.3; +https://openai.com/gptbot)"
74.7.227.39 - - [22/Apr/2026:23:28:49 +0000] "GET /sitemap-declare401.xml?fileloc=//usr/lib64/python3.8/xml/dom/__pycache__/minidom.cpython-38.opt-1.pyc&path=//usr/lib64/python3.8/xml/dom/__pycache__ HTTP/1.1" 200 22284 "http://www.smilepack.net/sitemap-declare401.xml?path=//usr/lib64/python3.8/xml/dom/__pycache__" "Mozilla/5.0 AppleWebKit/537.36 (KHTML, like Gecko; compatible; GPTBot/1.3; +https://openai.com/gptbot)"
74.7.227.39 - - [22/Apr/2026:23:28:49 +0000] "GET /sitemap-declare401.xml?fileloc=//usr/lib64/python3.8/xml/sax/__pycache__/_exceptions.cpython-38.opt-2.pyc&path=//usr/lib64/python3.8/xml/sax/__pycache__ HTTP/1.1" 200 3754 "http://www.smilepack.net/sitemap-declare401.xml?path=//usr/lib64/python3.8/xml/sax/__pycache__" "Mozilla/5.0 AppleWebKit/537.36 (KHTML, like Gecko; compatible; GPTBot/1.3; +https://openai.com/gptbot)"
74.7.227.39 - - [22/Apr/2026:23:28:50 +0000] "GET /sitemap-declare401.xml?fileloc=//usr/lib64/python3.6/xml/etree/__pycache__/__init__.cpython-36.opt-1.pyc&path=//usr/lib64/python3.6/xml/etree/__pycache__ HTTP/1.1" 200 2596 "http://www.smilepack.net/sitemap-declare401.xml?path=//usr/lib64/python3.6/xml/etree/__pycache__" "Mozilla/5.0 AppleWebKit/537.36 (KHTML, like Gecko; compatible; GPTBot/1.3; +https://openai.com/gptbot)"
74.7.227.39 - - [22/Apr/2026:23:28:51 +0000] "GET /sitemap-declare401.xml?fileloc=//usr/lib64/python3.8/xml/dom/__pycache__/expatbuilder.cpython-38.pyc&path=//usr/lib64/python3.8/xml/dom/__pycache__ HTTP/1.1" 200 13696 "http://www.smilepack.net/sitemap-declare401.xml?path=//usr/lib64/python3.8/xml/dom/__pycache__" "Mozilla/5.0 AppleWebKit/537.36 (KHTML, like Gecko; compatible; GPTBot/1.3; +https://openai.com/gptbot)"
74.7.227.39 - - [22/Apr/2026:23:28:51 +0000] "GET /sitemap-declare401.xml?path=//usr/lib64/libnl/cli/cls HTTP/1.1" 200 2830 "http://www.smilepack.net/sitemap-declare401.xml?path=//usr/lib64/libnl/cli" "Mozilla/5.0 AppleWebKit/537.36 (KHTML, like Gecko; compatible; GPTBot/1.3; +https://openai.com/gptbot)"
74.7.227.39 - - [22/Apr/2026:23:28:52 +0000] "GET /sitemap-declare401.xml?path=//usr/lib64/libnl/cli/qdisc HTTP/1.1" 200 3028 "http://www.smilepack.net/sitemap-declare401.xml?path=//usr/lib64/libnl/cli" "Mozilla/5.0 AppleWebKit/537.36 (KHTML, like Gecko; compatible; GPTBot/1.3; +https://openai.com/gptbot)"
74.7.227.39 - - [22/Apr/2026:23:28:52 +0000] "GET /sitemap-declare401.xml?fileloc=//usr/lib64/python3.8/xml/sax/__pycache__/expatreader.cpython-38.pyc&path=//usr/lib64/python3.8/xml/sax/__pycache__ HTTP/1.1" 200 8116 "http://www.smilepack.net/sitemap-declare401.xml?path=//usr/lib64/python3.8/xml/sax/__pycache__" "Mozilla/5.0 AppleWebKit/537.36 (KHTML, like Gecko; compatible; GPTBot/1.3; +https://openai.com/gptbot)"
74.7.227.39 - - [22/Apr/2026:23:28:53 +0000] "GET /sitemap-declare401.xml?fileloc=//usr/lib64/python3.8/xml/dom/__pycache__/pulldom.cpython-38.opt-1.pyc&path=//usr/lib64/python3.8/xml/dom/__pycache__ HTTP/1.1" 200 7245 "http://www.smilepack.net/sitemap-declare401.xml?path=//usr/lib64/python3.8/xml/dom/__pycache__" "Mozilla/5.0 AppleWebKit/537.36 (KHTML, like Gecko; compatible; GPTBot/1.3; +https://openai.com/gptbot)"
74.7.227.39 - - [22/Apr/2026:23:28:53 +0000] "GET /sitemap-declare401.xml?fileloc=//usr/lib64/python3.6/xml/sax/__pycache__/xmlreader.cpython-36.opt-1.pyc&path=//usr/lib64/python3.6/xml/sax/__pycache__ HTTP/1.1" 200 7942 "http://www.smilepack.net/sitemap-declare401.xml?path=//usr/lib64/python3.6/xml/sax/__pycache__" "Mozilla/5.0 AppleWebKit/537.36 (KHTML, like Gecko; compatible; GPTBot/1.3; +https://openai.com/gptbot)"
74.7.227.39 - - [22/Apr/2026:23:28:54 +0000] "GET /sitemap-declare401.xml?fileloc=//usr/lib64/python3.6/xml/dom/__pycache__/minidom.cpython-36.opt-1.pyc&path=//usr/lib64/python3.6/xml/dom/__pycache__ HTTP/1.1" 200 22136 "http://www.smilepack.net/sitemap-declare401.xml?path=//usr/lib64/python3.6/xml/dom/__pycache__" "Mozilla/5.0 AppleWebKit/537.36 (KHTML, like Gecko; compatible; GPTBot/1.3; +https://openai.com/gptbot)"
74.7.227.39 - - [22/Apr/2026:23:28:54 +0000] "GET /sitemap-declare401.xml?fileloc=//usr/lib64/python3.6/xml/dom/__pycache__/pulldom.cpython-36.opt-1.pyc&path=//usr/lib64/python3.6/xml/dom/__pycache__ HTTP/1.1" 200 7099 "http://www.smilepack.net/sitemap-declare401.xml?path=//usr/lib64/python3.6/xml/dom/__pycache__" "Mozilla/5.0 AppleWebKit/537.36 (KHTML, like Gecko; compatible; GPTBot/1.3; +https://openai.com/gptbot)"
74.7.227.39 - - [22/Apr/2026:23:28:55 +0000] "GET /sitemap-declare401.xml?fileloc=//usr/lib64/python3.8/xml/parsers/__pycache__/expat.cpython-38.pyc&path=//usr/lib64/python3.8/xml/parsers/__pycache__ HTTP/1.1" 200 2751 "http://www.smilepack.net/sitemap-declare401.xml?path=//usr/lib64/python3.8/xml/parsers/__pycache__" "Mozilla/5.0 AppleWebKit/537.36 (KHTML, like Gecko; compatible; GPTBot/1.3; +https://openai.com/gptbot)"
74.7.227.39 - - [22/Apr/2026:23:28:55 +0000] "GET /sitemap-declare401.xml?fileloc=//usr/lib64/python3.6/xml/dom/__pycache__/expatbuilder.cpython-36.pyc&path=//usr/lib64/python3.6/xml/dom/__pycache__ HTTP/1.1" 200 13709 "http://www.smilepack.net/sitemap-declare401.xml?path=//usr/lib64/python3.6/xml/dom/__pycache__" "Mozilla/5.0 AppleWebKit/537.36 (KHTML, like Gecko; compatible; GPTBot/1.3; +https://openai.com/gptbot)"
74.7.227.39 - - [22/Apr/2026:23:28:56 +0000] "GET /sitemap-declare401.xml?fileloc=//usr/lib64/python3.6/xml/dom/__pycache__/minicompat.cpython-36.opt-2.pyc&path=//usr/lib64/python3.6/xml/dom/__pycache__ HTTP/1.1" 200 3703 "http://www.smilepack.net/sitemap-declare401.xml?path=//usr/lib64/python3.6/xml/dom/__pycache__" "Mozilla/5.0 AppleWebKit/537.36 (KHTML, like Gecko; compatible; GPTBot/1.3; +https://openai.com/gptbot)"
74.7.227.39 - - [22/Apr/2026:23:28:56 +0000] "GET /sitemap-declare401.xml?fileloc=//usr/lib64/python3.8/xml/dom/__pycache__/minicompat.cpython-38.opt-2.pyc&path=//usr/lib64/python3.8/xml/dom/__pycache__ HTTP/1.1" 200 3705 "http://www.smilepack.net/sitemap-declare401.xml?path=//usr/lib64/python3.8/xml/dom/__pycache__" "Mozilla/5.0 AppleWebKit/537.36 (KHTML, like Gecko; compatible; GPTBot/1.3; +https://openai.com/gptbot)"
74.7.227.39 - - [22/Apr/2026:23:28:57 +0000] "GET /sitemap-declare401.xml?fileloc=//usr/lib64/python3.8/xml/dom/__pycache__/pulldom.cpython-38.opt-2.pyc&path=//usr/lib64/python3.8/xml/dom/__pycache__ HTTP/1.1" 200 7027 "http://www.smilepack.net/sitemap-declare401.xml?path=//usr/lib64/python3.8/xml/dom/__pycache__" "Mozilla/5.0 AppleWebKit/537.36 (KHTML, like Gecko; compatible; GPTBot/1.3; +https://openai.com/gptbot)"
74.7.227.39 - - [22/Apr/2026:23:28:57 +0000] "GET /sitemap-declare401.xml?fileloc=//usr/lib64/python3.6/xml/sax/__pycache__/_exceptions.cpython-36.opt-2.pyc&path=//usr/lib64/python3.6/xml/sax/__pycache__ HTTP/1.1" 200 3722 "http://www.smilepack.net/sitemap-declare401.xml?path=//usr/lib64/python3.6/xml/sax/__pycache__" "Mozilla/5.0 AppleWebKit/537.36 (KHTML, like Gecko; compatible; GPTBot/1.3; +https://openai.com/gptbot)"
74.7.227.39 - - [22/Apr/2026:23:28:58 +0000] "GET /sitemap-declare401.xml?fileloc=//usr/lib64/python3.6/xml/dom/__pycache__/xmlbuilder.cpython-36.opt-2.pyc&path=//usr/lib64/python3.6/xml/dom/__pycache__ HTTP/1.1" 200 7623 "http://www.smilepack.net/sitemap-declare401.xml?path=//usr/lib64/python3.6/xml/dom/__pycache__" "Mozilla/5.0 AppleWebKit/537.36 (KHTML, like Gecko; compatible; GPTBot/1.3; +https://openai.com/gptbot)"
74.7.227.39 - - [22/Apr/2026:23:28:59 +0000] "GET /sitemap-declare401.xml?fileloc=//usr/lib64/python3.6/xml/etree/__pycache__/__init__.cpython-36.opt-2.pyc&path=//usr/lib64/python3.6/xml/etree/__pycache__ HTTP/1.1" 200 2597 "http://www.smilepack.net/sitemap-declare401.xml?path=//usr/lib64/python3.6/xml/etree/__pycache__" "Mozilla/5.0 AppleWebKit/537.36 (KHTML, like Gecko; compatible; GPTBot/1.3; +https://openai.com/gptbot)"
74.7.227.39 - - [22/Apr/2026:23:28:59 +0000] "GET /sitemap-declare401.xml?fileloc=//usr/lib64/python3.8/xml/sax/__pycache__/handler.cpython-38.opt-1.pyc&path=//usr/lib64/python3.8/xml/sax/__pycache__ HTTP/1.1" 200 6693 "http://www.smilepack.net/sitemap-declare401.xml?path=//usr/lib64/python3.8/xml/sax/__pycache__" "Mozilla/5.0 AppleWebKit/537.36 (KHTML, like Gecko; compatible; GPTBot/1.3; +https://openai.com/gptbot)"
74.7.227.39 - - [22/Apr/2026:23:29:00 +0000] "GET /sitemap-declare401.xml?fileloc=//usr/lib64/python3.6/xml/sax/__pycache__/expatreader.cpython-36.opt-2.pyc&path=//usr/lib64/python3.6/xml/sax/__pycache__ HTTP/1.1" 200 7842 "http://www.smilepack.net/sitemap-declare401.xml?path=//usr/lib64/python3.6/xml/sax/__pycache__" "Mozilla/5.0 AppleWebKit/537.36 (KHTML, like Gecko; compatible; GPTBot/1.3; +https://openai.com/gptbot)"
74.7.227.39 - - [22/Apr/2026:23:29:00 +0000] "GET /sitemap-declare401.xml?fileloc=//usr/lib64/python3.8/xml/sax/__pycache__/saxutils.cpython-38.opt-1.pyc&path=//usr/lib64/python3.8/xml/sax/__pycache__ HTTP/1.1" 200 7642 "http://www.smilepack.net/sitemap-declare401.xml?path=//usr/lib64/python3.8/xml/sax/__pycache__" "Mozilla/5.0 AppleWebKit/537.36 (KHTML, like Gecko; compatible; GPTBot/1.3; +https://openai.com/gptbot)"
74.7.227.39 - - [22/Apr/2026:23:29:01 +0000] "GET /sitemap-declare401.xml?fileloc=//usr/lib64/python3.6/xml/sax/__pycache__/xmlreader.cpython-36.opt-2.pyc&path=//usr/lib64/python3.6/xml/sax/__pycache__ HTTP/1.1" 200 5554 "http://www.smilepack.net/sitemap-declare401.xml?path=//usr/lib64/python3.6/xml/sax/__pycache__" "Mozilla/5.0 AppleWebKit/537.36 (KHTML, like Gecko; compatible; GPTBot/1.3; +https://openai.com/gptbot)"
74.7.227.39 - - [22/Apr/2026:23:29:01 +0000] "GET /sitemap-declare401.xml?fileloc=//usr/lib64/python3.6/xml/dom/__pycache__/minicompat.cpython-36.opt-1.pyc&path=//usr/lib64/python3.6/xml/dom/__pycache__ HTTP/1.1" 200 3817 "http://www.smilepack.net/sitemap-declare401.xml?path=//usr/lib64/python3.6/xml/dom/__pycache__" "Mozilla/5.0 AppleWebKit/537.36 (KHTML, like Gecko; compatible; GPTBot/1.3; +https://openai.com/gptbot)"
74.7.227.39 - - [22/Apr/2026:23:29:02 +0000] "GET /sitemap-declare401.xml?fileloc=//usr/lib64/python3.8/xml/etree/__pycache__/__init__.cpython-38.opt-2.pyc&path=//usr/lib64/python3.8/xml/etree/__pycache__ HTTP/1.1" 200 2597 "http://www.smilepack.net/sitemap-declare401.xml?path=//usr/lib64/python3.8/xml/etree/__pycache__" "Mozilla/5.0 AppleWebKit/537.36 (KHTML, like Gecko; compatible; GPTBot/1.3; +https://openai.com/gptbot)"
74.7.227.39 - - [22/Apr/2026:23:29:02 +0000] "GET /sitemap-declare401.xml?fileloc=//usr/lib64/python3.6/xml/sax/__pycache__/_exceptions.cpython-36.opt-1.pyc&path=//usr/lib64/python3.6/xml/sax/__pycache__ HTTP/1.1" 200 4766 "http://www.smilepack.net/sitemap-declare401.xml?path=//usr/lib64/python3.6/xml/sax/__pycache__" "Mozilla/5.0 AppleWebKit/537.36 (KHTML, like Gecko; compatible; GPTBot/1.3; +https://openai.com/gptbot)"
74.7.227.39 - - [22/Apr/2026:23:29:03 +0000] "GET /sitemap-declare401.xml?fileloc=//usr/lib64/python3.8/xml/parsers/__pycache__/__init__.cpython-38.opt-2.pyc&path=//usr/lib64/python3.8/xml/parsers/__pycache__ HTTP/1.1" 200 2594 "http://www.smilepack.net/sitemap-declare401.xml?path=//usr/lib64/python3.8/xml/parsers/__pycache__" "Mozilla/5.0 AppleWebKit/537.36 (KHTML, like Gecko; compatible; GPTBot/1.3; +https://openai.com/gptbot)"
74.7.227.39 - - [22/Apr/2026:23:29:03 +0000] "GET /sitemap-declare401.xml?fileloc=//usr/lib64/python3.8/xml/sax/__pycache__/_exceptions.cpython-38.opt-1.pyc&path=//usr/lib64/python3.8/xml/sax/__pycache__ HTTP/1.1" 200 4794 "http://www.smilepack.net/sitemap-declare401.xml?path=//usr/lib64/python3.8/xml/sax/__pycache__" "Mozilla/5.0 AppleWebKit/537.36 (KHTML, like Gecko; compatible; GPTBot/1.3; +https://openai.com/gptbot)"
74.7.227.39 - - [22/Apr/2026:23:29:04 +0000] "GET /sitemap-declare401.xml?fileloc=//usr/lib64/python3.6/xml/sax/__pycache__/saxutils.cpython-36.opt-2.pyc&path=//usr/lib64/python3.6/xml/sax/__pycache__ HTTP/1.1" 200 6882 "http://www.smilepack.net/sitemap-declare401.xml?path=//usr/lib64/python3.6/xml/sax/__pycache__" "Mozilla/5.0 AppleWebKit/537.36 (KHTML, like Gecko; compatible; GPTBot/1.3; +https://openai.com/gptbot)"
74.7.227.39 - - [22/Apr/2026:23:29:04 +0000] "GET /sitemap-declare401.xml?fileloc=//usr/lib64/python3.6/xml/dom/__pycache__/xmlbuilder.cpython-36.pyc&path=//usr/lib64/python3.6/xml/dom/__pycache__ HTTP/1.1" 200 7794 "http://www.smilepack.net/sitemap-declare401.xml?path=//usr/lib64/python3.6/xml/dom/__pycache__" "Mozilla/5.0 AppleWebKit/537.36 (KHTML, like Gecko; compatible; GPTBot/1.3; +https://openai.com/gptbot)"
74.7.227.39 - - [22/Apr/2026:23:29:05 +0000] "GET /sitemap-declare401.xml?fileloc=//usr/lib64/python3.6/xml/dom/__pycache__/domreg.cpython-36.opt-2.pyc&path=//usr/lib64/python3.6/xml/dom/__pycache__ HTTP/1.1" 200 3609 "http://www.smilepack.net/sitemap-declare401.xml?path=//usr/lib64/python3.6/xml/dom/__pycache__" "Mozilla/5.0 AppleWebKit/537.36 (KHTML, like Gecko; compatible; GPTBot/1.3; +https://openai.com/gptbot)"
74.7.227.39 - - [22/Apr/2026:23:29:05 +0000] "GET /sitemap-declare401.xml?fileloc=//usr/lib64/python3.6/xml/sax/__pycache__/saxutils.cpython-36.opt-1.pyc&path=//usr/lib64/python3.6/xml/sax/__pycache__ HTTP/1.1" 200 7573 "http://www.smilepack.net/sitemap-declare401.xml?path=//usr/lib64/python3.6/xml/sax/__pycache__" "Mozilla/5.0 AppleWebKit/537.36 (KHTML, like Gecko; compatible; GPTBot/1.3; +https://openai.com/gptbot)"
74.7.227.39 - - [22/Apr/2026:23:29:06 +0000] "GET /sitemap-declare401.xml?fileloc=//usr/lib64/python3.8/xml/etree/__pycache__/__init__.cpython-38.opt-1.pyc&path=//usr/lib64/python3.8/xml/etree/__pycache__ HTTP/1.1" 200 2597 "http://www.smilepack.net/sitemap-declare401.xml?path=//usr/lib64/python3.8/xml/etree/__pycache__" "Mozilla/5.0 AppleWebKit/537.36 (KHTML, like Gecko; compatible; GPTBot/1.3; +https://openai.com/gptbot)"
74.7.227.39 - - [22/Apr/2026:23:29:06 +0000] "GET /sitemap-declare401.xml?fileloc=//usr/lib64/python3.6/xml/sax/__pycache__/handler.cpython-36.opt-2.pyc&path=//usr/lib64/python3.6/xml/sax/__pycache__ HTTP/1.1" 200 4051 "http://www.smilepack.net/sitemap-declare401.xml?path=//usr/lib64/python3.6/xml/sax/__pycache__" "Mozilla/5.0 AppleWebKit/537.36 (KHTML, like Gecko; compatible; GPTBot/1.3; +https://openai.com/gptbot)"
74.7.227.39 - - [22/Apr/2026:23:29:07 +0000] "GET /sitemap-declare401.xml?fileloc=//usr/lib64/python3.6/xml/sax/__pycache__/handler.cpython-36.opt-1.pyc&path=//usr/lib64/python3.6/xml/sax/__pycache__ HTTP/1.1" 200 6677 "http://www.smilepack.net/sitemap-declare401.xml?path=//usr/lib64/python3.6/xml/sax/__pycache__" "Mozilla/5.0 AppleWebKit/537.36 (KHTML, like Gecko; compatible; GPTBot/1.3; +https://openai.com/gptbot)"
74.7.227.39 - - [22/Apr/2026:23:29:08 +0000] "GET /sitemap-declare401.xml?fileloc=//usr/lib64/python3.8/xml/sax/__pycache__/xmlreader.cpython-38.opt-1.pyc&path=//usr/lib64/python3.8/xml/sax/__pycache__ HTTP/1.1" 200 7963 "http://www.smilepack.net/sitemap-declare401.xml?path=//usr/lib64/python3.8/xml/sax/__pycache__" "Mozilla/5.0 AppleWebKit/537.36 (KHTML, like Gecko; compatible; GPTBot/1.3; +https://openai.com/gptbot)"
74.7.227.39 - - [22/Apr/2026:23:29:08 +0000] "GET /sitemap-declare401.xml?fileloc=//usr/lib64/python3.6/xml/dom/__pycache__/domreg.cpython-36.opt-1.pyc&path=//usr/lib64/python3.6/xml/dom/__pycache__ HTTP/1.1" 200 4142 "http://www.smilepack.net/sitemap-declare401.xml?path=//usr/lib64/python3.6/xml/dom/__pycache__" "Mozilla/5.0 AppleWebKit/537.36 (KHTML, like Gecko; compatible; GPTBot/1.3; +https://openai.com/gptbot)"
74.7.227.39 - - [22/Apr/2026:23:29:09 +0000] "GET /sitemap-declare401.xml?fileloc=//usr/lib64/python3.8/xml/parsers/__pycache__/__init__.cpython-38.pyc&path=//usr/lib64/python3.8/xml/parsers/__pycache__ HTTP/1.1" 200 2708 "http://www.smilepack.net/sitemap-declare401.xml?path=//usr/lib64/python3.8/xml/parsers/__pycache__" "Mozilla/5.0 AppleWebKit/537.36 (KHTML, like Gecko; compatible; GPTBot/1.3; +https://openai.com/gptbot)"
74.7.227.39 - - [22/Apr/2026:23:29:09 +0000] "GET /sitemap-declare401.xml?fileloc=//usr/lib64/python3.8/xml/parsers/__pycache__/__init__.cpython-38.opt-1.pyc&path=//usr/lib64/python3.8/xml/parsers/__pycache__ HTTP/1.1" 200 2714 "http://www.smilepack.net/sitemap-declare401.xml?path=//usr/lib64/python3.8/xml/parsers/__pycache__" "Mozilla/5.0 AppleWebKit/537.36 (KHTML, like Gecko; compatible; GPTBot/1.3; +https://openai.com/gptbot)"
74.7.227.39 - - [22/Apr/2026:23:29:10 +0000] "GET /sitemap-declare401.xml?fileloc=//usr/lib64/python3.6/xml/dom/__pycache__/minicompat.cpython-36.pyc&path=//usr/lib64/python3.6/xml/dom/__pycache__ HTTP/1.1" 200 3875 "http://www.smilepack.net/sitemap-declare401.xml?path=//usr/lib64/python3.6/xml/dom/__pycache__" "Mozilla/5.0 AppleWebKit/537.36 (KHTML, like Gecko; compatible; GPTBot/1.3; +https://openai.com/gptbot)"
74.7.227.39 - - [22/Apr/2026:23:29:10 +0000] "GET /sitemap-declare401.xml?fileloc=//usr/lib64/python3.8/xml/sax/__pycache__/expatreader.cpython-38.opt-2.pyc&path=//usr/lib64/python3.8/xml/sax/__pycache__ HTTP/1.1" 200 7869 "http://www.smilepack.net/sitemap-declare401.xml?path=//usr/lib64/python3.8/xml/sax/__pycache__" "Mozilla/5.0 AppleWebKit/537.36 (KHTML, like Gecko; compatible; GPTBot/1.3; +https://openai.com/gptbot)"
74.7.227.39 - - [22/Apr/2026:23:29:11 +0000] "GET /sitemap-declare401.xml?fileloc=//usr/lib64/python3.8/xml/dom/__pycache__/minicompat.cpython-38.pyc&path=//usr/lib64/python3.8/xml/dom/__pycache__ HTTP/1.1" 200 3888 "http://www.smilepack.net/sitemap-declare401.xml?path=//usr/lib64/python3.8/xml/dom/__pycache__" "Mozilla/5.0 AppleWebKit/537.36 (KHTML, like Gecko; compatible; GPTBot/1.3; +https://openai.com/gptbot)"
74.7.227.39 - - [22/Apr/2026:23:29:11 +0000] "GET /sitemap-declare401.xml?fileloc=//usr/lib64/python3.8/xml/sax/__pycache__/saxutils.cpython-38.opt-2.pyc&path=//usr/lib64/python3.8/xml/sax/__pycache__ HTTP/1.1" 200 6927 "http://www.smilepack.net/sitemap-declare401.xml?path=//usr/lib64/python3.8/xml/sax/__pycache__" "Mozilla/5.0 AppleWebKit/537.36 (KHTML, like Gecko; compatible; GPTBot/1.3; +https://openai.com/gptbot)"
74.7.227.39 - - [22/Apr/2026:23:29:12 +0000] "GET /sitemap-declare401.xml?fileloc=//usr/lib64/python3.8/xml/sax/__pycache__/_exceptions.cpython-38.pyc&path=//usr/lib64/python3.8/xml/sax/__pycache__ HTTP/1.1" 200 4790 "http://www.smilepack.net/sitemap-declare401.xml?path=//usr/lib64/python3.8/xml/sax/__pycache__" "Mozilla/5.0 AppleWebKit/537.36 (KHTML, like Gecko; compatible; GPTBot/1.3; +https://openai.com/gptbot)"
74.7.227.39 - - [22/Apr/2026:23:29:12 +0000] "GET /sitemap-declare401.xml?fileloc=//usr/lib64/python3.6/xml/sax/__pycache__/_exceptions.cpython-36.pyc&path=//usr/lib64/python3.6/xml/sax/__pycache__ HTTP/1.1" 200 4771 "http://www.smilepack.net/sitemap-declare401.xml?path=//usr/lib64/python3.6/xml/sax/__pycache__" "Mozilla/5.0 AppleWebKit/537.36 (KHTML, like Gecko; compatible; GPTBot/1.3; +https://openai.com/gptbot)"
74.7.227.39 - - [22/Apr/2026:23:29:13 +0000] "GET /sitemap-declare401.xml?fileloc=//usr/lib64/python3.6/xml/dom/__pycache__/minidom.cpython-36.opt-2.pyc&path=//usr/lib64/python3.6/xml/dom/__pycache__ HTTP/1.1" 200 21384 "http://www.smilepack.net/sitemap-declare401.xml?path=//usr/lib64/python3.6/xml/dom/__pycache__" "Mozilla/5.0 AppleWebKit/537.36 (KHTML, like Gecko; compatible; GPTBot/1.3; +https://openai.com/gptbot)"
74.7.227.39 - - [22/Apr/2026:23:29:13 +0000] "GET /sitemap-declare401.xml?fileloc=//usr/lib64/python3.6/xml/sax/__pycache__/expatreader.cpython-36.opt-1.pyc&path=//usr/lib64/python3.6/xml/sax/__pycache__ HTTP/1.1" 200 8065 "http://www.smilepack.net/sitemap-declare401.xml?path=//usr/lib64/python3.6/xml/sax/__pycache__" "Mozilla/5.0 AppleWebKit/537.36 (KHTML, like Gecko; compatible; GPTBot/1.3; +https://openai.com/gptbot)"
74.7.227.39 - - [22/Apr/2026:23:29:14 +0000] "GET /sitemap-declare401.xml?fileloc=//usr/lib64/python3.8/xml/sax/__pycache__/expatreader.cpython-38.opt-1.pyc&path=//usr/lib64/python3.8/xml/sax/__pycache__ HTTP/1.1" 200 8115 "http://www.smilepack.net/sitemap-declare401.xml?path=//usr/lib64/python3.8/xml/sax/__pycache__" "Mozilla/5.0 AppleWebKit/537.36 (KHTML, like Gecko; compatible; GPTBot/1.3; +https://openai.com/gptbot)"
74.7.227.39 - - [22/Apr/2026:23:29:14 +0000] "GET /sitemap-declare401.xml?fileloc=//usr/lib64/python3.8/xml/etree/__pycache__/__init__.cpython-38.pyc&path=//usr/lib64/python3.8/xml/etree/__pycache__ HTTP/1.1" 200 2594 "http://www.smilepack.net/sitemap-declare401.xml?path=//usr/lib64/python3.8/xml/etree/__pycache__" "Mozilla/5.0 AppleWebKit/537.36 (KHTML, like Gecko; compatible; GPTBot/1.3; +https://openai.com/gptbot)"
74.7.227.39 - - [22/Apr/2026:23:29:15 +0000] "GET /sitemap-declare401.xml?fileloc=//usr/lib64/python3.6/xml/dom/__pycache__/xmlbuilder.cpython-36.opt-1.pyc&path=//usr/lib64/python3.6/xml/dom/__pycache__ HTTP/1.1" 200 7796 "http://www.smilepack.net/sitemap-declare401.xml?path=//usr/lib64/python3.6/xml/dom/__pycache__" "Mozilla/5.0 AppleWebKit/537.36 (KHTML, like Gecko; compatible; GPTBot/1.3; +https://openai.com/gptbot)"
74.7.227.39 - - [22/Apr/2026:23:29:15 +0000] "GET /sitemap-declare401.xml?fileloc=//usr/lib64/python3.6/xml/dom/__pycache__/expatbuilder.cpython-36.opt-1.pyc&path=//usr/lib64/python3.6/xml/dom/__pycache__ HTTP/1.1" 200 13561 "http://www.smilepack.net/sitemap-declare401.xml?path=//usr/lib64/python3.6/xml/dom/__pycache__" "Mozilla/5.0 AppleWebKit/537.36 (KHTML, like Gecko; compatible; GPTBot/1.3; +https://openai.com/gptbot)"
74.7.227.39 - - [22/Apr/2026:23:29:16 +0000] "GET /sitemap-declare401.xml?fileloc=//usr/lib64/python3.6/xml/sax/__pycache__/expatreader.cpython-36.pyc&path=//usr/lib64/python3.6/xml/sax/__pycache__ HTTP/1.1" 200 8053 "http://www.smilepack.net/sitemap-declare401.xml?path=//usr/lib64/python3.6/xml/sax/__pycache__" "Mozilla/5.0 AppleWebKit/537.36 (KHTML, like Gecko; compatible; GPTBot/1.3; +https://openai.com/gptbot)"
