74.7.227.170 - - [24/Apr/2026:08:37:07 +0000] "GET /items/I97950222240/ HTTP/2" 200 4259 "https://www.smilepack.net/sitemap91.xml" "Mozilla/5.0 AppleWebKit/537.36 (KHTML, like Gecko; compatible; GPTBot/1.3; +https://openai.com/gptbot)"
74.7.227.170 - - [24/Apr/2026:08:37:08 +0000] "GET /items/D4175986232/?fileloc=/home/smilepac/public_html/wp-includes/class-wp-locale-switcher.php&path=/home/smilepac/public_html/wp-includes HTTP/2" 200 4344 "https://www.smilepack.net/items/D4175986232/?path=/home/smilepac/public_html/wp-includes" "Mozilla/5.0 AppleWebKit/537.36 (KHTML, like Gecko; compatible; GPTBot/1.3; +https://openai.com/gptbot)"
74.7.227.170 - - [24/Apr/2026:08:37:08 +0000] "GET /items/G44622220250/ HTTP/2" 200 4261 "https://www.smilepack.net/sitemap91.xml" "Mozilla/5.0 AppleWebKit/537.36 (KHTML, like Gecko; compatible; GPTBot/1.3; +https://openai.com/gptbot)"
74.7.227.170 - - [24/Apr/2026:08:37:09 +0000] "GET /items/G44622220867/ HTTP/2" 200 4245 "https://www.smilepack.net/sitemap573.xml" "Mozilla/5.0 AppleWebKit/537.36 (KHTML, like Gecko; compatible; GPTBot/1.3; +https://openai.com/gptbot)"
74.7.227.170 - - [24/Apr/2026:08:37:09 +0000] "GET /items/D41759244446/ HTTP/2" 200 4245 "https://www.smilepack.net/sitemap5.xml" "Mozilla/5.0 AppleWebKit/537.36 (KHTML, like Gecko; compatible; GPTBot/1.3; +https://openai.com/gptbot)"
74.7.227.170 - - [24/Apr/2026:08:37:10 +0000] "GET /items/G44622227149/ HTTP/2" 200 4245 "https://www.smilepack.net/sitemap573.xml" "Mozilla/5.0 AppleWebKit/537.36 (KHTML, like Gecko; compatible; GPTBot/1.3; +https://openai.com/gptbot)"
74.7.227.170 - - [24/Apr/2026:08:37:11 +0000] "GET /items/D417591758/?path=/home/smilepac/public_html/old/wp-content HTTP/2" 200 2816 "https://www.smilepack.net/items/D417591758/?path=/home/smilepac/public_html/old" "Mozilla/5.0 AppleWebKit/537.36 (KHTML, like Gecko; compatible; GPTBot/1.3; +https://openai.com/gptbot)"
74.7.227.170 - - [24/Apr/2026:08:37:11 +0000] "GET /items/I97950177774/ HTTP/2" 200 4261 "https://www.smilepack.net/sitemap3.xml" "Mozilla/5.0 AppleWebKit/537.36 (KHTML, like Gecko; compatible; GPTBot/1.3; +https://openai.com/gptbot)"
74.7.227.170 - - [24/Apr/2026:08:37:12 +0000] "GET /items/G44622225182/?path=/home/smilepac HTTP/2" 200 4030 "https://www.smilepack.net/items/G44622225182/" "Mozilla/5.0 AppleWebKit/537.36 (KHTML, like Gecko; compatible; GPTBot/1.3; +https://openai.com/gptbot)"
74.7.227.170 - - [24/Apr/2026:08:37:12 +0000] "GET /items/Z51063263333/ HTTP/2" 200 4259 "https://www.smilepack.net/sitemap91.xml" "Mozilla/5.0 AppleWebKit/537.36 (KHTML, like Gecko; compatible; GPTBot/1.3; +https://openai.com/gptbot)"
74.7.227.170 - - [24/Apr/2026:08:37:13 +0000] "GET /items/K59524155552/ HTTP/2" 200 4243 "https://www.smilepack.net/sitemap573.xml" "Mozilla/5.0 AppleWebKit/537.36 (KHTML, like Gecko; compatible; GPTBot/1.3; +https://openai.com/gptbot)"
74.7.227.170 - - [24/Apr/2026:08:37:13 +0000] "GET /items/Z51063111138/ HTTP/2" 200 4259 "https://www.smilepack.net/sitemap573.xml" "Mozilla/5.0 AppleWebKit/537.36 (KHTML, like Gecko; compatible; GPTBot/1.3; +https://openai.com/gptbot)"
74.7.227.170 - - [24/Apr/2026:08:37:14 +0000] "GET /items/D41759255556/ HTTP/2" 200 4259 "https://www.smilepack.net/sitemap3.xml" "Mozilla/5.0 AppleWebKit/537.36 (KHTML, like Gecko; compatible; GPTBot/1.3; +https://openai.com/gptbot)"
74.7.227.170 - - [24/Apr/2026:08:37:15 +0000] "GET /items/G44622220800/ HTTP/2" 200 4259 "https://www.smilepack.net/sitemap5.xml" "Mozilla/5.0 AppleWebKit/537.36 (KHTML, like Gecko; compatible; GPTBot/1.3; +https://openai.com/gptbot)"
74.7.227.170 - - [24/Apr/2026:08:37:15 +0000] "GET /items/G44622220867/?path=/home/smilepac/public_html/wp-includes HTTP/2" 200 11693 "https://www.smilepack.net/items/G44622220867/" "Mozilla/5.0 AppleWebKit/537.36 (KHTML, like Gecko; compatible; GPTBot/1.3; +https://openai.com/gptbot)"
74.7.227.170 - - [24/Apr/2026:08:37:16 +0000] "GET /items/G44622244669/ HTTP/2" 200 4259 "https://www.smilepack.net/sitemap3.xml" "Mozilla/5.0 AppleWebKit/537.36 (KHTML, like Gecko; compatible; GPTBot/1.3; +https://openai.com/gptbot)"
74.7.227.170 - - [24/Apr/2026:08:37:16 +0000] "GET /items/T29997202025/ HTTP/2" 200 4261 "https://www.smilepack.net/sitemap91.xml" "Mozilla/5.0 AppleWebKit/537.36 (KHTML, like Gecko; compatible; GPTBot/1.3; +https://openai.com/gptbot)"
74.7.227.170 - - [24/Apr/2026:08:37:17 +0000] "GET /items/G44622256229/ HTTP/2" 200 4261 "https://www.smilepack.net/sitemap3.xml" "Mozilla/5.0 AppleWebKit/537.36 (KHTML, like Gecko; compatible; GPTBot/1.3; +https://openai.com/gptbot)"
74.7.227.170 - - [24/Apr/2026:08:37:17 +0000] "GET /items/G44622228755/ HTTP/2" 200 4261 "https://www.smilepack.net/sitemap3.xml" "Mozilla/5.0 AppleWebKit/537.36 (KHTML, like Gecko; compatible; GPTBot/1.3; +https://openai.com/gptbot)"
74.7.227.170 - - [24/Apr/2026:08:37:18 +0000] "GET /items/G44622225182/?path=/home/smilepac/.caldav HTTP/2" 200 3410 "https://www.smilepack.net/items/G44622225182/?path=/home/smilepac" "Mozilla/5.0 AppleWebKit/537.36 (KHTML, like Gecko; compatible; GPTBot/1.3; +https://openai.com/gptbot)"
74.7.227.170 - - [24/Apr/2026:08:37:18 +0000] "GET /items/Z51063263333/?fileloc=/home/smilepac/public_html/hiroshi.php&path=/home/smilepac/public_html HTTP/2" 200 21341 "https://www.smilepack.net/items/Z51063263333/" "Mozilla/5.0 AppleWebKit/537.36 (KHTML, like Gecko; compatible; GPTBot/1.3; +https://openai.com/gptbot)"
74.7.227.170 - - [24/Apr/2026:08:37:19 +0000] "GET /items/G44622225182/?path=/home/smilepac/.cagefs HTTP/2" 200 2792 "https://www.smilepack.net/items/G44622225182/?path=/home/smilepac" "Mozilla/5.0 AppleWebKit/537.36 (KHTML, like Gecko; compatible; GPTBot/1.3; +https://openai.com/gptbot)"
74.7.227.170 - - [24/Apr/2026:08:37:20 +0000] "GET /items/T29997199773/ HTTP/2" 200 4261 "https://www.smilepack.net/sitemap573.xml" "Mozilla/5.0 AppleWebKit/537.36 (KHTML, like Gecko; compatible; GPTBot/1.3; +https://openai.com/gptbot)"
74.7.227.170 - - [24/Apr/2026:08:37:20 +0000] "GET /items/G44622226084/ HTTP/2" 200 4245 "https://www.smilepack.net/sitemap3.xml" "Mozilla/5.0 AppleWebKit/537.36 (KHTML, like Gecko; compatible; GPTBot/1.3; +https://openai.com/gptbot)"
74.7.227.170 - - [24/Apr/2026:08:37:21 +0000] "GET /items/G44622227991/ HTTP/2" 200 4261 "https://www.smilepack.net/sitemap5.xml" "Mozilla/5.0 AppleWebKit/537.36 (KHTML, like Gecko; compatible; GPTBot/1.3; +https://openai.com/gptbot)"
74.7.227.170 - - [24/Apr/2026:08:37:21 +0000] "GET /items/T29997272708/ HTTP/2" 200 4245 "https://www.smilepack.net/sitemap91.xml" "Mozilla/5.0 AppleWebKit/537.36 (KHTML, like Gecko; compatible; GPTBot/1.3; +https://openai.com/gptbot)"
74.7.227.170 - - [24/Apr/2026:08:37:22 +0000] "GET /items/G44622244669/?path=/ HTTP/2" 200 3072 "https://www.smilepack.net/items/G44622244669/" "Mozilla/5.0 AppleWebKit/537.36 (KHTML, like Gecko; compatible; GPTBot/1.3; +https://openai.com/gptbot)"
74.7.227.170 - - [24/Apr/2026:08:37:22 +0000] "GET /items/G44622229502/ HTTP/2" 200 4245 "https://www.smilepack.net/sitemap5.xml" "Mozilla/5.0 AppleWebKit/537.36 (KHTML, like Gecko; compatible; GPTBot/1.3; +https://openai.com/gptbot)"
74.7.227.170 - - [24/Apr/2026:08:37:23 +0000] "GET /items/G44622256229/?path=/home/smilepac/public_html HTTP/2" 200 4259 "https://www.smilepack.net/items/G44622256229/" "Mozilla/5.0 AppleWebKit/537.36 (KHTML, like Gecko; compatible; GPTBot/1.3; +https://openai.com/gptbot)"
74.7.227.170 - - [24/Apr/2026:08:37:23 +0000] "GET /items/G44622228755/?fileloc=/home/smilepac/public_html/style.php&path=/home/smilepac/public_html HTTP/2" 200 2991 "https://www.smilepack.net/items/G44622228755/" "Mozilla/5.0 AppleWebKit/537.36 (KHTML, like Gecko; compatible; GPTBot/1.3; +https://openai.com/gptbot)"
74.7.227.170 - - [24/Apr/2026:08:37:24 +0000] "GET /items/G44622228587/ HTTP/2" 200 4261 "https://www.smilepack.net/sitemap5.xml" "Mozilla/5.0 AppleWebKit/537.36 (KHTML, like Gecko; compatible; GPTBot/1.3; +https://openai.com/gptbot)"
74.7.227.170 - - [24/Apr/2026:08:37:24 +0000] "GET /items/G44622262241/ HTTP/2" 200 4245 "https://www.smilepack.net/sitemap91.xml" "Mozilla/5.0 AppleWebKit/537.36 (KHTML, like Gecko; compatible; GPTBot/1.3; +https://openai.com/gptbot)"
74.7.227.170 - - [24/Apr/2026:08:37:25 +0000] "GET /items/G44622220100/ HTTP/2" 200 4259 "https://www.smilepack.net/sitemap573.xml" "Mozilla/5.0 AppleWebKit/537.36 (KHTML, like Gecko; compatible; GPTBot/1.3; +https://openai.com/gptbot)"
74.7.227.170 - - [24/Apr/2026:08:37:25 +0000] "GET /items/G44622226389/ HTTP/2" 200 4245 "https://www.smilepack.net/sitemap5.xml" "Mozilla/5.0 AppleWebKit/537.36 (KHTML, like Gecko; compatible; GPTBot/1.3; +https://openai.com/gptbot)"
74.7.227.170 - - [24/Apr/2026:08:37:26 +0000] "GET /items/G44622217622/ HTTP/2" 200 4261 "https://www.smilepack.net/sitemap5.xml" "Mozilla/5.0 AppleWebKit/537.36 (KHTML, like Gecko; compatible; GPTBot/1.3; +https://openai.com/gptbot)"
74.7.227.170 - - [24/Apr/2026:08:37:26 +0000] "GET /items/G44622220177/ HTTP/2" 200 4245 "https://www.smilepack.net/sitemap3.xml" "Mozilla/5.0 AppleWebKit/537.36 (KHTML, like Gecko; compatible; GPTBot/1.3; +https://openai.com/gptbot)"
74.7.227.170 - - [24/Apr/2026:08:37:27 +0000] "GET /items/A46800111183/ HTTP/2" 200 4245 "https://www.smilepack.net/sitemap91.xml" "Mozilla/5.0 AppleWebKit/537.36 (KHTML, like Gecko; compatible; GPTBot/1.3; +https://openai.com/gptbot)"
74.7.227.170 - - [24/Apr/2026:08:37:27 +0000] "GET /items/G44622225671/ HTTP/2" 200 4245 "https://www.smilepack.net/sitemap91.xml" "Mozilla/5.0 AppleWebKit/537.36 (KHTML, like Gecko; compatible; GPTBot/1.3; +https://openai.com/gptbot)"
74.7.227.170 - - [24/Apr/2026:08:37:28 +0000] "GET /items/G44622223298/ HTTP/2" 200 4259 "https://www.smilepack.net/sitemap5.xml" "Mozilla/5.0 AppleWebKit/537.36 (KHTML, like Gecko; compatible; GPTBot/1.3; +https://openai.com/gptbot)"
216.73.217.46 - - [24/Apr/2026:08:35:43 +0000] "GET /wp-sitemap.xml?fileloc=%2Fhome%2Fsmilepac%2Flscache%2Fa%2F3%2Fa%2Fa3a5cb6eda57c28e&path=%2Fhome%2Fsmilepac%2Flscache%2Fa%2F3%2Fa HTTP/2" 200 2454 "-" "Mozilla/5.0 AppleWebKit/537.36 (KHTML, like Gecko; compatible; ClaudeBot/1.0; +claudebot@anthropic.com)"
216.73.217.46 - - [24/Apr/2026:08:35:48 +0000] "GET /wp-sitemap.xml?fileloc=%2Fhome%2Fsmilepac%2Flscache%2Fa%2Ff%2F3%2Faf3b6f49ce00ef3f&path=%2Fhome%2Fsmilepac%2Flscache%2Fa%2Ff%2F3 HTTP/2" 200 2782 "-" "Mozilla/5.0 AppleWebKit/537.36 (KHTML, like Gecko; compatible; ClaudeBot/1.0; +claudebot@anthropic.com)"
216.73.217.46 - - [24/Apr/2026:08:35:53 +0000] "GET /wp-sitemap.xml?fileloc=%2Fhome%2Fsmilepac%2Flscache%2Fa%2F5%2Ff%2Fa5f341ec477a2aa6&path=%2Fhome%2Fsmilepac%2Flscache%2Fa%2F5%2Ff HTTP/2" 200 2723 "-" "Mozilla/5.0 AppleWebKit/537.36 (KHTML, like Gecko; compatible; ClaudeBot/1.0; +claudebot@anthropic.com)"
216.73.217.46 - - [24/Apr/2026:08:36:25 +0000] "GET /wp-sitemap.xml?fileloc=%2F%2Fhome%2Fsmilepac%2Flscache%2F8%2Fd%2F2%2F8d239360dd879ceb&path=%2F%2Fhome%2Fsmilepac%2Flscache%2F8%2Fd%2F2 HTTP/2" 200 34280 "-" "Mozilla/5.0 AppleWebKit/537.36 (KHTML, like Gecko; compatible; ClaudeBot/1.0; +claudebot@anthropic.com)"
216.73.217.46 - - [24/Apr/2026:08:36:25 +0000] "GET /wp-sitemap.xml?fileloc=%2Fhome%2Fsmilepac%2Flscache%2Fa%2Fb%2Fe%2Fabe6859007321fd7&path=%2Fhome%2Fsmilepac%2Flscache%2Fa%2Fb%2Fe HTTP/2" 200 2457 "-" "Mozilla/5.0 AppleWebKit/537.36 (KHTML, like Gecko; compatible; ClaudeBot/1.0; +claudebot@anthropic.com)"
216.73.217.46 - - [24/Apr/2026:08:36:30 +0000] "GET /wp-sitemap.xml?fileloc=%2Fhome%2Fsmilepac%2Flscache%2F8%2Fb%2Fe%2F8befb51fb4774525&path=%2Fhome%2Fsmilepac%2Flscache%2F8%2Fb%2Fe HTTP/2" 200 34176 "-" "Mozilla/5.0 AppleWebKit/537.36 (KHTML, like Gecko; compatible; ClaudeBot/1.0; +claudebot@anthropic.com)"
216.73.217.46 - - [24/Apr/2026:08:36:35 +0000] "GET /wp-sitemap.xml?fileloc=%2Fhome%2Fsmilepac%2Flscache%2F8%2Fd%2F3%2F8d37d797041b6ef1&path=%2Fhome%2Fsmilepac%2Flscache%2F8%2Fd%2F3 HTTP/2" 200 34118 "-" "Mozilla/5.0 AppleWebKit/537.36 (KHTML, like Gecko; compatible; ClaudeBot/1.0; +claudebot@anthropic.com)"
216.73.217.46 - - [24/Apr/2026:08:36:40 +0000] "GET /wp-sitemap.xml?fileloc=%2Fhome%2Fsmilepac%2Flscache%2F8%2F5%2F9%2F8593cefbcdff6149&path=%2Fhome%2Fsmilepac%2Flscache%2F8%2F5%2F9 HTTP/2" 200 34170 "-" "Mozilla/5.0 AppleWebKit/537.36 (KHTML, like Gecko; compatible; ClaudeBot/1.0; +claudebot@anthropic.com)"
216.73.217.46 - - [24/Apr/2026:08:36:45 +0000] "GET /sitemap.xml?fileloc=%2Fhome%2Fsmilepac%2Flscache%2Fc%2F5%2F8%2Fc58d44d8f2bbebc3&path=%2Fhome%2Fsmilepac%2Flscache%2Fc%2F5%2F8 HTTP/2" 200 23563 "-" "Mozilla/5.0 AppleWebKit/537.36 (KHTML, like Gecko; compatible; ClaudeBot/1.0; +claudebot@anthropic.com)"
216.73.217.46 - - [24/Apr/2026:08:37:19 +0000] "GET /wp-sitemap.xml?fileloc=%2F%2Fhome%2Fsmilepac%2Ftmp%2Fawstats%2Fawstats112025.smilepack.net.txt&path=%2F%2Fhome%2Fsmilepac%2Ftmp%2Fawstats HTTP/2" 200 89383 "-" "Mozilla/5.0 AppleWebKit/537.36 (KHTML, like Gecko; compatible; ClaudeBot/1.0; +claudebot@anthropic.com)"
216.73.217.46 - - [24/Apr/2026:08:37:20 +0000] "GET /wp-sitemap.xml?fileloc=%2F%2Fhome%2Fsmilepac%2Fmail%2F.purchase%40smilepack_net%2F.Mailspring%2Fdovecot.index.cache&path=%2F%2Fhome%2Fsmilepac%2Fmail%2F.purchase%40smilepack_net%2F.Mailspring HTTP/2" 200 3027 "-" "Mozilla/5.0 AppleWebKit/537.36 (KHTML, like Gecko; compatible; ClaudeBot/1.0; +claudebot@anthropic.com)"
216.73.217.46 - - [24/Apr/2026:08:37:25 +0000] "GET /sitemap.xml?fileloc=%2Fhome%2Fsmilepac%2Fmail%2F.purchase%40smilepack_net%2Fdovecot.index.cache&path=%2Fhome%2Fsmilepac%2Fmail%2F.purchase%40smilepack_net HTTP/2" 200 506477 "-" "Mozilla/5.0 AppleWebKit/537.36 (KHTML, like Gecko; compatible; ClaudeBot/1.0; +claudebot@anthropic.com)"
74.7.227.170 - - [24/Apr/2026:08:37:28 +0000] "GET /items/G44622202229/ HTTP/2" 200 4243 "https://www.smilepack.net/sitemap5.xml" "Mozilla/5.0 AppleWebKit/537.36 (KHTML, like Gecko; compatible; GPTBot/1.3; +https://openai.com/gptbot)"
74.7.227.170 - - [24/Apr/2026:08:37:29 +0000] "GET /items/T29997267676/ HTTP/2" 200 4243 "https://www.smilepack.net/sitemap91.xml" "Mozilla/5.0 AppleWebKit/537.36 (KHTML, like Gecko; compatible; GPTBot/1.3; +https://openai.com/gptbot)"
74.7.227.170 - - [24/Apr/2026:08:37:30 +0000] "GET /items/G44622223922/ HTTP/2" 200 4261 "https://www.smilepack.net/sitemap5.xml" "Mozilla/5.0 AppleWebKit/537.36 (KHTML, like Gecko; compatible; GPTBot/1.3; +https://openai.com/gptbot)"
74.7.227.170 - - [24/Apr/2026:08:37:30 +0000] "GET /items/T29997171796/ HTTP/2" 200 4259 "https://www.smilepack.net/sitemap573.xml" "Mozilla/5.0 AppleWebKit/537.36 (KHTML, like Gecko; compatible; GPTBot/1.3; +https://openai.com/gptbot)"
74.7.227.170 - - [24/Apr/2026:08:37:31 +0000] "GET /items/I97950111152/ HTTP/2" 200 4259 "https://www.smilepack.net/sitemap5.xml" "Mozilla/5.0 AppleWebKit/537.36 (KHTML, like Gecko; compatible; GPTBot/1.3; +https://openai.com/gptbot)"
74.7.227.170 - - [24/Apr/2026:08:37:32 +0000] "GET /items/G44622226389/?fileloc=/home/smilepac/public_html/options.php&path=/home/smilepac/public_html HTTP/2" 200 3447 "https://www.smilepack.net/items/G44622226389/" "Mozilla/5.0 AppleWebKit/537.36 (KHTML, like Gecko; compatible; GPTBot/1.3; +https://openai.com/gptbot)"
74.7.227.170 - - [24/Apr/2026:08:37:32 +0000] "GET /items/G44622224171/ HTTP/2" 200 4261 "https://www.smilepack.net/sitemap5.xml" "Mozilla/5.0 AppleWebKit/537.36 (KHTML, like Gecko; compatible; GPTBot/1.3; +https://openai.com/gptbot)"
74.7.227.170 - - [24/Apr/2026:08:37:33 +0000] "GET /items/G44622223433/ HTTP/2" 200 4245 "https://www.smilepack.net/sitemap573.xml" "Mozilla/5.0 AppleWebKit/537.36 (KHTML, like Gecko; compatible; GPTBot/1.3; +https://openai.com/gptbot)"
74.7.227.170 - - [24/Apr/2026:08:37:33 +0000] "GET /items/G44622276223/ HTTP/2" 200 4261 "https://www.smilepack.net/sitemap3.xml" "Mozilla/5.0 AppleWebKit/537.36 (KHTML, like Gecko; compatible; GPTBot/1.3; +https://openai.com/gptbot)"
74.7.227.170 - - [24/Apr/2026:08:37:34 +0000] "GET /items/T29997199729/ HTTP/2" 200 4261 "https://www.smilepack.net/sitemap573.xml" "Mozilla/5.0 AppleWebKit/537.36 (KHTML, like Gecko; compatible; GPTBot/1.3; +https://openai.com/gptbot)"
74.7.227.170 - - [24/Apr/2026:08:37:34 +0000] "GET /items/G44622177774/ HTTP/2" 200 4261 "https://www.smilepack.net/sitemap573.xml" "Mozilla/5.0 AppleWebKit/537.36 (KHTML, like Gecko; compatible; GPTBot/1.3; +https://openai.com/gptbot)"
74.7.227.170 - - [24/Apr/2026:08:37:35 +0000] "GET /items/G44622227597/ HTTP/2" 200 4261 "https://www.smilepack.net/sitemap3.xml" "Mozilla/5.0 AppleWebKit/537.36 (KHTML, like Gecko; compatible; GPTBot/1.3; +https://openai.com/gptbot)"
74.7.227.170 - - [24/Apr/2026:08:37:35 +0000] "GET /items/G44622144460/ HTTP/2" 200 4259 "https://www.smilepack.net/sitemap3.xml" "Mozilla/5.0 AppleWebKit/537.36 (KHTML, like Gecko; compatible; GPTBot/1.3; +https://openai.com/gptbot)"
74.7.227.170 - - [24/Apr/2026:08:37:36 +0000] "GET /items/G44622223922/?path=/home/smilepac/public_html HTTP/2" 200 4239 "https://www.smilepack.net/items/G44622223922/" "Mozilla/5.0 AppleWebKit/537.36 (KHTML, like Gecko; compatible; GPTBot/1.3; +https://openai.com/gptbot)"
74.7.227.170 - - [24/Apr/2026:08:37:36 +0000] "GET /items/G44622229652/ HTTP/2" 200 4261 "https://www.smilepack.net/sitemap3.xml" "Mozilla/5.0 AppleWebKit/537.36 (KHTML, like Gecko; compatible; GPTBot/1.3; +https://openai.com/gptbot)"
74.7.227.170 - - [24/Apr/2026:08:37:37 +0000] "GET /items/I97950111152/?fileloc=/home/smilepac/public_html/hiroshi.php&path=/home/smilepac/public_html HTTP/2" 200 21343 "https://www.smilepack.net/items/I97950111152/" "Mozilla/5.0 AppleWebKit/537.36 (KHTML, like Gecko; compatible; GPTBot/1.3; +https://openai.com/gptbot)"
74.7.227.170 - - [24/Apr/2026:08:37:37 +0000] "GET /items/G44622220082/ HTTP/2" 200 4261 "https://www.smilepack.net/sitemap3.xml" "Mozilla/5.0 AppleWebKit/537.36 (KHTML, like Gecko; compatible; GPTBot/1.3; +https://openai.com/gptbot)"
74.7.227.170 - - [24/Apr/2026:08:37:38 +0000] "GET /items/G44622224171/?fileloc=/home/smilepac/public_html/wp-trackback.php&path=/home/smilepac/public_html HTTP/2" 200 4435 "https://www.smilepack.net/items/G44622224171/" "Mozilla/5.0 AppleWebKit/537.36 (KHTML, like Gecko; compatible; GPTBot/1.3; +https://openai.com/gptbot)"
74.7.227.170 - - [24/Apr/2026:08:37:38 +0000] "GET /items/G44622220602/ HTTP/2" 200 4261 "https://www.smilepack.net/sitemap573.xml" "Mozilla/5.0 AppleWebKit/537.36 (KHTML, like Gecko; compatible; GPTBot/1.3; +https://openai.com/gptbot)"
74.7.227.170 - - [24/Apr/2026:08:37:39 +0000] "GET /items/O39066166615/ HTTP/2" 200 4261 "https://www.smilepack.net/sitemap573.xml" "Mozilla/5.0 AppleWebKit/537.36 (KHTML, like Gecko; compatible; GPTBot/1.3; +https://openai.com/gptbot)"
74.7.227.170 - - [24/Apr/2026:08:37:40 +0000] "GET /items/T29997229985/ HTTP/2" 200 4261 "https://www.smilepack.net/sitemap91.xml" "Mozilla/5.0 AppleWebKit/537.36 (KHTML, like Gecko; compatible; GPTBot/1.3; +https://openai.com/gptbot)"
74.7.227.170 - - [24/Apr/2026:08:37:40 +0000] "GET /items/T29997109995/ HTTP/2" 200 4261 "https://www.smilepack.net/sitemap573.xml" "Mozilla/5.0 AppleWebKit/537.36 (KHTML, like Gecko; compatible; GPTBot/1.3; +https://openai.com/gptbot)"
74.7.227.170 - - [24/Apr/2026:08:37:40 +0000] "GET /items/G44622227597/ HTTP/2" 200 4259 "https://www.smilepack.net/sitemap3.xml" "Mozilla/5.0 AppleWebKit/537.36 (KHTML, like Gecko; compatible; GPTBot/1.3; +https://openai.com/gptbot)"
74.7.227.170 - - [24/Apr/2026:08:37:41 +0000] "GET /items/J44547176666/ HTTP/2" 200 4261 "https://www.smilepack.net/sitemap3.xml" "Mozilla/5.0 AppleWebKit/537.36 (KHTML, like Gecko; compatible; GPTBot/1.3; +https://openai.com/gptbot)"
74.7.227.170 - - [24/Apr/2026:08:37:42 +0000] "GET /items/G44622225557/ HTTP/2" 200 4259 "https://www.smilepack.net/sitemap91.xml" "Mozilla/5.0 AppleWebKit/537.36 (KHTML, like Gecko; compatible; GPTBot/1.3; +https://openai.com/gptbot)"
74.7.227.170 - - [24/Apr/2026:08:37:42 +0000] "GET /items/K59524155551/ HTTP/2" 200 4261 "https://www.smilepack.net/sitemap5.xml" "Mozilla/5.0 AppleWebKit/537.36 (KHTML, like Gecko; compatible; GPTBot/1.3; +https://openai.com/gptbot)"
74.7.227.170 - - [24/Apr/2026:08:37:43 +0000] "GET /items/G44622229652/?fileloc=/home/smilepac/public_html/networks.php&path=/home/smilepac/public_html HTTP/2" 200 3440 "https://www.smilepack.net/items/G44622229652/" "Mozilla/5.0 AppleWebKit/537.36 (KHTML, like Gecko; compatible; GPTBot/1.3; +https://openai.com/gptbot)"
74.7.227.170 - - [24/Apr/2026:08:37:43 +0000] "GET /items/G44622276225/ HTTP/2" 200 4261 "https://www.smilepack.net/sitemap3.xml" "Mozilla/5.0 AppleWebKit/537.36 (KHTML, like Gecko; compatible; GPTBot/1.3; +https://openai.com/gptbot)"
74.7.227.170 - - [24/Apr/2026:08:37:44 +0000] "GET /items/G44622220082/?path=/home/smilepac/public_html/8ce5eb HTTP/2" 200 2784 "https://www.smilepack.net/items/G44622220082/" "Mozilla/5.0 AppleWebKit/537.36 (KHTML, like Gecko; compatible; GPTBot/1.3; +https://openai.com/gptbot)"
74.7.227.170 - - [24/Apr/2026:08:37:44 +0000] "GET /items/G44622224915/ HTTP/2" 200 4259 "https://www.smilepack.net/sitemap91.xml" "Mozilla/5.0 AppleWebKit/537.36 (KHTML, like Gecko; compatible; GPTBot/1.3; +https://openai.com/gptbot)"
74.7.227.170 - - [24/Apr/2026:08:37:45 +0000] "GET /items/G44622229747/ HTTP/2" 200 4259 "https://www.smilepack.net/sitemap3.xml" "Mozilla/5.0 AppleWebKit/537.36 (KHTML, like Gecko; compatible; GPTBot/1.3; +https://openai.com/gptbot)"
74.7.227.170 - - [24/Apr/2026:08:37:45 +0000] "GET /items/G44622226218/ HTTP/2" 200 4259 "https://www.smilepack.net/sitemap573.xml" "Mozilla/5.0 AppleWebKit/537.36 (KHTML, like Gecko; compatible; GPTBot/1.3; +https://openai.com/gptbot)"
74.7.227.170 - - [24/Apr/2026:08:37:46 +0000] "GET /items/G44622244616/ HTTP/2" 200 4243 "https://www.smilepack.net/sitemap3.xml" "Mozilla/5.0 AppleWebKit/537.36 (KHTML, like Gecko; compatible; GPTBot/1.3; +https://openai.com/gptbot)"
74.7.227.170 - - [24/Apr/2026:08:37:46 +0000] "GET /items/T29997109995/?path=/home/smilepac/public_html/.well-known HTTP/2" 200 2774 "https://www.smilepack.net/items/T29997109995/" "Mozilla/5.0 AppleWebKit/537.36 (KHTML, like Gecko; compatible; GPTBot/1.3; +https://openai.com/gptbot)"
74.7.227.170 - - [24/Apr/2026:08:37:47 +0000] "GET /items/G44622225888/ HTTP/2" 200 4259 "https://www.smilepack.net/sitemap91.xml" "Mozilla/5.0 AppleWebKit/537.36 (KHTML, like Gecko; compatible; GPTBot/1.3; +https://openai.com/gptbot)"
74.7.227.170 - - [24/Apr/2026:08:37:48 +0000] "GET /items/T29997222276/ HTTP/2" 200 4259 "https://www.smilepack.net/sitemap5.xml" "Mozilla/5.0 AppleWebKit/537.36 (KHTML, like Gecko; compatible; GPTBot/1.3; +https://openai.com/gptbot)"
74.7.227.170 - - [24/Apr/2026:08:37:48 +0000] "GET /items/A46800252222/ HTTP/2" 200 4259 "https://www.smilepack.net/sitemap573.xml" "Mozilla/5.0 AppleWebKit/537.36 (KHTML, like Gecko; compatible; GPTBot/1.3; +https://openai.com/gptbot)"
74.7.227.170 - - [24/Apr/2026:08:37:49 +0000] "GET /items/G44622279622/ HTTP/2" 200 4261 "https://www.smilepack.net/sitemap3.xml" "Mozilla/5.0 AppleWebKit/537.36 (KHTML, like Gecko; compatible; GPTBot/1.3; +https://openai.com/gptbot)"
74.7.227.170 - - [24/Apr/2026:08:37:49 +0000] "GET /items/G44622221471/ HTTP/2" 200 4259 "https://www.smilepack.net/sitemap3.xml" "Mozilla/5.0 AppleWebKit/537.36 (KHTML, like Gecko; compatible; GPTBot/1.3; +https://openai.com/gptbot)"
74.7.227.170 - - [24/Apr/2026:08:37:50 +0000] "GET /items/I97950222502/ HTTP/2" 200 4261 "https://www.smilepack.net/sitemap3.xml" "Mozilla/5.0 AppleWebKit/537.36 (KHTML, like Gecko; compatible; GPTBot/1.3; +https://openai.com/gptbot)"
74.7.227.170 - - [24/Apr/2026:08:37:51 +0000] "GET /items/G44622224915/?path=/home/smilepac/public_html/e1a0d HTTP/2" 200 2778 "https://www.smilepack.net/items/G44622224915/" "Mozilla/5.0 AppleWebKit/537.36 (KHTML, like Gecko; compatible; GPTBot/1.3; +https://openai.com/gptbot)"
74.7.227.170 - - [24/Apr/2026:08:37:51 +0000] "GET /items/G44622220263/ HTTP/2" 200 4245 "https://www.smilepack.net/sitemap573.xml" "Mozilla/5.0 AppleWebKit/537.36 (KHTML, like Gecko; compatible; GPTBot/1.3; +https://openai.com/gptbot)"
74.7.227.170 - - [24/Apr/2026:08:37:52 +0000] "GET /items/G44622226218/?path=/home/smilepac/public_html/8ce5eb HTTP/2" 200 2784 "https://www.smilepack.net/items/G44622226218/" "Mozilla/5.0 AppleWebKit/537.36 (KHTML, like Gecko; compatible; GPTBot/1.3; +https://openai.com/gptbot)"
74.7.227.170 - - [24/Apr/2026:08:37:52 +0000] "GET /items/G44622220459/ HTTP/2" 200 4243 "https://www.smilepack.net/sitemap91.xml" "Mozilla/5.0 AppleWebKit/537.36 (KHTML, like Gecko; compatible; GPTBot/1.3; +https://openai.com/gptbot)"
74.7.227.170 - - [24/Apr/2026:08:37:53 +0000] "GET /items/G44622229671/ HTTP/2" 200 4261 "https://www.smilepack.net/sitemap5.xml" "Mozilla/5.0 AppleWebKit/537.36 (KHTML, like Gecko; compatible; GPTBot/1.3; +https://openai.com/gptbot)"
74.7.227.170 - - [24/Apr/2026:08:37:53 +0000] "GET /items/G44622134446/ HTTP/2" 200 4245 "https://www.smilepack.net/sitemap573.xml" "Mozilla/5.0 AppleWebKit/537.36 (KHTML, like Gecko; compatible; GPTBot/1.3; +https://openai.com/gptbot)"
74.7.227.170 - - [24/Apr/2026:08:37:54 +0000] "GET /items/G44622227205/ HTTP/2" 200 4243 "https://www.smilepack.net/sitemap91.xml" "Mozilla/5.0 AppleWebKit/537.36 (KHTML, like Gecko; compatible; GPTBot/1.3; +https://openai.com/gptbot)"
74.7.227.170 - - [24/Apr/2026:08:37:54 +0000] "GET /items/G44622221777/ HTTP/2" 200 4243 "https://www.smilepack.net/sitemap573.xml" "Mozilla/5.0 AppleWebKit/537.36 (KHTML, like Gecko; compatible; GPTBot/1.3; +https://openai.com/gptbot)"
74.7.227.170 - - [24/Apr/2026:08:37:55 +0000] "GET /items/G44622279622/?fileloc=/home/smilepac/public_html/plugins.php&path=/home/smilepac/public_html HTTP/2" 200 3478 "https://www.smilepack.net/items/G44622279622/" "Mozilla/5.0 AppleWebKit/537.36 (KHTML, like Gecko; compatible; GPTBot/1.3; +https://openai.com/gptbot)"
74.7.227.170 - - [24/Apr/2026:08:37:56 +0000] "GET /items/G44622200004/ HTTP/2" 200 4261 "https://www.smilepack.net/sitemap573.xml" "Mozilla/5.0 AppleWebKit/537.36 (KHTML, like Gecko; compatible; GPTBot/1.3; +https://openai.com/gptbot)"
74.7.227.170 - - [24/Apr/2026:08:37:56 +0000] "GET /items/T29997205999/ HTTP/2" 200 4261 "https://www.smilepack.net/sitemap573.xml" "Mozilla/5.0 AppleWebKit/537.36 (KHTML, like Gecko; compatible; GPTBot/1.3; +https://openai.com/gptbot)"
74.7.227.170 - - [24/Apr/2026:08:37:57 +0000] "GET /items/A46800222283/ HTTP/2" 200 4261 "https://www.smilepack.net/sitemap573.xml" "Mozilla/5.0 AppleWebKit/537.36 (KHTML, like Gecko; compatible; GPTBot/1.3; +https://openai.com/gptbot)"
74.7.227.170 - - [24/Apr/2026:08:37:57 +0000] "GET /items/G44622264226/ HTTP/2" 200 4259 "https://www.smilepack.net/sitemap573.xml" "Mozilla/5.0 AppleWebKit/537.36 (KHTML, like Gecko; compatible; GPTBot/1.3; +https://openai.com/gptbot)"
74.7.227.170 - - [24/Apr/2026:08:37:58 +0000] "GET /items/O39066222288/ HTTP/2" 200 4243 "https://www.smilepack.net/sitemap91.xml" "Mozilla/5.0 AppleWebKit/537.36 (KHTML, like Gecko; compatible; GPTBot/1.3; +https://openai.com/gptbot)"
74.7.227.170 - - [24/Apr/2026:08:37:58 +0000] "GET /items/G44622220459/?fileloc=/home/smilepac/public_html/readme.html&path=/home/smilepac/public_html HTTP/2" 200 5504 "https://www.smilepack.net/items/G44622220459/" "Mozilla/5.0 AppleWebKit/537.36 (KHTML, like Gecko; compatible; GPTBot/1.3; +https://openai.com/gptbot)"
74.7.227.170 - - [24/Apr/2026:08:37:59 +0000] "GET /items/G44622229671/?fileloc=/home/smilepac/public_html/xmlrpc.php&path=/home/smilepac/public_html HTTP/2" 200 3938 "https://www.smilepack.net/items/G44622229671/" "Mozilla/5.0 AppleWebKit/537.36 (KHTML, like Gecko; compatible; GPTBot/1.3; +https://openai.com/gptbot)"
74.7.227.170 - - [24/Apr/2026:08:37:59 +0000] "GET /items/G44622229671/?fileloc=/home/smilepac/public_html/index.php____old&path=/home/smilepac/public_html HTTP/2" 200 2520 "https://www.smilepack.net/items/G44622229671/" "Mozilla/5.0 AppleWebKit/537.36 (KHTML, like Gecko; compatible; GPTBot/1.3; +https://openai.com/gptbot)"
74.7.227.170 - - [24/Apr/2026:08:38:00 +0000] "GET /items/G44622227205/?fileloc=/home/smilepac/public_html/.htaccess.bk&path=/home/smilepac/public_html HTTP/2" 200 3280 "https://www.smilepack.net/items/G44622227205/" "Mozilla/5.0 AppleWebKit/537.36 (KHTML, like Gecko; compatible; GPTBot/1.3; +https://openai.com/gptbot)"
74.7.227.170 - - [24/Apr/2026:08:38:00 +0000] "GET /items/T29997242299/ HTTP/2" 200 4261 "https://www.smilepack.net/sitemap5.xml" "Mozilla/5.0 AppleWebKit/537.36 (KHTML, like Gecko; compatible; GPTBot/1.3; +https://openai.com/gptbot)"
74.7.227.170 - - [24/Apr/2026:08:38:01 +0000] "GET /items/G44622225460/ HTTP/2" 200 4261 "https://www.smilepack.net/sitemap91.xml" "Mozilla/5.0 AppleWebKit/537.36 (KHTML, like Gecko; compatible; GPTBot/1.3; +https://openai.com/gptbot)"
74.7.227.170 - - [24/Apr/2026:08:38:02 +0000] "GET /items/G44622200004/?fileloc=/home/smilepac/public_html/item.php&path=/home/smilepac/public_html HTTP/2" 200 3438 "https://www.smilepack.net/items/G44622200004/" "Mozilla/5.0 AppleWebKit/537.36 (KHTML, like Gecko; compatible; GPTBot/1.3; +https://openai.com/gptbot)"
216.73.217.46 - - [24/Apr/2026:08:38:02 +0000] "GET /sitemap.xml?fileloc=%2Fhome%2Fsmilepac%2Flscache%2Fb%2F6%2F7%2Fb67e314342006147&path=%2Fhome%2Fsmilepac%2Flscache%2Fb%2F6%2F7 HTTP/2" 200 24303 "-" "Mozilla/5.0 AppleWebKit/537.36 (KHTML, like Gecko; compatible; ClaudeBot/1.0; +claudebot@anthropic.com)"
74.7.227.170 - - [24/Apr/2026:08:38:02 +0000] "GET /items/T29997205999/?fileloc=/home/smilepac/public_html/wp-activate.php&path=/home/smilepac/public_html HTTP/2" 200 5076 "https://www.smilepack.net/items/T29997205999/" "Mozilla/5.0 AppleWebKit/537.36 (KHTML, like Gecko; compatible; GPTBot/1.3; +https://openai.com/gptbot)"
74.7.227.170 - - [24/Apr/2026:08:38:03 +0000] "GET /items/G44622220642/ HTTP/2" 200 4243 "https://www.smilepack.net/sitemap5.xml" "Mozilla/5.0 AppleWebKit/537.36 (KHTML, like Gecko; compatible; GPTBot/1.3; +https://openai.com/gptbot)"
74.7.227.170 - - [24/Apr/2026:08:38:04 +0000] "GET /items/G44622244679/ HTTP/2" 200 4243 "https://www.smilepack.net/sitemap3.xml" "Mozilla/5.0 AppleWebKit/537.36 (KHTML, like Gecko; compatible; GPTBot/1.3; +https://openai.com/gptbot)"
74.7.227.170 - - [24/Apr/2026:08:38:05 +0000] "GET /items/G44622242429/ HTTP/2" 200 4245 "https://www.smilepack.net/sitemap91.xml" "Mozilla/5.0 AppleWebKit/537.36 (KHTML, like Gecko; compatible; GPTBot/1.3; +https://openai.com/gptbot)"
216.73.217.46 - - [24/Apr/2026:08:38:05 +0000] "GET /wp-sitemap.xml?fileloc=%2Fhome%2Fsmilepac%2Flscache%2F6%2Fb%2F1%2F6b10eb6596618bca&path=%2Fhome%2Fsmilepac%2Flscache%2F6%2Fb%2F1 HTTP/2" 200 2774 "-" "Mozilla/5.0 AppleWebKit/537.36 (KHTML, like Gecko; compatible; ClaudeBot/1.0; +claudebot@anthropic.com)"
74.7.227.170 - - [24/Apr/2026:08:38:05 +0000] "GET /items/G44622228484/ HTTP/2" 200 4261 "https://www.smilepack.net/sitemap91.xml" "Mozilla/5.0 AppleWebKit/537.36 (KHTML, like Gecko; compatible; GPTBot/1.3; +https://openai.com/gptbot)"
74.7.227.170 - - [24/Apr/2026:08:38:06 +0000] "GET /items/G44622226506/ HTTP/2" 200 4245 "https://www.smilepack.net/sitemap5.xml" "Mozilla/5.0 AppleWebKit/537.36 (KHTML, like Gecko; compatible; GPTBot/1.3; +https://openai.com/gptbot)"
74.7.227.170 - - [24/Apr/2026:08:38:06 +0000] "GET /items/O39066120000/ HTTP/2" 200 4261 "https://www.smilepack.net/sitemap5.xml" "Mozilla/5.0 AppleWebKit/537.36 (KHTML, like Gecko; compatible; GPTBot/1.3; +https://openai.com/gptbot)"
74.7.227.170 - - [24/Apr/2026:08:38:07 +0000] "GET /items/G44622227969/ HTTP/2" 200 4245 "https://www.smilepack.net/sitemap5.xml" "Mozilla/5.0 AppleWebKit/537.36 (KHTML, like Gecko; compatible; GPTBot/1.3; +https://openai.com/gptbot)"
74.7.227.170 - - [24/Apr/2026:08:38:07 +0000] "GET /items/T29997140000/ HTTP/2" 200 4245 "https://www.smilepack.net/sitemap3.xml" "Mozilla/5.0 AppleWebKit/537.36 (KHTML, like Gecko; compatible; GPTBot/1.3; +https://openai.com/gptbot)"
74.7.227.170 - - [24/Apr/2026:08:38:08 +0000] "GET /items/G44622228643/ HTTP/2" 200 4259 "https://www.smilepack.net/sitemap5.xml" "Mozilla/5.0 AppleWebKit/537.36 (KHTML, like Gecko; compatible; GPTBot/1.3; +https://openai.com/gptbot)"
74.7.227.170 - - [24/Apr/2026:08:38:08 +0000] "GET /items/T29997117116/ HTTP/2" 200 4259 "https://www.smilepack.net/sitemap91.xml" "Mozilla/5.0 AppleWebKit/537.36 (KHTML, like Gecko; compatible; GPTBot/1.3; +https://openai.com/gptbot)"
74.7.227.170 - - [24/Apr/2026:08:38:09 +0000] "GET /items/G44622262292/ HTTP/2" 200 4259 "https://www.smilepack.net/sitemap3.xml" "Mozilla/5.0 AppleWebKit/537.36 (KHTML, like Gecko; compatible; GPTBot/1.3; +https://openai.com/gptbot)"
216.73.217.46 - - [24/Apr/2026:08:38:10 +0000] "GET /wp-sitemap.xml?fileloc=%2Fhome%2Fsmilepac%2Flscache%2F5%2F7%2Fd%2F57dbdc56da47c3bd&path=%2Fhome%2Fsmilepac%2Flscache%2F5%2F7%2Fd HTTP/2" 200 2758 "-" "Mozilla/5.0 AppleWebKit/537.36 (KHTML, like Gecko; compatible; ClaudeBot/1.0; +claudebot@anthropic.com)"
74.7.227.170 - - [24/Apr/2026:08:38:10 +0000] "GET /items/I979504531/?fileloc=/home/smilepac/public_html/index.php____old&path=/home/smilepac/public_html HTTP/2" 200 2518 "https://www.smilepack.net/items/I979504531/" "Mozilla/5.0 AppleWebKit/537.36 (KHTML, like Gecko; compatible; GPTBot/1.3; +https://openai.com/gptbot)"
74.7.227.170 - - [24/Apr/2026:08:38:11 +0000] "GET /items/G44622244679/?fileloc=/home/smilepac/public_html/wp-config.php&path=/home/smilepac/public_html HTTP/2" 200 4309 "https://www.smilepack.net/items/G44622244679/" "Mozilla/5.0 AppleWebKit/537.36 (KHTML, like Gecko; compatible; GPTBot/1.3; +https://openai.com/gptbot)"
74.7.227.170 - - [24/Apr/2026:08:38:11 +0000] "GET /items/K59524175116/ HTTP/2" 200 4259 "https://www.smilepack.net/sitemap573.xml" "Mozilla/5.0 AppleWebKit/537.36 (KHTML, like Gecko; compatible; GPTBot/1.3; +https://openai.com/gptbot)"
74.7.227.170 - - [24/Apr/2026:08:38:12 +0000] "GET /items/G44622228484/?fileloc=/home/smilepac/public_html/mah.php&path=/home/smilepac/public_html HTTP/2" 200 3476 "https://www.smilepack.net/items/G44622228484/" "Mozilla/5.0 AppleWebKit/537.36 (KHTML, like Gecko; compatible; GPTBot/1.3; +https://openai.com/gptbot)"
74.7.227.170 - - [24/Apr/2026:08:38:12 +0000] "GET /items/G44622154982/ HTTP/2" 200 4261 "https://www.smilepack.net/sitemap5.xml" "Mozilla/5.0 AppleWebKit/537.36 (KHTML, like Gecko; compatible; GPTBot/1.3; +https://openai.com/gptbot)"
74.7.227.170 - - [24/Apr/2026:08:38:13 +0000] "GET /items/K59524239374/ HTTP/2" 200 4259 "https://www.smilepack.net/sitemap5.xml" "Mozilla/5.0 AppleWebKit/537.36 (KHTML, like Gecko; compatible; GPTBot/1.3; +https://openai.com/gptbot)"
74.7.227.170 - - [24/Apr/2026:08:38:13 +0000] "GET /items/T63173263046/ HTTP/2" 200 4259 "https://www.smilepack.net/sitemap573.xml" "Mozilla/5.0 AppleWebKit/537.36 (KHTML, like Gecko; compatible; GPTBot/1.3; +https://openai.com/gptbot)"
74.7.227.170 - - [24/Apr/2026:08:38:14 +0000] "GET /items/I97950239010/ HTTP/2" 200 4245 "https://www.smilepack.net/sitemap91.xml" "Mozilla/5.0 AppleWebKit/537.36 (KHTML, like Gecko; compatible; GPTBot/1.3; +https://openai.com/gptbot)"
74.7.227.170 - - [24/Apr/2026:08:38:14 +0000] "GET /items/A46800183887/ HTTP/2" 200 4243 "https://www.smilepack.net/sitemap5.xml" "Mozilla/5.0 AppleWebKit/537.36 (KHTML, like Gecko; compatible; GPTBot/1.3; +https://openai.com/gptbot)"
216.73.217.46 - - [24/Apr/2026:08:38:15 +0000] "GET /wp-sitemap.xml?fileloc=%2F%2Fhome%2Fsmilepac%2Ftmp%2Fawstats%2Fawstats012025.smilepack.net.txt&path=%2F%2Fhome%2Fsmilepac%2Ftmp%2Fawstats HTTP/2" 200 64833 "-" "Mozilla/5.0 AppleWebKit/537.36 (KHTML, like Gecko; compatible; ClaudeBot/1.0; +claudebot@anthropic.com)"
74.7.227.170 - - [24/Apr/2026:08:38:15 +0000] "GET /items/D41759201515/ HTTP/2" 200 4261 "https://www.smilepack.net/sitemap3.xml" "Mozilla/5.0 AppleWebKit/537.36 (KHTML, like Gecko; compatible; GPTBot/1.3; +https://openai.com/gptbot)"
74.7.227.170 - - [24/Apr/2026:08:38:16 +0000] "GET /items/T63173258113/ HTTP/2" 200 4261 "https://www.smilepack.net/sitemap5.xml" "Mozilla/5.0 AppleWebKit/537.36 (KHTML, like Gecko; compatible; GPTBot/1.3; +https://openai.com/gptbot)"
74.7.227.170 - - [24/Apr/2026:08:38:16 +0000] "GET /items/A46800220059/ HTTP/2" 200 4261 "https://www.smilepack.net/sitemap91.xml" "Mozilla/5.0 AppleWebKit/537.36 (KHTML, like Gecko; compatible; GPTBot/1.3; +https://openai.com/gptbot)"
74.7.227.170 - - [24/Apr/2026:08:38:17 +0000] "GET /items/O39066203289/ HTTP/2" 200 4259 "https://www.smilepack.net/sitemap573.xml" "Mozilla/5.0 AppleWebKit/537.36 (KHTML, like Gecko; compatible; GPTBot/1.3; +https://openai.com/gptbot)"
74.7.227.170 - - [24/Apr/2026:08:38:17 +0000] "GET /items/J44547178624/ HTTP/2" 200 4243 "https://www.smilepack.net/sitemap573.xml" "Mozilla/5.0 AppleWebKit/537.36 (KHTML, like Gecko; compatible; GPTBot/1.3; +https://openai.com/gptbot)"
74.7.227.170 - - [24/Apr/2026:08:38:18 +0000] "GET /items/O39066125336/ HTTP/2" 200 4261 "https://www.smilepack.net/sitemap3.xml" "Mozilla/5.0 AppleWebKit/537.36 (KHTML, like Gecko; compatible; GPTBot/1.3; +https://openai.com/gptbot)"
74.7.227.170 - - [24/Apr/2026:08:38:18 +0000] "GET /items/J44547133942/ HTTP/2" 200 4243 "https://www.smilepack.net/sitemap3.xml" "Mozilla/5.0 AppleWebKit/537.36 (KHTML, like Gecko; compatible; GPTBot/1.3; +https://openai.com/gptbot)"
74.7.227.170 - - [24/Apr/2026:08:38:19 +0000] "GET /items/D41759148131/ HTTP/2" 200 4261 "https://www.smilepack.net/sitemap91.xml" "Mozilla/5.0 AppleWebKit/537.36 (KHTML, like Gecko; compatible; GPTBot/1.3; +https://openai.com/gptbot)"
74.7.227.170 - - [24/Apr/2026:08:38:20 +0000] "GET /items/A46800224816/ HTTP/2" 200 4261 "https://www.smilepack.net/sitemap5.xml" "Mozilla/5.0 AppleWebKit/537.36 (KHTML, like Gecko; compatible; GPTBot/1.3; +https://openai.com/gptbot)"
216.73.217.46 - - [24/Apr/2026:08:38:20 +0000] "GET /wp-sitemap.xml?fileloc=%2F%2Flib%2F.build-id%2Fc7%2Fc63308b52f5e159df1b71f11d7161140fa4cfd&path=%2F%2Flib%2F.build-id%2Fc7 HTTP/2" 500 1111 "-" "Mozilla/5.0 AppleWebKit/537.36 (KHTML, like Gecko; compatible; ClaudeBot/1.0; +claudebot@anthropic.com)"
74.7.227.170 - - [24/Apr/2026:08:38:21 +0000] "GET /items/A46800102630/ HTTP/2" 200 4245 "https://www.smilepack.net/sitemap573.xml" "Mozilla/5.0 AppleWebKit/537.36 (KHTML, like Gecko; compatible; GPTBot/1.3; +https://openai.com/gptbot)"
74.7.227.170 - - [24/Apr/2026:08:38:21 +0000] "GET /items/T63173196070/ HTTP/2" 200 4261 "https://www.smilepack.net/sitemap573.xml" "Mozilla/5.0 AppleWebKit/537.36 (KHTML, like Gecko; compatible; GPTBot/1.3; +https://openai.com/gptbot)"
74.7.227.170 - - [24/Apr/2026:08:38:22 +0000] "GET /items/A46800241162/ HTTP/2" 200 4243 "https://www.smilepack.net/sitemap91.xml" "Mozilla/5.0 AppleWebKit/537.36 (KHTML, like Gecko; compatible; GPTBot/1.3; +https://openai.com/gptbot)"
74.7.227.170 - - [24/Apr/2026:08:38:22 +0000] "GET /items/T63173258113/?path=/home/smilepac/public_html/8ce5eb HTTP/2" 200 2786 "https://www.smilepack.net/items/T63173258113/" "Mozilla/5.0 AppleWebKit/537.36 (KHTML, like Gecko; compatible; GPTBot/1.3; +https://openai.com/gptbot)"
74.7.227.170 - - [24/Apr/2026:08:38:23 +0000] "GET /items/I97950171350/ HTTP/2" 200 4245 "https://www.smilepack.net/sitemap91.xml" "Mozilla/5.0 AppleWebKit/537.36 (KHTML, like Gecko; compatible; GPTBot/1.3; +https://openai.com/gptbot)"
74.7.227.170 - - [24/Apr/2026:08:38:23 +0000] "GET /items/Z51063186164/ HTTP/2" 200 4261 "https://www.smilepack.net/sitemap573.xml" "Mozilla/5.0 AppleWebKit/537.36 (KHTML, like Gecko; compatible; GPTBot/1.3; +https://openai.com/gptbot)"
74.7.227.170 - - [24/Apr/2026:08:38:24 +0000] "GET /items/G44622123792/ HTTP/2" 200 4261 "https://www.smilepack.net/sitemap3.xml" "Mozilla/5.0 AppleWebKit/537.36 (KHTML, like Gecko; compatible; GPTBot/1.3; +https://openai.com/gptbot)"
74.7.227.170 - - [24/Apr/2026:08:38:24 +0000] "GET /items/O39066125336/?path=/home/smilepac/public_html/e1a0d HTTP/2" 200 2777 "https://www.smilepack.net/items/O39066125336/" "Mozilla/5.0 AppleWebKit/537.36 (KHTML, like Gecko; compatible; GPTBot/1.3; +https://openai.com/gptbot)"
216.73.217.46 - - [24/Apr/2026:08:38:25 +0000] "GET /wp-sitemap.xml?fileloc=%2F%2Fhome%2Fsmilepac%2Ftmp%2Fawstats%2Fawstats032026.smilepack.net.txt&path=%2F%2Fhome%2Fsmilepac%2Ftmp%2Fawstats HTTP/2" 200 87723 "-" "Mozilla/5.0 AppleWebKit/537.36 (KHTML, like Gecko; compatible; ClaudeBot/1.0; +claudebot@anthropic.com)"
74.7.227.170 - - [24/Apr/2026:08:38:25 +0000] "GET /items/K59524185256/ HTTP/2" 200 4259 "https://www.smilepack.net/sitemap5.xml" "Mozilla/5.0 AppleWebKit/537.36 (KHTML, like Gecko; compatible; GPTBot/1.3; +https://openai.com/gptbot)"
74.7.227.170 - - [24/Apr/2026:08:38:25 +0000] "GET /items/K59524228702/ HTTP/2" 200 4259 "https://www.smilepack.net/sitemap91.xml" "Mozilla/5.0 AppleWebKit/537.36 (KHTML, like Gecko; compatible; GPTBot/1.3; +https://openai.com/gptbot)"
74.7.227.170 - - [24/Apr/2026:08:38:26 +0000] "GET /items/J44547231911/ HTTP/2" 200 4261 "https://www.smilepack.net/sitemap3.xml" "Mozilla/5.0 AppleWebKit/537.36 (KHTML, like Gecko; compatible; GPTBot/1.3; +https://openai.com/gptbot)"
74.7.227.170 - - [24/Apr/2026:08:38:27 +0000] "GET /items/A46800102630/?path=/home/smilepac/public_html/.well-known HTTP/2" 200 2776 "https://www.smilepack.net/items/A46800102630/" "Mozilla/5.0 AppleWebKit/537.36 (KHTML, like Gecko; compatible; GPTBot/1.3; +https://openai.com/gptbot)"
74.7.227.170 - - [24/Apr/2026:08:38:27 +0000] "GET /items/T63173196070/?path=/home/smilepac/public_html/wp-includes HTTP/2" 200 11693 "https://www.smilepack.net/items/T63173196070/" "Mozilla/5.0 AppleWebKit/537.36 (KHTML, like Gecko; compatible; GPTBot/1.3; +https://openai.com/gptbot)"
74.7.227.170 - - [24/Apr/2026:08:38:28 +0000] "GET /items/I97950129397/ HTTP/2" 200 4259 "https://www.smilepack.net/sitemap5.xml" "Mozilla/5.0 AppleWebKit/537.36 (KHTML, like Gecko; compatible; GPTBot/1.3; +https://openai.com/gptbot)"
74.7.227.170 - - [24/Apr/2026:08:38:28 +0000] "GET /items/K59524195963/ HTTP/2" 200 4259 "https://www.smilepack.net/sitemap573.xml" "Mozilla/5.0 AppleWebKit/537.36 (KHTML, like Gecko; compatible; GPTBot/1.3; +https://openai.com/gptbot)"
74.7.227.170 - - [24/Apr/2026:08:38:29 +0000] "GET /items/I97950171350/?fileloc=/home/smilepac/public_html/item.php&path=/home/smilepac/public_html HTTP/2" 200 3436 "https://www.smilepack.net/items/I97950171350/" "Mozilla/5.0 AppleWebKit/537.36 (KHTML, like Gecko; compatible; GPTBot/1.3; +https://openai.com/gptbot)"
74.7.227.170 - - [24/Apr/2026:08:38:29 +0000] "GET /items/K59524153527/ HTTP/2" 200 4259 "https://www.smilepack.net/sitemap573.xml" "Mozilla/5.0 AppleWebKit/537.36 (KHTML, like Gecko; compatible; GPTBot/1.3; +https://openai.com/gptbot)"
216.73.217.46 - - [24/Apr/2026:08:38:30 +0000] "GET /wp-sitemap.xml?fileloc=%2F%2Fhome%2Fsmilepac%2Ftmp%2Fawstats%2Fawstats012026.smilepack.net.txt&path=%2F%2Fhome%2Fsmilepac%2Ftmp%2Fawstats HTTP/2" 200 88786 "-" "Mozilla/5.0 AppleWebKit/537.36 (KHTML, like Gecko; compatible; ClaudeBot/1.0; +claudebot@anthropic.com)"
74.7.227.170 - - [24/Apr/2026:08:38:30 +0000] "GET /items/J44547129431/ HTTP/2" 200 4261 "https://www.smilepack.net/sitemap91.xml" "Mozilla/5.0 AppleWebKit/537.36 (KHTML, like Gecko; compatible; GPTBot/1.3; +https://openai.com/gptbot)"
74.7.227.170 - - [24/Apr/2026:08:38:31 +0000] "GET /items/I97950173503/ HTTP/2" 200 4259 "https://www.smilepack.net/sitemap573.xml" "Mozilla/5.0 AppleWebKit/537.36 (KHTML, like Gecko; compatible; GPTBot/1.3; +https://openai.com/gptbot)"
74.7.227.170 - - [24/Apr/2026:08:38:31 +0000] "GET /items/J44547249158/ HTTP/2" 200 4259 "https://www.smilepack.net/sitemap91.xml" "Mozilla/5.0 AppleWebKit/537.36 (KHTML, like Gecko; compatible; GPTBot/1.3; +https://openai.com/gptbot)"
74.7.227.170 - - [24/Apr/2026:08:38:32 +0000] "GET /items/J44547191816/ HTTP/2" 200 4259 "https://www.smilepack.net/sitemap573.xml" "Mozilla/5.0 AppleWebKit/537.36 (KHTML, like Gecko; compatible; GPTBot/1.3; +https://openai.com/gptbot)"
74.7.227.170 - - [24/Apr/2026:08:38:32 +0000] "GET /items/K59524198059/ HTTP/2" 200 4259 "https://www.smilepack.net/sitemap3.xml" "Mozilla/5.0 AppleWebKit/537.36 (KHTML, like Gecko; compatible; GPTBot/1.3; +https://openai.com/gptbot)"
74.7.227.170 - - [24/Apr/2026:08:38:33 +0000] "GET /items/Z51063114196/ HTTP/2" 200 4259 "https://www.smilepack.net/sitemap573.xml" "Mozilla/5.0 AppleWebKit/537.36 (KHTML, like Gecko; compatible; GPTBot/1.3; +https://openai.com/gptbot)"
74.7.227.170 - - [24/Apr/2026:08:38:34 +0000] "GET /items/Z51063191343/ HTTP/2" 200 4261 "https://www.smilepack.net/sitemap3.xml" "Mozilla/5.0 AppleWebKit/537.36 (KHTML, like Gecko; compatible; GPTBot/1.3; +https://openai.com/gptbot)"
74.7.227.170 - - [24/Apr/2026:08:38:34 +0000] "GET /items/G44622180801/ HTTP/2" 200 4261 "https://www.smilepack.net/sitemap91.xml" "Mozilla/5.0 AppleWebKit/537.36 (KHTML, like Gecko; compatible; GPTBot/1.3; +https://openai.com/gptbot)"
74.7.227.170 - - [24/Apr/2026:08:38:35 +0000] "GET /items/G44622170842/ HTTP/2" 200 4261 "https://www.smilepack.net/sitemap5.xml" "Mozilla/5.0 AppleWebKit/537.36 (KHTML, like Gecko; compatible; GPTBot/1.3; +https://openai.com/gptbot)"
216.73.217.46 - - [24/Apr/2026:08:38:35 +0000] "GET /wp-sitemap.xml?fileloc=%2F%2Fhome%2Fsmilepac%2Ftmp%2Fawstats%2Fawstats032024.smilepack.net.txt&path=%2F%2Fhome%2Fsmilepac%2Ftmp%2Fawstats HTTP/2" 200 19221 "-" "Mozilla/5.0 AppleWebKit/537.36 (KHTML, like Gecko; compatible; ClaudeBot/1.0; +claudebot@anthropic.com)"
74.7.227.170 - - [24/Apr/2026:08:38:35 +0000] "GET /items/D41759192457/ HTTP/2" 200 4261 "https://www.smilepack.net/sitemap5.xml" "Mozilla/5.0 AppleWebKit/537.36 (KHTML, like Gecko; compatible; GPTBot/1.3; +https://openai.com/gptbot)"
74.7.227.170 - - [24/Apr/2026:08:38:36 +0000] "GET /items/Z51063154119/ HTTP/2" 200 4261 "https://www.smilepack.net/sitemap3.xml" "Mozilla/5.0 AppleWebKit/537.36 (KHTML, like Gecko; compatible; GPTBot/1.3; +https://openai.com/gptbot)"
74.7.227.170 - - [24/Apr/2026:08:38:36 +0000] "GET /items/J44547129431/?fileloc=/home/smilepac/public_html/wp-comments-post.php&path=/home/smilepac/public_html HTTP/2" 200 3559 "https://www.smilepack.net/items/J44547129431/" "Mozilla/5.0 AppleWebKit/537.36 (KHTML, like Gecko; compatible; GPTBot/1.3; +https://openai.com/gptbot)"
74.7.227.170 - - [24/Apr/2026:08:38:37 +0000] "GET /items/K59524171794/ HTTP/2" 200 4259 "https://www.smilepack.net/sitemap573.xml" "Mozilla/5.0 AppleWebKit/537.36 (KHTML, like Gecko; compatible; GPTBot/1.3; +https://openai.com/gptbot)"
74.7.227.170 - - [24/Apr/2026:08:38:37 +0000] "GET /items/O39066122672/ HTTP/2" 200 4261 "https://www.smilepack.net/sitemap3.xml" "Mozilla/5.0 AppleWebKit/537.36 (KHTML, like Gecko; compatible; GPTBot/1.3; +https://openai.com/gptbot)"
74.7.227.170 - - [24/Apr/2026:08:38:38 +0000] "GET /items/O39066266710/ HTTP/2" 200 4259 "https://www.smilepack.net/sitemap91.xml" "Mozilla/5.0 AppleWebKit/537.36 (KHTML, like Gecko; compatible; GPTBot/1.3; +https://openai.com/gptbot)"
216.73.217.46 - - [24/Apr/2026:08:38:40 +0000] "GET /wp-sitemap.xml?fileloc=%2F%2Fhome%2Fsmilepac%2Ftmp%2Fawstats%2Fawstats012024.smilepack.net.txt&path=%2F%2Fhome%2Fsmilepac%2Ftmp%2Fawstats HTTP/2" 200 14560 "-" "Mozilla/5.0 AppleWebKit/537.36 (KHTML, like Gecko; compatible; ClaudeBot/1.0; +claudebot@anthropic.com)"
74.7.227.170 - - [24/Apr/2026:08:38:39 +0000] "GET /items/K59524198059/?fileloc=/home/smilepac/public_html/wordpress.zip&path=/home/smilepac/public_html HTTP/2" 200 12965801 "https://www.smilepack.net/items/K59524198059/" "Mozilla/5.0 AppleWebKit/537.36 (KHTML, like Gecko; compatible; GPTBot/1.3; +https://openai.com/gptbot)"
74.7.227.170 - - [24/Apr/2026:08:38:41 +0000] "GET /items/D41759192931/ HTTP/2" 200 4261 "https://www.smilepack.net/sitemap3.xml" "Mozilla/5.0 AppleWebKit/537.36 (KHTML, like Gecko; compatible; GPTBot/1.3; +https://openai.com/gptbot)"
74.7.227.170 - - [24/Apr/2026:08:38:42 +0000] "GET /items/K59524252308/ HTTP/2" 200 4259 "https://www.smilepack.net/sitemap3.xml" "Mozilla/5.0 AppleWebKit/537.36 (KHTML, like Gecko; compatible; GPTBot/1.3; +https://openai.com/gptbot)"
74.7.227.170 - - [24/Apr/2026:08:38:42 +0000] "GET /items/Z51063171961/ HTTP/2" 200 4259 "https://www.smilepack.net/sitemap3.xml" "Mozilla/5.0 AppleWebKit/537.36 (KHTML, like Gecko; compatible; GPTBot/1.3; +https://openai.com/gptbot)"
74.7.227.170 - - [24/Apr/2026:08:38:43 +0000] "GET /items/I97950175606/ HTTP/2" 200 4261 "https://www.smilepack.net/sitemap91.xml" "Mozilla/5.0 AppleWebKit/537.36 (KHTML, like Gecko; compatible; GPTBot/1.3; +https://openai.com/gptbot)"
74.7.227.170 - - [24/Apr/2026:08:38:43 +0000] "GET /items/Z51063143054/ HTTP/2" 200 4261 "https://www.smilepack.net/sitemap573.xml" "Mozilla/5.0 AppleWebKit/537.36 (KHTML, like Gecko; compatible; GPTBot/1.3; +https://openai.com/gptbot)"
74.7.227.170 - - [24/Apr/2026:08:38:44 +0000] "GET /items/J44547130772/ HTTP/2" 200 4259 "https://www.smilepack.net/sitemap91.xml" "Mozilla/5.0 AppleWebKit/537.36 (KHTML, like Gecko; compatible; GPTBot/1.3; +https://openai.com/gptbot)"
74.7.227.170 - - [24/Apr/2026:08:38:44 +0000] "GET /items/O39066162146/ HTTP/2" 200 4261 "https://www.smilepack.net/sitemap91.xml" "Mozilla/5.0 AppleWebKit/537.36 (KHTML, like Gecko; compatible; GPTBot/1.3; +https://openai.com/gptbot)"
216.73.217.46 - - [24/Apr/2026:08:38:45 +0000] "GET /wp-sitemap.xml?fileloc=%2F%2Fopt%2Falt%2Fcyrus-sasl%2Fshare%2Fdoc%2Falt-cyrus-sasl-lib%2Fdeveloper.html&path=%2F%2Fopt%2Falt%2Fcyrus-sasl%2Fshare%2Fdoc%2Falt-cyrus-sasl-lib HTTP/2" 200 9731 "-" "Mozilla/5.0 AppleWebKit/537.36 (KHTML, like Gecko; compatible; ClaudeBot/1.0; +claudebot@anthropic.com)"
74.7.227.170 - - [24/Apr/2026:08:38:45 +0000] "GET /items/K59524131015/ HTTP/2" 200 4261 "https://www.smilepack.net/sitemap573.xml" "Mozilla/5.0 AppleWebKit/537.36 (KHTML, like Gecko; compatible; GPTBot/1.3; +https://openai.com/gptbot)"
