74.7.227.170 - - [24/Apr/2026:07:50:45 +0000] "GET /items/A46800120116/ HTTP/2" 200 4234 "https://www.smilepack.net/sitemap3.xml" "Mozilla/5.0 AppleWebKit/537.36 (KHTML, like Gecko; compatible; GPTBot/1.3; +https://openai.com/gptbot)"
74.7.227.170 - - [24/Apr/2026:07:50:46 +0000] "GET /items/J44547214468/ HTTP/2" 200 4234 "https://www.smilepack.net/sitemap91.xml" "Mozilla/5.0 AppleWebKit/537.36 (KHTML, like Gecko; compatible; GPTBot/1.3; +https://openai.com/gptbot)"
74.7.227.170 - - [24/Apr/2026:07:50:46 +0000] "GET /items/G44622128989/ HTTP/2" 200 4235 "https://www.smilepack.net/sitemap573.xml" "Mozilla/5.0 AppleWebKit/537.36 (KHTML, like Gecko; compatible; GPTBot/1.3; +https://openai.com/gptbot)"
74.7.227.170 - - [24/Apr/2026:07:50:47 +0000] "GET /items/G44622154815/ HTTP/2" 200 4234 "https://www.smilepack.net/sitemap91.xml" "Mozilla/5.0 AppleWebKit/537.36 (KHTML, like Gecko; compatible; GPTBot/1.3; +https://openai.com/gptbot)"
80.97.160.166 - - [24/Apr/2026:07:50:47 +0000] "POST /wp-content/themes/twentytwentyfive/styles/blocks/galleries/index.php HTTP/1.1" 200 3997 "https://smilepack.net/wp-content/themes/twentytwentyfive/styles/blocks/galleries/index.php" "Mozilla/5.0 (Windows NT 10.0; Win64; x64) AppleWebKit/537.36 (KHTML, like Gecko) Chrome/58.0.3029.110 Safari/537.3"
74.7.227.170 - - [24/Apr/2026:07:50:47 +0000] "GET /items/A46800116202/ HTTP/2" 200 4234 "https://www.smilepack.net/sitemap3.xml" "Mozilla/5.0 AppleWebKit/537.36 (KHTML, like Gecko; compatible; GPTBot/1.3; +https://openai.com/gptbot)"
74.7.227.170 - - [24/Apr/2026:07:50:48 +0000] "GET /items/G44622163004/ HTTP/2" 200 4235 "https://www.smilepack.net/sitemap91.xml" "Mozilla/5.0 AppleWebKit/537.36 (KHTML, like Gecko; compatible; GPTBot/1.3; +https://openai.com/gptbot)"
74.7.227.170 - - [24/Apr/2026:07:50:48 +0000] "GET /items/Z51063103507/ HTTP/2" 200 4234 "https://www.smilepack.net/sitemap91.xml" "Mozilla/5.0 AppleWebKit/537.36 (KHTML, like Gecko; compatible; GPTBot/1.3; +https://openai.com/gptbot)"
74.7.227.170 - - [24/Apr/2026:07:50:49 +0000] "GET /items/T63173189767/ HTTP/2" 200 4235 "https://www.smilepack.net/sitemap573.xml" "Mozilla/5.0 AppleWebKit/537.36 (KHTML, like Gecko; compatible; GPTBot/1.3; +https://openai.com/gptbot)"
80.97.160.166 - - [24/Apr/2026:07:50:30 +0000] "POST /wp-content/themes/twentytwentyfive/styles/blocks/galleries/index.php HTTP/1.1" 200 19 "https://smilepack.net/wp-content/themes/twentytwentyfive/styles/blocks/galleries/index.php" "Mozilla/5.0 (Windows NT 10.0; Win64; x64) AppleWebKit/537.36 (KHTML, like Gecko) Chrome/58.0.3029.110 Safari/537.3"
74.7.227.170 - - [24/Apr/2026:07:50:49 +0000] "GET /items/D41759159071/ HTTP/2" 200 4234 "https://www.smilepack.net/sitemap3.xml" "Mozilla/5.0 AppleWebKit/537.36 (KHTML, like Gecko; compatible; GPTBot/1.3; +https://openai.com/gptbot)"
74.7.227.170 - - [24/Apr/2026:07:50:50 +0000] "GET /items/T63173136107/?fileloc=/home/smilepac/public_html/wp-activate.php&path=/home/smilepac/public_html HTTP/2" 200 5078 "https://www.smilepack.net/items/T63173136107/" "Mozilla/5.0 AppleWebKit/537.36 (KHTML, like Gecko; compatible; GPTBot/1.3; +https://openai.com/gptbot)"
74.7.227.170 - - [24/Apr/2026:07:50:51 +0000] "GET /items/T63173136107/?fileloc=/home/smilepac/public_html/click.php&path=/home/smilepac/public_html HTTP/2" 200 3423 "https://www.smilepack.net/items/T63173136107/" "Mozilla/5.0 AppleWebKit/537.36 (KHTML, like Gecko; compatible; GPTBot/1.3; +https://openai.com/gptbot)"
74.7.227.170 - - [24/Apr/2026:07:50:51 +0000] "GET /items/K59524229022/?fileloc=/home/smilepac/public_html/wp-login.php&path=/home/smilepac/public_html HTTP/2" 200 16495 "https://www.smilepack.net/items/K59524229022/" "Mozilla/5.0 AppleWebKit/537.36 (KHTML, like Gecko; compatible; GPTBot/1.3; +https://openai.com/gptbot)"
74.7.227.170 - - [24/Apr/2026:07:50:52 +0000] "GET /items/O39066262911/ HTTP/2" 200 4240 "https://www.smilepack.net/sitemap3.xml" "Mozilla/5.0 AppleWebKit/537.36 (KHTML, like Gecko; compatible; GPTBot/1.3; +https://openai.com/gptbot)"
74.7.227.170 - - [24/Apr/2026:07:50:52 +0000] "GET /items/J44547264745/ HTTP/2" 200 4241 "https://www.smilepack.net/sitemap91.xml" "Mozilla/5.0 AppleWebKit/537.36 (KHTML, like Gecko; compatible; GPTBot/1.3; +https://openai.com/gptbot)"
104.219.215.160 - - [24/Apr/2026:07:50:42 +0000] "GET /wp-content/js08ecb4/edit.php HTTP/1.1" 200 0 "https://smilepack.net/wp-content/js08ecb4/edit.php" "Mozilla/5.0 (Windows NT 10.0; Win64; x64) AppleWebKit/537.36 (KHTML, like Gecko) Chrome/58.0.3029.110 Safari/537.3"
87.250.224.37 - - [24/Apr/2026:07:37:10 +0000] "GET /?z=eiygvzmpbjmwiw3 HTTP/1.1" 200 5224 "-" "Mozilla/5.0 (compatible; YandexBot/3.0; +http://yandex.com/bots)"
66.249.73.97 - - [24/Apr/2026:07:38:20 +0000] "GET /?p=18964584186092 HTTP/1.1" 200 25514 "-" "Mozilla/5.0 (Linux; Android 6.0.1; Nexus 5X Build/MMB29P) AppleWebKit/537.36 (KHTML, like Gecko) Chrome/146.0.7680.177 Mobile Safari/537.36 (compatible; Googlebot/2.1; +http://www.google.com/bot.html)"
101.99.88.90 - - [24/Apr/2026:07:44:45 +0000] "GET /items/Z51063221105/ HTTP/1.1" 200 193108 "-" "Mozilla/5.0 (compatible; Googlebot/2.1; +http://www.google.com/bot.html)"
80.97.160.166 - - [24/Apr/2026:07:49:42 +0000] "POST /wp-includes/js/tinymce/plugins/fullscreen/nextjs/index.php HTTP/1.1" 200 1226 "https://smilepack.net/wp-includes/js/tinymce/plugins/fullscreen/nextjs/index.php" "Mozilla/5.0 (Windows NT 10.0; Win64; x64) AppleWebKit/537.36 (KHTML, like Gecko) Chrome/58.0.3029.110 Safari/537.3"
80.97.160.166 - - [24/Apr/2026:07:49:43 +0000] "GET /wp-includes/js/tinymce/plugins/fullscreen/nextjs/wp-login.php HTTP/1.1" 200 16 "https://smilepack.net/wp-includes/js/tinymce/plugins/fullscreen/nextjs/wp-login.php" "Mozilla/5.0 (Windows NT 10.0; Win64; x64) AppleWebKit/537.36 (KHTML, like Gecko) Chrome/58.0.3029.110 Safari/537.3"
80.97.160.166 - - [24/Apr/2026:07:50:25 +0000] "GET /wp-includes/js/tinymce/plugins/fullscreen/nextjs/index.php HTTP/1.1" 200 194 "https://smilepack.net/wp-includes/js/tinymce/plugins/fullscreen/nextjs/index.php" "Mozilla/5.0 (Windows NT 10.0; Win64; x64) AppleWebKit/537.36 (KHTML, like Gecko) Chrome/58.0.3029.110 Safari/537.3"
80.97.160.166 - - [24/Apr/2026:07:50:27 +0000] "GET /wp-content/themes/twentytwentyfive/styles/blocks/galleries/wp-login.php HTTP/1.1" 200 4216 "https://smilepack.net/wp-content/themes/twentytwentyfive/styles/blocks/galleries/wp-login.php" "Mozilla/5.0 (Windows NT 10.0; Win64; x64) AppleWebKit/537.36 (KHTML, like Gecko) Chrome/58.0.3029.110 Safari/537.3"
80.97.160.166 - - [24/Apr/2026:07:50:27 +0000] "POST /wp-includes/js/tinymce/plugins/fullscreen/nextjs/index.php HTTP/1.1" 200 1159 "https://smilepack.net/wp-includes/js/tinymce/plugins/fullscreen/nextjs/index.php" "Mozilla/5.0 (Windows NT 10.0; Win64; x64) AppleWebKit/537.36 (KHTML, like Gecko) Chrome/58.0.3029.110 Safari/537.3"
80.97.160.166 - - [24/Apr/2026:07:50:42 +0000] "GET /wp-content/themes/twentytwentyfive/styles/blocks/galleries/index.php HTTP/1.1" 200 194 "https://smilepack.net/wp-content/themes/twentytwentyfive/styles/blocks/galleries/index.php" "Mozilla/5.0 (Windows NT 10.0; Win64; x64) AppleWebKit/537.36 (KHTML, like Gecko) Chrome/58.0.3029.110 Safari/537.3"
80.97.160.166 - - [24/Apr/2026:07:50:44 +0000] "POST /wp-content/themes/twentytwentyfive/styles/blocks/galleries/index.php HTTP/1.1" 200 3968 "https://smilepack.net/wp-content/themes/twentytwentyfive/styles/blocks/galleries/index.php" "Mozilla/5.0 (Windows NT 10.0; Win64; x64) AppleWebKit/537.36 (KHTML, like Gecko) Chrome/58.0.3029.110 Safari/537.3"
80.97.160.166 - - [24/Apr/2026:07:50:51 +0000] "GET /wp-content/themes/twentytwentyfive/styles/blocks/galleries/ex.php HTTP/1.1" 200 4234 "https://smilepack.net/wp-content/themes/twentytwentyfive/styles/blocks/galleries/ex.php" "Mozilla/5.0 (Windows NT 10.0; Win64; x64) AppleWebKit/537.36 (KHTML, like Gecko) Chrome/58.0.3029.110 Safari/537.3"
47.82.10.5 - - [24/Apr/2026:07:50:51 +0000] "GET /?path=/home/smilepac/public_html/33c6wp HTTP/1.1" 200 2508 "https://smilepack.net/" "Mozilla/5.0 (X11; Linux x86_64) AppleWebKit/537.36 (KHTML, like Gecko) Chrome/124.0.0.0 Safari/537.36"
47.82.11.217 - - [24/Apr/2026:07:50:56 +0000] "GET /?fileloc=/home/smilepac/public_html/wp-cron.php&path=/home/smilepac/public_html HTTP/1.1" 200 4589 "https://smilepack.net/" "Mozilla/5.0 (Macintosh; Intel Mac OS X 10_15_7) AppleWebKit/537.36 (KHTML, like Gecko) Chrome/135.0.0.0 Safari/537.36"
74.7.227.170 - - [24/Apr/2026:07:50:53 +0000] "GET /items/T63173118662/ HTTP/2" 200 4238 "https://www.smilepack.net/sitemap5.xml" "Mozilla/5.0 AppleWebKit/537.36 (KHTML, like Gecko; compatible; GPTBot/1.3; +https://openai.com/gptbot)"
74.7.227.170 - - [24/Apr/2026:07:50:54 +0000] "GET /items/Z51063199160/ HTTP/2" 200 4268 "https://www.smilepack.net/sitemap573.xml" "Mozilla/5.0 AppleWebKit/537.36 (KHTML, like Gecko; compatible; GPTBot/1.3; +https://openai.com/gptbot)"
74.7.227.170 - - [24/Apr/2026:07:50:54 +0000] "GET /items/K59524191500/ HTTP/2" 200 4266 "https://www.smilepack.net/sitemap3.xml" "Mozilla/5.0 AppleWebKit/537.36 (KHTML, like Gecko; compatible; GPTBot/1.3; +https://openai.com/gptbot)"
74.7.227.170 - - [24/Apr/2026:07:50:55 +0000] "GET /items/K59524232693/ HTTP/2" 200 4266 "https://www.smilepack.net/sitemap573.xml" "Mozilla/5.0 AppleWebKit/537.36 (KHTML, like Gecko; compatible; GPTBot/1.3; +https://openai.com/gptbot)"
80.97.160.166 - - [24/Apr/2026:07:50:55 +0000] "GET /old/wp-includes/SimplePie/src/Cache/i18ns/index.php HTTP/1.1" 200 194 "https://smilepack.net/old/wp-includes/SimplePie/src/Cache/i18ns/index.php" "Mozilla/5.0 (Windows NT 10.0; Win64; x64) AppleWebKit/537.36 (KHTML, like Gecko) Chrome/58.0.3029.110 Safari/537.3"
74.7.227.170 - - [24/Apr/2026:07:50:55 +0000] "GET /items/G44622124752/ HTTP/2" 200 4268 "https://www.smilepack.net/sitemap5.xml" "Mozilla/5.0 AppleWebKit/537.36 (KHTML, like Gecko; compatible; GPTBot/1.3; +https://openai.com/gptbot)"
74.7.227.170 - - [24/Apr/2026:07:50:56 +0000] "GET /items/Z51063113314/ HTTP/2" 200 4268 "https://www.smilepack.net/sitemap5.xml" "Mozilla/5.0 AppleWebKit/537.36 (KHTML, like Gecko; compatible; GPTBot/1.3; +https://openai.com/gptbot)"
74.7.227.170 - - [24/Apr/2026:07:50:56 +0000] "GET /items/K59524142594/ HTTP/2" 200 4266 "https://www.smilepack.net/sitemap573.xml" "Mozilla/5.0 AppleWebKit/537.36 (KHTML, like Gecko; compatible; GPTBot/1.3; +https://openai.com/gptbot)"
74.7.227.170 - - [24/Apr/2026:07:50:57 +0000] "GET /items/O39066169711/ HTTP/2" 200 4297 "https://www.smilepack.net/sitemap91.xml" "Mozilla/5.0 AppleWebKit/537.36 (KHTML, like Gecko; compatible; GPTBot/1.3; +https://openai.com/gptbot)"
80.97.160.166 - - [24/Apr/2026:07:50:55 +0000] "GET /wp-content/themes/twentytwentyfive/styles/blocks/galleries/radio.php HTTP/1.1" 200 16 "https://smilepack.net/wp-content/themes/twentytwentyfive/styles/blocks/galleries/radio.php" "Mozilla/5.0 (Windows NT 10.0; Win64; x64) AppleWebKit/537.36 (KHTML, like Gecko) Chrome/58.0.3029.110 Safari/537.3"
74.7.227.170 - - [24/Apr/2026:07:50:57 +0000] "GET /items/J44547149781/ HTTP/2" 200 4297 "https://www.smilepack.net/sitemap573.xml" "Mozilla/5.0 AppleWebKit/537.36 (KHTML, like Gecko; compatible; GPTBot/1.3; +https://openai.com/gptbot)"
74.7.227.170 - - [24/Apr/2026:07:50:58 +0000] "GET /items/T63173202770/ HTTP/2" 200 4296 "https://www.smilepack.net/sitemap3.xml" "Mozilla/5.0 AppleWebKit/537.36 (KHTML, like Gecko; compatible; GPTBot/1.3; +https://openai.com/gptbot)"
74.7.227.170 - - [24/Apr/2026:07:50:59 +0000] "GET /items/J44547264745/?fileloc=/home/smilepac/public_html/wp-links-opml.php&path=/home/smilepac/public_html HTTP/2" 200 3630 "https://www.smilepack.net/items/J44547264745/" "Mozilla/5.0 AppleWebKit/537.36 (KHTML, like Gecko; compatible; GPTBot/1.3; +https://openai.com/gptbot)"
74.7.227.170 - - [24/Apr/2026:07:50:59 +0000] "GET /items/D41759115227/ HTTP/2" 200 4300 "https://www.smilepack.net/sitemap91.xml" "Mozilla/5.0 AppleWebKit/537.36 (KHTML, like Gecko; compatible; GPTBot/1.3; +https://openai.com/gptbot)"
74.7.227.170 - - [24/Apr/2026:07:51:00 +0000] "GET /items/Z51063199160/?fileloc=/home/smilepac/public_html/wp-comments-post.php&path=/home/smilepac/public_html HTTP/2" 200 3559 "https://www.smilepack.net/items/Z51063199160/" "Mozilla/5.0 AppleWebKit/537.36 (KHTML, like Gecko; compatible; GPTBot/1.3; +https://openai.com/gptbot)"
74.7.227.170 - - [24/Apr/2026:07:51:00 +0000] "GET /items/Z51063100395/ HTTP/2" 200 4300 "https://www.smilepack.net/sitemap573.xml" "Mozilla/5.0 AppleWebKit/537.36 (KHTML, like Gecko; compatible; GPTBot/1.3; +https://openai.com/gptbot)"
74.7.227.170 - - [24/Apr/2026:07:51:01 +0000] "GET /items/I97950114700/ HTTP/2" 200 4300 "https://www.smilepack.net/sitemap573.xml" "Mozilla/5.0 AppleWebKit/537.36 (KHTML, like Gecko; compatible; GPTBot/1.3; +https://openai.com/gptbot)"
74.7.227.170 - - [24/Apr/2026:07:51:02 +0000] "GET /items/J44547223443/ HTTP/2" 200 4300 "https://www.smilepack.net/sitemap3.xml" "Mozilla/5.0 AppleWebKit/537.36 (KHTML, like Gecko; compatible; GPTBot/1.3; +https://openai.com/gptbot)"
74.7.227.170 - - [24/Apr/2026:07:51:03 +0000] "GET /items/T63173182367/ HTTP/2" 200 4298 "https://www.smilepack.net/sitemap3.xml" "Mozilla/5.0 AppleWebKit/537.36 (KHTML, like Gecko; compatible; GPTBot/1.3; +https://openai.com/gptbot)"
80.97.160.166 - - [24/Apr/2026:07:50:59 +0000] "POST /old/wp-includes/SimplePie/src/Cache/i18ns/index.php HTTP/1.1" 200 2570 "https://smilepack.net/old/wp-includes/SimplePie/src/Cache/i18ns/index.php" "Mozilla/5.0 (Windows NT 10.0; Win64; x64) AppleWebKit/537.36 (KHTML, like Gecko) Chrome/58.0.3029.110 Safari/537.3"
74.7.227.170 - - [24/Apr/2026:07:51:04 +0000] "GET /items/O39066277692/ HTTP/2" 200 4301 "https://www.smilepack.net/sitemap5.xml" "Mozilla/5.0 AppleWebKit/537.36 (KHTML, like Gecko; compatible; GPTBot/1.3; +https://openai.com/gptbot)"
74.7.227.170 - - [24/Apr/2026:07:51:05 +0000] "GET /items/O39066169711/?fileloc=/home/smilepac/public_html/readme.html&path=/home/smilepac/public_html HTTP/2" 200 5503 "https://www.smilepack.net/items/O39066169711/" "Mozilla/5.0 AppleWebKit/537.36 (KHTML, like Gecko; compatible; GPTBot/1.3; +https://openai.com/gptbot)"
74.7.227.170 - - [24/Apr/2026:07:51:06 +0000] "GET /items/T63173255376/ HTTP/2" 200 4300 "https://www.smilepack.net/sitemap573.xml" "Mozilla/5.0 AppleWebKit/537.36 (KHTML, like Gecko; compatible; GPTBot/1.3; +https://openai.com/gptbot)"
74.7.227.170 - - [24/Apr/2026:07:51:07 +0000] "GET /items/A46800161051/ HTTP/2" 200 4300 "https://www.smilepack.net/sitemap5.xml" "Mozilla/5.0 AppleWebKit/537.36 (KHTML, like Gecko; compatible; GPTBot/1.3; +https://openai.com/gptbot)"
74.7.227.170 - - [24/Apr/2026:07:51:07 +0000] "GET /items/G44622120860/ HTTP/2" 200 4300 "https://www.smilepack.net/sitemap5.xml" "Mozilla/5.0 AppleWebKit/537.36 (KHTML, like Gecko; compatible; GPTBot/1.3; +https://openai.com/gptbot)"
74.7.227.170 - - [24/Apr/2026:07:51:08 +0000] "GET /items/G44622164081/ HTTP/2" 200 4300 "https://www.smilepack.net/sitemap3.xml" "Mozilla/5.0 AppleWebKit/537.36 (KHTML, like Gecko; compatible; GPTBot/1.3; +https://openai.com/gptbot)"
74.7.227.170 - - [24/Apr/2026:07:51:09 +0000] "GET /items/K59524219799/ HTTP/2" 200 4300 "https://www.smilepack.net/sitemap3.xml" "Mozilla/5.0 AppleWebKit/537.36 (KHTML, like Gecko; compatible; GPTBot/1.3; +https://openai.com/gptbot)"
74.7.227.170 - - [24/Apr/2026:07:51:10 +0000] "GET /items/K59524199429/ HTTP/2" 200 4301 "https://www.smilepack.net/sitemap5.xml" "Mozilla/5.0 AppleWebKit/537.36 (KHTML, like Gecko; compatible; GPTBot/1.3; +https://openai.com/gptbot)"
80.97.160.166 - - [24/Apr/2026:07:51:10 +0000] "POST /old/wp-includes/SimplePie/src/Cache/i18ns/index.php HTTP/1.1" 302 0 "https://smilepack.net/old/wp-includes/SimplePie/src/Cache/i18ns/index.php" "Mozilla/5.0 (Windows NT 10.0; Win64; x64) AppleWebKit/537.36 (KHTML, like Gecko) Chrome/58.0.3029.110 Safari/537.3"
74.7.227.170 - - [24/Apr/2026:07:51:11 +0000] "GET /items/G44622171132/ HTTP/2" 200 4300 "https://www.smilepack.net/sitemap5.xml" "Mozilla/5.0 AppleWebKit/537.36 (KHTML, like Gecko; compatible; GPTBot/1.3; +https://openai.com/gptbot)"
74.7.227.170 - - [24/Apr/2026:07:51:12 +0000] "GET /items/O39066181611/ HTTP/2" 200 4300 "https://www.smilepack.net/sitemap573.xml" "Mozilla/5.0 AppleWebKit/537.36 (KHTML, like Gecko; compatible; GPTBot/1.3; +https://openai.com/gptbot)"
80.97.160.166 - - [24/Apr/2026:07:51:11 +0000] "GET /old/wp-includes/SimplePie/src/Cache/i18ns/index.php?dir=/home/smilepac/public_html/old/wp-includes/SimplePie/src/Cache/i18ns HTTP/1.1" 200 2743 "https://smilepack.net/old/wp-includes/SimplePie/src/Cache/i18ns/index.php" "Mozilla/5.0 (Windows NT 10.0; Win64; x64) AppleWebKit/537.36 (KHTML, like Gecko) Chrome/58.0.3029.110 Safari/537.3"
74.7.227.170 - - [24/Apr/2026:07:51:13 +0000] "GET /items/I97950279706/ HTTP/2" 200 4301 "https://www.smilepack.net/sitemap91.xml" "Mozilla/5.0 AppleWebKit/537.36 (KHTML, like Gecko; compatible; GPTBot/1.3; +https://openai.com/gptbot)"
74.7.227.170 - - [24/Apr/2026:07:51:15 +0000] "GET /items/G44622147463/ HTTP/2" 200 4304 "https://www.smilepack.net/sitemap5.xml" "Mozilla/5.0 AppleWebKit/537.36 (KHTML, like Gecko; compatible; GPTBot/1.3; +https://openai.com/gptbot)"
74.7.227.170 - - [24/Apr/2026:07:51:16 +0000] "GET /items/J44547105351/ HTTP/2" 200 4301 "https://www.smilepack.net/sitemap573.xml" "Mozilla/5.0 AppleWebKit/537.36 (KHTML, like Gecko; compatible; GPTBot/1.3; +https://openai.com/gptbot)"
74.7.227.170 - - [24/Apr/2026:07:51:18 +0000] "GET /items/G44622112917/ HTTP/2" 200 4298 "https://www.smilepack.net/sitemap3.xml" "Mozilla/5.0 AppleWebKit/537.36 (KHTML, like Gecko; compatible; GPTBot/1.3; +https://openai.com/gptbot)"
74.7.227.170 - - [24/Apr/2026:07:51:18 +0000] "GET /items/Z51063160654/ HTTP/2" 200 4298 "https://www.smilepack.net/sitemap5.xml" "Mozilla/5.0 AppleWebKit/537.36 (KHTML, like Gecko; compatible; GPTBot/1.3; +https://openai.com/gptbot)"
74.7.227.170 - - [24/Apr/2026:07:51:19 +0000] "GET /items/T63173163772/ HTTP/2" 200 4298 "https://www.smilepack.net/sitemap3.xml" "Mozilla/5.0 AppleWebKit/537.36 (KHTML, like Gecko; compatible; GPTBot/1.3; +https://openai.com/gptbot)"
74.7.227.170 - - [24/Apr/2026:07:51:19 +0000] "GET /items/A46800262326/ HTTP/2" 200 4300 "https://www.smilepack.net/sitemap5.xml" "Mozilla/5.0 AppleWebKit/537.36 (KHTML, like Gecko; compatible; GPTBot/1.3; +https://openai.com/gptbot)"
74.7.227.170 - - [24/Apr/2026:07:51:20 +0000] "GET /items/T63173139136/ HTTP/2" 200 4298 "https://www.smilepack.net/sitemap3.xml" "Mozilla/5.0 AppleWebKit/537.36 (KHTML, like Gecko; compatible; GPTBot/1.3; +https://openai.com/gptbot)"
74.7.227.170 - - [24/Apr/2026:07:51:21 +0000] "GET /items/T63173167081/ HTTP/2" 200 4300 "https://www.smilepack.net/sitemap3.xml" "Mozilla/5.0 AppleWebKit/537.36 (KHTML, like Gecko; compatible; GPTBot/1.3; +https://openai.com/gptbot)"
74.7.227.170 - - [24/Apr/2026:07:51:21 +0000] "GET /items/G44622114672/ HTTP/2" 200 4279 "https://www.smilepack.net/sitemap5.xml" "Mozilla/5.0 AppleWebKit/537.36 (KHTML, like Gecko; compatible; GPTBot/1.3; +https://openai.com/gptbot)"
74.7.227.170 - - [24/Apr/2026:07:51:22 +0000] "GET /items/I97950227907/ HTTP/2" 200 4296 "https://www.smilepack.net/sitemap91.xml" "Mozilla/5.0 AppleWebKit/537.36 (KHTML, like Gecko; compatible; GPTBot/1.3; +https://openai.com/gptbot)"
80.97.160.166 - - [24/Apr/2026:07:51:15 +0000] "GET /old/wp-includes/SimplePie/src/Cache/i18ns/wp-login.php HTTP/1.1" 200 16 "https://smilepack.net/old/wp-includes/SimplePie/src/Cache/i18ns/wp-login.php" "Mozilla/5.0 (Windows NT 10.0; Win64; x64) AppleWebKit/537.36 (KHTML, like Gecko) Chrome/58.0.3029.110 Safari/537.3"
74.7.227.170 - - [24/Apr/2026:07:51:23 +0000] "GET /items/O39066168600/ HTTP/2" 200 4296 "https://www.smilepack.net/sitemap573.xml" "Mozilla/5.0 AppleWebKit/537.36 (KHTML, like Gecko; compatible; GPTBot/1.3; +https://openai.com/gptbot)"
74.7.227.170 - - [24/Apr/2026:07:51:23 +0000] "GET /items/G44622147463/?fileloc=/home/smilepac/public_html/click.php&path=/home/smilepac/public_html HTTP/2" 200 3477 "https://www.smilepack.net/items/G44622147463/" "Mozilla/5.0 AppleWebKit/537.36 (KHTML, like Gecko; compatible; GPTBot/1.3; +https://openai.com/gptbot)"
80.97.160.166 - - [24/Apr/2026:07:49:37 +0000] "POST /wp-includes/js/tinymce/plugins/fullscreen/nextjs/index.php HTTP/1.1" 200 1122 "https://smilepack.net/wp-includes/js/tinymce/plugins/fullscreen/nextjs/index.php" "Mozilla/5.0 (Windows NT 10.0; Win64; x64) AppleWebKit/537.36 (KHTML, like Gecko) Chrome/58.0.3029.110 Safari/537.3"
104.219.215.160 - - [24/Apr/2026:07:49:51 +0000] "GET /wp-content/br82c568/index.php HTTP/1.1" 500 0 "https://smilepack.net/wp-content/br82c568/index.php" "Mozilla/5.0 (Windows NT 10.0; Win64; x64) AppleWebKit/537.36 (KHTML, like Gecko) Chrome/58.0.3029.110 Safari/537.3"
80.97.160.166 - - [24/Apr/2026:07:49:52 +0000] "GET /wp-content/themes/twentytwentyfive/styles/blocks/galleries/index.php HTTP/1.1" 200 194 "https://smilepack.net/wp-content/themes/twentytwentyfive/styles/blocks/galleries/index.php" "Mozilla/5.0 (Windows NT 10.0; Win64; x64) AppleWebKit/537.36 (KHTML, like Gecko) Chrome/58.0.3029.110 Safari/537.3"
104.219.215.160 - - [24/Apr/2026:07:49:52 +0000] "GET /wp-content/br82c568/index.php HTTP/1.1" 200 0 "https://smilepack.net/wp-content/br82c568/index.php" "Mozilla/5.0 (Windows NT 10.0; Win64; x64) AppleWebKit/537.36 (KHTML, like Gecko) Chrome/58.0.3029.110 Safari/537.3"
80.97.160.166 - - [24/Apr/2026:07:50:00 +0000] "POST /wp-content/themes/twentytwentyfive/styles/blocks/galleries/index.php HTTP/1.1" 200 3924 "https://smilepack.net/wp-content/themes/twentytwentyfive/styles/blocks/galleries/index.php" "Mozilla/5.0 (Windows NT 10.0; Win64; x64) AppleWebKit/537.36 (KHTML, like Gecko) Chrome/58.0.3029.110 Safari/537.3"
80.97.160.166 - - [24/Apr/2026:07:50:04 +0000] "POST /wp-content/plugins/elementor/modules/container-converter/upgrades/index.php HTTP/1.1" 200 19 "https://smilepack.net/wp-content/plugins/elementor/modules/container-converter/upgrades/index.php" "Mozilla/5.0 (Windows NT 10.0; Win64; x64) AppleWebKit/537.36 (KHTML, like Gecko) Chrome/58.0.3029.110 Safari/537.3"
80.97.160.166 - - [24/Apr/2026:07:50:06 +0000] "POST /wp-content/themes/twentytwentyfive/styles/blocks/galleries/index.php HTTP/1.1" 200 19 "https://smilepack.net/wp-content/themes/twentytwentyfive/styles/blocks/galleries/index.php" "Mozilla/5.0 (Windows NT 10.0; Win64; x64) AppleWebKit/537.36 (KHTML, like Gecko) Chrome/58.0.3029.110 Safari/537.3"
80.97.160.166 - - [24/Apr/2026:07:50:39 +0000] "GET /wp-includes/js/tinymce/plugins/fullscreen/nextjs/wp-login.php HTTP/1.1" 200 16 "https://smilepack.net/wp-includes/js/tinymce/plugins/fullscreen/nextjs/wp-login.php" "Mozilla/5.0 (Windows NT 10.0; Win64; x64) AppleWebKit/537.36 (KHTML, like Gecko) Chrome/58.0.3029.110 Safari/537.3"
80.97.160.166 - - [24/Apr/2026:07:50:58 +0000] "GET /old/wp-includes/SimplePie/src/Cache/i18ns/index.php HTTP/1.1" 200 194 "https://smilepack.net/old/wp-includes/SimplePie/src/Cache/i18ns/index.php" "Mozilla/5.0 (Windows NT 10.0; Win64; x64) AppleWebKit/537.36 (KHTML, like Gecko) Chrome/58.0.3029.110 Safari/537.3"
80.97.160.166 - - [24/Apr/2026:07:50:57 +0000] "POST /old/wp-includes/SimplePie/src/Cache/i18ns/index.php HTTP/1.1" 200 2621 "https://smilepack.net/old/wp-includes/SimplePie/src/Cache/i18ns/index.php" "Mozilla/5.0 (Windows NT 10.0; Win64; x64) AppleWebKit/537.36 (KHTML, like Gecko) Chrome/58.0.3029.110 Safari/537.3"
80.97.160.166 - - [24/Apr/2026:07:51:04 +0000] "POST /old/wp-includes/SimplePie/src/Cache/i18ns/index.php HTTP/1.1" 302 0 "https://smilepack.net/old/wp-includes/SimplePie/src/Cache/i18ns/index.php" "Mozilla/5.0 (Windows NT 10.0; Win64; x64) AppleWebKit/537.36 (KHTML, like Gecko) Chrome/58.0.3029.110 Safari/537.3"
80.97.160.166 - - [24/Apr/2026:07:51:05 +0000] "GET /old/wp-includes/SimplePie/src/Cache/i18ns/index.php?dir=/home/smilepac/public_html/old/wp-includes/SimplePie/src/Cache/i18ns HTTP/1.1" 200 2684 "https://smilepack.net/old/wp-includes/SimplePie/src/Cache/i18ns/index.php" "Mozilla/5.0 (Windows NT 10.0; Win64; x64) AppleWebKit/537.36 (KHTML, like Gecko) Chrome/58.0.3029.110 Safari/537.3"
80.97.160.166 - - [24/Apr/2026:07:51:24 +0000] "GET /old/wp-includes/SimplePie/src/Content/nextjs/index.php HTTP/1.1" 200 194 "https://smilepack.net/old/wp-includes/SimplePie/src/Content/nextjs/index.php" "Mozilla/5.0 (Windows NT 10.0; Win64; x64) AppleWebKit/537.36 (KHTML, like Gecko) Chrome/58.0.3029.110 Safari/537.3"
74.7.227.170 - - [24/Apr/2026:07:51:24 +0000] "GET /items/G44622193421/ HTTP/2" 200 4298 "https://www.smilepack.net/sitemap91.xml" "Mozilla/5.0 AppleWebKit/537.36 (KHTML, like Gecko; compatible; GPTBot/1.3; +https://openai.com/gptbot)"
74.7.227.170 - - [24/Apr/2026:07:51:25 +0000] "GET /items/G44622153241/ HTTP/2" 200 4296 "https://www.smilepack.net/sitemap573.xml" "Mozilla/5.0 AppleWebKit/537.36 (KHTML, like Gecko; compatible; GPTBot/1.3; +https://openai.com/gptbot)"
74.7.227.170 - - [24/Apr/2026:07:51:25 +0000] "GET /items/T63173151521/ HTTP/2" 200 4296 "https://www.smilepack.net/sitemap3.xml" "Mozilla/5.0 AppleWebKit/537.36 (KHTML, like Gecko; compatible; GPTBot/1.3; +https://openai.com/gptbot)"
74.7.227.170 - - [24/Apr/2026:07:51:26 +0000] "GET /items/T63173163772/?fileloc=/home/smilepac/public_html/wp-blog-header.php&path=/home/smilepac/public_html HTTP/2" 200 2646 "https://www.smilepack.net/items/T63173163772/" "Mozilla/5.0 AppleWebKit/537.36 (KHTML, like Gecko; compatible; GPTBot/1.3; +https://openai.com/gptbot)"
74.7.227.170 - - [24/Apr/2026:07:51:26 +0000] "GET /items/A46800262326/?path=/home/smilepac/public_html/.well-known HTTP/2" 200 2774 "https://www.smilepack.net/items/A46800262326/" "Mozilla/5.0 AppleWebKit/537.36 (KHTML, like Gecko; compatible; GPTBot/1.3; +https://openai.com/gptbot)"
69.30.240.242 - - [24/Apr/2026:07:51:25 +0000] "GET /wp-content/wp5d8722/index.php HTTP/1.1" 500 0 "https://smilepack.net/wp-content/wp5d8722/index.php" "Mozilla/5.0 (Windows NT 10.0; Win64; x64) AppleWebKit/537.36 (KHTML, like Gecko) Chrome/58.0.3029.110 Safari/537.3"
74.7.227.170 - - [24/Apr/2026:07:51:27 +0000] "GET /items/A46800262326/?path=/home/smilepac/public_html/e1a0d HTTP/2" 200 2780 "https://www.smilepack.net/items/A46800262326/" "Mozilla/5.0 AppleWebKit/537.36 (KHTML, like Gecko; compatible; GPTBot/1.3; +https://openai.com/gptbot)"
74.7.227.170 - - [24/Apr/2026:07:51:28 +0000] "GET /items/I97950229021/ HTTP/2" 200 4296 "https://www.smilepack.net/sitemap91.xml" "Mozilla/5.0 AppleWebKit/537.36 (KHTML, like Gecko; compatible; GPTBot/1.3; +https://openai.com/gptbot)"
74.7.227.170 - - [24/Apr/2026:07:51:28 +0000] "GET /items/G44622122669/ HTTP/2" 200 4296 "https://www.smilepack.net/sitemap573.xml" "Mozilla/5.0 AppleWebKit/537.36 (KHTML, like Gecko; compatible; GPTBot/1.3; +https://openai.com/gptbot)"
74.7.227.170 - - [24/Apr/2026:07:51:29 +0000] "GET /items/T63173116883/ HTTP/2" 200 4296 "https://www.smilepack.net/sitemap3.xml" "Mozilla/5.0 AppleWebKit/537.36 (KHTML, like Gecko; compatible; GPTBot/1.3; +https://openai.com/gptbot)"
74.7.227.170 - - [24/Apr/2026:07:51:29 +0000] "GET /items/D41759121942/ HTTP/2" 200 4296 "https://www.smilepack.net/sitemap91.xml" "Mozilla/5.0 AppleWebKit/537.36 (KHTML, like Gecko; compatible; GPTBot/1.3; +https://openai.com/gptbot)"
74.7.227.170 - - [24/Apr/2026:07:51:30 +0000] "GET /items/J44547248833/ HTTP/2" 200 4296 "https://www.smilepack.net/sitemap573.xml" "Mozilla/5.0 AppleWebKit/537.36 (KHTML, like Gecko; compatible; GPTBot/1.3; +https://openai.com/gptbot)"
74.7.227.170 - - [24/Apr/2026:07:51:31 +0000] "GET /items/G44622123671/ HTTP/2" 200 4301 "https://www.smilepack.net/sitemap3.xml" "Mozilla/5.0 AppleWebKit/537.36 (KHTML, like Gecko; compatible; GPTBot/1.3; +https://openai.com/gptbot)"
74.7.227.170 - - [24/Apr/2026:07:51:32 +0000] "GET /items/Z51063141015/ HTTP/2" 200 4301 "https://www.smilepack.net/sitemap5.xml" "Mozilla/5.0 AppleWebKit/537.36 (KHTML, like Gecko; compatible; GPTBot/1.3; +https://openai.com/gptbot)"
74.7.227.170 - - [24/Apr/2026:07:51:33 +0000] "GET /items/J44547184335/ HTTP/2" 200 4302 "https://www.smilepack.net/sitemap3.xml" "Mozilla/5.0 AppleWebKit/537.36 (KHTML, like Gecko; compatible; GPTBot/1.3; +https://openai.com/gptbot)"
74.7.227.170 - - [24/Apr/2026:07:51:33 +0000] "GET /items/Z51063105020/ HTTP/2" 200 4301 "https://www.smilepack.net/sitemap91.xml" "Mozilla/5.0 AppleWebKit/537.36 (KHTML, like Gecko; compatible; GPTBot/1.3; +https://openai.com/gptbot)"
74.7.227.170 - - [24/Apr/2026:07:51:34 +0000] "GET /items/O39066161770/ HTTP/2" 200 4301 "https://www.smilepack.net/sitemap91.xml" "Mozilla/5.0 AppleWebKit/537.36 (KHTML, like Gecko; compatible; GPTBot/1.3; +https://openai.com/gptbot)"
74.7.227.170 - - [24/Apr/2026:07:51:34 +0000] "GET /items/J44547267241/ HTTP/2" 200 4301 "https://www.smilepack.net/sitemap573.xml" "Mozilla/5.0 AppleWebKit/537.36 (KHTML, like Gecko; compatible; GPTBot/1.3; +https://openai.com/gptbot)"
74.7.227.170 - - [24/Apr/2026:07:51:35 +0000] "GET /items/J44547225095/ HTTP/2" 200 4301 "https://www.smilepack.net/sitemap573.xml" "Mozilla/5.0 AppleWebKit/537.36 (KHTML, like Gecko; compatible; GPTBot/1.3; +https://openai.com/gptbot)"
74.7.227.170 - - [24/Apr/2026:07:51:36 +0000] "GET /items/J44547232762/ HTTP/2" 200 4302 "https://www.smilepack.net/sitemap5.xml" "Mozilla/5.0 AppleWebKit/537.36 (KHTML, like Gecko; compatible; GPTBot/1.3; +https://openai.com/gptbot)"
74.7.227.170 - - [24/Apr/2026:07:51:37 +0000] "GET /items/T63173116883/?path=/home/smilepac/public_html/.well-known HTTP/2" 200 2774 "https://www.smilepack.net/items/T63173116883/" "Mozilla/5.0 AppleWebKit/537.36 (KHTML, like Gecko; compatible; GPTBot/1.3; +https://openai.com/gptbot)"
74.7.227.170 - - [24/Apr/2026:07:51:37 +0000] "GET /items/K59524245594/ HTTP/2" 200 4301 "https://www.smilepack.net/sitemap573.xml" "Mozilla/5.0 AppleWebKit/537.36 (KHTML, like Gecko; compatible; GPTBot/1.3; +https://openai.com/gptbot)"
74.7.227.170 - - [24/Apr/2026:07:51:38 +0000] "GET /items/Z51063134016/ HTTP/2" 200 4302 "https://www.smilepack.net/sitemap5.xml" "Mozilla/5.0 AppleWebKit/537.36 (KHTML, like Gecko; compatible; GPTBot/1.3; +https://openai.com/gptbot)"
74.7.227.170 - - [24/Apr/2026:07:51:38 +0000] "GET /items/T63173216010/ HTTP/2" 200 4301 "https://www.smilepack.net/sitemap5.xml" "Mozilla/5.0 AppleWebKit/537.36 (KHTML, like Gecko; compatible; GPTBot/1.3; +https://openai.com/gptbot)"
74.7.227.170 - - [24/Apr/2026:07:51:39 +0000] "GET /items/T63173160977/ HTTP/2" 200 4301 "https://www.smilepack.net/sitemap3.xml" "Mozilla/5.0 AppleWebKit/537.36 (KHTML, like Gecko; compatible; GPTBot/1.3; +https://openai.com/gptbot)"
74.7.227.170 - - [24/Apr/2026:07:51:39 +0000] "GET /items/T63173166569/ HTTP/2" 200 4302 "https://www.smilepack.net/sitemap91.xml" "Mozilla/5.0 AppleWebKit/537.36 (KHTML, like Gecko; compatible; GPTBot/1.3; +https://openai.com/gptbot)"
74.7.227.170 - - [24/Apr/2026:07:51:40 +0000] "GET /items/J44547116473/ HTTP/2" 200 4301 "https://www.smilepack.net/sitemap573.xml" "Mozilla/5.0 AppleWebKit/537.36 (KHTML, like Gecko; compatible; GPTBot/1.3; +https://openai.com/gptbot)"
74.7.227.170 - - [24/Apr/2026:07:51:41 +0000] "GET /items/T63173161870/ HTTP/2" 200 4301 "https://www.smilepack.net/sitemap573.xml" "Mozilla/5.0 AppleWebKit/537.36 (KHTML, like Gecko; compatible; GPTBot/1.3; +https://openai.com/gptbot)"
74.7.227.170 - - [24/Apr/2026:07:51:41 +0000] "GET /items/A46800246041/ HTTP/2" 200 4294 "https://www.smilepack.net/sitemap5.xml" "Mozilla/5.0 AppleWebKit/537.36 (KHTML, like Gecko; compatible; GPTBot/1.3; +https://openai.com/gptbot)"
74.7.227.170 - - [24/Apr/2026:07:51:42 +0000] "GET /items/O39066202342/ HTTP/2" 200 4294 "https://www.smilepack.net/sitemap573.xml" "Mozilla/5.0 AppleWebKit/537.36 (KHTML, like Gecko; compatible; GPTBot/1.3; +https://openai.com/gptbot)"
80.97.160.166 - - [24/Apr/2026:07:51:43 +0000] "POST /wp-content/plugins/litespeed-cache/tpl/dash/photos/index.php HTTP/1.1" 200 149 "https://smilepack.net/wp-content/plugins/litespeed-cache/tpl/dash/photos/index.php" "Mozilla/5.0 (Windows NT 10.0; Win64; x64) AppleWebKit/537.36 (KHTML, like Gecko) Chrome/58.0.3029.110 Safari/537.3"
74.7.227.170 - - [24/Apr/2026:07:51:43 +0000] "GET /items/A46800118018/ HTTP/2" 200 4294 "https://www.smilepack.net/sitemap91.xml" "Mozilla/5.0 AppleWebKit/537.36 (KHTML, like Gecko; compatible; GPTBot/1.3; +https://openai.com/gptbot)"
74.7.227.170 - - [24/Apr/2026:07:51:44 +0000] "GET /items/G44622166032/ HTTP/2" 200 4294 "https://www.smilepack.net/sitemap3.xml" "Mozilla/5.0 AppleWebKit/537.36 (KHTML, like Gecko; compatible; GPTBot/1.3; +https://openai.com/gptbot)"
80.97.160.166 - - [24/Apr/2026:07:51:44 +0000] "POST /wp-content/plugins/litespeed-cache/tpl/dash/photos/index.php HTTP/1.1" 200 184 "https://smilepack.net/wp-content/plugins/litespeed-cache/tpl/dash/photos/index.php" "Mozilla/5.0 (Windows NT 10.0; Win64; x64) AppleWebKit/537.36 (KHTML, like Gecko) Chrome/58.0.3029.110 Safari/537.3"
74.7.227.170 - - [24/Apr/2026:07:51:44 +0000] "GET /items/O39066155065/ HTTP/2" 200 4294 "https://www.smilepack.net/sitemap91.xml" "Mozilla/5.0 AppleWebKit/537.36 (KHTML, like Gecko; compatible; GPTBot/1.3; +https://openai.com/gptbot)"
74.7.227.170 - - [24/Apr/2026:07:51:45 +0000] "GET /items/O39066242260/ HTTP/2" 200 4295 "https://www.smilepack.net/sitemap5.xml" "Mozilla/5.0 AppleWebKit/537.36 (KHTML, like Gecko; compatible; GPTBot/1.3; +https://openai.com/gptbot)"
74.7.227.170 - - [24/Apr/2026:07:51:45 +0000] "GET /items/G44622196451/ HTTP/2" 200 4305 "https://www.smilepack.net/sitemap3.xml" "Mozilla/5.0 AppleWebKit/537.36 (KHTML, like Gecko; compatible; GPTBot/1.3; +https://openai.com/gptbot)"
80.97.160.166 - - [24/Apr/2026:07:51:47 +0000] "GET /wp-content/plugins/contact-form-7/includes/config-validator/upgrades/index.php HTTP/1.1" 200 194 "https://smilepack.net/wp-content/plugins/contact-form-7/includes/config-validator/upgrades/index.php" "Mozilla/5.0 (Windows NT 10.0; Win64; x64) AppleWebKit/537.36 (KHTML, like Gecko) Chrome/58.0.3029.110 Safari/537.3"
74.7.227.170 - - [24/Apr/2026:07:51:47 +0000] "GET /items/T63173160977/?fileloc=/home/smilepac/public_html/index.php____old&path=/home/smilepac/public_html HTTP/2" 200 2518 "https://www.smilepack.net/items/T63173160977/" "Mozilla/5.0 AppleWebKit/537.36 (KHTML, like Gecko; compatible; GPTBot/1.3; +https://openai.com/gptbot)"
74.7.227.170 - - [24/Apr/2026:07:51:48 +0000] "GET /items/D41759215129/ HTTP/2" 200 4305 "https://www.smilepack.net/sitemap3.xml" "Mozilla/5.0 AppleWebKit/537.36 (KHTML, like Gecko; compatible; GPTBot/1.3; +https://openai.com/gptbot)"
80.97.160.166 - - [24/Apr/2026:07:51:49 +0000] "POST /wp-content/plugins/contact-form-7/includes/config-validator/upgrades/index.php HTTP/1.1" 302 0 "https://smilepack.net/wp-content/plugins/contact-form-7/includes/config-validator/upgrades/index.php" "Mozilla/5.0 (Windows NT 10.0; Win64; x64) AppleWebKit/537.36 (KHTML, like Gecko) Chrome/58.0.3029.110 Safari/537.3"
80.97.160.166 - - [24/Apr/2026:07:51:50 +0000] "GET /wp-content/plugins/contact-form-7/includes/config-validator/upgrades/index.php?dir=/home/smilepac/public_html/wp-content/plugins/contact-form-7/includes/config-validator/upgrades HTTP/1.1" 200 2545 "https://smilepack.net/wp-content/plugins/contact-form-7/includes/config-validator/upgrades/index.php" "Mozilla/5.0 (Windows NT 10.0; Win64; x64) AppleWebKit/537.36 (KHTML, like Gecko) Chrome/58.0.3029.110 Safari/537.3"
74.7.227.170 - - [24/Apr/2026:07:51:49 +0000] "GET /items/T63173223743/ HTTP/2" 200 4307 "https://www.smilepack.net/sitemap573.xml" "Mozilla/5.0 AppleWebKit/537.36 (KHTML, like Gecko; compatible; GPTBot/1.3; +https://openai.com/gptbot)"
80.97.160.166 - - [24/Apr/2026:07:51:49 +0000] "POST /old/wp-includes/SimplePie/src/Cache/i18ns/index.php HTTP/1.1" 302 0 "https://smilepack.net/old/wp-includes/SimplePie/src/Cache/i18ns/index.php" "Mozilla/5.0 (Windows NT 10.0; Win64; x64) AppleWebKit/537.36 (KHTML, like Gecko) Chrome/58.0.3029.110 Safari/537.3"
104.219.215.160 - - [24/Apr/2026:07:50:59 +0000] "GET /wp-includes/xa17005/edit.php HTTP/1.1" 500 0 "https://smilepack.net/wp-includes/xa17005/edit.php" "Mozilla/5.0 (Windows NT 10.0; Win64; x64) AppleWebKit/537.36 (KHTML, like Gecko) Chrome/58.0.3029.110 Safari/537.3"
104.219.215.160 - - [24/Apr/2026:07:51:00 +0000] "GET /wp-includes/xa17005/edit.php HTTP/1.1" 200 0 "https://smilepack.net/wp-includes/xa17005/edit.php" "Mozilla/5.0 (Windows NT 10.0; Win64; x64) AppleWebKit/537.36 (KHTML, like Gecko) Chrome/58.0.3029.110 Safari/537.3"
80.97.160.166 - - [24/Apr/2026:07:51:24 +0000] "POST /old/wp-includes/SimplePie/src/Content/nextjs/index.php HTTP/1.1" 200 1208 "https://smilepack.net/old/wp-includes/SimplePie/src/Content/nextjs/index.php" "Mozilla/5.0 (Windows NT 10.0; Win64; x64) AppleWebKit/537.36 (KHTML, like Gecko) Chrome/58.0.3029.110 Safari/537.3"
80.97.160.166 - - [24/Apr/2026:07:51:29 +0000] "POST /old/wp-includes/SimplePie/src/Content/nextjs/index.php HTTP/1.1" 200 1283 "https://smilepack.net/old/wp-includes/SimplePie/src/Content/nextjs/index.php" "Mozilla/5.0 (Windows NT 10.0; Win64; x64) AppleWebKit/537.36 (KHTML, like Gecko) Chrome/58.0.3029.110 Safari/537.3"
69.30.240.242 - - [24/Apr/2026:07:51:23 +0000] "GET /wp-content/wp5d8722/index.php HTTP/1.1" 200 0 "https://smilepack.net/wp-content/wp5d8722/index.php" "Mozilla/5.0 (Windows NT 10.0; Win64; x64) AppleWebKit/537.36 (KHTML, like Gecko) Chrome/58.0.3029.110 Safari/537.3"
80.97.160.166 - - [24/Apr/2026:07:51:40 +0000] "GET /old/wp-includes/SimplePie/src/Content/nextjs/wp-login.php HTTP/1.1" 200 16 "https://smilepack.net/old/wp-includes/SimplePie/src/Content/nextjs/wp-login.php" "Mozilla/5.0 (Windows NT 10.0; Win64; x64) AppleWebKit/537.36 (KHTML, like Gecko) Chrome/58.0.3029.110 Safari/537.3"
80.97.160.166 - - [24/Apr/2026:07:51:43 +0000] "GET /wp-content/plugins/litespeed-cache/tpl/dash/photos/index.php HTTP/1.1" 200 194 "https://smilepack.net/wp-content/plugins/litespeed-cache/tpl/dash/photos/index.php" "Mozilla/5.0 (Windows NT 10.0; Win64; x64) AppleWebKit/537.36 (KHTML, like Gecko) Chrome/58.0.3029.110 Safari/537.3"
80.97.160.166 - - [24/Apr/2026:07:51:44 +0000] "POST /wp-content/plugins/litespeed-cache/tpl/dash/photos/index.php HTTP/1.1" 200 180 "https://smilepack.net/wp-content/plugins/litespeed-cache/tpl/dash/photos/index.php" "Mozilla/5.0 (Windows NT 10.0; Win64; x64) AppleWebKit/537.36 (KHTML, like Gecko) Chrome/58.0.3029.110 Safari/537.3"
69.30.240.242 - - [24/Apr/2026:07:51:46 +0000] "GET /wp-includes/x25fcb6/edit.php HTTP/1.1" 500 0 "https://smilepack.net/wp-includes/x25fcb6/edit.php" "Mozilla/5.0 (Windows NT 10.0; Win64; x64) AppleWebKit/537.36 (KHTML, like Gecko) Chrome/58.0.3029.110 Safari/537.3"
80.97.160.166 - - [24/Apr/2026:07:51:48 +0000] "POST /wp-content/plugins/contact-form-7/includes/config-validator/upgrades/index.php HTTP/1.1" 200 2442 "https://smilepack.net/wp-content/plugins/contact-form-7/includes/config-validator/upgrades/index.php" "Mozilla/5.0 (Windows NT 10.0; Win64; x64) AppleWebKit/537.36 (KHTML, like Gecko) Chrome/58.0.3029.110 Safari/537.3"
80.97.160.166 - - [24/Apr/2026:07:51:48 +0000] "GET /old/wp-includes/SimplePie/src/Cache/i18ns/wp-login.php HTTP/1.1" 200 4305 "https://smilepack.net/old/wp-includes/SimplePie/src/Cache/i18ns/wp-login.php" "Mozilla/5.0 (Windows NT 10.0; Win64; x64) AppleWebKit/537.36 (KHTML, like Gecko) Chrome/58.0.3029.110 Safari/537.3"
80.97.160.166 - - [24/Apr/2026:07:51:51 +0000] "POST /wp-content/plugins/contact-form-7/includes/config-validator/upgrades/index.php HTTP/1.1" 302 0 "https://smilepack.net/wp-content/plugins/contact-form-7/includes/config-validator/upgrades/index.php" "Mozilla/5.0 (Windows NT 10.0; Win64; x64) AppleWebKit/537.36 (KHTML, like Gecko) Chrome/58.0.3029.110 Safari/537.3"
47.82.10.111 - - [24/Apr/2026:07:40:12 +0000] "GET /?path=/home/smilepac/public_html/.well-known HTTP/1.1" 200 2768 "https://smilepack.net/" "Mozilla/5.0 (Macintosh; Intel Mac OS X 10_15_7) AppleWebKit/605.1.15 (KHTML, like Gecko) Version/17.6 Safari/605.1.15"
101.99.88.90 - - [24/Apr/2026:07:44:49 +0000] "GET / HTTP/1.1" 200 197902 "-" "Mozilla/5.0 (compatible; Googlebot/2.1; +http://www.google.com/bot.html)"
80.97.160.166 - - [24/Apr/2026:07:49:59 +0000] "GET /wp-content/plugins/elementor/modules/container-converter/upgrades/index.php HTTP/1.1" 200 194 "https://smilepack.net/wp-content/plugins/elementor/modules/container-converter/upgrades/index.php" "Mozilla/5.0 (Windows NT 10.0; Win64; x64) AppleWebKit/537.36 (KHTML, like Gecko) Chrome/58.0.3029.110 Safari/537.3"
80.97.160.166 - - [24/Apr/2026:07:50:31 +0000] "POST /wp-includes/js/tinymce/plugins/fullscreen/nextjs/index.php HTTP/1.1" 200 1191 "https://smilepack.net/wp-includes/js/tinymce/plugins/fullscreen/nextjs/index.php" "Mozilla/5.0 (Windows NT 10.0; Win64; x64) AppleWebKit/537.36 (KHTML, like Gecko) Chrome/58.0.3029.110 Safari/537.3"
198.244.183.73 - - [24/Apr/2026:07:50:47 +0000] "GET /robots.txt HTTP/2" 200 102 "-" "Mozilla/5.0 (compatible; AhrefsBot/7.0; +http://ahrefs.com/robot/)"
198.244.242.230 - - [24/Apr/2026:07:50:48 +0000] "GET /?sitemapindex.xml HTTP/2" 200 17 "-" "Mozilla/5.0 (compatible; AhrefsBot/7.0; +http://ahrefs.com/robot/)"
104.219.215.160 - - [24/Apr/2026:07:50:45 +0000] "GET /wp-content/js08ecb4/edit.php HTTP/1.1" 500 0 "https://smilepack.net/wp-content/js08ecb4/edit.php" "Mozilla/5.0 (Windows NT 10.0; Win64; x64) AppleWebKit/537.36 (KHTML, like Gecko) Chrome/58.0.3029.110 Safari/537.3"
80.97.160.166 - - [24/Apr/2026:07:50:51 +0000] "POST /wp-content/themes/twentytwentyfive/styles/blocks/galleries/index.php HTTP/1.1" 200 3997 "https://smilepack.net/wp-content/themes/twentytwentyfive/styles/blocks/galleries/index.php" "Mozilla/5.0 (Windows NT 10.0; Win64; x64) AppleWebKit/537.36 (KHTML, like Gecko) Chrome/58.0.3029.110 Safari/537.3"
80.97.160.166 - - [24/Apr/2026:07:50:53 +0000] "POST /wp-content/themes/twentytwentyfive/styles/blocks/galleries/index.php HTTP/1.1" 200 3997 "https://smilepack.net/wp-content/themes/twentytwentyfive/styles/blocks/galleries/index.php" "Mozilla/5.0 (Windows NT 10.0; Win64; x64) AppleWebKit/537.36 (KHTML, like Gecko) Chrome/58.0.3029.110 Safari/537.3"
80.97.160.166 - - [24/Apr/2026:07:50:52 +0000] "GET /wp-content/themes/twentytwentyfive/styles/blocks/galleries/wp-login.php HTTP/1.1" 200 16 "https://smilepack.net/wp-content/themes/twentytwentyfive/styles/blocks/galleries/wp-login.php" "Mozilla/5.0 (Windows NT 10.0; Win64; x64) AppleWebKit/537.36 (KHTML, like Gecko) Chrome/58.0.3029.110 Safari/537.3"
69.30.240.242 - - [24/Apr/2026:07:50:55 +0000] "GET /wp-content/x4ac1d6/index.php HTTP/1.1" 500 0 "https://smilepack.net/wp-content/x4ac1d6/index.php" "Mozilla/5.0 (Windows NT 10.0; Win64; x64) AppleWebKit/537.36 (KHTML, like Gecko) Chrome/58.0.3029.110 Safari/537.3"
69.30.240.242 - - [24/Apr/2026:07:50:56 +0000] "GET /wp-content/x4ac1d6/index.php HTTP/1.1" 200 0 "https://smilepack.net/wp-content/x4ac1d6/index.php" "Mozilla/5.0 (Windows NT 10.0; Win64; x64) AppleWebKit/537.36 (KHTML, like Gecko) Chrome/58.0.3029.110 Safari/537.3"
80.97.160.166 - - [24/Apr/2026:07:51:32 +0000] "POST /old/wp-includes/SimplePie/src/Content/nextjs/index.php HTTP/1.1" 200 1311 "https://smilepack.net/old/wp-includes/SimplePie/src/Content/nextjs/index.php" "Mozilla/5.0 (Windows NT 10.0; Win64; x64) AppleWebKit/537.36 (KHTML, like Gecko) Chrome/58.0.3029.110 Safari/537.3"
80.97.160.166 - - [24/Apr/2026:07:51:51 +0000] "GET /old/wp-includes/SimplePie/src/Cache/i18ns/ex.php HTTP/1.1" 200 16 "https://smilepack.net/old/wp-includes/SimplePie/src/Cache/i18ns/ex.php" "Mozilla/5.0 (Windows NT 10.0; Win64; x64) AppleWebKit/537.36 (KHTML, like Gecko) Chrome/58.0.3029.110 Safari/537.3"
80.97.160.166 - - [24/Apr/2026:07:51:50 +0000] "GET /old/wp-includes/SimplePie/src/Cache/i18ns/index.php?dir=/home/smilepac/public_html/old/wp-includes/SimplePie/src/Cache/i18ns HTTP/1.1" 200 2786 "https://smilepack.net/old/wp-includes/SimplePie/src/Cache/i18ns/index.php" "Mozilla/5.0 (Windows NT 10.0; Win64; x64) AppleWebKit/537.36 (KHTML, like Gecko) Chrome/58.0.3029.110 Safari/537.3"
74.7.227.170 - - [24/Apr/2026:07:51:50 +0000] "GET /items/J44547187794/ HTTP/2" 200 4305 "https://www.smilepack.net/sitemap91.xml" "Mozilla/5.0 AppleWebKit/537.36 (KHTML, like Gecko; compatible; GPTBot/1.3; +https://openai.com/gptbot)"
69.30.240.242 - - [24/Apr/2026:07:51:50 +0000] "GET /wp-includes/qq9f057a/edit.php HTTP/1.1" 500 0 "https://smilepack.net/wp-includes/qq9f057a/edit.php" "Mozilla/5.0 (Windows NT 10.0; Win64; x64) AppleWebKit/537.36 (KHTML, like Gecko) Chrome/58.0.3029.110 Safari/537.3"
74.7.227.170 - - [24/Apr/2026:07:51:50 +0000] "GET /items/G44622193116/ HTTP/2" 200 4307 "https://www.smilepack.net/sitemap573.xml" "Mozilla/5.0 AppleWebKit/537.36 (KHTML, like Gecko; compatible; GPTBot/1.3; +https://openai.com/gptbot)"
74.7.227.170 - - [24/Apr/2026:07:51:51 +0000] "GET /items/J44547141842/ HTTP/2" 200 4307 "https://www.smilepack.net/sitemap91.xml" "Mozilla/5.0 AppleWebKit/537.36 (KHTML, like Gecko; compatible; GPTBot/1.3; +https://openai.com/gptbot)"
74.7.227.170 - - [24/Apr/2026:07:51:52 +0000] "GET /items/O39066211201/ HTTP/2" 200 4305 "https://www.smilepack.net/sitemap5.xml" "Mozilla/5.0 AppleWebKit/537.36 (KHTML, like Gecko; compatible; GPTBot/1.3; +https://openai.com/gptbot)"
74.7.227.170 - - [24/Apr/2026:07:51:53 +0000] "GET /items/T63173115977/ HTTP/2" 200 4308 "https://www.smilepack.net/sitemap5.xml" "Mozilla/5.0 AppleWebKit/537.36 (KHTML, like Gecko; compatible; GPTBot/1.3; +https://openai.com/gptbot)"
74.7.227.170 - - [24/Apr/2026:07:51:54 +0000] "GET /items/D41759159010/ HTTP/2" 200 4300 "https://www.smilepack.net/sitemap5.xml" "Mozilla/5.0 AppleWebKit/537.36 (KHTML, like Gecko; compatible; GPTBot/1.3; +https://openai.com/gptbot)"
74.7.227.170 - - [24/Apr/2026:07:51:55 +0000] "GET /items/A46800269402/ HTTP/2" 200 4300 "https://www.smilepack.net/sitemap91.xml" "Mozilla/5.0 AppleWebKit/537.36 (KHTML, like Gecko; compatible; GPTBot/1.3; +https://openai.com/gptbot)"
74.7.227.170 - - [24/Apr/2026:07:51:55 +0000] "GET /items/K59524149725/ HTTP/2" 200 4300 "https://www.smilepack.net/sitemap91.xml" "Mozilla/5.0 AppleWebKit/537.36 (KHTML, like Gecko; compatible; GPTBot/1.3; +https://openai.com/gptbot)"
74.7.227.170 - - [24/Apr/2026:07:51:56 +0000] "GET /items/O39066231699/ HTTP/2" 200 4302 "https://www.smilepack.net/sitemap5.xml" "Mozilla/5.0 AppleWebKit/537.36 (KHTML, like Gecko; compatible; GPTBot/1.3; +https://openai.com/gptbot)"
104.219.215.160 - - [24/Apr/2026:07:51:56 +0000] "GET /wp-content/wp6acca2/edit.php HTTP/1.1" 500 0 "https://smilepack.net/wp-content/wp6acca2/edit.php" "Mozilla/5.0 (Windows NT 10.0; Win64; x64) AppleWebKit/537.36 (KHTML, like Gecko) Chrome/58.0.3029.110 Safari/537.3"
74.7.227.170 - - [24/Apr/2026:07:51:57 +0000] "GET /items/J44547207102/ HTTP/2" 200 4300 "https://www.smilepack.net/sitemap3.xml" "Mozilla/5.0 AppleWebKit/537.36 (KHTML, like Gecko; compatible; GPTBot/1.3; +https://openai.com/gptbot)"
74.7.227.170 - - [24/Apr/2026:07:51:57 +0000] "GET /items/T63173233618/ HTTP/2" 200 4300 "https://www.smilepack.net/sitemap573.xml" "Mozilla/5.0 AppleWebKit/537.36 (KHTML, like Gecko; compatible; GPTBot/1.3; +https://openai.com/gptbot)"
74.7.227.170 - - [24/Apr/2026:07:51:58 +0000] "GET /items/J44547116452/ HTTP/2" 200 4290 "https://www.smilepack.net/sitemap573.xml" "Mozilla/5.0 AppleWebKit/537.36 (KHTML, like Gecko; compatible; GPTBot/1.3; +https://openai.com/gptbot)"
74.7.227.170 - - [24/Apr/2026:07:51:59 +0000] "GET /items/G44622193116/?fileloc=/home/smilepac/public_html/.htaccess.bk&path=/home/smilepac/public_html HTTP/2" 200 3279 "https://www.smilepack.net/items/G44622193116/" "Mozilla/5.0 AppleWebKit/537.36 (KHTML, like Gecko; compatible; GPTBot/1.3; +https://openai.com/gptbot)"
80.97.160.166 - - [24/Apr/2026:07:51:57 +0000] "POST /old/wp-includes/SimplePie/src/Content/nextjs/index.php HTTP/1.1" 200 1283 "https://smilepack.net/old/wp-includes/SimplePie/src/Content/nextjs/index.php" "Mozilla/5.0 (Windows NT 10.0; Win64; x64) AppleWebKit/537.36 (KHTML, like Gecko) Chrome/58.0.3029.110 Safari/537.3"
80.97.160.166 - - [24/Apr/2026:07:52:00 +0000] "POST /old/wp-includes/SimplePie/src/Content/nextjs/index.php HTTP/1.1" 200 1311 "https://smilepack.net/old/wp-includes/SimplePie/src/Content/nextjs/index.php" "Mozilla/5.0 (Windows NT 10.0; Win64; x64) AppleWebKit/537.36 (KHTML, like Gecko) Chrome/58.0.3029.110 Safari/537.3"
74.7.227.170 - - [24/Apr/2026:07:52:00 +0000] "GET /items/O39066167301/ HTTP/2" 200 4290 "https://www.smilepack.net/sitemap5.xml" "Mozilla/5.0 AppleWebKit/537.36 (KHTML, like Gecko; compatible; GPTBot/1.3; +https://openai.com/gptbot)"
74.7.227.170 - - [24/Apr/2026:07:52:02 +0000] "GET /items/Z51063252336/ HTTP/2" 200 4306 "https://www.smilepack.net/sitemap3.xml" "Mozilla/5.0 AppleWebKit/537.36 (KHTML, like Gecko; compatible; GPTBot/1.3; +https://openai.com/gptbot)"
74.7.227.170 - - [24/Apr/2026:07:52:04 +0000] "GET /items/J44547204905/ HTTP/2" 200 4291 "https://www.smilepack.net/sitemap3.xml" "Mozilla/5.0 AppleWebKit/537.36 (KHTML, like Gecko; compatible; GPTBot/1.3; +https://openai.com/gptbot)"
80.97.160.166 - - [24/Apr/2026:07:52:06 +0000] "GET /wp-content/plugins/litespeed-cache/tpl/dash/photos/index.php HTTP/1.1" 200 194 "https://smilepack.net/wp-content/plugins/litespeed-cache/tpl/dash/photos/index.php" "Mozilla/5.0 (Windows NT 10.0; Win64; x64) AppleWebKit/537.36 (KHTML, like Gecko) Chrome/58.0.3029.110 Safari/537.3"
80.97.160.166 - - [24/Apr/2026:07:52:06 +0000] "POST /wp-content/plugins/litespeed-cache/tpl/dash/photos/index.php HTTP/1.1" 200 149 "https://smilepack.net/wp-content/plugins/litespeed-cache/tpl/dash/photos/index.php" "Mozilla/5.0 (Windows NT 10.0; Win64; x64) AppleWebKit/537.36 (KHTML, like Gecko) Chrome/58.0.3029.110 Safari/537.3"
