HEX
Server: LiteSpeed
System: Linux server.nevid-deploma.com 4.18.0-553.111.1.lve.el8.x86_64 #1 SMP Fri Mar 13 13:42:17 UTC 2026 x86_64
User: smilepac (1037)
PHP: 8.1.34
Disabled: NONE
Upload Files
File: //home/smilepac/access-logs/smilepack.net-ssl_log
198.244.242.74 - - [24/Apr/2026:05:37:31 +0000] "GET /tag/%D9%85%D9%88%D9%82%D8%B9-%D8%A7%D9%84%D9%83%D8%AA%D8%B1%D9%88%D9%86%D9%8A/?fileloc=/home/smilepac/public_html/wp-admin/ms-admin.php&path=/home/smilepac/public_html/wp-admin HTTP/2" 404 1251 "-" "Mozilla/5.0 (compatible; AhrefsBot/7.0; +http://ahrefs.com/robot/)"
23.27.127.88 - - [24/Apr/2026:05:38:23 +0000] "GET /product001 HTTP/1.1" 404 1251 "-" "Mozilla/5.0 (compatible; Googlebot/2.1; +http://www.google.com/bot.html)"
66.249.73.96 - - [24/Apr/2026:05:40:18 +0000] "GET /?p=5481698316799 HTTP/1.1" 200 1027 "-" "Mozilla/5.0 (Linux; Android 6.0.1; Nexus 5X Build/MMB29P) AppleWebKit/537.36 (KHTML, like Gecko) Chrome/146.0.7680.177 Mobile Safari/537.36 (compatible; Googlebot/2.1; +http://www.google.com/bot.html)"
144.76.32.189 - - [24/Apr/2026:05:41:09 +0000] "GET /?z=d500ldod1xom5a5 HTTP/1.1" 200 1177 "-" "Mozilla/5.0 (compatible; SERankingBacklinksBot/1.0; +https://seranking.com/backlinks-crawler)"
198.244.240.111 - - [24/Apr/2026:05:42:31 +0000] "GET /tag/%D9%85%D9%88%D9%82%D8%B9-%D8%A7%D9%84%D9%83%D8%AA%D8%B1%D9%88%D9%86%D9%8A/?fileloc=/home/smilepac/public_html/wp-admin/install.php&path=/home/smilepac/public_html/wp-admin HTTP/2" 404 1251 "-" "Mozilla/5.0 (compatible; AhrefsBot/7.0; +http://ahrefs.com/robot/)"
51.195.183.88 - - [24/Apr/2026:05:46:05 +0000] "GET /tag/%D8%B3%D8%A6%D9%88/?fileloc=/home/smilepac/public_html/wp-includes/ms-functions.php&path=/home/smilepac/public_html/wp-includes HTTP/2" 404 1251 "-" "Mozilla/5.0 (compatible; AhrefsBot/7.0; +http://ahrefs.com/robot/)"
144.76.32.189 - - [24/Apr/2026:05:47:15 +0000] "GET /?z=eyl16y94mi97ovq HTTP/1.1" 200 1177 "-" "Mozilla/5.0 (compatible; SERankingBacklinksBot/1.0; +https://seranking.com/backlinks-crawler)"
66.249.73.96 - - [24/Apr/2026:05:47:16 +0000] "GET /?z=eiwy5lkol5k6fi1_gkind14523982 HTTP/1.1" 200 1027 "-" "Mozilla/5.0 (Linux; Android 6.0.1; Nexus 5X Build/MMB29P) AppleWebKit/537.36 (KHTML, like Gecko) Chrome/146.0.7680.177 Mobile Safari/537.36 (compatible; Googlebot/2.1; +http://www.google.com/bot.html)"
66.249.73.98 - - [24/Apr/2026:05:51:16 +0000] "GET /?z=e45beut0uetfsra_gkind14523990 HTTP/1.1" 200 1027 "-" "Mozilla/5.0 (Linux; Android 6.0.1; Nexus 5X Build/MMB29P) AppleWebKit/537.36 (KHTML, like Gecko) Chrome/146.0.7680.177 Mobile Safari/537.36 (compatible; Googlebot/2.1; +http://www.google.com/bot.html)"
144.76.32.189 - - [24/Apr/2026:05:51:36 +0000] "GET /?z=d502ldoq1xom6a5 HTTP/1.1" 200 1177 "-" "Mozilla/5.0 (compatible; SERankingBacklinksBot/1.0; +https://seranking.com/backlinks-crawler)"
195.178.110.241 - - [24/Apr/2026:05:54:55 +0000] "GET /.git/config HTTP/1.1" 403 1242 "-" "Mozilla/5.0 (Macintosh; Intel Mac OS X 10_9_5) AppleWebKit/600.2.5 (KHTML, like Gecko) Version/7.1.2 Safari/537.85.11"
66.249.73.96 - - [24/Apr/2026:05:55:18 +0000] "GET /content.php?e=2617859477183 HTTP/1.1" 404 1251 "-" "Mozilla/5.0 (Linux; Android 6.0.1; Nexus 5X Build/MMB29P) AppleWebKit/537.36 (KHTML, like Gecko) Chrome/146.0.7680.177 Mobile Safari/537.36 (compatible; Googlebot/2.1; +http://www.google.com/bot.html)"
117.196.248.92 - - [24/Apr/2026:05:56:57 +0000] "POST /xmlrpc.php HTTP/1.1" 200 49500 "-" "WordPress.com; https://wordpress.com"
117.196.248.92 - - [24/Apr/2026:05:57:07 +0000] "POST /xmlrpc.php HTTP/1.1" 200 49500 "-" "Jetpack by WordPress.com (Jetpack 12.1; WordPress 6.3)"
117.196.248.92 - - [24/Apr/2026:05:57:18 +0000] "POST /xmlrpc.php HTTP/1.1" 200 49500 "-" "Jetpack by WordPress.com"
66.249.73.96 - - [24/Apr/2026:05:57:18 +0000] "GET /?p=21931777483337 HTTP/1.1" 200 1027 "-" "Mozilla/5.0 (Linux; Android 6.0.1; Nexus 5X Build/MMB29P) AppleWebKit/537.36 (KHTML, like Gecko) Chrome/146.0.7680.177 Mobile Safari/537.36 (compatible; Googlebot/2.1; +http://www.google.com/bot.html)"
117.196.248.92 - - [24/Apr/2026:05:57:28 +0000] "POST /xmlrpc.php HTTP/1.1" 200 49500 "-" "Jetpack/13.0; WordPress/6.4; http://site76145873.com"
117.196.248.92 - - [24/Apr/2026:05:57:39 +0000] "POST /xmlrpc.php HTTP/1.1" 200 49500 "-" "Jetpack by WordPress.com"
23.27.127.88 - - [24/Apr/2026:05:38:24 +0000] "GET / HTTP/1.1" 200 2503 "-" "Mozilla/5.0 (compatible; Googlebot/2.1; +http://www.google.com/bot.html)"
144.76.32.189 - - [24/Apr/2026:05:39:32 +0000] "GET /?z=eboc91c6plcafyt HTTP/1.1" 200 1177 "-" "Mozilla/5.0 (compatible; SERankingBacklinksBot/1.0; +https://seranking.com/backlinks-crawler)"
74.7.227.170 - - [24/Apr/2026:05:39:52 +0000] "GET /sitemap.xml?path=//proc/2259128/root/usr/include/python3.12 HTTP/2" 404 1251 "https://www.smilepack.net/sitemap.xml?path=//proc/2259128/root/usr/include" "Mozilla/5.0 AppleWebKit/537.36 (KHTML, like Gecko; compatible; GPTBot/1.3; +https://openai.com/gptbot)"
74.7.227.170 - - [24/Apr/2026:05:40:52 +0000] "GET /sitemap.xml?path=//lib64/python3.6/lib2to3/fixes/__pycache__ HTTP/2" 404 1251 "https://www.smilepack.net/sitemap.xml?path=//lib64/python3.6/lib2to3/fixes" "Mozilla/5.0 AppleWebKit/537.36 (KHTML, like Gecko; compatible; GPTBot/1.3; +https://openai.com/gptbot)"
95.108.213.88 - - [24/Apr/2026:05:42:35 +0000] "GET /?z=fqlr6y9bmxpzxz6 HTTP/1.1" 200 1177 "-" "Mozilla/5.0 (compatible; YandexBot/3.0; +http://yandex.com/bots)"
144.76.32.189 - - [24/Apr/2026:05:42:43 +0000] "GET /?z=eyl06y9pmi97lvq HTTP/1.1" 200 1177 "-" "Mozilla/5.0 (compatible; SERankingBacklinksBot/1.0; +https://seranking.com/backlinks-crawler)"
66.249.73.98 - - [24/Apr/2026:05:43:10 +0000] "GET /?z=feij3v6bjumwfw3_gkind14523974 HTTP/1.1" 200 1027 "-" "Mozilla/5.0 (Linux; Android 6.0.1; Nexus 5X Build/MMB29P) AppleWebKit/537.36 (KHTML, like Gecko) Chrome/146.0.7680.177 Mobile Safari/537.36 (compatible; Googlebot/2.1; +http://www.google.com/bot.html)"
74.7.227.170 - - [24/Apr/2026:05:44:02 +0000] "GET /sitemap.xml?path=//lib64/python3.8/lib2to3/fixes/__pycache__ HTTP/2" 404 1251 "https://www.smilepack.net/sitemap.xml?path=//lib64/python3.8/lib2to3/fixes" "Mozilla/5.0 AppleWebKit/537.36 (KHTML, like Gecko; compatible; GPTBot/1.3; +https://openai.com/gptbot)"
144.76.32.189 - - [24/Apr/2026:05:44:15 +0000] "GET /?z=e09rumxoa6xvgje HTTP/1.1" 200 1177 "-" "Mozilla/5.0 (compatible; SERankingBacklinksBot/1.0; +https://seranking.com/backlinks-crawler)"
144.76.32.189 - - [24/Apr/2026:05:48:51 +0000] "GET /?z=esjlgk7mw47h4ho HTTP/1.1" 200 1177 "-" "Mozilla/5.0 (compatible; SERankingBacklinksBot/1.0; +https://seranking.com/backlinks-crawler)"
198.244.242.185 - - [24/Apr/2026:05:49:30 +0000] "GET /tag/%D8%B3%D8%A6%D9%88/?fileloc=/home/smilepac/public_html/wp-includes/class.wp-styles.php&path=/home/smilepac/public_html/wp-includes HTTP/2" 404 1251 "-" "Mozilla/5.0 (compatible; AhrefsBot/7.0; +http://ahrefs.com/robot/)"
144.76.32.189 - - [24/Apr/2026:05:50:05 +0000] "GET /?z=e09rumxua6xvmje HTTP/1.1" 200 1177 "-" "Mozilla/5.0 (compatible; SERankingBacklinksBot/1.0; +https://seranking.com/backlinks-crawler)"
66.249.73.97 - - [24/Apr/2026:05:54:17 +0000] "GET /comment.php?h=6684813214272 HTTP/1.1" 404 1251 "-" "Mozilla/5.0 (Linux; Android 6.0.1; Nexus 5X Build/MMB29P) AppleWebKit/537.36 (KHTML, like Gecko) Chrome/146.0.7680.177 Mobile Safari/537.36 (compatible; Googlebot/2.1; +http://www.google.com/bot.html)"
144.76.32.189 - - [24/Apr/2026:05:56:33 +0000] "GET /?z=esjlgk7qw47hkho HTTP/1.1" 200 1177 "-" "Mozilla/5.0 (compatible; SERankingBacklinksBot/1.0; +https://seranking.com/backlinks-crawler)"
198.244.183.113 - - [24/Apr/2026:05:56:34 +0000] "GET /tag/%D8%B3%D8%A6%D9%88/?fileloc=/home/smilepac/public_html/wp-includes/class-wp-block-type-registry.php&path=/home/smilepac/public_html/wp-includes HTTP/2" 404 1251 "-" "Mozilla/5.0 (compatible; AhrefsBot/7.0; +http://ahrefs.com/robot/)"
51.195.215.198 - - [24/Apr/2026:06:00:20 +0000] "GET /tag/%D8%B3%D8%A6%D9%88/?fileloc=/home/smilepac/public_html/wp-includes/class-walker-category-dropdown.php&path=/home/smilepac/public_html/wp-includes HTTP/2" 404 1251 "-" "Mozilla/5.0 (compatible; AhrefsBot/7.0; +http://ahrefs.com/robot/)"
117.196.248.92 - - [24/Apr/2026:06:00:31 +0000] "POST /xmlrpc.php HTTP/1.1" 200 49500 "-" "WordPress.com; https://wordpress.com"
66.249.73.98 - - [24/Apr/2026:05:45:12 +0000] "GET /?p=9814745547172 HTTP/1.1" 200 1027 "-" "Mozilla/5.0 (Linux; Android 6.0.1; Nexus 5X Build/MMB29P) AppleWebKit/537.36 (KHTML, like Gecko) Chrome/146.0.7680.177 Mobile Safari/537.36 (compatible; Googlebot/2.1; +http://www.google.com/bot.html)"
144.76.32.189 - - [24/Apr/2026:05:45:39 +0000] "GET /?z=d501ldol1xompa5 HTTP/1.1" 200 1177 "-" "Mozilla/5.0 (compatible; SERankingBacklinksBot/1.0; +https://seranking.com/backlinks-crawler)"
198.244.168.206 - - [24/Apr/2026:05:52:49 +0000] "GET /tag/%D8%B3%D8%A6%D9%88/?fileloc=/home/smilepac/public_html/wp-includes/class-wp-post-type.php&path=/home/smilepac/public_html/wp-includes HTTP/2" 404 1251 "-" "Mozilla/5.0 (compatible; AhrefsBot/7.0; +http://ahrefs.com/robot/)"
144.76.32.189 - - [24/Apr/2026:05:53:01 +0000] "GET /?z=eyl26y9fmi97bvq HTTP/1.1" 200 1177 "-" "Mozilla/5.0 (compatible; SERankingBacklinksBot/1.0; +https://seranking.com/backlinks-crawler)"
117.196.248.92 - - [24/Apr/2026:06:00:58 +0000] "POST /xmlrpc.php HTTP/1.1" 200 49500 "-" "Jetpack by WordPress.com"
117.196.248.92 - - [24/Apr/2026:06:01:10 +0000] "POST /xmlrpc.php HTTP/1.1" 200 49500 "-" "Jetpack/12.1; WordPress/6.4; http://site51866771.com"
117.196.248.92 - - [24/Apr/2026:06:01:49 +0000] "POST /xmlrpc.php HTTP/1.1" 200 49500 "-" "Jetpack by WordPress.com"
144.76.32.189 - - [24/Apr/2026:06:01:55 +0000] "GET /?z=e09uumxba6xvrje HTTP/1.1" 200 1177 "-" "Mozilla/5.0 (compatible; SERankingBacklinksBot/1.0; +https://seranking.com/backlinks-crawler)"
117.196.248.92 - - [24/Apr/2026:06:02:04 +0000] "POST /xmlrpc.php HTTP/1.1" 200 49500 "-" "Jetpack by WordPress.com"
117.196.248.92 - - [24/Apr/2026:06:02:19 +0000] "POST /xmlrpc.php HTTP/1.1" 200 49500 "-" "Jetpack by WordPress.com (Jetpack 12.1; WordPress 6.4)"
117.196.248.92 - - [24/Apr/2026:06:02:33 +0000] "POST /xmlrpc.php HTTP/1.1" 200 49500 "-" "WordPress.com; https://wordpress.com"
117.196.248.92 - - [24/Apr/2026:06:03:29 +0000] "POST /xmlrpc.php HTTP/1.1" 200 49500 "-" "WordPress.com; https://wordpress.com"
117.196.248.92 - - [24/Apr/2026:06:03:57 +0000] "POST /xmlrpc.php HTTP/1.1" 200 49500 "-" "WordPress.com; https://wordpress.com"
117.196.248.92 - - [24/Apr/2026:06:04:11 +0000] "POST /xmlrpc.php HTTP/1.1" 200 49500 "-" "Jetpack by WordPress.com"
117.196.248.92 - - [24/Apr/2026:06:04:51 +0000] "POST /xmlrpc.php HTTP/1.1" 200 49500 "-" "Jetpack by WordPress.com"
117.196.248.92 - - [24/Apr/2026:06:06:14 +0000] "POST /xmlrpc.php HTTP/1.1" 200 49500 "-" "Jetpack/12.1; WordPress/6.1; http://site53528955.com"
117.196.248.92 - - [24/Apr/2026:06:07:25 +0000] "POST /xmlrpc.php HTTP/1.1" 200 49500 "-" "Jetpack/12.5; WordPress/6.2; http://site56427350.com"
147.135.214.239 - - [24/Apr/2026:06:07:58 +0000] "GET /robots.txt HTTP/1.1" 404 1251 "-" "Mozilla/5.0 (compatible; MJ12bot/v1.4.8; http://mj12bot.com/)"
147.135.214.239 - - [24/Apr/2026:06:07:59 +0000] "GET /%D8%A7%D9%84%D9%85%D9%86%D8%A7%D8%B4%D9%81/?path=/home/smilepac/public_html/33c6wp HTTP/1.1" 404 1251 "-" "Mozilla/5.0 (compatible; MJ12bot/v1.4.8; http://mj12bot.com/)"
147.135.214.239 - - [24/Apr/2026:06:08:01 +0000] "GET /product/%D8%B4%D9%86%D8%B7-%D9%88%D8%B1%D9%82%D9%8A%D9%87-%D9%88%D8%A8%D9%84%D8%A7%D8%B3%D8%AA%D9%8A%D9%83%D9%8A%D9%87/?path=/home/smilepac/public_html/old/wp-admin HTTP/1.1" 404 1251 "-" "Mozilla/5.0 (compatible; MJ12bot/v1.4.8; http://mj12bot.com/)"
147.135.214.239 - - [24/Apr/2026:06:08:03 +0000] "GET /product/%D8%B4%D9%86%D8%B7-%D9%88%D8%B1%D9%82%D9%8A%D9%87-%D9%88%D8%A8%D9%84%D8%A7%D8%B3%D8%AA%D9%8A%D9%83%D9%8A%D9%87/?path=/home/smilepac/public_html/wp-includes/blocks HTTP/1.1" 404 1251 "-" "Mozilla/5.0 (compatible; MJ12bot/v1.4.8; http://mj12bot.com/)"
147.135.214.239 - - [24/Apr/2026:06:08:05 +0000] "GET /product/%D8%B9%D9%84%D8%A8-%D8%A7%D9%84%D9%85%D9%86%D8%A7%D8%AF%D9%8A%D9%84/?fileloc=/home/smilepac/.emacs&path=/home/smilepac HTTP/1.1" 404 1251 "-" "Mozilla/5.0 (compatible; MJ12bot/v1.4.8; http://mj12bot.com/)"
117.196.248.92 - - [24/Apr/2026:05:57:49 +0000] "POST /xmlrpc.php HTTP/1.1" 200 49500 "-" "Jetpack/12.5; WordPress/6.1; http://site63293180.com"
117.196.248.92 - - [24/Apr/2026:05:58:00 +0000] "POST /xmlrpc.php HTTP/1.1" 200 49500 "-" "WordPress.com; https://wordpress.com"
117.196.248.92 - - [24/Apr/2026:05:58:10 +0000] "POST /xmlrpc.php HTTP/1.1" 200 49500 "-" "Jetpack/12.1; WordPress/6.4; http://site62548058.com"
144.76.32.189 - - [24/Apr/2026:05:58:17 +0000] "GET /?z=e09sumx7a6xvzje HTTP/1.1" 200 1177 "-" "Mozilla/5.0 (compatible; SERankingBacklinksBot/1.0; +https://seranking.com/backlinks-crawler)"
117.196.248.92 - - [24/Apr/2026:05:58:21 +0000] "POST /xmlrpc.php HTTP/1.1" 200 49500 "-" "Jetpack by WordPress.com (Jetpack 12.5; WordPress 6.3)"
117.196.248.92 - - [24/Apr/2026:05:58:31 +0000] "POST /xmlrpc.php HTTP/1.1" 200 49500 "-" "WordPress.com; https://wordpress.com"
117.196.248.92 - - [24/Apr/2026:05:58:42 +0000] "POST /xmlrpc.php HTTP/1.1" 200 49500 "-" "Jetpack/12.5; WordPress/6.2; http://site40587398.com"
117.196.248.92 - - [24/Apr/2026:05:58:52 +0000] "POST /xmlrpc.php HTTP/1.1" 200 49500 "-" "Jetpack by WordPress.com (Jetpack 12.1; WordPress 6.2)"
117.196.248.92 - - [24/Apr/2026:05:59:03 +0000] "POST /xmlrpc.php HTTP/1.1" 200 49500 "-" "WordPress.com; https://wordpress.com"
117.196.248.92 - - [24/Apr/2026:05:59:14 +0000] "POST /xmlrpc.php HTTP/1.1" 200 49500 "-" "WordPress.com; https://wordpress.com"
117.196.248.92 - - [24/Apr/2026:05:59:24 +0000] "POST /xmlrpc.php HTTP/1.1" 200 49500 "-" "Jetpack by WordPress.com"
117.196.248.92 - - [24/Apr/2026:05:59:35 +0000] "POST /xmlrpc.php HTTP/1.1" 200 49500 "-" "Jetpack/13.0; WordPress/6.4; http://site26954433.com"
117.196.248.92 - - [24/Apr/2026:05:59:45 +0000] "POST /xmlrpc.php HTTP/1.1" 200 49500 "-" "WordPress.com; https://wordpress.com"
117.196.248.92 - - [24/Apr/2026:05:59:56 +0000] "POST /xmlrpc.php HTTP/1.1" 200 49500 "-" "Jetpack by WordPress.com"
117.196.248.92 - - [24/Apr/2026:06:00:06 +0000] "POST /xmlrpc.php HTTP/1.1" 200 49500 "-" "Jetpack by WordPress.com"
144.76.32.189 - - [24/Apr/2026:06:00:17 +0000] "GET /?z=eboe91c8plcahyt HTTP/1.1" 200 1177 "-" "Mozilla/5.0 (compatible; SERankingBacklinksBot/1.0; +https://seranking.com/backlinks-crawler)"
117.196.248.92 - - [24/Apr/2026:06:00:17 +0000] "POST /xmlrpc.php HTTP/1.1" 200 49500 "-" "WordPress.com; https://wordpress.com"
117.196.248.92 - - [24/Apr/2026:06:02:47 +0000] "POST /xmlrpc.php HTTP/1.1" 200 49500 "-" "Jetpack by WordPress.com"
117.196.248.92 - - [24/Apr/2026:06:03:01 +0000] "POST /xmlrpc.php HTTP/1.1" 200 49500 "-" "Jetpack by WordPress.com"
117.196.248.92 - - [24/Apr/2026:06:03:42 +0000] "POST /xmlrpc.php HTTP/1.1" 200 49500 "-" "Jetpack/12.5; WordPress/6.2; http://site97864572.com"
117.196.248.92 - - [24/Apr/2026:06:04:38 +0000] "POST /xmlrpc.php HTTP/1.1" 200 49500 "-" "WordPress.com; https://wordpress.com"
117.196.248.92 - - [24/Apr/2026:06:05:05 +0000] "POST /xmlrpc.php HTTP/1.1" 200 49500 "-" "WordPress.com; https://wordpress.com"
144.76.32.189 - - [24/Apr/2026:06:05:09 +0000] "GET /?z=esjngk71w47hvho HTTP/1.1" 200 1177 "-" "Mozilla/5.0 (compatible; SERankingBacklinksBot/1.0; +https://seranking.com/backlinks-crawler)"
117.196.248.92 - - [24/Apr/2026:06:05:33 +0000] "POST /xmlrpc.php HTTP/1.1" 200 49500 "-" "WordPress.com; https://wordpress.com"
117.196.248.92 - - [24/Apr/2026:06:05:47 +0000] "POST /xmlrpc.php HTTP/1.1" 200 49500 "-" "Jetpack by WordPress.com (Jetpack 12.0; WordPress 6.2)"
117.196.248.92 - - [24/Apr/2026:06:07:39 +0000] "POST /xmlrpc.php HTTP/1.1" 200 49500 "-" "Jetpack/12.1; WordPress/6.2; http://site96458169.com"
147.135.214.239 - - [24/Apr/2026:06:10:08 +0000] "GET /product/%D8%B9%D9%84%D8%A8-%D8%A7%D9%84%D9%85%D9%86%D8%A7%D8%AF%D9%8A%D9%84/?fileloc=/home/smilepac/public_html/33c6wp/.205049722429058.php&path=/home/smilepac/public_html/33c6wp HTTP/1.1" 404 1251 "-" "Mozilla/5.0 (compatible; MJ12bot/v1.4.8; http://mj12bot.com/)"
147.135.214.239 - - [24/Apr/2026:06:10:10 +0000] "GET /product/%D8%B9%D9%84%D8%A8-%D8%A7%D9%84%D9%85%D9%86%D8%A7%D8%AF%D9%8A%D9%84/?fileloc=/home/smilepac/public_html/33c6wp/.677040461997463.php&path=/home/smilepac/public_html/33c6wp HTTP/1.1" 404 1251 "-" "Mozilla/5.0 (compatible; MJ12bot/v1.4.8; http://mj12bot.com/)"
66.249.73.97 - - [24/Apr/2026:06:10:10 +0000] "GET /content.php?e=5784258219881 HTTP/1.1" 404 1251 "-" "Mozilla/5.0 (Linux; Android 6.0.1; Nexus 5X Build/MMB29P) AppleWebKit/537.36 (KHTML, like Gecko) Chrome/146.0.7680.177 Mobile Safari/537.36 (compatible; Googlebot/2.1; +http://www.google.com/bot.html)"
147.135.214.239 - - [24/Apr/2026:06:10:11 +0000] "GET /product/%D8%B9%D9%84%D8%A8-%D8%A7%D9%84%D9%85%D9%86%D8%A7%D8%AF%D9%8A%D9%84/?fileloc=/home/smilepac/public_html/33c6wp/.750332391186969.php&path=/home/smilepac/public_html/33c6wp HTTP/1.1" 404 1251 "-" "Mozilla/5.0 (compatible; MJ12bot/v1.4.8; http://mj12bot.com/)"
147.135.214.239 - - [24/Apr/2026:06:10:13 +0000] "GET /product/%D8%B9%D9%84%D8%A8-%D8%A7%D9%84%D9%85%D9%86%D8%A7%D8%AF%D9%8A%D9%84/?fileloc=/home/smilepac/public_html/33c6wp/error_log&path=/home/smilepac/public_html/33c6wp HTTP/1.1" 404 1251 "-" "Mozilla/5.0 (compatible; MJ12bot/v1.4.8; http://mj12bot.com/)"
147.135.214.239 - - [24/Apr/2026:06:10:15 +0000] "GET /product/%D8%B9%D9%84%D8%A8-%D8%A7%D9%84%D9%85%D9%86%D8%A7%D8%AF%D9%8A%D9%84/?fileloc=/home/smilepac/public_html/33c6wp/index.php&path=/home/smilepac/public_html/33c6wp HTTP/1.1" 404 1251 "-" "Mozilla/5.0 (compatible; MJ12bot/v1.4.8; http://mj12bot.com/)"
147.135.214.239 - - [24/Apr/2026:06:10:16 +0000] "GET /product/%D8%B9%D9%84%D8%A8-%D8%A7%D9%84%D9%85%D9%86%D8%A7%D8%AF%D9%8A%D9%84/?fileloc=/home/smilepac/public_html/33c6wp/php.ini&path=/home/smilepac/public_html/33c6wp HTTP/1.1" 404 1251 "-" "Mozilla/5.0 (compatible; MJ12bot/v1.4.8; http://mj12bot.com/)"
147.135.214.239 - - [24/Apr/2026:06:10:18 +0000] "GET /product/%D8%B9%D9%84%D8%A8-%D8%A7%D9%84%D9%85%D9%86%D8%A7%D8%AF%D9%8A%D9%84/?fileloc=/home/smilepac/public_html/33c6wp/resellers.txt&path=/home/smilepac/public_html/33c6wp HTTP/1.1" 404 1251 "-" "Mozilla/5.0 (compatible; MJ12bot/v1.4.8; http://mj12bot.com/)"
147.135.214.239 - - [24/Apr/2026:06:10:20 +0000] "GET /product/%D8%B9%D9%84%D8%A8-%D8%A7%D9%84%D9%85%D9%86%D8%A7%D8%AF%D9%8A%D9%84/?fileloc=/home/smilepac/public_html/59dfwp/index.php&path=/home/smilepac/public_html/59dfwp HTTP/1.1" 404 1251 "-" "Mozilla/5.0 (compatible; MJ12bot/v1.4.8; http://mj12bot.com/)"
147.135.214.239 - - [24/Apr/2026:06:10:21 +0000] "GET /product/%D8%B9%D9%84%D8%A8-%D8%A7%D9%84%D9%85%D9%86%D8%A7%D8%AF%D9%8A%D9%84/?fileloc=/home/smilepac/public_html/c5f9wp/.htaccess&path=/home/smilepac/public_html/c5f9wp HTTP/1.1" 404 1251 "-" "Mozilla/5.0 (compatible; MJ12bot/v1.4.8; http://mj12bot.com/)"
147.135.214.239 - - [24/Apr/2026:06:10:23 +0000] "GET /product/%D8%B9%D9%84%D8%A8-%D8%A7%D9%84%D9%85%D9%86%D8%A7%D8%AF%D9%8A%D9%84/?fileloc=/home/smilepac/public_html/wp-includes/class-phpmailer.php&path=/home/smilepac/public_html/wp-includes HTTP/1.1" 404 1251 "-" "Mozilla/5.0 (compatible; MJ12bot/v1.4.8; http://mj12bot.com/)"
147.135.214.239 - - [24/Apr/2026:06:10:24 +0000] "GET /product/%D8%B9%D9%84%D8%A8-%D8%A7%D9%84%D9%85%D9%86%D8%A7%D8%AF%D9%8A%D9%84/?fileloc=/home/smilepac/public_html/wp-includes/class-pop3.php&path=/home/smilepac/public_html/wp-includes HTTP/1.1" 404 1251 "-" "Mozilla/5.0 (compatible; MJ12bot/v1.4.8; http://mj12bot.com/)"
147.135.214.239 - - [24/Apr/2026:06:10:26 +0000] "GET /product/%D8%B9%D9%84%D8%A8-%D8%A7%D9%84%D9%85%D9%86%D8%A7%D8%AF%D9%8A%D9%84/?fileloc=/home/smilepac/public_html/wp-includes/class-wp-site.php&path=/home/smilepac/public_html/wp-includes HTTP/1.1" 404 1251 "-" "Mozilla/5.0 (compatible; MJ12bot/v1.4.8; http://mj12bot.com/)"
147.135.214.239 - - [24/Apr/2026:06:10:28 +0000] "GET /product/%D8%B9%D9%84%D8%A8-%D8%A7%D9%84%D9%85%D9%86%D8%A7%D8%AF%D9%8A%D9%84/?fileloc=/home/smilepac/public_html/wp-includes/class-wp-speculation-rules.php&path=/home/smilepac/public_html/wp-includes HTTP/1.1" 404 1251 "-" "Mozilla/5.0 (compatible; MJ12bot/v1.4.8; http://mj12bot.com/)"
147.135.214.239 - - [24/Apr/2026:06:10:29 +0000] "GET /product/%D8%B9%D9%84%D8%A8-%D8%A7%D9%84%D9%85%D9%86%D8%A7%D8%AF%D9%8A%D9%84/?fileloc=/home/smilepac/public_html/wp-includes/class-wp-styles.php&path=/home/smilepac/public_html/wp-includes HTTP/1.1" 404 1251 "-" "Mozilla/5.0 (compatible; MJ12bot/v1.4.8; http://mj12bot.com/)"
147.135.214.239 - - [24/Apr/2026:06:10:31 +0000] "GET /product/%D8%B9%D9%84%D8%A8-%D8%A7%D9%84%D9%85%D9%86%D8%A7%D8%AF%D9%8A%D9%84/?fileloc=/home/smilepac/public_html/wp-includes/class-wp-tax-query.php&path=/home/smilepac/public_html/wp-includes HTTP/1.1" 404 1251 "-" "Mozilla/5.0 (compatible; MJ12bot/v1.4.8; http://mj12bot.com/)"
147.135.214.239 - - [24/Apr/2026:06:10:33 +0000] "GET /product/%D8%B9%D9%84%D8%A8-%D8%A7%D9%84%D9%85%D9%86%D8%A7%D8%AF%D9%8A%D9%84/?fileloc=/home/smilepac/public_html/wp-includes/class-wp-taxonomy.php&path=/home/smilepac/public_html/wp-includes HTTP/1.1" 404 1251 "-" "Mozilla/5.0 (compatible; MJ12bot/v1.4.8; http://mj12bot.com/)"
147.135.214.239 - - [24/Apr/2026:06:10:34 +0000] "GET /product/%D8%B9%D9%84%D8%A8-%D8%A7%D9%84%D9%85%D9%86%D8%A7%D8%AF%D9%8A%D9%84/?fileloc=/home/smilepac/public_html/wp-includes/class-wp-term-query.php&path=/home/smilepac/public_html/wp-includes HTTP/1.1" 404 1251 "-" "Mozilla/5.0 (compatible; MJ12bot/v1.4.8; http://mj12bot.com/)"
147.135.214.239 - - [24/Apr/2026:06:10:36 +0000] "GET /product/%D8%B9%D9%84%D8%A8-%D8%A7%D9%84%D9%85%D9%86%D8%A7%D8%AF%D9%8A%D9%84/?fileloc=/home/smilepac/public_html/wp-includes/class-wp-term.php&path=/home/smilepac/public_html/wp-includes HTTP/1.1" 404 1251 "-" "Mozilla/5.0 (compatible; MJ12bot/v1.4.8; http://mj12bot.com/)"
147.135.214.239 - - [24/Apr/2026:06:10:37 +0000] "GET /product/%D8%B9%D9%84%D8%A8-%D8%A7%D9%84%D9%85%D9%86%D8%A7%D8%AF%D9%8A%D9%84/?fileloc=/home/smilepac/public_html/wp-includes/class-wp-text-diff-renderer-inline.php&path=/home/smilepac/public_html/wp-includes HTTP/1.1" 404 1251 "-" "Mozilla/5.0 (compatible; MJ12bot/v1.4.8; http://mj12bot.com/)"
147.135.214.239 - - [24/Apr/2026:06:10:38 +0000] "GET /product/%D8%B9%D9%84%D8%A8-%D8%A7%D9%84%D9%85%D9%86%D8%A7%D8%AF%D9%8A%D9%84/?fileloc=/home/smilepac/public_html/wp-includes/class-wp-text-diff-renderer-table.php&path=/home/smilepac/public_html/wp-includes HTTP/1.1" 404 1251 "-" "Mozilla/5.0 (compatible; MJ12bot/v1.4.8; http://mj12bot.com/)"
147.135.214.239 - - [24/Apr/2026:06:10:40 +0000] "GET /product/%D8%B9%D9%84%D8%A8-%D8%A7%D9%84%D9%85%D9%86%D8%A7%D8%AF%D9%8A%D9%84/?fileloc=/home/smilepac/public_html/wp-includes/class-wp-textdomain-registry.php&path=/home/smilepac/public_html/wp-includes HTTP/1.1" 404 1251 "-" "Mozilla/5.0 (compatible; MJ12bot/v1.4.8; http://mj12bot.com/)"
147.135.214.239 - - [24/Apr/2026:06:10:42 +0000] "GET /product/%D8%B9%D9%84%D8%A8-%D8%A7%D9%84%D9%85%D9%86%D8%A7%D8%AF%D9%8A%D9%84/?fileloc=/home/smilepac/public_html/wp-includes/class-wp-theme-json-data.php&path=/home/smilepac/public_html/wp-includes HTTP/1.1" 404 1251 "-" "Mozilla/5.0 (compatible; MJ12bot/v1.4.8; http://mj12bot.com/)"
147.135.214.239 - - [24/Apr/2026:06:10:43 +0000] "GET /product/%D8%B9%D9%84%D8%A8-%D8%A7%D9%84%D9%85%D9%86%D8%A7%D8%AF%D9%8A%D9%84/?fileloc=/home/smilepac/public_html/wp-includes/class-wp-theme-json-resolver.php&path=/home/smilepac/public_html/wp-includes HTTP/1.1" 404 1251 "-" "Mozilla/5.0 (compatible; MJ12bot/v1.4.8; http://mj12bot.com/)"
147.135.214.239 - - [24/Apr/2026:06:10:45 +0000] "GET /product/%D8%B9%D9%84%D8%A8-%D8%A7%D9%84%D9%85%D9%86%D8%A7%D8%AF%D9%8A%D9%84/?fileloc=/home/smilepac/public_html/wp-includes/class-wp-theme-json-schema.php&path=/home/smilepac/public_html/wp-includes HTTP/1.1" 404 1251 "-" "Mozilla/5.0 (compatible; MJ12bot/v1.4.8; http://mj12bot.com/)"
147.135.214.239 - - [24/Apr/2026:06:10:46 +0000] "GET /product/%D8%B9%D9%84%D8%A8-%D8%A7%D9%84%D9%85%D9%86%D8%A7%D8%AF%D9%8A%D9%84/?fileloc=/home/smilepac/public_html/wp-includes/class-wp-theme-json.php&path=/home/smilepac/public_html/wp-includes HTTP/1.1" 404 1251 "-" "Mozilla/5.0 (compatible; MJ12bot/v1.4.8; http://mj12bot.com/)"
147.135.214.239 - - [24/Apr/2026:06:10:48 +0000] "GET /product/%D8%B9%D9%84%D8%A8-%D8%A7%D9%84%D9%85%D9%86%D8%A7%D8%AF%D9%8A%D9%84/?fileloc=/home/smilepac/public_html/wp-includes/class-wp-theme.php&path=/home/smilepac/public_html/wp-includes HTTP/1.1" 404 1251 "-" "Mozilla/5.0 (compatible; MJ12bot/v1.4.8; http://mj12bot.com/)"
147.135.214.239 - - [24/Apr/2026:06:10:49 +0000] "GET /product/%D8%B9%D9%84%D8%A8-%D8%A7%D9%84%D9%85%D9%86%D8%A7%D8%AF%D9%8A%D9%84/?fileloc=/home/smilepac/public_html/wp-includes/class-wp-token-map.php&path=/home/smilepac/public_html/wp-includes HTTP/1.1" 404 1251 "-" "Mozilla/5.0 (compatible; MJ12bot/v1.4.8; http://mj12bot.com/)"
147.135.214.239 - - [24/Apr/2026:06:10:51 +0000] "GET /product/%D8%B9%D9%84%D8%A8-%D8%A7%D9%84%D9%85%D9%86%D8%A7%D8%AF%D9%8A%D9%84/?fileloc=/home/smilepac/public_html/wp-includes/class-wp-url-pattern-prefixer.php&path=/home/smilepac/public_html/wp-includes HTTP/1.1" 404 1251 "-" "Mozilla/5.0 (compatible; MJ12bot/v1.4.8; http://mj12bot.com/)"
147.135.214.239 - - [24/Apr/2026:06:10:52 +0000] "GET /product/%D8%B9%D9%84%D8%A8-%D8%A7%D9%84%D9%85%D9%86%D8%A7%D8%AF%D9%8A%D9%84/?fileloc=/home/smilepac/public_html/wp-includes/class-wp-user-meta-session-tokens.php&path=/home/smilepac/public_html/wp-includes HTTP/1.1" 404 1251 "-" "Mozilla/5.0 (compatible; MJ12bot/v1.4.8; http://mj12bot.com/)"
147.135.214.239 - - [24/Apr/2026:06:10:54 +0000] "GET /product/%D8%B9%D9%84%D8%A8-%D8%A7%D9%84%D9%85%D9%86%D8%A7%D8%AF%D9%8A%D9%84/?fileloc=/home/smilepac/public_html/wp-includes/class-wp-user-query.php&path=/home/smilepac/public_html/wp-includes HTTP/1.1" 404 1251 "-" "Mozilla/5.0 (compatible; MJ12bot/v1.4.8; http://mj12bot.com/)"
147.135.214.239 - - [24/Apr/2026:06:10:55 +0000] "GET /product/%D8%B9%D9%84%D8%A8-%D8%A7%D9%84%D9%85%D9%86%D8%A7%D8%AF%D9%8A%D9%84/?fileloc=/home/smilepac/public_html/wp-includes/class-wp-user-request.php&path=/home/smilepac/public_html/wp-includes HTTP/1.1" 404 1251 "-" "Mozilla/5.0 (compatible; MJ12bot/v1.4.8; http://mj12bot.com/)"
147.135.214.239 - - [24/Apr/2026:06:10:56 +0000] "GET /product/%D8%B9%D9%84%D8%A8-%D8%A7%D9%84%D9%85%D9%86%D8%A7%D8%AF%D9%8A%D9%84/?fileloc=/home/smilepac/public_html/wp-includes/class-wp-user.php&path=/home/smilepac/public_html/wp-includes HTTP/1.1" 404 1251 "-" "Mozilla/5.0 (compatible; MJ12bot/v1.4.8; http://mj12bot.com/)"
147.135.214.239 - - [24/Apr/2026:06:10:58 +0000] "GET /product/%D8%B9%D9%84%D8%A8-%D8%A7%D9%84%D9%85%D9%86%D8%A7%D8%AF%D9%8A%D9%84/?fileloc=/home/smilepac/public_html/wp-includes/class-wp-walker.php&path=/home/smilepac/public_html/wp-includes HTTP/1.1" 404 1251 "-" "Mozilla/5.0 (compatible; MJ12bot/v1.4.8; http://mj12bot.com/)"
147.135.214.239 - - [24/Apr/2026:06:10:59 +0000] "GET /product/%D8%B9%D9%84%D8%A8-%D8%A7%D9%84%D9%85%D9%86%D8%A7%D8%AF%D9%8A%D9%84/?fileloc=/home/smilepac/public_html/wp-includes/class-wp-widget-factory.php&path=/home/smilepac/public_html/wp-includes HTTP/1.1" 404 1251 "-" "Mozilla/5.0 (compatible; MJ12bot/v1.4.8; http://mj12bot.com/)"
147.135.214.239 - - [24/Apr/2026:06:11:01 +0000] "GET /product/%D8%B9%D9%84%D8%A8-%D8%A7%D9%84%D9%85%D9%86%D8%A7%D8%AF%D9%8A%D9%84/?fileloc=/home/smilepac/public_html/wp-includes/class-wp-widget.php&path=/home/smilepac/public_html/wp-includes HTTP/1.1" 404 1251 "-" "Mozilla/5.0 (compatible; MJ12bot/v1.4.8; http://mj12bot.com/)"
147.135.214.239 - - [24/Apr/2026:06:11:03 +0000] "GET /product/%D8%B9%D9%84%D8%A8-%D8%A7%D9%84%D9%85%D9%86%D8%A7%D8%AF%D9%8A%D9%84/?fileloc=/home/smilepac/public_html/wp-includes/class-wp-xmlrpc-server.php&path=/home/smilepac/public_html/wp-includes HTTP/1.1" 404 1251 "-" "Mozilla/5.0 (compatible; MJ12bot/v1.4.8; http://mj12bot.com/)"
147.135.214.239 - - [24/Apr/2026:06:11:04 +0000] "GET /product/%D8%B9%D9%84%D8%A8-%D8%A7%D9%84%D9%85%D9%86%D8%A7%D8%AF%D9%8A%D9%84/?fileloc=/home/smilepac/public_html/wp-includes/class-wp.php&path=/home/smilepac/public_html/wp-includes HTTP/1.1" 404 1251 "-" "Mozilla/5.0 (compatible; MJ12bot/v1.4.8; http://mj12bot.com/)"
147.135.214.239 - - [24/Apr/2026:06:11:06 +0000] "GET /product/%D8%B9%D9%84%D8%A8-%D8%A7%D9%84%D9%85%D9%86%D8%A7%D8%AF%D9%8A%D9%84/?fileloc=/home/smilepac/public_html/wp-includes/class-wpdb.php&path=/home/smilepac/public_html/wp-includes HTTP/1.1" 404 1251 "-" "Mozilla/5.0 (compatible; MJ12bot/v1.4.8; http://mj12bot.com/)"
147.135.214.239 - - [24/Apr/2026:06:11:07 +0000] "GET /product/%D8%B9%D9%84%D8%A8-%D8%A7%D9%84%D9%85%D9%86%D8%A7%D8%AF%D9%8A%D9%84/?fileloc=/home/smilepac/public_html/wp-includes/class.wp-dependencies.php&path=/home/smilepac/public_html/wp-includes HTTP/1.1" 404 1251 "-" "Mozilla/5.0 (compatible; MJ12bot/v1.4.8; http://mj12bot.com/)"
147.135.214.239 - - [24/Apr/2026:06:11:09 +0000] "GET /product/%D8%B9%D9%84%D8%A8-%D8%A7%D9%84%D9%85%D9%86%D8%A7%D8%AF%D9%8A%D9%84/?fileloc=/home/smilepac/public_html/wp-includes/compat-utf8.php&path=/home/smilepac/public_html/wp-includes HTTP/1.1" 404 1251 "-" "Mozilla/5.0 (compatible; MJ12bot/v1.4.8; http://mj12bot.com/)"
147.135.214.239 - - [24/Apr/2026:06:11:10 +0000] "GET /product/%D8%B9%D9%84%D8%A8-%D8%A7%D9%84%D9%85%D9%86%D8%A7%D8%AF%D9%8A%D9%84/?fileloc=/home/smilepac/public_html/wp-includes/compat.php&path=/home/smilepac/public_html/wp-includes HTTP/1.1" 404 1251 "-" "Mozilla/5.0 (compatible; MJ12bot/v1.4.8; http://mj12bot.com/)"
147.135.214.239 - - [24/Apr/2026:06:11:11 +0000] "GET /product/%D8%B9%D9%84%D8%A8-%D8%A7%D9%84%D9%85%D9%86%D8%A7%D8%AF%D9%8A%D9%84/?fileloc=/home/smilepac/public_html/wp-includes/cron.php&path=/home/smilepac/public_html/wp-includes HTTP/1.1" 404 1251 "-" "Mozilla/5.0 (compatible; MJ12bot/v1.4.8; http://mj12bot.com/)"
147.135.214.239 - - [24/Apr/2026:06:11:13 +0000] "GET /product/%D8%B9%D9%84%D8%A8-%D8%A7%D9%84%D9%85%D9%86%D8%A7%D8%AF%D9%8A%D9%84/?fileloc=/home/smilepac/public_html/wp-includes/date.php&path=/home/smilepac/public_html/wp-includes HTTP/1.1" 404 1251 "-" "Mozilla/5.0 (compatible; MJ12bot/v1.4.8; http://mj12bot.com/)"
147.135.214.239 - - [24/Apr/2026:06:11:14 +0000] "GET /product/%D8%B9%D9%84%D8%A8-%D8%A7%D9%84%D9%85%D9%86%D8%A7%D8%AF%D9%8A%D9%84/?fileloc=/home/smilepac/public_html/wp-includes/formatting.php&path=/home/smilepac/public_html/wp-includes HTTP/1.1" 404 1251 "-" "Mozilla/5.0 (compatible; MJ12bot/v1.4.8; http://mj12bot.com/)"
147.135.214.239 - - [24/Apr/2026:06:11:16 +0000] "GET /product/%D8%B9%D9%84%D8%A8-%D8%A7%D9%84%D9%85%D9%86%D8%A7%D8%AF%D9%8A%D9%84/?fileloc=/home/smilepac/public_html/wp-includes/general-template.php&path=/home/smilepac/public_html/wp-includes HTTP/1.1" 404 1251 "-" "Mozilla/5.0 (compatible; MJ12bot/v1.4.8; http://mj12bot.com/)"
147.135.214.239 - - [24/Apr/2026:06:11:17 +0000] "GET /product/%D8%B9%D9%84%D8%A8-%D8%A7%D9%84%D9%85%D9%86%D8%A7%D8%AF%D9%8A%D9%84/?path=//home1 HTTP/1.1" 404 1251 "-" "Mozilla/5.0 (compatible; MJ12bot/v1.4.8; http://mj12bot.com/)"
147.135.214.239 - - [24/Apr/2026:06:11:19 +0000] "GET /product/%D8%B9%D9%84%D8%A8-%D8%A7%D9%84%D9%85%D9%86%D8%A7%D8%AF%D9%8A%D9%84/?path=//lib HTTP/1.1" 404 1251 "-" "Mozilla/5.0 (compatible; MJ12bot/v1.4.8; http://mj12bot.com/)"
147.135.214.239 - - [24/Apr/2026:06:11:20 +0000] "GET /product/%D8%B9%D9%84%D8%A8-%D8%A7%D9%84%D9%85%D9%86%D8%A7%D8%AF%D9%8A%D9%84/?path=//lib64 HTTP/1.1" 404 1251 "-" "Mozilla/5.0 (compatible; MJ12bot/v1.4.8; http://mj12bot.com/)"
147.135.214.239 - - [24/Apr/2026:06:11:22 +0000] "GET /product/%D8%B9%D9%84%D8%A8-%D8%A7%D9%84%D9%85%D9%86%D8%A7%D8%AF%D9%8A%D9%84/?path=//opt HTTP/1.1" 404 1251 "-" "Mozilla/5.0 (compatible; MJ12bot/v1.4.8; http://mj12bot.com/)"
147.135.214.239 - - [24/Apr/2026:06:11:23 +0000] "GET /product/%D8%B9%D9%84%D8%A8-%D8%A7%D9%84%D9%85%D9%86%D8%A7%D8%AF%D9%8A%D9%84/?path=//proc HTTP/1.1" 404 1251 "-" "Mozilla/5.0 (compatible; MJ12bot/v1.4.8; http://mj12bot.com/)"
147.135.214.239 - - [24/Apr/2026:06:11:25 +0000] "GET /product/%D8%B9%D9%84%D8%A8-%D8%A7%D9%84%D9%85%D9%86%D8%A7%D8%AF%D9%8A%D9%84/?path=//root HTTP/1.1" 404 1251 "-" "Mozilla/5.0 (compatible; MJ12bot/v1.4.8; http://mj12bot.com/)"
147.135.214.239 - - [24/Apr/2026:06:11:26 +0000] "GET /product/%D8%B9%D9%84%D8%A8-%D8%A7%D9%84%D9%85%D9%86%D8%A7%D8%AF%D9%8A%D9%84/?path=//run HTTP/1.1" 404 1251 "-" "Mozilla/5.0 (compatible; MJ12bot/v1.4.8; http://mj12bot.com/)"
147.135.214.239 - - [24/Apr/2026:06:11:28 +0000] "GET /product/%D8%B9%D9%84%D8%A8-%D8%A7%D9%84%D9%85%D9%86%D8%A7%D8%AF%D9%8A%D9%84/?path=//sbin HTTP/1.1" 404 1251 "-" "Mozilla/5.0 (compatible; MJ12bot/v1.4.8; http://mj12bot.com/)"
147.135.214.239 - - [24/Apr/2026:06:11:29 +0000] "GET /product/%D8%B9%D9%84%D8%A8-%D8%A7%D9%84%D9%85%D9%86%D8%A7%D8%AF%D9%8A%D9%84/?path=//tmp HTTP/1.1" 404 1251 "-" "Mozilla/5.0 (compatible; MJ12bot/v1.4.8; http://mj12bot.com/)"
147.135.214.239 - - [24/Apr/2026:06:11:31 +0000] "GET /product/%D8%B9%D9%84%D8%A8-%D8%A7%D9%84%D9%85%D9%86%D8%A7%D8%AF%D9%8A%D9%84/?path=//usr HTTP/1.1" 404 1251 "-" "Mozilla/5.0 (compatible; MJ12bot/v1.4.8; http://mj12bot.com/)"
147.135.214.239 - - [24/Apr/2026:06:11:32 +0000] "GET /product/%D8%B9%D9%84%D8%A8-%D8%A7%D9%84%D9%85%D9%86%D8%A7%D8%AF%D9%8A%D9%84/?path=//var HTTP/1.1" 404 1251 "-" "Mozilla/5.0 (compatible; MJ12bot/v1.4.8; http://mj12bot.com/)"
147.135.214.239 - - [24/Apr/2026:06:11:34 +0000] "GET /product/%D8%B9%D9%84%D8%A8-%D8%A7%D9%84%D9%85%D9%86%D8%A7%D8%AF%D9%8A%D9%84/?path=/home/smilepac/.cagefs HTTP/1.1" 404 1251 "-" "Mozilla/5.0 (compatible; MJ12bot/v1.4.8; http://mj12bot.com/)"
147.135.214.239 - - [24/Apr/2026:06:11:35 +0000] "GET /product/%D8%B9%D9%84%D8%A8-%D8%A7%D9%84%D9%85%D9%86%D8%A7%D8%AF%D9%8A%D9%84/?path=/home/smilepac/.caldav HTTP/1.1" 404 1251 "-" "Mozilla/5.0 (compatible; MJ12bot/v1.4.8; http://mj12bot.com/)"
147.135.214.239 - - [24/Apr/2026:06:11:37 +0000] "GET /product/%D8%B9%D9%84%D8%A8-%D8%A7%D9%84%D9%85%D9%86%D8%A7%D8%AF%D9%8A%D9%84/?path=/home/smilepac/.cl.selector HTTP/1.1" 404 1251 "-" "Mozilla/5.0 (compatible; MJ12bot/v1.4.8; http://mj12bot.com/)"
147.135.214.239 - - [24/Apr/2026:06:11:38 +0000] "GET /product/%D8%B9%D9%84%D8%A8-%D8%A7%D9%84%D9%85%D9%86%D8%A7%D8%AF%D9%8A%D9%84/?path=/home/smilepac/.clwpos HTTP/1.1" 404 1251 "-" "Mozilla/5.0 (compatible; MJ12bot/v1.4.8; http://mj12bot.com/)"
147.135.214.239 - - [24/Apr/2026:06:11:40 +0000] "GET /product/%D8%B9%D9%84%D8%A8-%D8%A7%D9%84%D9%85%D9%86%D8%A7%D8%AF%D9%8A%D9%84/?path=/home/smilepac/.cpanel HTTP/1.1" 404 1251 "-" "Mozilla/5.0 (compatible; MJ12bot/v1.4.8; http://mj12bot.com/)"
147.135.214.239 - - [24/Apr/2026:06:11:41 +0000] "GET /product/%D8%B9%D9%84%D8%A8-%D8%A7%D9%84%D9%85%D9%86%D8%A7%D8%AF%D9%8A%D9%84/?path=/home/smilepac/.cphorde HTTP/1.1" 404 1251 "-" "Mozilla/5.0 (compatible; MJ12bot/v1.4.8; http://mj12bot.com/)"
147.135.214.239 - - [24/Apr/2026:06:11:43 +0000] "GET /product/%D8%B9%D9%84%D8%A8-%D8%A7%D9%84%D9%85%D9%86%D8%A7%D8%AF%D9%8A%D9%84/?path=/home/smilepac/.gnupg HTTP/1.1" 404 1251 "-" "Mozilla/5.0 (compatible; MJ12bot/v1.4.8; http://mj12bot.com/)"
147.135.214.239 - - [24/Apr/2026:06:11:44 +0000] "GET /product/%D8%B9%D9%84%D8%A8-%D8%A7%D9%84%D9%85%D9%86%D8%A7%D8%AF%D9%8A%D9%84/?path=/home/smilepac/.htpasswds HTTP/1.1" 404 1251 "-" "Mozilla/5.0 (compatible; MJ12bot/v1.4.8; http://mj12bot.com/)"
147.135.214.239 - - [24/Apr/2026:06:11:45 +0000] "GET /product/%D8%B9%D9%84%D8%A8-%D8%A7%D9%84%D9%85%D9%86%D8%A7%D8%AF%D9%8A%D9%84/?path=/home/smilepac/.koality HTTP/1.1" 404 1251 "-" "Mozilla/5.0 (compatible; MJ12bot/v1.4.8; http://mj12bot.com/)"
147.135.214.239 - - [24/Apr/2026:06:11:47 +0000] "GET /product/%D8%B9%D9%84%D8%A8-%D8%A7%D9%84%D9%85%D9%86%D8%A7%D8%AF%D9%8A%D9%84/?path=/home/smilepac/.pki HTTP/1.1" 404 1251 "-" "Mozilla/5.0 (compatible; MJ12bot/v1.4.8; http://mj12bot.com/)"
147.135.214.239 - - [24/Apr/2026:06:11:48 +0000] "GET /product/%D8%B9%D9%84%D8%A8-%D8%A7%D9%84%D9%85%D9%86%D8%A7%D8%AF%D9%8A%D9%84/?path=/home/smilepac/.razor HTTP/1.1" 404 1251 "-" "Mozilla/5.0 (compatible; MJ12bot/v1.4.8; http://mj12bot.com/)"
147.135.214.239 - - [24/Apr/2026:06:11:50 +0000] "GET /product/%D8%B9%D9%84%D8%A8-%D8%A7%D9%84%D9%85%D9%86%D8%A7%D8%AF%D9%8A%D9%84/?path=/home/smilepac/.sitepad HTTP/1.1" 404 1251 "-" "Mozilla/5.0 (compatible; MJ12bot/v1.4.8; http://mj12bot.com/)"
147.135.214.239 - - [24/Apr/2026:06:11:51 +0000] "GET /product/%D8%B9%D9%84%D8%A8-%D8%A7%D9%84%D9%85%D9%86%D8%A7%D8%AF%D9%8A%D9%84/?path=/home/smilepac/.softaculous HTTP/1.1" 404 1251 "-" "Mozilla/5.0 (compatible; MJ12bot/v1.4.8; http://mj12bot.com/)"
147.135.214.239 - - [24/Apr/2026:06:11:53 +0000] "GET /product/%D8%B9%D9%84%D8%A8-%D8%A7%D9%84%D9%85%D9%86%D8%A7%D8%AF%D9%8A%D9%84/?path=/home/smilepac/.spamassassin HTTP/1.1" 404 1251 "-" "Mozilla/5.0 (compatible; MJ12bot/v1.4.8; http://mj12bot.com/)"
147.135.214.239 - - [24/Apr/2026:06:11:54 +0000] "GET /product/%D8%B9%D9%84%D8%A8-%D8%A7%D9%84%D9%85%D9%86%D8%A7%D8%AF%D9%8A%D9%84/?path=/home/smilepac/.subaccounts HTTP/1.1" 404 1251 "-" "Mozilla/5.0 (compatible; MJ12bot/v1.4.8; http://mj12bot.com/)"
147.135.214.239 - - [24/Apr/2026:06:11:56 +0000] "GET /product/%D8%B9%D9%84%D8%A8-%D8%A7%D9%84%D9%85%D9%86%D8%A7%D8%AF%D9%8A%D9%84/?path=/home/smilepac/.trash HTTP/1.1" 404 1251 "-" "Mozilla/5.0 (compatible; MJ12bot/v1.4.8; http://mj12bot.com/)"
147.135.214.239 - - [24/Apr/2026:06:11:57 +0000] "GET /product/%D8%B9%D9%84%D8%A8-%D8%A7%D9%84%D9%85%D9%86%D8%A7%D8%AF%D9%8A%D9%84/?path=/home/smilepac/.wp-cli HTTP/1.1" 404 1251 "-" "Mozilla/5.0 (compatible; MJ12bot/v1.4.8; http://mj12bot.com/)"
147.135.214.239 - - [24/Apr/2026:06:11:59 +0000] "GET /product/%D8%B9%D9%84%D8%A8-%D8%A7%D9%84%D9%85%D9%86%D8%A7%D8%AF%D9%8A%D9%84/?path=/home/smilepac/access-logs HTTP/1.1" 404 1251 "-" "Mozilla/5.0 (compatible; MJ12bot/v1.4.8; http://mj12bot.com/)"
147.135.214.239 - - [24/Apr/2026:06:12:00 +0000] "GET /product/%D8%B9%D9%84%D8%A8-%D8%A7%D9%84%D9%85%D9%86%D8%A7%D8%AF%D9%8A%D9%84/?path=/home/smilepac/etc HTTP/1.1" 404 1251 "-" "Mozilla/5.0 (compatible; MJ12bot/v1.4.8; http://mj12bot.com/)"
147.135.214.239 - - [24/Apr/2026:06:12:02 +0000] "GET /product/%D8%B9%D9%84%D8%A8-%D8%A7%D9%84%D9%85%D9%86%D8%A7%D8%AF%D9%8A%D9%84/?path=/home/smilepac/logs HTTP/1.1" 404 1251 "-" "Mozilla/5.0 (compatible; MJ12bot/v1.4.8; http://mj12bot.com/)"
147.135.214.239 - - [24/Apr/2026:06:12:03 +0000] "GET /product/%D8%B9%D9%84%D8%A8-%D8%A7%D9%84%D9%85%D9%86%D8%A7%D8%AF%D9%8A%D9%84/?path=/home/smilepac/lscache HTTP/1.1" 404 1251 "-" "Mozilla/5.0 (compatible; MJ12bot/v1.4.8; http://mj12bot.com/)"
147.135.214.239 - - [24/Apr/2026:06:12:04 +0000] "GET /product/%D8%B9%D9%84%D8%A8-%D8%A7%D9%84%D9%85%D9%86%D8%A7%D8%AF%D9%8A%D9%84/?path=/home/smilepac/mail HTTP/1.1" 404 1251 "-" "Mozilla/5.0 (compatible; MJ12bot/v1.4.8; http://mj12bot.com/)"
147.135.214.239 - - [24/Apr/2026:06:12:06 +0000] "GET /product/%D8%B9%D9%84%D8%A8-%D8%A7%D9%84%D9%85%D9%86%D8%A7%D8%AF%D9%8A%D9%84/?path=/home/smilepac/public_ftp HTTP/1.1" 404 1251 "-" "Mozilla/5.0 (compatible; MJ12bot/v1.4.8; http://mj12bot.com/)"
147.135.214.239 - - [24/Apr/2026:06:12:07 +0000] "GET /product/%D8%B9%D9%84%D8%A8-%D8%A7%D9%84%D9%85%D9%86%D8%A7%D8%AF%D9%8A%D9%84/?path=/home/smilepac/public_html/.well-known/acme-challenge HTTP/1.1" 404 1251 "-" "Mozilla/5.0 (compatible; MJ12bot/v1.4.8; http://mj12bot.com/)"
147.135.214.239 - - [24/Apr/2026:06:12:09 +0000] "GET /product/%D8%B9%D9%84%D8%A8-%D8%A7%D9%84%D9%85%D9%86%D8%A7%D8%AF%D9%8A%D9%84/?path=/home/smilepac/public_html/33c6wp/c HTTP/1.1" 404 1251 "-" "Mozilla/5.0 (compatible; MJ12bot/v1.4.8; http://mj12bot.com/)"
147.135.214.239 - - [24/Apr/2026:06:12:11 +0000] "GET /product/%D8%B9%D9%84%D8%A8-%D8%A7%D9%84%D9%85%D9%86%D8%A7%D8%AF%D9%8A%D9%84/?path=/home/smilepac/public_html/33c6wp/cm HTTP/1.1" 404 1251 "-" "Mozilla/5.0 (compatible; MJ12bot/v1.4.8; http://mj12bot.com/)"
147.135.214.239 - - [24/Apr/2026:06:12:12 +0000] "GET /product/%D8%B9%D9%84%D8%A8-%D8%A7%D9%84%D9%85%D9%86%D8%A7%D8%AF%D9%8A%D9%84/?path=/home/smilepac/public_html/old/.well-known HTTP/1.1" 404 1251 "-" "Mozilla/5.0 (compatible; MJ12bot/v1.4.8; http://mj12bot.com/)"
147.135.214.239 - - [24/Apr/2026:06:12:14 +0000] "GET /product/%D8%B9%D9%84%D8%A8-%D8%A7%D9%84%D9%85%D9%86%D8%A7%D8%AF%D9%8A%D9%84/?path=/home/smilepac/public_html/old/images HTTP/1.1" 404 1251 "-" "Mozilla/5.0 (compatible; MJ12bot/v1.4.8; http://mj12bot.com/)"
51.195.244.84 - - [24/Apr/2026:06:12:15 +0000] "GET /jak-skutecznie-u-ywa-lebull-kod-bonusowy-podczas-rejestracji-na-platformie/?fileloc=/home/smilepac/public_html/wp-admin/custom-background.php&path=/home/smilepac/public_html/wp-admin HTTP/2" 404 1251 "-" "Mozilla/5.0 (compatible; AhrefsBot/7.0; +http://ahrefs.com/robot/)"
147.135.214.239 - - [24/Apr/2026:06:12:15 +0000] "GET /product/%D8%B9%D9%84%D8%A8-%D8%A7%D9%84%D9%85%D9%86%D8%A7%D8%AF%D9%8A%D9%84/?path=/home/smilepac/public_html/old/wp-admin HTTP/1.1" 404 1251 "-" "Mozilla/5.0 (compatible; MJ12bot/v1.4.8; http://mj12bot.com/)"
147.135.214.239 - - [24/Apr/2026:06:12:17 +0000] "GET /product/%D8%B9%D9%84%D8%A8-%D8%A7%D9%84%D9%85%D9%86%D8%A7%D8%AF%D9%8A%D9%84/?path=/home/smilepac/public_html/old/wp-content HTTP/1.1" 404 1251 "-" "Mozilla/5.0 (compatible; MJ12bot/v1.4.8; http://mj12bot.com/)"
147.135.214.239 - - [24/Apr/2026:06:12:18 +0000] "GET /product/%D8%B9%D9%84%D8%A8-%D8%A7%D9%84%D9%85%D9%86%D8%A7%D8%AF%D9%8A%D9%84/?path=/home/smilepac/public_html/old/wp-includes HTTP/1.1" 404 1251 "-" "Mozilla/5.0 (compatible; MJ12bot/v1.4.8; http://mj12bot.com/)"
147.135.214.239 - - [24/Apr/2026:06:12:20 +0000] "GET /product/%D8%B9%D9%84%D8%A8-%D8%A7%D9%84%D9%85%D9%86%D8%A7%D8%AF%D9%8A%D9%84/?path=/home/smilepac/public_html/wp-content/languages HTTP/1.1" 404 1251 "-" "Mozilla/5.0 (compatible; MJ12bot/v1.4.8; http://mj12bot.com/)"
147.135.214.239 - - [24/Apr/2026:06:12:21 +0000] "GET /product/%D8%B9%D9%84%D8%A8-%D8%A7%D9%84%D9%85%D9%86%D8%A7%D8%AF%D9%8A%D9%84/?path=/home/smilepac/public_html/wp-content/litespeed HTTP/1.1" 404 1251 "-" "Mozilla/5.0 (compatible; MJ12bot/v1.4.8; http://mj12bot.com/)"
147.135.214.239 - - [24/Apr/2026:06:12:23 +0000] "GET /product/%D8%B9%D9%84%D8%A8-%D8%A7%D9%84%D9%85%D9%86%D8%A7%D8%AF%D9%8A%D9%84/?path=/home/smilepac/public_html/wp-content/plugins HTTP/1.1" 404 1251 "-" "Mozilla/5.0 (compatible; MJ12bot/v1.4.8; http://mj12bot.com/)"
147.135.214.239 - - [24/Apr/2026:06:12:24 +0000] "GET /product/%D8%B9%D9%84%D8%A8-%D8%A7%D9%84%D9%85%D9%86%D8%A7%D8%AF%D9%8A%D9%84/?path=/home/smilepac/public_html/wp-content/themes HTTP/1.1" 404 1251 "-" "Mozilla/5.0 (compatible; MJ12bot/v1.4.8; http://mj12bot.com/)"
147.135.214.239 - - [24/Apr/2026:06:12:26 +0000] "GET /product/%D8%B9%D9%84%D8%A8-%D8%A7%D9%84%D9%85%D9%86%D8%A7%D8%AF%D9%8A%D9%84/?path=/home/smilepac/public_html/wp-content/updraft HTTP/1.1" 404 1251 "-" "Mozilla/5.0 (compatible; MJ12bot/v1.4.8; http://mj12bot.com/)"
147.135.214.239 - - [24/Apr/2026:06:12:27 +0000] "GET /product/%D8%B9%D9%84%D8%A8-%D8%A7%D9%84%D9%85%D9%86%D8%A7%D8%AF%D9%8A%D9%84/?path=/home/smilepac/public_html/wp-content/upgrade HTTP/1.1" 404 1251 "-" "Mozilla/5.0 (compatible; MJ12bot/v1.4.8; http://mj12bot.com/)"
147.135.214.239 - - [24/Apr/2026:06:12:29 +0000] "GET /product/%D8%B9%D9%84%D8%A8-%D8%A7%D9%84%D9%85%D9%86%D8%A7%D8%AF%D9%8A%D9%84/?path=/home/smilepac/public_html/wp-content/upgrade-temp-backup HTTP/1.1" 404 1251 "-" "Mozilla/5.0 (compatible; MJ12bot/v1.4.8; http://mj12bot.com/)"
147.135.214.239 - - [24/Apr/2026:06:12:30 +0000] "GET /product/%D8%B9%D9%84%D8%A8-%D8%A7%D9%84%D9%85%D9%86%D8%A7%D8%AF%D9%8A%D9%84/?path=/home/smilepac/public_html/wp-content/uploads HTTP/1.1" 404 1251 "-" "Mozilla/5.0 (compatible; MJ12bot/v1.4.8; http://mj12bot.com/)"
147.135.214.239 - - [24/Apr/2026:06:12:32 +0000] "GET /product/%D8%B9%D9%84%D8%A8-%D8%A7%D9%84%D9%85%D9%86%D8%A7%D8%AF%D9%8A%D9%84/?path=/home/smilepac/public_html/wp-includes/ID3 HTTP/1.1" 404 1251 "-" "Mozilla/5.0 (compatible; MJ12bot/v1.4.8; http://mj12bot.com/)"
147.135.214.239 - - [24/Apr/2026:06:12:33 +0000] "GET /product/%D8%B9%D9%84%D8%A8-%D8%A7%D9%84%D9%85%D9%86%D8%A7%D8%AF%D9%8A%D9%84/?path=/home/smilepac/public_html/wp-includes/IXR HTTP/1.1" 404 1251 "-" "Mozilla/5.0 (compatible; MJ12bot/v1.4.8; http://mj12bot.com/)"
117.196.248.92 - - [24/Apr/2026:06:12:34 +0000] "POST /xmlrpc.php HTTP/1.1" 200 49500 "-" "Jetpack/12.1; WordPress/6.3; http://site81478406.com"
147.135.214.239 - - [24/Apr/2026:06:12:35 +0000] "GET /product/%D8%B9%D9%84%D8%A8-%D8%A7%D9%84%D9%85%D9%86%D8%A7%D8%AF%D9%8A%D9%84/?path=/home/smilepac/public_html/wp-includes/PHPMailer HTTP/1.1" 404 1251 "-" "Mozilla/5.0 (compatible; MJ12bot/v1.4.8; http://mj12bot.com/)"
147.135.214.239 - - [24/Apr/2026:06:12:37 +0000] "GET /product/%D8%B9%D9%84%D8%A8-%D8%A7%D9%84%D9%85%D9%86%D8%A7%D8%AF%D9%8A%D9%84/?path=/home/smilepac/public_html/wp-includes/Requests HTTP/1.1" 404 1251 "-" "Mozilla/5.0 (compatible; MJ12bot/v1.4.8; http://mj12bot.com/)"
147.135.214.239 - - [24/Apr/2026:06:12:38 +0000] "GET /product/%D8%B9%D9%84%D8%A8-%D8%A7%D9%84%D9%85%D9%86%D8%A7%D8%AF%D9%8A%D9%84/?path=/home/smilepac/public_html/wp-includes/SimplePie HTTP/1.1" 404 1251 "-" "Mozilla/5.0 (compatible; MJ12bot/v1.4.8; http://mj12bot.com/)"
147.135.214.239 - - [24/Apr/2026:06:12:40 +0000] "GET /product/%D8%B9%D9%84%D8%A8-%D8%A7%D9%84%D9%85%D9%86%D8%A7%D8%AF%D9%8A%D9%84/?path=/home/smilepac/public_html/wp-includes/Text HTTP/1.1" 404 1251 "-" "Mozilla/5.0 (compatible; MJ12bot/v1.4.8; http://mj12bot.com/)"
147.135.214.239 - - [24/Apr/2026:06:12:41 +0000] "GET /product/%D8%B9%D9%84%D8%A8-%D8%A7%D9%84%D9%85%D9%86%D8%A7%D8%AF%D9%8A%D9%84/?path=/home/smilepac/public_html/wp-includes/abilities-api HTTP/1.1" 404 1251 "-" "Mozilla/5.0 (compatible; MJ12bot/v1.4.8; http://mj12bot.com/)"
147.135.214.239 - - [24/Apr/2026:06:12:43 +0000] "GET /product/%D8%B9%D9%84%D8%A8-%D8%A7%D9%84%D9%85%D9%86%D8%A7%D8%AF%D9%8A%D9%84/?path=/home/smilepac/public_html/wp-includes/assets HTTP/1.1" 404 1251 "-" "Mozilla/5.0 (compatible; MJ12bot/v1.4.8; http://mj12bot.com/)"
147.135.214.239 - - [24/Apr/2026:06:12:44 +0000] "GET /product/%D8%B9%D9%84%D8%A8-%D8%A7%D9%84%D9%85%D9%86%D8%A7%D8%AF%D9%8A%D9%84/?path=/home/smilepac/public_html/wp-includes/block-bindings HTTP/1.1" 404 1251 "-" "Mozilla/5.0 (compatible; MJ12bot/v1.4.8; http://mj12bot.com/)"
38.175.102.141 - - [24/Apr/2026:06:12:45 +0000] "POST /wp-login.php HTTP/2" 200 3703 "https://smilepack.net/wp-login.php" "Mozilla/5.0 (Windows NT 10.0; Win64; x64) AppleWebKit/537.36 (KHTML, like Gecko) Chrome/135.0.0.0 Safari/537.36"
147.135.214.239 - - [24/Apr/2026:06:12:46 +0000] "GET /product/%D8%B9%D9%84%D8%A8-%D8%A7%D9%84%D9%85%D9%86%D8%A7%D8%AF%D9%8A%D9%84/?path=/home/smilepac/public_html/wp-includes/block-patterns HTTP/1.1" 404 1251 "-" "Mozilla/5.0 (compatible; MJ12bot/v1.4.8; http://mj12bot.com/)"
147.135.214.239 - - [24/Apr/2026:06:12:48 +0000] "GET /product/%D8%B9%D9%84%D8%A8-%D8%A7%D9%84%D9%85%D9%86%D8%A7%D8%AF%D9%8A%D9%84/?path=/home/smilepac/public_html/wp-includes/block-supports HTTP/1.1" 404 1251 "-" "Mozilla/5.0 (compatible; MJ12bot/v1.4.8; http://mj12bot.com/)"
147.135.214.239 - - [24/Apr/2026:06:12:49 +0000] "GET /product/%D8%B9%D9%84%D8%A8-%D8%A7%D9%84%D9%85%D9%86%D8%A7%D8%AF%D9%8A%D9%84/?path=/home/smilepac/public_html/wp-includes/blocks HTTP/1.1" 404 1251 "-" "Mozilla/5.0 (compatible; MJ12bot/v1.4.8; http://mj12bot.com/)"
147.135.214.239 - - [24/Apr/2026:06:12:51 +0000] "GET /product/%D8%B9%D9%84%D8%A8-%D8%A7%D9%84%D9%85%D9%86%D8%A7%D8%AF%D9%8A%D9%84/?path=/home/smilepac/public_html/wp-includes/certificates HTTP/1.1" 404 1251 "-" "Mozilla/5.0 (compatible; MJ12bot/v1.4.8; http://mj12bot.com/)"
147.135.214.239 - - [24/Apr/2026:06:12:52 +0000] "GET /product/%D8%B9%D9%84%D8%A8-%D8%A7%D9%84%D9%85%D9%86%D8%A7%D8%AF%D9%8A%D9%84/?path=/home/smilepac/public_html/wp-includes/css HTTP/1.1" 404 1251 "-" "Mozilla/5.0 (compatible; MJ12bot/v1.4.8; http://mj12bot.com/)"
147.135.214.239 - - [24/Apr/2026:06:12:54 +0000] "GET /product/%D8%B9%D9%84%D8%A8-%D8%A7%D9%84%D9%85%D9%86%D8%A7%D8%AF%D9%8A%D9%84/?path=/home/smilepac/public_html/wp-includes/customize HTTP/1.1" 404 1251 "-" "Mozilla/5.0 (compatible; MJ12bot/v1.4.8; http://mj12bot.com/)"
38.175.102.141 - - [24/Apr/2026:06:12:55 +0000] "POST /wp-login.php HTTP/2" 200 3720 "https://smilepack.net/wp-login.php" "Mozilla/5.0 (Windows NT 10.0; Win64; x64) AppleWebKit/537.36 (KHTML, like Gecko) Chrome/135.0.0.0 Safari/537.36"
147.135.214.239 - - [24/Apr/2026:06:12:56 +0000] "GET /product/%D8%B9%D9%84%D8%A8-%D8%A7%D9%84%D9%85%D9%86%D8%A7%D8%AF%D9%8A%D9%84/?path=/home/smilepac/public_html/wp-includes/fonts HTTP/1.1" 404 1251 "-" "Mozilla/5.0 (compatible; MJ12bot/v1.4.8; http://mj12bot.com/)"
147.135.214.239 - - [24/Apr/2026:06:12:58 +0000] "GET /product/%D8%B9%D9%84%D8%A8-%D8%A7%D9%84%D9%85%D9%86%D8%A7%D8%AF%D9%8A%D9%84/?path=/home/smilepac/public_html/wp-includes/html-api HTTP/1.1" 404 1251 "-" "Mozilla/5.0 (compatible; MJ12bot/v1.4.8; http://mj12bot.com/)"
147.135.214.239 - - [24/Apr/2026:06:12:59 +0000] "GET /product/%D8%B9%D9%84%D8%A8-%D8%A7%D9%84%D9%85%D9%86%D8%A7%D8%AF%D9%8A%D9%84/?path=/home/smilepac/public_html/wp-includes/images HTTP/1.1" 404 1251 "-" "Mozilla/5.0 (compatible; MJ12bot/v1.4.8; http://mj12bot.com/)"
147.135.214.239 - - [24/Apr/2026:06:13:01 +0000] "GET /product/%D8%B9%D9%84%D8%A8-%D8%A7%D9%84%D9%85%D9%86%D8%A7%D8%AF%D9%8A%D9%84/?path=/home/smilepac/public_html/wp-includes/interactivity-api HTTP/1.1" 404 1251 "-" "Mozilla/5.0 (compatible; MJ12bot/v1.4.8; http://mj12bot.com/)"
117.196.248.92 - - [24/Apr/2026:06:13:01 +0000] "POST /xmlrpc.php HTTP/1.1" 200 50978 "-" "Jetpack by WordPress.com"
