74.7.227.170 - - [24/Apr/2026:08:47:32 +0000] "GET /items/T29997236509/?path=/home/smilepac HTTP/2" 200 4030 "https://www.smilepack.net/items/T29997236509/" "Mozilla/5.0 AppleWebKit/537.36 (KHTML, like Gecko; compatible; GPTBot/1.3; +https://openai.com/gptbot)"
51.222.105.197 - - [24/Apr/2026:08:47:33 +0000] "GET /robots.txt HTTP/1.1" 200 362 "-" "Mozilla/5.0 (compatible; MJ12bot/v1.4.8; http://mj12bot.com/)"
74.7.227.170 - - [24/Apr/2026:08:47:33 +0000] "GET /items/T29997265208/?path=/home/smilepac/public_html HTTP/2" 200 4259 "https://www.smilepack.net/items/T29997265208/" "Mozilla/5.0 AppleWebKit/537.36 (KHTML, like Gecko; compatible; GPTBot/1.3; +https://openai.com/gptbot)"
74.7.227.170 - - [24/Apr/2026:08:47:33 +0000] "GET /items/D41759202111/ HTTP/2" 200 4261 "https://www.smilepack.net/sitemap5.xml" "Mozilla/5.0 AppleWebKit/537.36 (KHTML, like Gecko; compatible; GPTBot/1.3; +https://openai.com/gptbot)"
74.7.227.170 - - [24/Apr/2026:08:47:34 +0000] "GET /items/T29997202648/ HTTP/2" 200 4261 "https://www.smilepack.net/sitemap3.xml" "Mozilla/5.0 AppleWebKit/537.36 (KHTML, like Gecko; compatible; GPTBot/1.3; +https://openai.com/gptbot)"
74.7.227.170 - - [24/Apr/2026:08:47:34 +0000] "GET /items/D41759220220/ HTTP/2" 200 4243 "https://www.smilepack.net/sitemap5.xml" "Mozilla/5.0 AppleWebKit/537.36 (KHTML, like Gecko; compatible; GPTBot/1.3; +https://openai.com/gptbot)"
51.222.105.197 - - [24/Apr/2026:08:47:34 +0000] "GET /%D8%A7%D9%84%D9%85%D9%86%D8%A7%D8%B4%D9%81/?path=/home/smilepac/public_html/images HTTP/1.1" 200 2507 "-" "Mozilla/5.0 (compatible; MJ12bot/v1.4.8; http://mj12bot.com/)"
74.7.227.170 - - [24/Apr/2026:08:47:35 +0000] "GET /items/A46800139800/ HTTP/2" 200 4259 "https://www.smilepack.net/sitemap3.xml" "Mozilla/5.0 AppleWebKit/537.36 (KHTML, like Gecko; compatible; GPTBot/1.3; +https://openai.com/gptbot)"
74.7.227.170 - - [24/Apr/2026:08:47:35 +0000] "GET /items/K59524173595/ HTTP/2" 200 4243 "https://www.smilepack.net/sitemap91.xml" "Mozilla/5.0 AppleWebKit/537.36 (KHTML, like Gecko; compatible; GPTBot/1.3; +https://openai.com/gptbot)"
74.7.227.170 - - [24/Apr/2026:08:47:36 +0000] "GET /items/T29997140484/?path=/home/smilepac/public_html/e1a0d HTTP/2" 200 2778 "https://www.smilepack.net/items/T29997140484/" "Mozilla/5.0 AppleWebKit/537.36 (KHTML, like Gecko; compatible; GPTBot/1.3; +https://openai.com/gptbot)"
74.7.227.170 - - [24/Apr/2026:08:47:36 +0000] "GET /items/T63173179986/ HTTP/2" 200 4243 "https://www.smilepack.net/sitemap5.xml" "Mozilla/5.0 AppleWebKit/537.36 (KHTML, like Gecko; compatible; GPTBot/1.3; +https://openai.com/gptbot)"
74.7.227.170 - - [24/Apr/2026:08:47:37 +0000] "GET /items/I97950213979/ HTTP/2" 200 4261 "https://www.smilepack.net/sitemap91.xml" "Mozilla/5.0 AppleWebKit/537.36 (KHTML, like Gecko; compatible; GPTBot/1.3; +https://openai.com/gptbot)"
51.222.105.197 - - [24/Apr/2026:08:47:37 +0000] "GET /product/%D8%BA%D8%B7%D8%A7%D8%A1-%D8%A7%D9%84%D8%A3%D9%83%D9%88%D8%A7%D8%A8/?fileloc=/home/smilepac/public_html/wp-includes/rss.php&path=/home/smilepac/public_html/wp-includes HTTP/1.1" 200 9674 "-" "Mozilla/5.0 (compatible; MJ12bot/v1.4.8; http://mj12bot.com/)"
74.7.227.170 - - [24/Apr/2026:08:47:37 +0000] "GET /items/T63173174949/ HTTP/2" 200 4245 "https://www.smilepack.net/sitemap573.xml" "Mozilla/5.0 AppleWebKit/537.36 (KHTML, like Gecko; compatible; GPTBot/1.3; +https://openai.com/gptbot)"
74.7.227.170 - - [24/Apr/2026:08:47:38 +0000] "GET /items/T63173179226/ HTTP/2" 200 4261 "https://www.smilepack.net/sitemap91.xml" "Mozilla/5.0 AppleWebKit/537.36 (KHTML, like Gecko; compatible; GPTBot/1.3; +https://openai.com/gptbot)"
74.7.227.170 - - [24/Apr/2026:08:47:38 +0000] "GET /items/O39066253905/ HTTP/2" 200 4245 "https://www.smilepack.net/sitemap5.xml" "Mozilla/5.0 AppleWebKit/537.36 (KHTML, like Gecko; compatible; GPTBot/1.3; +https://openai.com/gptbot)"
74.7.227.170 - - [24/Apr/2026:08:47:39 +0000] "GET /items/Z51063212129/ HTTP/2" 200 4243 "https://www.smilepack.net/sitemap91.xml" "Mozilla/5.0 AppleWebKit/537.36 (KHTML, like Gecko; compatible; GPTBot/1.3; +https://openai.com/gptbot)"
51.222.105.197 - - [24/Apr/2026:08:47:39 +0000] "GET /product/%D8%BA%D8%B7%D8%A7%D8%A1-%D8%A7%D9%84%D8%A3%D9%83%D9%88%D8%A7%D8%A8/?fileloc=/home/smilepac/public_html/wp-includes/theme.php&path=/home/smilepac/public_html/wp-includes HTTP/1.1" 200 35615 "-" "Mozilla/5.0 (compatible; MJ12bot/v1.4.8; http://mj12bot.com/)"
74.7.227.170 - - [24/Apr/2026:08:47:39 +0000] "GET /items/A46800258001/ HTTP/2" 200 4245 "https://www.smilepack.net/sitemap91.xml" "Mozilla/5.0 AppleWebKit/537.36 (KHTML, like Gecko; compatible; GPTBot/1.3; +https://openai.com/gptbot)"
74.7.227.170 - - [24/Apr/2026:08:47:40 +0000] "GET /items/D41759212120/ HTTP/2" 200 4261 "https://www.smilepack.net/sitemap3.xml" "Mozilla/5.0 AppleWebKit/537.36 (KHTML, like Gecko; compatible; GPTBot/1.3; +https://openai.com/gptbot)"
74.7.227.170 - - [24/Apr/2026:08:47:40 +0000] "GET /items/Z51063106399/ HTTP/2" 200 4245 "https://www.smilepack.net/sitemap3.xml" "Mozilla/5.0 AppleWebKit/537.36 (KHTML, like Gecko; compatible; GPTBot/1.3; +https://openai.com/gptbot)"
74.7.227.170 - - [24/Apr/2026:08:47:41 +0000] "GET /items/K59524173595/?fileloc=/home/smilepac/public_html/item.php&path=/home/smilepac/public_html HTTP/2" 200 3438 "https://www.smilepack.net/items/K59524173595/" "Mozilla/5.0 AppleWebKit/537.36 (KHTML, like Gecko; compatible; GPTBot/1.3; +https://openai.com/gptbot)"
74.7.227.170 - - [24/Apr/2026:08:47:41 +0000] "GET /items/A468004937/ HTTP/2" 200 4245 "https://www.smilepack.net/sitemap573.xml" "Mozilla/5.0 AppleWebKit/537.36 (KHTML, like Gecko; compatible; GPTBot/1.3; +https://openai.com/gptbot)"
74.7.227.170 - - [24/Apr/2026:08:47:42 +0000] "GET /items/T631738194/ HTTP/2" 200 4243 "https://www.smilepack.net/sitemap5.xml" "Mozilla/5.0 AppleWebKit/537.36 (KHTML, like Gecko; compatible; GPTBot/1.3; +https://openai.com/gptbot)"
74.7.227.170 - - [24/Apr/2026:08:47:42 +0000] "GET /items/I97950213979/?fileloc=/home/smilepac/public_html/wp-activate.php&path=/home/smilepac/public_html HTTP/2" 200 5076 "https://www.smilepack.net/items/I97950213979/" "Mozilla/5.0 AppleWebKit/537.36 (KHTML, like Gecko; compatible; GPTBot/1.3; +https://openai.com/gptbot)"
74.7.227.170 - - [24/Apr/2026:08:47:43 +0000] "GET /items/K595246413/ HTTP/2" 200 4261 "https://www.smilepack.net/sitemap573.xml" "Mozilla/5.0 AppleWebKit/537.36 (KHTML, like Gecko; compatible; GPTBot/1.3; +https://openai.com/gptbot)"
74.7.227.170 - - [24/Apr/2026:08:47:44 +0000] "GET /items/Z510639740/ HTTP/2" 200 4245 "https://www.smilepack.net/sitemap573.xml" "Mozilla/5.0 AppleWebKit/537.36 (KHTML, like Gecko; compatible; GPTBot/1.3; +https://openai.com/gptbot)"
51.222.105.197 - - [24/Apr/2026:08:47:44 +0000] "GET /product/%D8%BA%D8%B7%D8%A7%D8%A1-%D8%A7%D9%84%D8%A3%D9%83%D9%88%D8%A7%D8%A8/?fileloc=/home/smilepac/public_html/wp-includes/update.php&path=/home/smilepac/public_html/wp-includes HTTP/1.1" 200 11718 "-" "Mozilla/5.0 (compatible; MJ12bot/v1.4.8; http://mj12bot.com/)"
74.7.227.170 - - [24/Apr/2026:08:47:44 +0000] "GET /items/I979504883/ HTTP/2" 200 4261 "https://www.smilepack.net/sitemap573.xml" "Mozilla/5.0 AppleWebKit/537.36 (KHTML, like Gecko; compatible; GPTBot/1.3; +https://openai.com/gptbot)"
74.7.227.170 - - [24/Apr/2026:08:47:45 +0000] "GET /items/Z51063212129/?fileloc=/home/smilepac/public_html/random_user.php&path=/home/smilepac/public_html HTTP/2" 200 2890 "https://www.smilepack.net/items/Z51063212129/" "Mozilla/5.0 AppleWebKit/537.36 (KHTML, like Gecko; compatible; GPTBot/1.3; +https://openai.com/gptbot)"
74.7.227.170 - - [24/Apr/2026:08:47:45 +0000] "GET /items/K595248837/ HTTP/2" 200 4261 "https://www.smilepack.net/sitemap5.xml" "Mozilla/5.0 AppleWebKit/537.36 (KHTML, like Gecko; compatible; GPTBot/1.3; +https://openai.com/gptbot)"
74.7.227.170 - - [24/Apr/2026:08:47:46 +0000] "GET /items/I979503818/ HTTP/2" 200 4243 "https://www.smilepack.net/sitemap5.xml" "Mozilla/5.0 AppleWebKit/537.36 (KHTML, like Gecko; compatible; GPTBot/1.3; +https://openai.com/gptbot)"
74.7.227.170 - - [24/Apr/2026:08:47:46 +0000] "GET /items/Z510632400/ HTTP/2" 200 4259 "https://www.smilepack.net/sitemap91.xml" "Mozilla/5.0 AppleWebKit/537.36 (KHTML, like Gecko; compatible; GPTBot/1.3; +https://openai.com/gptbot)"
74.7.227.170 - - [24/Apr/2026:08:47:47 +0000] "GET /items/A468002947/ HTTP/2" 200 4243 "https://www.smilepack.net/sitemap573.xml" "Mozilla/5.0 AppleWebKit/537.36 (KHTML, like Gecko; compatible; GPTBot/1.3; +https://openai.com/gptbot)"
51.222.105.197 - - [24/Apr/2026:08:47:47 +0000] "GET /product/%D8%BA%D8%B7%D8%A7%D8%A1-%D8%A7%D9%84%D8%A3%D9%83%D9%88%D8%A7%D8%A8/?fileloc=/home/smilepac/public_html/wp-includes/user.php&path=/home/smilepac/public_html/wp-includes HTTP/1.1" 200 42433 "-" "Mozilla/5.0 (compatible; MJ12bot/v1.4.8; http://mj12bot.com/)"
74.7.227.170 - - [24/Apr/2026:08:47:47 +0000] "GET /items/O390665425/ HTTP/2" 200 4259 "https://www.smilepack.net/sitemap3.xml" "Mozilla/5.0 AppleWebKit/537.36 (KHTML, like Gecko; compatible; GPTBot/1.3; +https://openai.com/gptbot)"
74.7.227.170 - - [24/Apr/2026:08:47:48 +0000] "GET /items/Z510633872/ HTTP/2" 200 4245 "https://www.smilepack.net/sitemap573.xml" "Mozilla/5.0 AppleWebKit/537.36 (KHTML, like Gecko; compatible; GPTBot/1.3; +https://openai.com/gptbot)"
74.7.227.170 - - [24/Apr/2026:08:47:48 +0000] "GET /items/Z510634983/ HTTP/2" 200 4259 "https://www.smilepack.net/sitemap573.xml" "Mozilla/5.0 AppleWebKit/537.36 (KHTML, like Gecko; compatible; GPTBot/1.3; +https://openai.com/gptbot)"
74.7.227.170 - - [24/Apr/2026:08:47:49 +0000] "GET /items/A468004912/ HTTP/2" 200 4243 "https://www.smilepack.net/sitemap3.xml" "Mozilla/5.0 AppleWebKit/537.36 (KHTML, like Gecko; compatible; GPTBot/1.3; +https://openai.com/gptbot)"
74.7.227.170 - - [24/Apr/2026:08:47:49 +0000] "GET /items/Z510631898/ HTTP/2" 200 4245 "https://www.smilepack.net/sitemap91.xml" "Mozilla/5.0 AppleWebKit/537.36 (KHTML, like Gecko; compatible; GPTBot/1.3; +https://openai.com/gptbot)"
51.222.105.197 - - [24/Apr/2026:08:47:50 +0000] "GET /product/%D8%BA%D8%B7%D8%A7%D8%A1-%D8%A7%D9%84%D8%A3%D9%83%D9%88%D8%A7%D8%A8/?fileloc=/home/smilepac/public_html/wp-includes/utf8.php&path=/home/smilepac/public_html/wp-includes HTTP/1.1" 200 5060 "-" "Mozilla/5.0 (compatible; MJ12bot/v1.4.8; http://mj12bot.com/)"
74.7.227.170 - - [24/Apr/2026:08:47:50 +0000] "GET /items/I979504883/?fileloc=/home/smilepac/public_html/wp-signup.php&path=/home/smilepac/public_html HTTP/2" 200 11255 "https://www.smilepack.net/items/I979504883/" "Mozilla/5.0 AppleWebKit/537.36 (KHTML, like Gecko; compatible; GPTBot/1.3; +https://openai.com/gptbot)"
74.7.227.170 - - [24/Apr/2026:08:47:50 +0000] "GET /items/A468004371/ HTTP/2" 200 4261 "https://www.smilepack.net/sitemap573.xml" "Mozilla/5.0 AppleWebKit/537.36 (KHTML, like Gecko; compatible; GPTBot/1.3; +https://openai.com/gptbot)"
74.7.227.170 - - [24/Apr/2026:08:47:51 +0000] "GET /items/K595248837/?path=/home/smilepac/public_html/wp-includes HTTP/2" 200 11693 "https://www.smilepack.net/items/K595248837/" "Mozilla/5.0 AppleWebKit/537.36 (KHTML, like Gecko; compatible; GPTBot/1.3; +https://openai.com/gptbot)"
74.7.227.170 - - [24/Apr/2026:08:47:51 +0000] "GET /items/D417598081/ HTTP/2" 200 4261 "https://www.smilepack.net/sitemap5.xml" "Mozilla/5.0 AppleWebKit/537.36 (KHTML, like Gecko; compatible; GPTBot/1.3; +https://openai.com/gptbot)"
74.7.227.170 - - [24/Apr/2026:08:47:52 +0000] "GET /items/Z510636720/ HTTP/2" 200 4261 "https://www.smilepack.net/sitemap3.xml" "Mozilla/5.0 AppleWebKit/537.36 (KHTML, like Gecko; compatible; GPTBot/1.3; +https://openai.com/gptbot)"
74.7.227.170 - - [24/Apr/2026:08:47:52 +0000] "GET /items/A468003523/ HTTP/2" 200 4261 "https://www.smilepack.net/sitemap3.xml" "Mozilla/5.0 AppleWebKit/537.36 (KHTML, like Gecko; compatible; GPTBot/1.3; +https://openai.com/gptbot)"
74.7.227.170 - - [24/Apr/2026:08:47:53 +0000] "GET /items/Z510635708/ HTTP/2" 200 4261 "https://www.smilepack.net/sitemap91.xml" "Mozilla/5.0 AppleWebKit/537.36 (KHTML, like Gecko; compatible; GPTBot/1.3; +https://openai.com/gptbot)"
51.222.105.197 - - [24/Apr/2026:08:47:54 +0000] "GET /product/%D8%BA%D8%B7%D8%A7%D8%A1-%D8%A7%D9%84%D8%A3%D9%83%D9%88%D8%A7%D8%A8/?fileloc=/home/smilepac/public_html/wp-includes/vars.php&path=/home/smilepac/public_html/wp-includes HTTP/1.1" 200 4524 "-" "Mozilla/5.0 (compatible; MJ12bot/v1.4.8; http://mj12bot.com/)"
74.7.227.170 - - [24/Apr/2026:08:47:53 +0000] "GET /items/I979506331/ HTTP/2" 200 4261 "https://www.smilepack.net/sitemap91.xml" "Mozilla/5.0 AppleWebKit/537.36 (KHTML, like Gecko; compatible; GPTBot/1.3; +https://openai.com/gptbot)"
74.7.227.170 - - [24/Apr/2026:08:47:54 +0000] "GET /items/D417595760/ HTTP/2" 200 4259 "https://www.smilepack.net/sitemap3.xml" "Mozilla/5.0 AppleWebKit/537.36 (KHTML, like Gecko; compatible; GPTBot/1.3; +https://openai.com/gptbot)"
74.7.227.170 - - [24/Apr/2026:08:47:55 +0000] "GET /items/A468002717/ HTTP/2" 200 4245 "https://www.smilepack.net/sitemap91.xml" "Mozilla/5.0 AppleWebKit/537.36 (KHTML, like Gecko; compatible; GPTBot/1.3; +https://openai.com/gptbot)"
74.7.227.170 - - [24/Apr/2026:08:47:55 +0000] "GET /items/J445472810/ HTTP/2" 200 4261 "https://www.smilepack.net/sitemap573.xml" "Mozilla/5.0 AppleWebKit/537.36 (KHTML, like Gecko; compatible; GPTBot/1.3; +https://openai.com/gptbot)"
74.7.227.170 - - [24/Apr/2026:08:47:56 +0000] "GET /items/D417596247/ HTTP/2" 200 4245 "https://www.smilepack.net/sitemap5.xml" "Mozilla/5.0 AppleWebKit/537.36 (KHTML, like Gecko; compatible; GPTBot/1.3; +https://openai.com/gptbot)"
74.7.227.170 - - [24/Apr/2026:08:47:56 +0000] "GET /items/A468004371/?fileloc=/home/smilepac/public_html/wp-signup.php&path=/home/smilepac/public_html HTTP/2" 200 11255 "https://www.smilepack.net/items/A468004371/" "Mozilla/5.0 AppleWebKit/537.36 (KHTML, like Gecko; compatible; GPTBot/1.3; +https://openai.com/gptbot)"
74.7.227.170 - - [24/Apr/2026:08:47:57 +0000] "GET /items/K595248837/?fileloc=/home/smilepac/public_html/wp-includes/class-wp-text-diff-renderer-inline.php&path=/home/smilepac/public_html/wp-includes HTTP/2" 200 2951 "https://www.smilepack.net/items/K595248837/?path=/home/smilepac/public_html/wp-includes" "Mozilla/5.0 AppleWebKit/537.36 (KHTML, like Gecko; compatible; GPTBot/1.3; +https://openai.com/gptbot)"
74.7.227.170 - - [24/Apr/2026:08:47:57 +0000] "GET /items/K595248837/?fileloc=/home/smilepac/public_html/wp-includes/class-wp-image-editor.php&path=/home/smilepac/public_html/wp-includes HTTP/2" 200 7468 "https://www.smilepack.net/items/K595248837/?path=/home/smilepac/public_html/wp-includes" "Mozilla/5.0 AppleWebKit/537.36 (KHTML, like Gecko; compatible; GPTBot/1.3; +https://openai.com/gptbot)"
74.7.227.170 - - [24/Apr/2026:08:47:58 +0000] "GET /items/I979508419/ HTTP/2" 200 4259 "https://www.smilepack.net/sitemap3.xml" "Mozilla/5.0 AppleWebKit/537.36 (KHTML, like Gecko; compatible; GPTBot/1.3; +https://openai.com/gptbot)"
74.7.227.170 - - [24/Apr/2026:08:47:59 +0000] "GET /items/A468003523/?path=/home/smilepac/public_html/old HTTP/2" 200 2899 "https://www.smilepack.net/items/A468003523/" "Mozilla/5.0 AppleWebKit/537.36 (KHTML, like Gecko; compatible; GPTBot/1.3; +https://openai.com/gptbot)"
74.7.227.170 - - [24/Apr/2026:08:47:59 +0000] "GET /items/D417592873/ HTTP/2" 200 4259 "https://www.smilepack.net/sitemap5.xml" "Mozilla/5.0 AppleWebKit/537.36 (KHTML, like Gecko; compatible; GPTBot/1.3; +https://openai.com/gptbot)"
74.7.227.170 - - [24/Apr/2026:08:48:00 +0000] "GET /items/D417591280/ HTTP/2" 200 4261 "https://www.smilepack.net/sitemap573.xml" "Mozilla/5.0 AppleWebKit/537.36 (KHTML, like Gecko; compatible; GPTBot/1.3; +https://openai.com/gptbot)"
74.7.227.170 - - [24/Apr/2026:08:48:01 +0000] "GET /items/Z510639349/ HTTP/2" 200 4261 "https://www.smilepack.net/sitemap3.xml" "Mozilla/5.0 AppleWebKit/537.36 (KHTML, like Gecko; compatible; GPTBot/1.3; +https://openai.com/gptbot)"
74.7.227.170 - - [24/Apr/2026:08:48:01 +0000] "GET /items/T631736204/ HTTP/2" 200 4259 "https://www.smilepack.net/sitemap91.xml" "Mozilla/5.0 AppleWebKit/537.36 (KHTML, like Gecko; compatible; GPTBot/1.3; +https://openai.com/gptbot)"
74.7.227.170 - - [24/Apr/2026:08:48:02 +0000] "GET /items/Z510637634/ HTTP/2" 200 4261 "https://www.smilepack.net/sitemap91.xml" "Mozilla/5.0 AppleWebKit/537.36 (KHTML, like Gecko; compatible; GPTBot/1.3; +https://openai.com/gptbot)"
74.7.227.170 - - [24/Apr/2026:08:48:03 +0000] "GET /items/D417596247/?fileloc=/home/smilepac/public_html/style.php&path=/home/smilepac/public_html HTTP/2" 200 2993 "https://www.smilepack.net/items/D417596247/" "Mozilla/5.0 AppleWebKit/537.36 (KHTML, like Gecko; compatible; GPTBot/1.3; +https://openai.com/gptbot)"
74.7.227.170 - - [24/Apr/2026:08:48:03 +0000] "GET /items/A468002395/ HTTP/2" 200 4261 "https://www.smilepack.net/sitemap3.xml" "Mozilla/5.0 AppleWebKit/537.36 (KHTML, like Gecko; compatible; GPTBot/1.3; +https://openai.com/gptbot)"
74.7.227.170 - - [24/Apr/2026:08:48:04 +0000] "GET /items/D417596118/ HTTP/2" 200 4261 "https://www.smilepack.net/sitemap5.xml" "Mozilla/5.0 AppleWebKit/537.36 (KHTML, like Gecko; compatible; GPTBot/1.3; +https://openai.com/gptbot)"
74.7.227.170 - - [24/Apr/2026:08:48:04 +0000] "GET /items/D417593587/ HTTP/2" 200 4261 "https://www.smilepack.net/sitemap91.xml" "Mozilla/5.0 AppleWebKit/537.36 (KHTML, like Gecko; compatible; GPTBot/1.3; +https://openai.com/gptbot)"
74.7.227.170 - - [24/Apr/2026:08:48:05 +0000] "GET /items/O390662775/ HTTP/2" 200 4261 "https://www.smilepack.net/sitemap3.xml" "Mozilla/5.0 AppleWebKit/537.36 (KHTML, like Gecko; compatible; GPTBot/1.3; +https://openai.com/gptbot)"
74.7.227.170 - - [24/Apr/2026:08:48:05 +0000] "GET /items/O390662685/ HTTP/2" 200 4261 "https://www.smilepack.net/sitemap573.xml" "Mozilla/5.0 AppleWebKit/537.36 (KHTML, like Gecko; compatible; GPTBot/1.3; +https://openai.com/gptbot)"
74.7.227.170 - - [24/Apr/2026:08:48:06 +0000] "GET /items/K595246811/ HTTP/2" 200 4259 "https://www.smilepack.net/sitemap91.xml" "Mozilla/5.0 AppleWebKit/537.36 (KHTML, like Gecko; compatible; GPTBot/1.3; +https://openai.com/gptbot)"
74.7.227.170 - - [24/Apr/2026:08:48:06 +0000] "GET /items/J445479306/ HTTP/2" 200 4243 "https://www.smilepack.net/sitemap5.xml" "Mozilla/5.0 AppleWebKit/537.36 (KHTML, like Gecko; compatible; GPTBot/1.3; +https://openai.com/gptbot)"
74.7.227.170 - - [24/Apr/2026:08:48:07 +0000] "GET /items/G446227389/ HTTP/2" 200 4259 "https://www.smilepack.net/sitemap573.xml" "Mozilla/5.0 AppleWebKit/537.36 (KHTML, like Gecko; compatible; GPTBot/1.3; +https://openai.com/gptbot)"
74.7.227.170 - - [24/Apr/2026:08:48:07 +0000] "GET /items/T631735520/ HTTP/2" 200 4245 "https://www.smilepack.net/sitemap3.xml" "Mozilla/5.0 AppleWebKit/537.36 (KHTML, like Gecko; compatible; GPTBot/1.3; +https://openai.com/gptbot)"
74.7.227.170 - - [24/Apr/2026:08:48:08 +0000] "GET /items/Z510637314/ HTTP/2" 200 4259 "https://www.smilepack.net/sitemap573.xml" "Mozilla/5.0 AppleWebKit/537.36 (KHTML, like Gecko; compatible; GPTBot/1.3; +https://openai.com/gptbot)"
74.7.227.170 - - [24/Apr/2026:08:48:08 +0000] "GET /items/D417598373/ HTTP/2" 200 4245 "https://www.smilepack.net/sitemap3.xml" "Mozilla/5.0 AppleWebKit/537.36 (KHTML, like Gecko; compatible; GPTBot/1.3; +https://openai.com/gptbot)"
74.7.227.170 - - [24/Apr/2026:08:48:09 +0000] "GET /items/O390661732/ HTTP/2" 200 4261 "https://www.smilepack.net/sitemap3.xml" "Mozilla/5.0 AppleWebKit/537.36 (KHTML, like Gecko; compatible; GPTBot/1.3; +https://openai.com/gptbot)"
74.7.227.170 - - [24/Apr/2026:08:48:10 +0000] "GET /items/D417596118/?fileloc=/home/smilepac/public_html/item.php&path=/home/smilepac/public_html HTTP/2" 200 3438 "https://www.smilepack.net/items/D417596118/" "Mozilla/5.0 AppleWebKit/537.36 (KHTML, like Gecko; compatible; GPTBot/1.3; +https://openai.com/gptbot)"
74.7.227.170 - - [24/Apr/2026:08:48:10 +0000] "GET /items/D417593587/?fileloc=/home/smilepac/public_html/goods.php&path=/home/smilepac/public_html HTTP/2" 200 3270 "https://www.smilepack.net/items/D417593587/" "Mozilla/5.0 AppleWebKit/537.36 (KHTML, like Gecko; compatible; GPTBot/1.3; +https://openai.com/gptbot)"
74.7.227.170 - - [24/Apr/2026:08:48:11 +0000] "GET /items/O390662775/?fileloc=/home/smilepac/public_html/style.php&path=/home/smilepac/public_html HTTP/2" 200 2993 "https://www.smilepack.net/items/O390662775/" "Mozilla/5.0 AppleWebKit/537.36 (KHTML, like Gecko; compatible; GPTBot/1.3; +https://openai.com/gptbot)"
74.7.227.170 - - [24/Apr/2026:08:48:11 +0000] "GET /items/Z510637509/ HTTP/2" 200 4261 "https://www.smilepack.net/sitemap5.xml" "Mozilla/5.0 AppleWebKit/537.36 (KHTML, like Gecko; compatible; GPTBot/1.3; +https://openai.com/gptbot)"
74.7.227.170 - - [24/Apr/2026:08:48:12 +0000] "GET /items/K595246811/?fileloc=/home/smilepac/public_html/.htaccess.bk&path=/home/smilepac/public_html HTTP/2" 200 3280 "https://www.smilepack.net/items/K595246811/" "Mozilla/5.0 AppleWebKit/537.36 (KHTML, like Gecko; compatible; GPTBot/1.3; +https://openai.com/gptbot)"
74.7.227.170 - - [24/Apr/2026:08:48:12 +0000] "GET /items/K595246811/?path=/home/smilepac HTTP/2" 200 4032 "https://www.smilepack.net/items/K595246811/" "Mozilla/5.0 AppleWebKit/537.36 (KHTML, like Gecko; compatible; GPTBot/1.3; +https://openai.com/gptbot)"
74.7.227.170 - - [24/Apr/2026:08:48:13 +0000] "GET /items/J445479306/?fileloc=/home/smilepac/public_html/wp-comments-post.php&path=/home/smilepac/public_html HTTP/2" 200 3558 "https://www.smilepack.net/items/J445479306/" "Mozilla/5.0 AppleWebKit/537.36 (KHTML, like Gecko; compatible; GPTBot/1.3; +https://openai.com/gptbot)"
74.7.227.170 - - [24/Apr/2026:08:48:13 +0000] "GET /items/G446227389/?fileloc=/home/smilepac/public_html/item.php&path=/home/smilepac/public_html HTTP/2" 200 3436 "https://www.smilepack.net/items/G446227389/" "Mozilla/5.0 AppleWebKit/537.36 (KHTML, like Gecko; compatible; GPTBot/1.3; +https://openai.com/gptbot)"
74.7.227.170 - - [24/Apr/2026:08:48:14 +0000] "GET /items/T631738354/ HTTP/2" 200 4245 "https://www.smilepack.net/sitemap5.xml" "Mozilla/5.0 AppleWebKit/537.36 (KHTML, like Gecko; compatible; GPTBot/1.3; +https://openai.com/gptbot)"
74.7.227.170 - - [24/Apr/2026:08:48:14 +0000] "GET /items/Z510637085/ HTTP/2" 200 4261 "https://www.smilepack.net/sitemap3.xml" "Mozilla/5.0 AppleWebKit/537.36 (KHTML, like Gecko; compatible; GPTBot/1.3; +https://openai.com/gptbot)"
74.7.227.170 - - [24/Apr/2026:08:48:15 +0000] "GET /items/I979504736/ HTTP/2" 200 4261 "https://www.smilepack.net/sitemap573.xml" "Mozilla/5.0 AppleWebKit/537.36 (KHTML, like Gecko; compatible; GPTBot/1.3; +https://openai.com/gptbot)"
74.7.227.170 - - [24/Apr/2026:08:48:15 +0000] "GET /items/Z510631084/ HTTP/2" 200 4259 "https://www.smilepack.net/sitemap5.xml" "Mozilla/5.0 AppleWebKit/537.36 (KHTML, like Gecko; compatible; GPTBot/1.3; +https://openai.com/gptbot)"
74.7.227.170 - - [24/Apr/2026:08:48:16 +0000] "GET /items/Z510631781/ HTTP/2" 200 4261 "https://www.smilepack.net/sitemap5.xml" "Mozilla/5.0 AppleWebKit/537.36 (KHTML, like Gecko; compatible; GPTBot/1.3; +https://openai.com/gptbot)"
74.7.227.170 - - [24/Apr/2026:08:48:16 +0000] "GET /items/I979503410/ HTTP/2" 200 4259 "https://www.smilepack.net/sitemap3.xml" "Mozilla/5.0 AppleWebKit/537.36 (KHTML, like Gecko; compatible; GPTBot/1.3; +https://openai.com/gptbot)"
74.7.227.170 - - [24/Apr/2026:08:48:17 +0000] "GET /items/D417596652/ HTTP/2" 200 4259 "https://www.smilepack.net/sitemap3.xml" "Mozilla/5.0 AppleWebKit/537.36 (KHTML, like Gecko; compatible; GPTBot/1.3; +https://openai.com/gptbot)"
74.7.227.170 - - [24/Apr/2026:08:48:17 +0000] "GET /items/Z510632489/ HTTP/2" 200 4261 "https://www.smilepack.net/sitemap573.xml" "Mozilla/5.0 AppleWebKit/537.36 (KHTML, like Gecko; compatible; GPTBot/1.3; +https://openai.com/gptbot)"
74.7.227.170 - - [24/Apr/2026:08:48:18 +0000] "GET /items/T631737208/ HTTP/2" 200 4259 "https://www.smilepack.net/sitemap5.xml" "Mozilla/5.0 AppleWebKit/537.36 (KHTML, like Gecko; compatible; GPTBot/1.3; +https://openai.com/gptbot)"
74.7.227.170 - - [24/Apr/2026:08:48:18 +0000] "GET /items/D417598271/ HTTP/2" 200 4259 "https://www.smilepack.net/sitemap3.xml" "Mozilla/5.0 AppleWebKit/537.36 (KHTML, like Gecko; compatible; GPTBot/1.3; +https://openai.com/gptbot)"
74.7.227.170 - - [24/Apr/2026:08:48:19 +0000] "GET /items/T631732988/ HTTP/2" 200 4243 "https://www.smilepack.net/sitemap573.xml" "Mozilla/5.0 AppleWebKit/537.36 (KHTML, like Gecko; compatible; GPTBot/1.3; +https://openai.com/gptbot)"
74.7.227.170 - - [24/Apr/2026:08:48:20 +0000] "GET /items/T631738354/?fileloc=/home/smilepac/public_html/googlea86ee9d6274d3613.html&path=/home/smilepac/public_html HTTP/2" 200 2467 "https://www.smilepack.net/items/T631738354/" "Mozilla/5.0 AppleWebKit/537.36 (KHTML, like Gecko; compatible; GPTBot/1.3; +https://openai.com/gptbot)"
74.7.227.170 - - [24/Apr/2026:08:48:20 +0000] "GET /items/Z510637813/ HTTP/2" 200 4259 "https://www.smilepack.net/sitemap573.xml" "Mozilla/5.0 AppleWebKit/537.36 (KHTML, like Gecko; compatible; GPTBot/1.3; +https://openai.com/gptbot)"
74.7.227.170 - - [24/Apr/2026:08:48:21 +0000] "GET /items/D417595336/ HTTP/2" 200 4243 "https://www.smilepack.net/sitemap573.xml" "Mozilla/5.0 AppleWebKit/537.36 (KHTML, like Gecko; compatible; GPTBot/1.3; +https://openai.com/gptbot)"
74.7.227.170 - - [24/Apr/2026:08:48:22 +0000] "GET /items/Z510633288/ HTTP/2" 200 4259 "https://www.smilepack.net/sitemap573.xml" "Mozilla/5.0 AppleWebKit/537.36 (KHTML, like Gecko; compatible; GPTBot/1.3; +https://openai.com/gptbot)"
74.7.227.170 - - [24/Apr/2026:08:48:22 +0000] "GET /items/O390668575/ HTTP/2" 200 4259 "https://www.smilepack.net/sitemap91.xml" "Mozilla/5.0 AppleWebKit/537.36 (KHTML, like Gecko; compatible; GPTBot/1.3; +https://openai.com/gptbot)"
74.7.227.170 - - [24/Apr/2026:08:48:23 +0000] "GET /items/T631732395/ HTTP/2" 200 4261 "https://www.smilepack.net/sitemap5.xml" "Mozilla/5.0 AppleWebKit/537.36 (KHTML, like Gecko; compatible; GPTBot/1.3; +https://openai.com/gptbot)"
74.7.227.170 - - [24/Apr/2026:08:48:23 +0000] "GET /items/I979504369/ HTTP/2" 200 4243 "https://www.smilepack.net/sitemap573.xml" "Mozilla/5.0 AppleWebKit/537.36 (KHTML, like Gecko; compatible; GPTBot/1.3; +https://openai.com/gptbot)"
74.7.227.170 - - [24/Apr/2026:08:48:24 +0000] "GET /items/Z510635698/ HTTP/2" 200 4261 "https://www.smilepack.net/sitemap573.xml" "Mozilla/5.0 AppleWebKit/537.36 (KHTML, like Gecko; compatible; GPTBot/1.3; +https://openai.com/gptbot)"
74.7.227.170 - - [24/Apr/2026:08:48:25 +0000] "GET /items/T631737208/?path=/home/smilepac/public_html/wp-admin HTTP/2" 200 6014 "https://www.smilepack.net/items/T631737208/" "Mozilla/5.0 AppleWebKit/537.36 (KHTML, like Gecko; compatible; GPTBot/1.3; +https://openai.com/gptbot)"
74.7.227.170 - - [24/Apr/2026:08:48:25 +0000] "GET /items/I979508254/ HTTP/2" 200 4261 "https://www.smilepack.net/sitemap3.xml" "Mozilla/5.0 AppleWebKit/537.36 (KHTML, like Gecko; compatible; GPTBot/1.3; +https://openai.com/gptbot)"
74.7.227.170 - - [24/Apr/2026:08:48:26 +0000] "GET /items/I979508218/ HTTP/2" 200 4261 "https://www.smilepack.net/sitemap3.xml" "Mozilla/5.0 AppleWebKit/537.36 (KHTML, like Gecko; compatible; GPTBot/1.3; +https://openai.com/gptbot)"
74.7.227.170 - - [24/Apr/2026:08:48:26 +0000] "GET /items/K595246313/ HTTP/2" 200 4261 "https://www.smilepack.net/sitemap5.xml" "Mozilla/5.0 AppleWebKit/537.36 (KHTML, like Gecko; compatible; GPTBot/1.3; +https://openai.com/gptbot)"
74.7.227.170 - - [24/Apr/2026:08:48:27 +0000] "GET /items/I979506291/ HTTP/2" 200 4259 "https://www.smilepack.net/sitemap91.xml" "Mozilla/5.0 AppleWebKit/537.36 (KHTML, like Gecko; compatible; GPTBot/1.3; +https://openai.com/gptbot)"
74.7.227.170 - - [24/Apr/2026:08:48:27 +0000] "GET /items/O390667268/ HTTP/2" 200 4261 "https://www.smilepack.net/sitemap91.xml" "Mozilla/5.0 AppleWebKit/537.36 (KHTML, like Gecko; compatible; GPTBot/1.3; +https://openai.com/gptbot)"
74.7.227.170 - - [24/Apr/2026:08:48:28 +0000] "GET /items/Z510633288/?fileloc=/home/smilepac/public_html/index.php____old&path=/home/smilepac/public_html HTTP/2" 200 2518 "https://www.smilepack.net/items/Z510633288/" "Mozilla/5.0 AppleWebKit/537.36 (KHTML, like Gecko; compatible; GPTBot/1.3; +https://openai.com/gptbot)"
74.7.227.170 - - [24/Apr/2026:08:48:28 +0000] "GET /items/D417591318/ HTTP/2" 200 4261 "https://www.smilepack.net/sitemap5.xml" "Mozilla/5.0 AppleWebKit/537.36 (KHTML, like Gecko; compatible; GPTBot/1.3; +https://openai.com/gptbot)"
74.7.227.170 - - [24/Apr/2026:08:48:29 +0000] "GET /items/I979506139/ HTTP/2" 200 4261 "https://www.smilepack.net/sitemap573.xml" "Mozilla/5.0 AppleWebKit/537.36 (KHTML, like Gecko; compatible; GPTBot/1.3; +https://openai.com/gptbot)"
74.7.227.170 - - [24/Apr/2026:08:48:29 +0000] "GET /items/D417593718/ HTTP/2" 200 4261 "https://www.smilepack.net/sitemap3.xml" "Mozilla/5.0 AppleWebKit/537.36 (KHTML, like Gecko; compatible; GPTBot/1.3; +https://openai.com/gptbot)"
74.7.227.170 - - [24/Apr/2026:08:48:30 +0000] "GET /items/Z510635698/?path=/home/smilepac/public_html/wp-includes HTTP/2" 200 11693 "https://www.smilepack.net/items/Z510635698/" "Mozilla/5.0 AppleWebKit/537.36 (KHTML, like Gecko; compatible; GPTBot/1.3; +https://openai.com/gptbot)"
74.7.227.170 - - [24/Apr/2026:08:48:30 +0000] "GET /items/Z510635698/?fileloc=/home/smilepac/public_html/networks.php&path=/home/smilepac/public_html HTTP/2" 200 3438 "https://www.smilepack.net/items/Z510635698/" "Mozilla/5.0 AppleWebKit/537.36 (KHTML, like Gecko; compatible; GPTBot/1.3; +https://openai.com/gptbot)"
74.7.227.170 - - [24/Apr/2026:08:48:31 +0000] "GET /items/A468007793/ HTTP/2" 200 4259 "https://www.smilepack.net/sitemap5.xml" "Mozilla/5.0 AppleWebKit/537.36 (KHTML, like Gecko; compatible; GPTBot/1.3; +https://openai.com/gptbot)"
74.7.227.170 - - [24/Apr/2026:08:48:31 +0000] "GET /items/O390664286/ HTTP/2" 200 4243 "https://www.smilepack.net/sitemap573.xml" "Mozilla/5.0 AppleWebKit/537.36 (KHTML, like Gecko; compatible; GPTBot/1.3; +https://openai.com/gptbot)"
74.7.227.170 - - [24/Apr/2026:08:48:32 +0000] "GET /items/O390662495/ HTTP/2" 200 4259 "https://www.smilepack.net/sitemap91.xml" "Mozilla/5.0 AppleWebKit/537.36 (KHTML, like Gecko; compatible; GPTBot/1.3; +https://openai.com/gptbot)"
74.7.227.170 - - [24/Apr/2026:08:48:33 +0000] "GET /items/K595247603/ HTTP/2" 200 4243 "https://www.smilepack.net/sitemap5.xml" "Mozilla/5.0 AppleWebKit/537.36 (KHTML, like Gecko; compatible; GPTBot/1.3; +https://openai.com/gptbot)"
74.7.227.170 - - [24/Apr/2026:08:48:33 +0000] "GET /items/O390668405/ HTTP/2" 200 4259 "https://www.smilepack.net/sitemap5.xml" "Mozilla/5.0 AppleWebKit/537.36 (KHTML, like Gecko; compatible; GPTBot/1.3; +https://openai.com/gptbot)"
74.7.227.170 - - [24/Apr/2026:08:48:34 +0000] "GET /items/D417592305/ HTTP/2" 200 4259 "https://www.smilepack.net/sitemap573.xml" "Mozilla/5.0 AppleWebKit/537.36 (KHTML, like Gecko; compatible; GPTBot/1.3; +https://openai.com/gptbot)"
74.7.227.170 - - [24/Apr/2026:08:48:34 +0000] "GET /items/D417591318/?path=/home HTTP/2" 200 2721 "https://www.smilepack.net/items/D417591318/" "Mozilla/5.0 AppleWebKit/537.36 (KHTML, like Gecko; compatible; GPTBot/1.3; +https://openai.com/gptbot)"
74.7.227.170 - - [24/Apr/2026:08:48:35 +0000] "GET /items/K595243617/ HTTP/2" 200 4261 "https://www.smilepack.net/sitemap5.xml" "Mozilla/5.0 AppleWebKit/537.36 (KHTML, like Gecko; compatible; GPTBot/1.3; +https://openai.com/gptbot)"
74.7.227.170 - - [24/Apr/2026:08:48:35 +0000] "GET /items/D417593718/?path=/ HTTP/2" 200 3071 "https://www.smilepack.net/items/D417593718/" "Mozilla/5.0 AppleWebKit/537.36 (KHTML, like Gecko; compatible; GPTBot/1.3; +https://openai.com/gptbot)"
74.7.227.170 - - [24/Apr/2026:08:48:36 +0000] "GET /items/Z510635698/?fileloc=/home/smilepac/public_html/wp-includes/class-simplepie.php&path=/home/smilepac/public_html/wp-includes HTTP/2" 200 2727 "https://www.smilepack.net/items/Z510635698/?path=/home/smilepac/public_html/wp-includes" "Mozilla/5.0 AppleWebKit/537.36 (KHTML, like Gecko; compatible; GPTBot/1.3; +https://openai.com/gptbot)"
74.7.227.170 - - [24/Apr/2026:08:48:36 +0000] "GET /items/Z510635698/?fileloc=/home/smilepac/public_html/wp-includes/class-wp-token-map.php&path=/home/smilepac/public_html/wp-includes HTTP/2" 200 10940 "https://www.smilepack.net/items/Z510635698/?path=/home/smilepac/public_html/wp-includes" "Mozilla/5.0 AppleWebKit/537.36 (KHTML, like Gecko; compatible; GPTBot/1.3; +https://openai.com/gptbot)"
74.7.227.170 - - [24/Apr/2026:08:48:37 +0000] "GET /items/Z510635698/?fileloc=/home/smilepac/public_html/wp-includes/block-template.php&path=/home/smilepac/public_html/wp-includes HTTP/2" 200 7557 "https://www.smilepack.net/items/Z510635698/?path=/home/smilepac/public_html/wp-includes" "Mozilla/5.0 AppleWebKit/537.36 (KHTML, like Gecko; compatible; GPTBot/1.3; +https://openai.com/gptbot)"
74.7.227.170 - - [24/Apr/2026:08:48:37 +0000] "GET /items/D417593238/ HTTP/2" 200 4261 "https://www.smilepack.net/sitemap5.xml" "Mozilla/5.0 AppleWebKit/537.36 (KHTML, like Gecko; compatible; GPTBot/1.3; +https://openai.com/gptbot)"
74.7.227.170 - - [24/Apr/2026:08:48:38 +0000] "GET /items/A468002113/ HTTP/2" 200 4261 "https://www.smilepack.net/sitemap3.xml" "Mozilla/5.0 AppleWebKit/537.36 (KHTML, like Gecko; compatible; GPTBot/1.3; +https://openai.com/gptbot)"
74.7.227.170 - - [24/Apr/2026:08:48:39 +0000] "GET /items/J445472910/ HTTP/2" 200 4261 "https://www.smilepack.net/sitemap3.xml" "Mozilla/5.0 AppleWebKit/537.36 (KHTML, like Gecko; compatible; GPTBot/1.3; +https://openai.com/gptbot)"
74.7.227.170 - - [24/Apr/2026:08:48:39 +0000] "GET /items/I979508217/ HTTP/2" 200 4259 "https://www.smilepack.net/sitemap573.xml" "Mozilla/5.0 AppleWebKit/537.36 (KHTML, like Gecko; compatible; GPTBot/1.3; +https://openai.com/gptbot)"
74.7.227.170 - - [24/Apr/2026:08:48:40 +0000] "GET /items/I979505812/ HTTP/2" 200 4261 "https://www.smilepack.net/sitemap91.xml" "Mozilla/5.0 AppleWebKit/537.36 (KHTML, like Gecko; compatible; GPTBot/1.3; +https://openai.com/gptbot)"
74.7.227.170 - - [24/Apr/2026:08:48:40 +0000] "GET /items/Z510639978/ HTTP/2" 200 4261 "https://www.smilepack.net/sitemap573.xml" "Mozilla/5.0 AppleWebKit/537.36 (KHTML, like Gecko; compatible; GPTBot/1.3; +https://openai.com/gptbot)"
74.7.227.170 - - [24/Apr/2026:08:48:41 +0000] "GET /items/T631734200/ HTTP/2" 200 4261 "https://www.smilepack.net/sitemap573.xml" "Mozilla/5.0 AppleWebKit/537.36 (KHTML, like Gecko; compatible; GPTBot/1.3; +https://openai.com/gptbot)"
74.7.227.170 - - [24/Apr/2026:08:48:41 +0000] "GET /items/Z510632908/ HTTP/2" 200 4261 "https://www.smilepack.net/sitemap573.xml" "Mozilla/5.0 AppleWebKit/537.36 (KHTML, like Gecko; compatible; GPTBot/1.3; +https://openai.com/gptbot)"
74.7.227.170 - - [24/Apr/2026:08:48:42 +0000] "GET /items/D417594620/ HTTP/2" 200 4261 "https://www.smilepack.net/sitemap573.xml" "Mozilla/5.0 AppleWebKit/537.36 (KHTML, like Gecko; compatible; GPTBot/1.3; +https://openai.com/gptbot)"
74.7.227.170 - - [24/Apr/2026:08:48:42 +0000] "GET /items/K595243011/ HTTP/2" 200 4261 "https://www.smilepack.net/sitemap5.xml" "Mozilla/5.0 AppleWebKit/537.36 (KHTML, like Gecko; compatible; GPTBot/1.3; +https://openai.com/gptbot)"
74.7.227.170 - - [24/Apr/2026:08:48:43 +0000] "GET /items/D417591883/ HTTP/2" 200 4245 "https://www.smilepack.net/sitemap573.xml" "Mozilla/5.0 AppleWebKit/537.36 (KHTML, like Gecko; compatible; GPTBot/1.3; +https://openai.com/gptbot)"
74.7.227.170 - - [24/Apr/2026:08:48:43 +0000] "GET /items/D417593238/?path=/home/smilepac/public_html/8ce5eb HTTP/2" 200 2786 "https://www.smilepack.net/items/D417593238/" "Mozilla/5.0 AppleWebKit/537.36 (KHTML, like Gecko; compatible; GPTBot/1.3; +https://openai.com/gptbot)"
74.7.227.170 - - [24/Apr/2026:08:48:44 +0000] "GET /items/T631738050/ HTTP/2" 200 4259 "https://www.smilepack.net/sitemap91.xml" "Mozilla/5.0 AppleWebKit/537.36 (KHTML, like Gecko; compatible; GPTBot/1.3; +https://openai.com/gptbot)"
74.7.227.170 - - [24/Apr/2026:08:48:44 +0000] "GET /items/T631735789/ HTTP/2" 200 4259 "https://www.smilepack.net/sitemap3.xml" "Mozilla/5.0 AppleWebKit/537.36 (KHTML, like Gecko; compatible; GPTBot/1.3; +https://openai.com/gptbot)"
74.7.227.170 - - [24/Apr/2026:08:48:45 +0000] "GET /items/I979508217/?fileloc=/home/smilepac/public_html/wp-links-opml.php&path=/home/smilepac/public_html HTTP/2" 200 3630 "https://www.smilepack.net/items/I979508217/" "Mozilla/5.0 AppleWebKit/537.36 (KHTML, like Gecko; compatible; GPTBot/1.3; +https://openai.com/gptbot)"
74.7.227.170 - - [24/Apr/2026:08:48:45 +0000] "GET /items/I979505812/?fileloc=/home/smilepac/public_html/wp-activate.php&path=/home/smilepac/public_html HTTP/2" 200 5078 "https://www.smilepack.net/items/I979505812/" "Mozilla/5.0 AppleWebKit/537.36 (KHTML, like Gecko; compatible; GPTBot/1.3; +https://openai.com/gptbot)"
74.7.227.170 - - [24/Apr/2026:08:48:46 +0000] "GET /items/I979505812/?path=/home/smilepac/public_html/wp-includes HTTP/2" 200 11693 "https://www.smilepack.net/items/I979505812/" "Mozilla/5.0 AppleWebKit/537.36 (KHTML, like Gecko; compatible; GPTBot/1.3; +https://openai.com/gptbot)"
74.7.227.170 - - [24/Apr/2026:08:48:46 +0000] "GET /items/Z510638092/ HTTP/2" 200 4259 "https://www.smilepack.net/sitemap3.xml" "Mozilla/5.0 AppleWebKit/537.36 (KHTML, like Gecko; compatible; GPTBot/1.3; +https://openai.com/gptbot)"
74.7.227.170 - - [24/Apr/2026:08:48:47 +0000] "GET /items/Z510632908/?fileloc=/home/smilepac/public_html/wp-comments-post.php&path=/home/smilepac/public_html HTTP/2" 200 3558 "https://www.smilepack.net/items/Z510632908/" "Mozilla/5.0 AppleWebKit/537.36 (KHTML, like Gecko; compatible; GPTBot/1.3; +https://openai.com/gptbot)"
74.7.227.170 - - [24/Apr/2026:08:48:48 +0000] "GET /items/O390662788/ HTTP/2" 200 4261 "https://www.smilepack.net/sitemap5.xml" "Mozilla/5.0 AppleWebKit/537.36 (KHTML, like Gecko; compatible; GPTBot/1.3; +https://openai.com/gptbot)"
74.7.227.170 - - [24/Apr/2026:08:48:48 +0000] "GET /items/D417597320/ HTTP/2" 200 4261 "https://www.smilepack.net/sitemap91.xml" "Mozilla/5.0 AppleWebKit/537.36 (KHTML, like Gecko; compatible; GPTBot/1.3; +https://openai.com/gptbot)"
74.7.227.170 - - [24/Apr/2026:08:48:49 +0000] "GET /items/A468003102/ HTTP/2" 200 4261 "https://www.smilepack.net/sitemap3.xml" "Mozilla/5.0 AppleWebKit/537.36 (KHTML, like Gecko; compatible; GPTBot/1.3; +https://openai.com/gptbot)"
74.7.227.170 - - [24/Apr/2026:08:48:49 +0000] "GET /items/D417598770/ HTTP/2" 200 4259 "https://www.smilepack.net/sitemap3.xml" "Mozilla/5.0 AppleWebKit/537.36 (KHTML, like Gecko; compatible; GPTBot/1.3; +https://openai.com/gptbot)"
74.7.227.170 - - [24/Apr/2026:08:48:50 +0000] "GET /items/A468007375/ HTTP/2" 200 4261 "https://www.smilepack.net/sitemap5.xml" "Mozilla/5.0 AppleWebKit/537.36 (KHTML, like Gecko; compatible; GPTBot/1.3; +https://openai.com/gptbot)"
51.222.105.197 - - [24/Apr/2026:08:48:51 +0000] "GET /robots.txt HTTP/1.1" 200 362 "-" "Mozilla/5.0 (compatible; MJ12bot/v1.4.8; http://mj12bot.com/)"
74.7.227.170 - - [24/Apr/2026:08:48:50 +0000] "GET /items/T631735789/?path=/home/smilepac/public_html/wp-includes HTTP/2" 200 11693 "https://www.smilepack.net/items/T631735789/" "Mozilla/5.0 AppleWebKit/537.36 (KHTML, like Gecko; compatible; GPTBot/1.3; +https://openai.com/gptbot)"
51.222.105.197 - - [24/Apr/2026:08:46:57 +0000] "GET /%D8%A7%D9%84%D9%85%D9%86%D8%A7%D8%B4%D9%81/?path=/home/smilepac/public_html/images HTTP/1.1" 200 2507 "-" "Mozilla/5.0 (compatible; MJ12bot/v1.4.8; http://mj12bot.com/)"
51.222.105.197 - - [24/Apr/2026:08:47:00 +0000] "GET /product/%D8%BA%D8%B7%D8%A7%D8%A1-%D8%A7%D9%84%D8%A3%D9%83%D9%88%D8%A7%D8%A8/?fileloc=/home/smilepac/public_html/wp-includes/rss.php&path=/home/smilepac/public_html/wp-includes HTTP/1.1" 200 9676 "-" "Mozilla/5.0 (compatible; MJ12bot/v1.4.8; http://mj12bot.com/)"
51.222.105.197 - - [24/Apr/2026:08:47:04 +0000] "GET /product/%D8%BA%D8%B7%D8%A7%D8%A1-%D8%A7%D9%84%D8%A3%D9%83%D9%88%D8%A7%D8%A8/?fileloc=/home/smilepac/public_html/wp-includes/theme.php&path=/home/smilepac/public_html/wp-includes HTTP/1.1" 200 35615 "-" "Mozilla/5.0 (compatible; MJ12bot/v1.4.8; http://mj12bot.com/)"
51.222.105.197 - - [24/Apr/2026:08:47:10 +0000] "GET /product/%D8%BA%D8%B7%D8%A7%D8%A1-%D8%A7%D9%84%D8%A3%D9%83%D9%88%D8%A7%D8%A8/?fileloc=/home/smilepac/public_html/wp-includes/update.php&path=/home/smilepac/public_html/wp-includes HTTP/1.1" 200 11720 "-" "Mozilla/5.0 (compatible; MJ12bot/v1.4.8; http://mj12bot.com/)"
51.222.105.197 - - [24/Apr/2026:08:47:13 +0000] "GET /product/%D8%BA%D8%B7%D8%A7%D8%A1-%D8%A7%D9%84%D8%A3%D9%83%D9%88%D8%A7%D8%A8/?fileloc=/home/smilepac/public_html/wp-includes/user.php&path=/home/smilepac/public_html/wp-includes HTTP/1.1" 200 42431 "-" "Mozilla/5.0 (compatible; MJ12bot/v1.4.8; http://mj12bot.com/)"
66.249.73.98 - - [24/Apr/2026:08:47:15 +0000] "GET /?z=egfs0s3pgc313pk_gkind14524030 HTTP/1.1" 200 4259 "-" "Mozilla/5.0 (Linux; Android 6.0.1; Nexus 5X Build/MMB29P) AppleWebKit/537.36 (KHTML, like Gecko) Chrome/146.0.7680.177 Mobile Safari/537.36 (compatible; Googlebot/2.1; +http://www.google.com/bot.html)"
51.222.105.197 - - [24/Apr/2026:08:47:19 +0000] "GET /product/%D8%BA%D8%B7%D8%A7%D8%A1-%D8%A7%D9%84%D8%A3%D9%83%D9%88%D8%A7%D8%A8/?fileloc=/home/smilepac/public_html/wp-includes/utf8.php&path=/home/smilepac/public_html/wp-includes HTTP/1.1" 200 5060 "-" "Mozilla/5.0 (compatible; MJ12bot/v1.4.8; http://mj12bot.com/)"
51.222.105.197 - - [24/Apr/2026:08:47:27 +0000] "GET /product/%D8%BA%D8%B7%D8%A7%D8%A1-%D8%A7%D9%84%D8%A3%D9%83%D9%88%D8%A7%D8%A8/?fileloc=/home/smilepac/public_html/wp-includes/vars.php&path=/home/smilepac/public_html/wp-includes HTTP/1.1" 200 4526 "-" "Mozilla/5.0 (compatible; MJ12bot/v1.4.8; http://mj12bot.com/)"
216.73.217.46 - - [24/Apr/2026:08:48:08 +0000] "GET /wp-sitemap.xml?fileloc=%2F%2Fusr%2Fshare%2Fman%2Fman1%2Fperl5141delta.1.gz&path=%2F%2Fusr%2Fshare%2Fman%2Fman1 HTTP/2" 200 7709 "-" "Mozilla/5.0 AppleWebKit/537.36 (KHTML, like Gecko; compatible; ClaudeBot/1.0; +claudebot@anthropic.com)"
216.73.217.46 - - [24/Apr/2026:08:48:09 +0000] "GET /wp-sitemap.xml?fileloc=%2F%2Fproc%2Fthread-self%2Froot%2Fusr%2Fbin%2Fipcs&path=%2F%2Fproc%2Fthread-self%2Froot%2Fusr%2Fbin HTTP/2" 200 23176 "-" "Mozilla/5.0 AppleWebKit/537.36 (KHTML, like Gecko; compatible; ClaudeBot/1.0; +claudebot@anthropic.com)"
51.222.105.197 - - [24/Apr/2026:08:48:43 +0000] "GET /robots.txt HTTP/1.1" 200 362 "-" "Mozilla/5.0 (compatible; MJ12bot/v1.4.8; http://mj12bot.com/)"
51.222.105.197 - - [24/Apr/2026:08:48:45 +0000] "GET /%D8%A7%D9%84%D9%85%D9%86%D8%A7%D8%B4%D9%81/?path=/home/smilepac/public_html/images HTTP/1.1" 200 2507 "-" "Mozilla/5.0 (compatible; MJ12bot/v1.4.8; http://mj12bot.com/)"
51.222.105.197 - - [24/Apr/2026:08:48:48 +0000] "GET /product/%D8%BA%D8%B7%D8%A7%D8%A1-%D8%A7%D9%84%D8%A3%D9%83%D9%88%D8%A7%D8%A8/?fileloc=/home/smilepac/public_html/wp-includes/rss.php&path=/home/smilepac/public_html/wp-includes HTTP/1.1" 200 9674 "-" "Mozilla/5.0 (compatible; MJ12bot/v1.4.8; http://mj12bot.com/)"
51.222.105.197 - - [24/Apr/2026:08:48:52 +0000] "GET /product/%D8%BA%D8%B7%D8%A7%D8%A1-%D8%A7%D9%84%D8%A3%D9%83%D9%88%D8%A7%D8%A8/?fileloc=/home/smilepac/public_html/wp-includes/theme.php&path=/home/smilepac/public_html/wp-includes HTTP/1.1" 200 35615 "-" "Mozilla/5.0 (compatible; MJ12bot/v1.4.8; http://mj12bot.com/)"
51.222.105.197 - - [24/Apr/2026:08:46:51 +0000] "GET /product/%D8%BA%D8%B7%D8%A7%D8%A1-%D8%A7%D9%84%D8%A3%D9%83%D9%88%D8%A7%D8%A8/?fileloc=/home/smilepac/public_html/wp-includes/user.php&path=/home/smilepac/public_html/wp-includes HTTP/1.1" 200 42433 "-" "Mozilla/5.0 (compatible; MJ12bot/v1.4.8; http://mj12bot.com/)"
51.222.105.197 - - [24/Apr/2026:08:46:51 +0000] "GET /product/%D8%BA%D8%B7%D8%A7%D8%A1-%D8%A7%D9%84%D8%A3%D9%83%D9%88%D8%A7%D8%A8/?fileloc=/home/smilepac/public_html/wp-includes/vars.php&path=/home/smilepac/public_html/wp-includes HTTP/1.1" 200 4524 "-" "Mozilla/5.0 (compatible; MJ12bot/v1.4.8; http://mj12bot.com/)"
51.222.105.197 - - [24/Apr/2026:08:46:53 +0000] "GET /product/%D8%BA%D8%B7%D8%A7%D8%A1-%D8%A7%D9%84%D8%A3%D9%83%D9%88%D8%A7%D8%A8/?fileloc=/home/smilepac/public_html/wp-includes/theme.php&path=/home/smilepac/public_html/wp-includes HTTP/1.1" 200 35615 "-" "Mozilla/5.0 (compatible; MJ12bot/v1.4.8; http://mj12bot.com/)"
51.222.105.197 - - [24/Apr/2026:08:46:54 +0000] "GET /product/%D8%BA%D8%B7%D8%A7%D8%A1-%D8%A7%D9%84%D8%A3%D9%83%D9%88%D8%A7%D8%A8/?fileloc=/home/smilepac/public_html/wp-includes/utf8.php&path=/home/smilepac/public_html/wp-includes HTTP/1.1" 200 5058 "-" "Mozilla/5.0 (compatible; MJ12bot/v1.4.8; http://mj12bot.com/)"
51.222.105.197 - - [24/Apr/2026:08:46:55 +0000] "GET /product/%D8%BA%D8%B7%D8%A7%D8%A1-%D8%A7%D9%84%D8%A3%D9%83%D9%88%D8%A7%D8%A8/?fileloc=/home/smilepac/public_html/wp-includes/update.php&path=/home/smilepac/public_html/wp-includes HTTP/1.1" 200 11718 "-" "Mozilla/5.0 (compatible; MJ12bot/v1.4.8; http://mj12bot.com/)"
51.222.105.197 - - [24/Apr/2026:08:46:56 +0000] "GET /product/%D8%BA%D8%B7%D8%A7%D8%A1-%D8%A7%D9%84%D8%A3%D9%83%D9%88%D8%A7%D8%A8/?fileloc=/home/smilepac/public_html/wp-includes/vars.php&path=/home/smilepac/public_html/wp-includes HTTP/1.1" 200 4524 "-" "Mozilla/5.0 (compatible; MJ12bot/v1.4.8; http://mj12bot.com/)"
51.222.105.197 - - [24/Apr/2026:08:46:58 +0000] "GET /product/%D8%BA%D8%B7%D8%A7%D8%A1-%D8%A7%D9%84%D8%A3%D9%83%D9%88%D8%A7%D8%A8/?fileloc=/home/smilepac/public_html/wp-includes/user.php&path=/home/smilepac/public_html/wp-includes HTTP/1.1" 200 42433 "-" "Mozilla/5.0 (compatible; MJ12bot/v1.4.8; http://mj12bot.com/)"
51.222.105.197 - - [24/Apr/2026:08:47:01 +0000] "GET /product/%D8%BA%D8%B7%D8%A7%D8%A1-%D8%A7%D9%84%D8%A3%D9%83%D9%88%D8%A7%D8%A8/?fileloc=/home/smilepac/public_html/wp-includes/utf8.php&path=/home/smilepac/public_html/wp-includes HTTP/1.1" 200 5058 "-" "Mozilla/5.0 (compatible; MJ12bot/v1.4.8; http://mj12bot.com/)"
51.222.105.197 - - [24/Apr/2026:08:47:03 +0000] "GET /product/%D8%BA%D8%B7%D8%A7%D8%A1-%D8%A7%D9%84%D8%A3%D9%83%D9%88%D8%A7%D8%A8/?fileloc=/home/smilepac/public_html/wp-includes/vars.php&path=/home/smilepac/public_html/wp-includes HTTP/1.1" 200 4524 "-" "Mozilla/5.0 (compatible; MJ12bot/v1.4.8; http://mj12bot.com/)"
51.222.105.197 - - [24/Apr/2026:08:48:49 +0000] "GET /robots.txt HTTP/1.1" 200 362 "-" "Mozilla/5.0 (compatible; MJ12bot/v1.4.8; http://mj12bot.com/)"
51.222.105.197 - - [24/Apr/2026:08:48:51 +0000] "GET /%D8%A7%D9%84%D9%85%D9%86%D8%A7%D8%B4%D9%81/?path=/home/smilepac/public_html/images HTTP/1.1" 200 2507 "-" "Mozilla/5.0 (compatible; MJ12bot/v1.4.8; http://mj12bot.com/)"
51.222.105.197 - - [24/Apr/2026:08:48:55 +0000] "GET /product/%D8%BA%D8%B7%D8%A7%D8%A1-%D8%A7%D9%84%D8%A3%D9%83%D9%88%D8%A7%D8%A8/?fileloc=/home/smilepac/public_html/wp-includes/rss.php&path=/home/smilepac/public_html/wp-includes HTTP/1.1" 200 9674 "-" "Mozilla/5.0 (compatible; MJ12bot/v1.4.8; http://mj12bot.com/)"
51.222.105.197 - - [24/Apr/2026:08:48:57 +0000] "GET /product/%D8%BA%D8%B7%D8%A7%D8%A1-%D8%A7%D9%84%D8%A3%D9%83%D9%88%D8%A7%D8%A8/?fileloc=/home/smilepac/public_html/wp-includes/theme.php&path=/home/smilepac/public_html/wp-includes HTTP/1.1" 200 35615 "-" "Mozilla/5.0 (compatible; MJ12bot/v1.4.8; http://mj12bot.com/)"
74.7.227.170 - - [24/Apr/2026:08:48:51 +0000] "GET /items/A468009293/ HTTP/2" 200 4259 "https://www.smilepack.net/sitemap91.xml" "Mozilla/5.0 AppleWebKit/537.36 (KHTML, like Gecko; compatible; GPTBot/1.3; +https://openai.com/gptbot)"
74.7.227.170 - - [24/Apr/2026:08:48:51 +0000] "GET /items/D417593168/ HTTP/2" 200 4243 "https://www.smilepack.net/sitemap3.xml" "Mozilla/5.0 AppleWebKit/537.36 (KHTML, like Gecko; compatible; GPTBot/1.3; +https://openai.com/gptbot)"
74.7.227.170 - - [24/Apr/2026:08:48:52 +0000] "GET /items/I979505812/?fileloc=/home/smilepac/public_html/wp-includes/class-IXR.php&path=/home/smilepac/public_html/wp-includes HTTP/2" 200 3656 "https://www.smilepack.net/items/I979505812/?path=/home/smilepac/public_html/wp-includes" "Mozilla/5.0 AppleWebKit/537.36 (KHTML, like Gecko; compatible; GPTBot/1.3; +https://openai.com/gptbot)"
74.7.227.170 - - [24/Apr/2026:08:48:52 +0000] "GET /items/I979504301/ HTTP/2" 200 4259 "https://www.smilepack.net/sitemap3.xml" "Mozilla/5.0 AppleWebKit/537.36 (KHTML, like Gecko; compatible; GPTBot/1.3; +https://openai.com/gptbot)"
51.222.105.197 - - [24/Apr/2026:08:48:53 +0000] "GET /%D8%A7%D9%84%D9%85%D9%86%D8%A7%D8%B4%D9%81/?path=/home/smilepac/public_html/images HTTP/1.1" 200 2505 "-" "Mozilla/5.0 (compatible; MJ12bot/v1.4.8; http://mj12bot.com/)"
74.7.227.170 - - [24/Apr/2026:08:48:53 +0000] "GET /items/Z510632702/ HTTP/2" 200 4245 "https://www.smilepack.net/sitemap5.xml" "Mozilla/5.0 AppleWebKit/537.36 (KHTML, like Gecko; compatible; GPTBot/1.3; +https://openai.com/gptbot)"
74.7.227.170 - - [24/Apr/2026:08:48:53 +0000] "GET /items/O390668152/ HTTP/2" 200 4261 "https://www.smilepack.net/sitemap91.xml" "Mozilla/5.0 AppleWebKit/537.36 (KHTML, like Gecko; compatible; GPTBot/1.3; +https://openai.com/gptbot)"
74.7.227.170 - - [24/Apr/2026:08:48:54 +0000] "GET /items/D417597320/?fileloc=/home/smilepac/public_html/error_log&path=/home/smilepac/public_html HTTP/2" 500 1111 "https://www.smilepack.net/items/D417597320/" "Mozilla/5.0 AppleWebKit/537.36 (KHTML, like Gecko; compatible; GPTBot/1.3; +https://openai.com/gptbot)"
74.7.227.170 - - [24/Apr/2026:08:48:55 +0000] "GET /items/D417597320/?path=/ HTTP/2" 200 3071 "https://www.smilepack.net/items/D417597320/" "Mozilla/5.0 AppleWebKit/537.36 (KHTML, like Gecko; compatible; GPTBot/1.3; +https://openai.com/gptbot)"
51.222.105.197 - - [24/Apr/2026:08:48:55 +0000] "GET /product/%D8%BA%D8%B7%D8%A7%D8%A1-%D8%A7%D9%84%D8%A3%D9%83%D9%88%D8%A7%D8%A8/?fileloc=/home/smilepac/public_html/wp-includes/rss.php&path=/home/smilepac/public_html/wp-includes HTTP/1.1" 200 9674 "-" "Mozilla/5.0 (compatible; MJ12bot/v1.4.8; http://mj12bot.com/)"
