74.7.227.170 - - [24/Apr/2026:07:52:05 +0000] "GET /items/O39066221920/ HTTP/2" 200 4289 "https://www.smilepack.net/sitemap3.xml" "Mozilla/5.0 AppleWebKit/537.36 (KHTML, like Gecko; compatible; GPTBot/1.3; +https://openai.com/gptbot)"
104.219.215.160 - - [24/Apr/2026:07:51:57 +0000] "GET /wp-content/wp6acca2/edit.php HTTP/1.1" 200 0 "https://smilepack.net/wp-content/wp6acca2/edit.php" "Mozilla/5.0 (Windows NT 10.0; Win64; x64) AppleWebKit/537.36 (KHTML, like Gecko) Chrome/58.0.3029.110 Safari/537.3"
74.7.227.170 - - [24/Apr/2026:07:52:07 +0000] "GET /items/A46800184108/ HTTP/2" 200 4289 "https://www.smilepack.net/sitemap91.xml" "Mozilla/5.0 AppleWebKit/537.36 (KHTML, like Gecko; compatible; GPTBot/1.3; +https://openai.com/gptbot)"
80.97.160.166 - - [24/Apr/2026:07:52:09 +0000] "POST /wp-content/plugins/litespeed-cache/tpl/dash/photos/index.php HTTP/1.1" 200 184 "https://smilepack.net/wp-content/plugins/litespeed-cache/tpl/dash/photos/index.php" "Mozilla/5.0 (Windows NT 10.0; Win64; x64) AppleWebKit/537.36 (KHTML, like Gecko) Chrome/58.0.3029.110 Safari/537.3"
74.7.227.170 - - [24/Apr/2026:07:52:09 +0000] "GET /items/J44547127212/ HTTP/2" 200 4288 "https://www.smilepack.net/sitemap91.xml" "Mozilla/5.0 AppleWebKit/537.36 (KHTML, like Gecko; compatible; GPTBot/1.3; +https://openai.com/gptbot)"
74.7.227.170 - - [24/Apr/2026:07:52:11 +0000] "GET /items/G44622159491/ HTTP/2" 200 4287 "https://www.smilepack.net/sitemap573.xml" "Mozilla/5.0 AppleWebKit/537.36 (KHTML, like Gecko; compatible; GPTBot/1.3; +https://openai.com/gptbot)"
74.7.227.170 - - [24/Apr/2026:07:52:13 +0000] "GET /items/J44547277092/ HTTP/2" 200 4286 "https://www.smilepack.net/sitemap5.xml" "Mozilla/5.0 AppleWebKit/537.36 (KHTML, like Gecko; compatible; GPTBot/1.3; +https://openai.com/gptbot)"
74.7.227.170 - - [24/Apr/2026:07:52:15 +0000] "GET /items/K59524151811/ HTTP/2" 200 4256 "https://www.smilepack.net/sitemap573.xml" "Mozilla/5.0 AppleWebKit/537.36 (KHTML, like Gecko; compatible; GPTBot/1.3; +https://openai.com/gptbot)"
80.97.160.166 - - [24/Apr/2026:07:52:09 +0000] "GET /wp-content/plugins/litespeed-cache/tpl/dash/photos/wp-login.php HTTP/1.1" 200 16 "https://smilepack.net/wp-content/plugins/litespeed-cache/tpl/dash/photos/wp-login.php" "Mozilla/5.0 (Windows NT 10.0; Win64; x64) AppleWebKit/537.36 (KHTML, like Gecko) Chrome/58.0.3029.110 Safari/537.3"
74.7.227.170 - - [24/Apr/2026:07:52:17 +0000] "GET /items/J44547272070/ HTTP/2" 200 4258 "https://www.smilepack.net/sitemap91.xml" "Mozilla/5.0 AppleWebKit/537.36 (KHTML, like Gecko; compatible; GPTBot/1.3; +https://openai.com/gptbot)"
69.30.240.242 - - [24/Apr/2026:07:52:08 +0000] "GET /wp-includes/js549b04/edit.php HTTP/1.1" 200 0 "https://smilepack.net/wp-includes/js549b04/edit.php" "Mozilla/5.0 (Windows NT 10.0; Win64; x64) AppleWebKit/537.36 (KHTML, like Gecko) Chrome/58.0.3029.110 Safari/537.3"
80.97.160.166 - - [24/Apr/2026:07:52:19 +0000] "POST /wp-content/plugins/contact-form-7/includes/config-validator/upgrades/index.php HTTP/1.1" 200 2518 "https://smilepack.net/wp-content/plugins/contact-form-7/includes/config-validator/upgrades/index.php" "Mozilla/5.0 (Windows NT 10.0; Win64; x64) AppleWebKit/537.36 (KHTML, like Gecko) Chrome/58.0.3029.110 Safari/537.3"
74.7.227.170 - - [24/Apr/2026:07:52:18 +0000] "GET /items/J44547255766/ HTTP/2" 200 4256 "https://www.smilepack.net/sitemap573.xml" "Mozilla/5.0 AppleWebKit/537.36 (KHTML, like Gecko; compatible; GPTBot/1.3; +https://openai.com/gptbot)"
74.7.227.170 - - [24/Apr/2026:07:52:19 +0000] "GET /items/A46800148816/ HTTP/2" 200 4256 "https://www.smilepack.net/sitemap3.xml" "Mozilla/5.0 AppleWebKit/537.36 (KHTML, like Gecko; compatible; GPTBot/1.3; +https://openai.com/gptbot)"
74.7.227.170 - - [24/Apr/2026:07:52:21 +0000] "GET /items/J44547240727/ HTTP/2" 200 4256 "https://www.smilepack.net/sitemap5.xml" "Mozilla/5.0 AppleWebKit/537.36 (KHTML, like Gecko; compatible; GPTBot/1.3; +https://openai.com/gptbot)"
74.7.227.170 - - [24/Apr/2026:07:52:23 +0000] "GET /items/A46800164407/ HTTP/2" 200 4256 "https://www.smilepack.net/sitemap3.xml" "Mozilla/5.0 AppleWebKit/537.36 (KHTML, like Gecko; compatible; GPTBot/1.3; +https://openai.com/gptbot)"
74.7.227.170 - - [24/Apr/2026:07:52:24 +0000] "GET /items/I97950257859/ HTTP/2" 200 4256 "https://www.smilepack.net/sitemap3.xml" "Mozilla/5.0 AppleWebKit/537.36 (KHTML, like Gecko; compatible; GPTBot/1.3; +https://openai.com/gptbot)"
74.7.227.170 - - [24/Apr/2026:07:52:26 +0000] "GET /items/A46800184108/?fileloc=/home/smilepac/public_html/index.php&path=/home/smilepac/public_html HTTP/2" 200 8197 "https://www.smilepack.net/items/A46800184108/" "Mozilla/5.0 AppleWebKit/537.36 (KHTML, like Gecko; compatible; GPTBot/1.3; +https://openai.com/gptbot)"
74.7.227.170 - - [24/Apr/2026:07:52:28 +0000] "GET /items/A46800184108/?path=/home/smilepac/public_html HTTP/2" 200 4289 "https://www.smilepack.net/items/A46800184108/" "Mozilla/5.0 AppleWebKit/537.36 (KHTML, like Gecko; compatible; GPTBot/1.3; +https://openai.com/gptbot)"
80.97.160.166 - - [24/Apr/2026:07:52:24 +0000] "GET /wp-content/plugins/contact-form-7/includes/config-validator/upgrades/wp-login.php HTTP/1.1" 200 16 "https://smilepack.net/wp-content/plugins/contact-form-7/includes/config-validator/upgrades/wp-login.php" "Mozilla/5.0 (Windows NT 10.0; Win64; x64) AppleWebKit/537.36 (KHTML, like Gecko) Chrome/58.0.3029.110 Safari/537.3"
74.7.227.170 - - [24/Apr/2026:07:52:29 +0000] "GET /items/G44622121633/ HTTP/2" 200 4287 "https://www.smilepack.net/sitemap91.xml" "Mozilla/5.0 AppleWebKit/537.36 (KHTML, like Gecko; compatible; GPTBot/1.3; +https://openai.com/gptbot)"
74.7.227.170 - - [24/Apr/2026:07:52:30 +0000] "GET /items/G44622164848/ HTTP/2" 200 4287 "https://www.smilepack.net/sitemap91.xml" "Mozilla/5.0 AppleWebKit/537.36 (KHTML, like Gecko; compatible; GPTBot/1.3; +https://openai.com/gptbot)"
74.7.227.170 - - [24/Apr/2026:07:52:32 +0000] "GET /items/O39066139616/ HTTP/2" 200 4287 "https://www.smilepack.net/sitemap91.xml" "Mozilla/5.0 AppleWebKit/537.36 (KHTML, like Gecko; compatible; GPTBot/1.3; +https://openai.com/gptbot)"
80.97.160.166 - - [24/Apr/2026:07:51:51 +0000] "GET /wp-content/plugins/contact-form-7/includes/config-validator/upgrades/index.php?dir=/home/smilepac/public_html/wp-content/plugins/contact-form-7/includes/config-validator/upgrades HTTP/1.1" 200 2601 "https://smilepack.net/wp-content/plugins/contact-form-7/includes/config-validator/upgrades/index.php" "Mozilla/5.0 (Windows NT 10.0; Win64; x64) AppleWebKit/537.36 (KHTML, like Gecko) Chrome/58.0.3029.110 Safari/537.3"
80.97.160.166 - - [24/Apr/2026:07:51:52 +0000] "GET /wp-content/plugins/contact-form-7/includes/config-validator/upgrades/wp-login.php HTTP/1.1" 200 16 "https://smilepack.net/wp-content/plugins/contact-form-7/includes/config-validator/upgrades/wp-login.php" "Mozilla/5.0 (Windows NT 10.0; Win64; x64) AppleWebKit/537.36 (KHTML, like Gecko) Chrome/58.0.3029.110 Safari/537.3"
80.97.160.166 - - [24/Apr/2026:07:51:55 +0000] "POST /old/wp-includes/SimplePie/src/Content/nextjs/index.php HTTP/1.1" 200 1264 "https://smilepack.net/old/wp-includes/SimplePie/src/Content/nextjs/index.php" "Mozilla/5.0 (Windows NT 10.0; Win64; x64) AppleWebKit/537.36 (KHTML, like Gecko) Chrome/58.0.3029.110 Safari/537.3"
69.30.240.242 - - [24/Apr/2026:07:51:47 +0000] "GET /wp-includes/qq9f057a/edit.php HTTP/1.1" 200 0 "https://smilepack.net/wp-includes/qq9f057a/edit.php" "Mozilla/5.0 (Windows NT 10.0; Win64; x64) AppleWebKit/537.36 (KHTML, like Gecko) Chrome/58.0.3029.110 Safari/537.3"
80.97.160.166 - - [24/Apr/2026:07:52:08 +0000] "POST /wp-content/plugins/litespeed-cache/tpl/dash/photos/index.php HTTP/1.1" 200 180 "https://smilepack.net/wp-content/plugins/litespeed-cache/tpl/dash/photos/index.php" "Mozilla/5.0 (Windows NT 10.0; Win64; x64) AppleWebKit/537.36 (KHTML, like Gecko) Chrome/58.0.3029.110 Safari/537.3"
69.30.240.242 - - [24/Apr/2026:07:52:05 +0000] "GET /wp-includes/js549b04/edit.php HTTP/1.1" 500 0 "https://smilepack.net/wp-includes/js549b04/edit.php" "Mozilla/5.0 (Windows NT 10.0; Win64; x64) AppleWebKit/537.36 (KHTML, like Gecko) Chrome/58.0.3029.110 Safari/537.3"
80.97.160.166 - - [24/Apr/2026:07:51:59 +0000] "GET /wp-login.php HTTP/1.1" 200 19 "https://smilepack.net/wp-login.php" "Mozilla/5.0 (Windows NT 10.0; Win64; x64) AppleWebKit/537.36 (KHTML, like Gecko) Chrome/58.0.3029.110 Safari/537.3"
80.97.160.166 - - [24/Apr/2026:07:52:20 +0000] "POST /wp-content/plugins/contact-form-7/includes/config-validator/upgrades/index.php HTTP/1.1" 302 0 "https://smilepack.net/wp-content/plugins/contact-form-7/includes/config-validator/upgrades/index.php" "Mozilla/5.0 (Windows NT 10.0; Win64; x64) AppleWebKit/537.36 (KHTML, like Gecko) Chrome/58.0.3029.110 Safari/537.3"
80.97.160.166 - - [24/Apr/2026:07:52:21 +0000] "GET /wp-content/plugins/contact-form-7/includes/config-validator/upgrades/index.php?dir=/home/smilepac/public_html/wp-content/plugins/contact-form-7/includes/config-validator/upgrades HTTP/1.1" 200 2551 "https://smilepack.net/wp-content/plugins/contact-form-7/includes/config-validator/upgrades/index.php" "Mozilla/5.0 (Windows NT 10.0; Win64; x64) AppleWebKit/537.36 (KHTML, like Gecko) Chrome/58.0.3029.110 Safari/537.3"
80.97.160.166 - - [24/Apr/2026:07:52:22 +0000] "POST /wp-content/plugins/contact-form-7/includes/config-validator/upgrades/index.php HTTP/1.1" 302 0 "https://smilepack.net/wp-content/plugins/contact-form-7/includes/config-validator/upgrades/index.php" "Mozilla/5.0 (Windows NT 10.0; Win64; x64) AppleWebKit/537.36 (KHTML, like Gecko) Chrome/58.0.3029.110 Safari/537.3"
80.97.160.166 - - [24/Apr/2026:07:52:23 +0000] "GET /wp-content/plugins/contact-form-7/includes/config-validator/upgrades/index.php?dir=/home/smilepac/public_html/wp-content/plugins/contact-form-7/includes/config-validator/upgrades HTTP/1.1" 200 2604 "https://smilepack.net/wp-content/plugins/contact-form-7/includes/config-validator/upgrades/index.php" "Mozilla/5.0 (Windows NT 10.0; Win64; x64) AppleWebKit/537.36 (KHTML, like Gecko) Chrome/58.0.3029.110 Safari/537.3"
80.97.160.166 - - [24/Apr/2026:07:51:56 +0000] "GET /click.php HTTP/1.1" 200 194 "https://smilepack.net/click.php" "Mozilla/5.0 (Windows NT 10.0; Win64; x64) AppleWebKit/537.36 (KHTML, like Gecko) Chrome/58.0.3029.110 Safari/537.3"
69.30.240.242 - - [24/Apr/2026:07:51:55 +0000] "GET /wp-includes/js6acca2/index.php HTTP/1.1" 500 0 "https://smilepack.net/wp-includes/js6acca2/index.php" "Mozilla/5.0 (Windows NT 10.0; Win64; x64) AppleWebKit/537.36 (KHTML, like Gecko) Chrome/58.0.3029.110 Safari/537.3"
80.97.160.166 - - [24/Apr/2026:07:51:57 +0000] "POST /click.php HTTP/1.1" 200 149 "https://smilepack.net/click.php" "Mozilla/5.0 (Windows NT 10.0; Win64; x64) AppleWebKit/537.36 (KHTML, like Gecko) Chrome/58.0.3029.110 Safari/537.3"
80.97.160.166 - - [24/Apr/2026:07:52:02 +0000] "GET /old/wp-includes/SimplePie/src/Content/nextjs/wp-login.php HTTP/1.1" 200 16 "https://smilepack.net/old/wp-includes/SimplePie/src/Content/nextjs/wp-login.php" "Mozilla/5.0 (Windows NT 10.0; Win64; x64) AppleWebKit/537.36 (KHTML, like Gecko) Chrome/58.0.3029.110 Safari/537.3"
69.30.240.242 - - [24/Apr/2026:07:51:57 +0000] "GET /wp-includes/js6acca2/index.php HTTP/1.1" 200 0 "https://smilepack.net/wp-includes/js6acca2/index.php" "Mozilla/5.0 (Windows NT 10.0; Win64; x64) AppleWebKit/537.36 (KHTML, like Gecko) Chrome/58.0.3029.110 Safari/537.3"
80.97.160.166 - - [24/Apr/2026:07:52:18 +0000] "GET /wp-content/plugins/contact-form-7/includes/config-validator/upgrades/index.php HTTP/1.1" 200 194 "https://smilepack.net/wp-content/plugins/contact-form-7/includes/config-validator/upgrades/index.php" "Mozilla/5.0 (Windows NT 10.0; Win64; x64) AppleWebKit/537.36 (KHTML, like Gecko) Chrome/58.0.3029.110 Safari/537.3"
69.30.240.242 - - [24/Apr/2026:07:52:17 +0000] "GET /wp-content/wp3a79ee/index.php HTTP/1.1" 500 0 "https://smilepack.net/wp-content/wp3a79ee/index.php" "Mozilla/5.0 (Windows NT 10.0; Win64; x64) AppleWebKit/537.36 (KHTML, like Gecko) Chrome/58.0.3029.110 Safari/537.3"
69.30.240.242 - - [24/Apr/2026:07:52:18 +0000] "GET /wp-content/wp3a79ee/index.php HTTP/1.1" 200 0 "https://smilepack.net/wp-content/wp3a79ee/index.php" "Mozilla/5.0 (Windows NT 10.0; Win64; x64) AppleWebKit/537.36 (KHTML, like Gecko) Chrome/58.0.3029.110 Safari/537.3"
80.97.160.166 - - [24/Apr/2026:07:52:30 +0000] "GET /click.php HTTP/1.1" 200 194 "https://smilepack.net/click.php" "Mozilla/5.0 (Windows NT 10.0; Win64; x64) AppleWebKit/537.36 (KHTML, like Gecko) Chrome/58.0.3029.110 Safari/537.3"
80.97.160.166 - - [24/Apr/2026:07:52:31 +0000] "POST /click.php HTTP/1.1" 200 149 "https://smilepack.net/click.php" "Mozilla/5.0 (Windows NT 10.0; Win64; x64) AppleWebKit/537.36 (KHTML, like Gecko) Chrome/58.0.3029.110 Safari/537.3"
69.30.240.242 - - [24/Apr/2026:07:52:32 +0000] "GET /wp-includes/im60a6ef/index.php HTTP/1.1" 500 0 "https://smilepack.net/wp-includes/im60a6ef/index.php" "Mozilla/5.0 (Windows NT 10.0; Win64; x64) AppleWebKit/537.36 (KHTML, like Gecko) Chrome/58.0.3029.110 Safari/537.3"
80.97.160.166 - - [24/Apr/2026:07:52:37 +0000] "POST /click.php HTTP/1.1" 200 149 "https://smilepack.net/click.php" "Mozilla/5.0 (Windows NT 10.0; Win64; x64) AppleWebKit/537.36 (KHTML, like Gecko) Chrome/58.0.3029.110 Safari/537.3"
80.97.160.166 - - [24/Apr/2026:07:52:40 +0000] "GET /ex.php HTTP/1.1" 200 4287 "https://smilepack.net/ex.php" "Mozilla/5.0 (Windows NT 10.0; Win64; x64) AppleWebKit/537.36 (KHTML, like Gecko) Chrome/58.0.3029.110 Safari/537.3"
80.97.160.166 - - [24/Apr/2026:07:52:40 +0000] "GET /radio.php HTTP/1.1" 200 4289 "https://smilepack.net/radio.php" "Mozilla/5.0 (Windows NT 10.0; Win64; x64) AppleWebKit/537.36 (KHTML, like Gecko) Chrome/58.0.3029.110 Safari/537.3"
80.97.160.166 - - [24/Apr/2026:07:52:42 +0000] "POST /click.php HTTP/1.1" 200 149 "https://smilepack.net/click.php" "Mozilla/5.0 (Windows NT 10.0; Win64; x64) AppleWebKit/537.36 (KHTML, like Gecko) Chrome/58.0.3029.110 Safari/537.3"
80.97.160.166 - - [24/Apr/2026:07:51:07 +0000] "POST /old/wp-includes/SimplePie/src/Cache/i18ns/index.php HTTP/1.1" 200 19 "https://smilepack.net/old/wp-includes/SimplePie/src/Cache/i18ns/index.php" "Mozilla/5.0 (Windows NT 10.0; Win64; x64) AppleWebKit/537.36 (KHTML, like Gecko) Chrome/58.0.3029.110 Safari/537.3"
69.30.240.242 - - [24/Apr/2026:07:51:43 +0000] "GET /wp-includes/x25fcb6/edit.php HTTP/1.1" 500 0 "https://smilepack.net/wp-includes/x25fcb6/edit.php" "Mozilla/5.0 (Windows NT 10.0; Win64; x64) AppleWebKit/537.36 (KHTML, like Gecko) Chrome/58.0.3029.110 Safari/537.3"
80.97.160.166 - - [24/Apr/2026:07:51:44 +0000] "GET /wp-content/plugins/litespeed-cache/tpl/dash/photos/wp-login.php HTTP/1.1" 200 16 "https://smilepack.net/wp-content/plugins/litespeed-cache/tpl/dash/photos/wp-login.php" "Mozilla/5.0 (Windows NT 10.0; Win64; x64) AppleWebKit/537.36 (KHTML, like Gecko) Chrome/58.0.3029.110 Safari/537.3"
80.97.160.166 - - [24/Apr/2026:07:51:28 +0000] "POST /old/wp-includes/SimplePie/src/Cache/i18ns/index.php HTTP/1.1" 200 19 "https://smilepack.net/old/wp-includes/SimplePie/src/Cache/i18ns/index.php" "Mozilla/5.0 (Windows NT 10.0; Win64; x64) AppleWebKit/537.36 (KHTML, like Gecko) Chrome/58.0.3029.110 Safari/537.3"
80.97.160.166 - - [24/Apr/2026:07:51:55 +0000] "GET /old/wp-includes/SimplePie/src/Content/nextjs/index.php HTTP/1.1" 200 194 "https://smilepack.net/old/wp-includes/SimplePie/src/Content/nextjs/index.php" "Mozilla/5.0 (Windows NT 10.0; Win64; x64) AppleWebKit/537.36 (KHTML, like Gecko) Chrome/58.0.3029.110 Safari/537.3"
80.97.160.166 - - [24/Apr/2026:07:51:57 +0000] "POST /click.php HTTP/1.1" 200 149 "https://smilepack.net/click.php" "Mozilla/5.0 (Windows NT 10.0; Win64; x64) AppleWebKit/537.36 (KHTML, like Gecko) Chrome/58.0.3029.110 Safari/537.3"
80.97.160.166 - - [24/Apr/2026:07:51:58 +0000] "POST /click.php HTTP/1.1" 200 184 "https://smilepack.net/click.php" "Mozilla/5.0 (Windows NT 10.0; Win64; x64) AppleWebKit/537.36 (KHTML, like Gecko) Chrome/58.0.3029.110 Safari/537.3"
80.97.160.166 - - [24/Apr/2026:07:52:32 +0000] "POST /click.php HTTP/1.1" 200 149 "https://smilepack.net/click.php" "Mozilla/5.0 (Windows NT 10.0; Win64; x64) AppleWebKit/537.36 (KHTML, like Gecko) Chrome/58.0.3029.110 Safari/537.3"
69.30.240.242 - - [24/Apr/2026:07:52:29 +0000] "GET /wp-includes/im60a6ef/index.php HTTP/1.1" 500 0 "https://smilepack.net/wp-includes/im60a6ef/index.php" "Mozilla/5.0 (Windows NT 10.0; Win64; x64) AppleWebKit/537.36 (KHTML, like Gecko) Chrome/58.0.3029.110 Safari/537.3"
80.97.160.166 - - [24/Apr/2026:07:52:33 +0000] "POST /click.php HTTP/1.1" 200 184 "https://smilepack.net/click.php" "Mozilla/5.0 (Windows NT 10.0; Win64; x64) AppleWebKit/537.36 (KHTML, like Gecko) Chrome/58.0.3029.110 Safari/537.3"
80.97.160.166 - - [24/Apr/2026:07:52:37 +0000] "GET /ex.php HTTP/1.1" 200 4289 "https://smilepack.net/ex.php" "Mozilla/5.0 (Windows NT 10.0; Win64; x64) AppleWebKit/537.36 (KHTML, like Gecko) Chrome/58.0.3029.110 Safari/537.3"
80.97.160.166 - - [24/Apr/2026:07:52:19 +0000] "POST /click.php HTTP/1.1" 200 19 "https://smilepack.net/click.php" "Mozilla/5.0 (Windows NT 10.0; Win64; x64) AppleWebKit/537.36 (KHTML, like Gecko) Chrome/58.0.3029.110 Safari/537.3"
80.97.160.166 - - [24/Apr/2026:07:52:44 +0000] "GET /about.php HTTP/1.1" 200 4289 "https://smilepack.net/about.php" "Mozilla/5.0 (Windows NT 10.0; Win64; x64) AppleWebKit/537.36 (KHTML, like Gecko) Chrome/58.0.3029.110 Safari/537.3"
80.97.160.166 - - [24/Apr/2026:07:52:45 +0000] "POST /click.php HTTP/1.1" 200 149 "https://smilepack.net/click.php" "Mozilla/5.0 (Windows NT 10.0; Win64; x64) AppleWebKit/537.36 (KHTML, like Gecko) Chrome/58.0.3029.110 Safari/537.3"
80.97.160.166 - - [24/Apr/2026:07:52:45 +0000] "POST /click.php HTTP/1.1" 200 149 "https://smilepack.net/click.php" "Mozilla/5.0 (Windows NT 10.0; Win64; x64) AppleWebKit/537.36 (KHTML, like Gecko) Chrome/58.0.3029.110 Safari/537.3"
74.7.227.170 - - [24/Apr/2026:07:52:33 +0000] "GET /items/J44547176441/ HTTP/2" 200 4287 "https://www.smilepack.net/sitemap3.xml" "Mozilla/5.0 AppleWebKit/537.36 (KHTML, like Gecko; compatible; GPTBot/1.3; +https://openai.com/gptbot)"
74.7.227.170 - - [24/Apr/2026:07:52:33 +0000] "GET /items/D41759139535/ HTTP/2" 200 4287 "https://www.smilepack.net/sitemap573.xml" "Mozilla/5.0 AppleWebKit/537.36 (KHTML, like Gecko; compatible; GPTBot/1.3; +https://openai.com/gptbot)"
74.7.227.170 - - [24/Apr/2026:07:52:35 +0000] "GET /items/A46800148816/?path=/home/smilepac/public_html/8ce5eb HTTP/2" 200 2784 "https://www.smilepack.net/items/A46800148816/" "Mozilla/5.0 AppleWebKit/537.36 (KHTML, like Gecko; compatible; GPTBot/1.3; +https://openai.com/gptbot)"
74.7.227.170 - - [24/Apr/2026:07:52:35 +0000] "GET /items/A46800117707/ HTTP/2" 200 4287 "https://www.smilepack.net/sitemap3.xml" "Mozilla/5.0 AppleWebKit/537.36 (KHTML, like Gecko; compatible; GPTBot/1.3; +https://openai.com/gptbot)"
80.97.160.166 - - [24/Apr/2026:07:52:34 +0000] "GET /wp-login.php HTTP/1.1" 200 19 "https://smilepack.net/wp-login.php" "Mozilla/5.0 (Windows NT 10.0; Win64; x64) AppleWebKit/537.36 (KHTML, like Gecko) Chrome/58.0.3029.110 Safari/537.3"
74.7.227.170 - - [24/Apr/2026:07:52:36 +0000] "GET /items/K59524251821/ HTTP/2" 200 4287 "https://www.smilepack.net/sitemap3.xml" "Mozilla/5.0 AppleWebKit/537.36 (KHTML, like Gecko; compatible; GPTBot/1.3; +https://openai.com/gptbot)"
74.7.227.170 - - [24/Apr/2026:07:52:36 +0000] "GET /items/K59524134594/ HTTP/2" 200 4287 "https://www.smilepack.net/sitemap5.xml" "Mozilla/5.0 AppleWebKit/537.36 (KHTML, like Gecko; compatible; GPTBot/1.3; +https://openai.com/gptbot)"
74.7.227.170 - - [24/Apr/2026:07:52:37 +0000] "GET /items/K59524202355/ HTTP/2" 200 4287 "https://www.smilepack.net/sitemap3.xml" "Mozilla/5.0 AppleWebKit/537.36 (KHTML, like Gecko; compatible; GPTBot/1.3; +https://openai.com/gptbot)"
74.7.227.170 - - [24/Apr/2026:07:52:39 +0000] "GET /items/Z51063133161/ HTTP/2" 200 4289 "https://www.smilepack.net/sitemap573.xml" "Mozilla/5.0 AppleWebKit/537.36 (KHTML, like Gecko; compatible; GPTBot/1.3; +https://openai.com/gptbot)"
74.7.227.170 - - [24/Apr/2026:07:52:40 +0000] "GET /items/A46800161099/ HTTP/2" 200 4287 "https://www.smilepack.net/sitemap3.xml" "Mozilla/5.0 AppleWebKit/537.36 (KHTML, like Gecko; compatible; GPTBot/1.3; +https://openai.com/gptbot)"
74.7.227.170 - - [24/Apr/2026:07:52:41 +0000] "GET /items/D41759147841/ HTTP/2" 200 4287 "https://www.smilepack.net/sitemap5.xml" "Mozilla/5.0 AppleWebKit/537.36 (KHTML, like Gecko; compatible; GPTBot/1.3; +https://openai.com/gptbot)"
80.97.160.166 - - [24/Apr/2026:07:52:42 +0000] "GET /radio.php HTTP/1.1" 200 4287 "https://smilepack.net/radio.php" "Mozilla/5.0 (Windows NT 10.0; Win64; x64) AppleWebKit/537.36 (KHTML, like Gecko) Chrome/58.0.3029.110 Safari/537.3"
74.7.227.170 - - [24/Apr/2026:07:52:42 +0000] "GET /items/J44547197911/ HTTP/2" 200 4287 "https://www.smilepack.net/sitemap91.xml" "Mozilla/5.0 AppleWebKit/537.36 (KHTML, like Gecko; compatible; GPTBot/1.3; +https://openai.com/gptbot)"
74.7.227.170 - - [24/Apr/2026:07:52:43 +0000] "GET /items/J44547199416/ HTTP/2" 200 4287 "https://www.smilepack.net/sitemap573.xml" "Mozilla/5.0 AppleWebKit/537.36 (KHTML, like Gecko; compatible; GPTBot/1.3; +https://openai.com/gptbot)"
80.97.160.166 - - [24/Apr/2026:07:52:44 +0000] "GET /inputs.php HTTP/1.1" 200 4287 "https://smilepack.net/inputs.php" "Mozilla/5.0 (Windows NT 10.0; Win64; x64) AppleWebKit/537.36 (KHTML, like Gecko) Chrome/58.0.3029.110 Safari/537.3"
74.7.227.170 - - [24/Apr/2026:07:52:44 +0000] "GET /items/D41759139535/?fileloc=/home/smilepac/public_html/wordpress.zip&path=/home/smilepac/public_html HTTP/2" 200 12967236 "https://www.smilepack.net/items/D41759139535/" "Mozilla/5.0 AppleWebKit/537.36 (KHTML, like Gecko; compatible; GPTBot/1.3; +https://openai.com/gptbot)"
74.7.227.170 - - [24/Apr/2026:07:52:48 +0000] "GET /items/T63173191539/ HTTP/2" 200 4287 "https://www.smilepack.net/sitemap5.xml" "Mozilla/5.0 AppleWebKit/537.36 (KHTML, like Gecko; compatible; GPTBot/1.3; +https://openai.com/gptbot)"
74.7.227.170 - - [24/Apr/2026:07:52:49 +0000] "GET /items/T63173146110/ HTTP/2" 200 4287 "https://www.smilepack.net/sitemap3.xml" "Mozilla/5.0 AppleWebKit/537.36 (KHTML, like Gecko; compatible; GPTBot/1.3; +https://openai.com/gptbot)"
80.97.160.166 - - [24/Apr/2026:07:52:49 +0000] "POST /click.php HTTP/1.1" 200 149 "https://smilepack.net/click.php" "Mozilla/5.0 (Windows NT 10.0; Win64; x64) AppleWebKit/537.36 (KHTML, like Gecko) Chrome/58.0.3029.110 Safari/537.3"
74.7.227.170 - - [24/Apr/2026:07:52:49 +0000] "GET /items/K59524234564/ HTTP/2" 200 4287 "https://www.smilepack.net/sitemap5.xml" "Mozilla/5.0 AppleWebKit/537.36 (KHTML, like Gecko; compatible; GPTBot/1.3; +https://openai.com/gptbot)"
74.7.227.170 - - [24/Apr/2026:07:52:50 +0000] "GET /items/I97950165990/ HTTP/2" 200 4287 "https://www.smilepack.net/sitemap573.xml" "Mozilla/5.0 AppleWebKit/537.36 (KHTML, like Gecko; compatible; GPTBot/1.3; +https://openai.com/gptbot)"
74.7.227.170 - - [24/Apr/2026:07:52:50 +0000] "GET /items/I97950155094/ HTTP/2" 200 4287 "https://www.smilepack.net/sitemap91.xml" "Mozilla/5.0 AppleWebKit/537.36 (KHTML, like Gecko; compatible; GPTBot/1.3; +https://openai.com/gptbot)"
74.7.227.170 - - [24/Apr/2026:07:52:51 +0000] "GET /items/I97950207895/ HTTP/2" 200 4287 "https://www.smilepack.net/sitemap573.xml" "Mozilla/5.0 AppleWebKit/537.36 (KHTML, like Gecko; compatible; GPTBot/1.3; +https://openai.com/gptbot)"
74.7.227.170 - - [24/Apr/2026:07:52:52 +0000] "GET /items/A46800161099/?path=/home/smilepac/public_html/8ce5eb HTTP/2" 200 2786 "https://www.smilepack.net/items/A46800161099/" "Mozilla/5.0 AppleWebKit/537.36 (KHTML, like Gecko; compatible; GPTBot/1.3; +https://openai.com/gptbot)"
74.7.227.170 - - [24/Apr/2026:07:52:53 +0000] "GET /items/T63173237861/ HTTP/2" 200 4287 "https://www.smilepack.net/sitemap91.xml" "Mozilla/5.0 AppleWebKit/537.36 (KHTML, like Gecko; compatible; GPTBot/1.3; +https://openai.com/gptbot)"
74.7.227.170 - - [24/Apr/2026:07:52:53 +0000] "GET /items/J44547248741/ HTTP/2" 200 4287 "https://www.smilepack.net/sitemap573.xml" "Mozilla/5.0 AppleWebKit/537.36 (KHTML, like Gecko; compatible; GPTBot/1.3; +https://openai.com/gptbot)"
74.7.227.170 - - [24/Apr/2026:07:52:54 +0000] "GET /items/J44547174481/ HTTP/2" 200 4287 "https://www.smilepack.net/sitemap573.xml" "Mozilla/5.0 AppleWebKit/537.36 (KHTML, like Gecko; compatible; GPTBot/1.3; +https://openai.com/gptbot)"
74.7.227.170 - - [24/Apr/2026:07:52:54 +0000] "GET /items/K59524199493/ HTTP/2" 200 4287 "https://www.smilepack.net/sitemap573.xml" "Mozilla/5.0 AppleWebKit/537.36 (KHTML, like Gecko; compatible; GPTBot/1.3; +https://openai.com/gptbot)"
80.97.160.166 - - [24/Apr/2026:07:52:54 +0000] "POST /options.php HTTP/1.1" 200 4937 "https://smilepack.net/options.php" "Mozilla/5.0 (Windows NT 10.0; Win64; x64) AppleWebKit/537.36 (KHTML, like Gecko) Chrome/58.0.3029.110 Safari/537.3"
74.7.227.170 - - [24/Apr/2026:07:52:55 +0000] "GET /items/J44547212433/ HTTP/2" 200 4287 "https://www.smilepack.net/sitemap91.xml" "Mozilla/5.0 AppleWebKit/537.36 (KHTML, like Gecko; compatible; GPTBot/1.3; +https://openai.com/gptbot)"
80.97.160.166 - - [24/Apr/2026:07:52:55 +0000] "POST /options.php HTTP/1.1" 302 0 "https://smilepack.net/options.php" "Mozilla/5.0 (Windows NT 10.0; Win64; x64) AppleWebKit/537.36 (KHTML, like Gecko) Chrome/58.0.3029.110 Safari/537.3"
74.7.227.170 - - [24/Apr/2026:07:52:55 +0000] "GET /items/O39066136144/ HTTP/2" 200 4287 "https://www.smilepack.net/sitemap5.xml" "Mozilla/5.0 AppleWebKit/537.36 (KHTML, like Gecko; compatible; GPTBot/1.3; +https://openai.com/gptbot)"
80.97.160.166 - - [24/Apr/2026:07:52:56 +0000] "GET /options.php?dir=/home/smilepac/public_html HTTP/1.1" 200 5001 "https://smilepack.net/options.php" "Mozilla/5.0 (Windows NT 10.0; Win64; x64) AppleWebKit/537.36 (KHTML, like Gecko) Chrome/58.0.3029.110 Safari/537.3"
74.7.227.170 - - [24/Apr/2026:07:52:56 +0000] "GET /items/K59524234564/?fileloc=/home/smilepac/public_html/index.php&path=/home/smilepac/public_html HTTP/2" 200 8196 "https://www.smilepack.net/items/K59524234564/" "Mozilla/5.0 AppleWebKit/537.36 (KHTML, like Gecko; compatible; GPTBot/1.3; +https://openai.com/gptbot)"
74.7.227.170 - - [24/Apr/2026:07:52:57 +0000] "GET /items/I97950165990/?fileloc=/home/smilepac/public_html/wordpress.zip&path=/home/smilepac/public_html HTTP/2" 200 12966206 "https://www.smilepack.net/items/I97950165990/" "Mozilla/5.0 AppleWebKit/537.36 (KHTML, like Gecko; compatible; GPTBot/1.3; +https://openai.com/gptbot)"
74.7.227.170 - - [24/Apr/2026:07:53:02 +0000] "GET /items/I97950155094/?fileloc=/home/smilepac/public_html/wp-comments-post.php&path=/home/smilepac/public_html HTTP/2" 200 3558 "https://www.smilepack.net/items/I97950155094/" "Mozilla/5.0 AppleWebKit/537.36 (KHTML, like Gecko; compatible; GPTBot/1.3; +https://openai.com/gptbot)"
74.7.227.170 - - [24/Apr/2026:07:53:03 +0000] "GET /items/I97950165990/?fileloc=/home/smilepac/public_html/buy.php&path=/home/smilepac/public_html HTTP/2" 200 3272 "https://www.smilepack.net/items/I97950165990/" "Mozilla/5.0 AppleWebKit/537.36 (KHTML, like Gecko; compatible; GPTBot/1.3; +https://openai.com/gptbot)"
74.7.227.170 - - [24/Apr/2026:07:53:04 +0000] "GET /items/O39066193173/ HTTP/2" 200 4287 "https://www.smilepack.net/sitemap5.xml" "Mozilla/5.0 AppleWebKit/537.36 (KHTML, like Gecko; compatible; GPTBot/1.3; +https://openai.com/gptbot)"
74.7.227.170 - - [24/Apr/2026:07:53:05 +0000] "GET /items/T63173223129/ HTTP/2" 200 4287 "https://www.smilepack.net/sitemap573.xml" "Mozilla/5.0 AppleWebKit/537.36 (KHTML, like Gecko; compatible; GPTBot/1.3; +https://openai.com/gptbot)"
74.7.227.170 - - [24/Apr/2026:07:53:06 +0000] "GET /items/J44547248741/?fileloc=/home/smilepac/public_html/wp-links-opml.php&path=/home/smilepac/public_html HTTP/2" 200 3631 "https://www.smilepack.net/items/J44547248741/" "Mozilla/5.0 AppleWebKit/537.36 (KHTML, like Gecko; compatible; GPTBot/1.3; +https://openai.com/gptbot)"
74.7.227.170 - - [24/Apr/2026:07:53:07 +0000] "GET /items/J44547238874/ HTTP/2" 200 4287 "https://www.smilepack.net/sitemap3.xml" "Mozilla/5.0 AppleWebKit/537.36 (KHTML, like Gecko; compatible; GPTBot/1.3; +https://openai.com/gptbot)"
74.7.227.170 - - [24/Apr/2026:07:53:08 +0000] "GET /items/K59524224500/ HTTP/2" 200 4287 "https://www.smilepack.net/sitemap5.xml" "Mozilla/5.0 AppleWebKit/537.36 (KHTML, like Gecko; compatible; GPTBot/1.3; +https://openai.com/gptbot)"
74.7.227.170 - - [24/Apr/2026:07:53:08 +0000] "GET /items/O39066204269/ HTTP/2" 200 4287 "https://www.smilepack.net/sitemap5.xml" "Mozilla/5.0 AppleWebKit/537.36 (KHTML, like Gecko; compatible; GPTBot/1.3; +https://openai.com/gptbot)"
74.7.227.170 - - [24/Apr/2026:07:53:10 +0000] "GET /items/O39066210903/ HTTP/2" 200 4287 "https://www.smilepack.net/sitemap5.xml" "Mozilla/5.0 AppleWebKit/537.36 (KHTML, like Gecko; compatible; GPTBot/1.3; +https://openai.com/gptbot)"
74.7.227.170 - - [24/Apr/2026:07:53:11 +0000] "GET /items/J44547246594/ HTTP/2" 200 4287 "https://www.smilepack.net/sitemap573.xml" "Mozilla/5.0 AppleWebKit/537.36 (KHTML, like Gecko; compatible; GPTBot/1.3; +https://openai.com/gptbot)"
74.7.227.170 - - [24/Apr/2026:07:53:12 +0000] "GET /items/G44622102550/ HTTP/2" 200 4287 "https://www.smilepack.net/sitemap5.xml" "Mozilla/5.0 AppleWebKit/537.36 (KHTML, like Gecko; compatible; GPTBot/1.3; +https://openai.com/gptbot)"
74.7.227.170 - - [24/Apr/2026:07:53:12 +0000] "GET /items/I97950275659/ HTTP/2" 200 4289 "https://www.smilepack.net/sitemap91.xml" "Mozilla/5.0 AppleWebKit/537.36 (KHTML, like Gecko; compatible; GPTBot/1.3; +https://openai.com/gptbot)"
74.7.227.170 - - [24/Apr/2026:07:53:14 +0000] "GET /items/K59524224185/ HTTP/2" 200 4287 "https://www.smilepack.net/sitemap3.xml" "Mozilla/5.0 AppleWebKit/537.36 (KHTML, like Gecko; compatible; GPTBot/1.3; +https://openai.com/gptbot)"
74.7.227.170 - - [24/Apr/2026:07:53:15 +0000] "GET /items/G44622183468/ HTTP/2" 200 4287 "https://www.smilepack.net/sitemap573.xml" "Mozilla/5.0 AppleWebKit/537.36 (KHTML, like Gecko; compatible; GPTBot/1.3; +https://openai.com/gptbot)"
74.7.227.170 - - [24/Apr/2026:07:53:16 +0000] "GET /items/K59524115993/ HTTP/2" 200 4287 "https://www.smilepack.net/sitemap91.xml" "Mozilla/5.0 AppleWebKit/537.36 (KHTML, like Gecko; compatible; GPTBot/1.3; +https://openai.com/gptbot)"
74.7.227.170 - - [24/Apr/2026:07:53:17 +0000] "GET /items/I97950195500/ HTTP/2" 200 4287 "https://www.smilepack.net/sitemap573.xml" "Mozilla/5.0 AppleWebKit/537.36 (KHTML, like Gecko; compatible; GPTBot/1.3; +https://openai.com/gptbot)"
74.7.227.170 - - [24/Apr/2026:07:53:18 +0000] "GET /items/T63173223129/?path=/home/smilepac/public_html/wp-includes HTTP/2" 200 11727 "https://www.smilepack.net/items/T63173223129/" "Mozilla/5.0 AppleWebKit/537.36 (KHTML, like Gecko; compatible; GPTBot/1.3; +https://openai.com/gptbot)"
74.7.227.170 - - [24/Apr/2026:07:53:20 +0000] "GET /items/O39066226460/ HTTP/2" 200 4287 "https://www.smilepack.net/sitemap5.xml" "Mozilla/5.0 AppleWebKit/537.36 (KHTML, like Gecko; compatible; GPTBot/1.3; +https://openai.com/gptbot)"
74.7.227.170 - - [24/Apr/2026:07:53:21 +0000] "GET /items/A46800106687/ HTTP/2" 200 4252 "https://www.smilepack.net/sitemap5.xml" "Mozilla/5.0 AppleWebKit/537.36 (KHTML, like Gecko; compatible; GPTBot/1.3; +https://openai.com/gptbot)"
74.7.227.170 - - [24/Apr/2026:07:53:21 +0000] "GET /items/O39066227976/ HTTP/2" 200 4263 "https://www.smilepack.net/sitemap5.xml" "Mozilla/5.0 AppleWebKit/537.36 (KHTML, like Gecko; compatible; GPTBot/1.3; +https://openai.com/gptbot)"
74.7.227.170 - - [24/Apr/2026:07:53:22 +0000] "GET /items/O39066204269/?fileloc=/home/smilepac/public_html/wp-activate.php&path=/home/smilepac/public_html HTTP/2" 200 5076 "https://www.smilepack.net/items/O39066204269/" "Mozilla/5.0 AppleWebKit/537.36 (KHTML, like Gecko; compatible; GPTBot/1.3; +https://openai.com/gptbot)"
74.7.227.170 - - [24/Apr/2026:07:53:22 +0000] "GET /items/J44547162761/ HTTP/2" 200 4255 "https://www.smilepack.net/sitemap3.xml" "Mozilla/5.0 AppleWebKit/537.36 (KHTML, like Gecko; compatible; GPTBot/1.3; +https://openai.com/gptbot)"
74.7.227.170 - - [24/Apr/2026:07:53:23 +0000] "GET /items/Z51063131868/ HTTP/2" 200 4255 "https://www.smilepack.net/sitemap91.xml" "Mozilla/5.0 AppleWebKit/537.36 (KHTML, like Gecko; compatible; GPTBot/1.3; +https://openai.com/gptbot)"
80.97.160.166 - - [24/Apr/2026:07:53:23 +0000] "GET /plugins.php HTTP/1.1" 200 194 "https://smilepack.net/plugins.php" "Mozilla/5.0 (Windows NT 10.0; Win64; x64) AppleWebKit/537.36 (KHTML, like Gecko) Chrome/58.0.3029.110 Safari/537.3"
74.7.227.170 - - [24/Apr/2026:07:53:24 +0000] "GET /items/J44547255137/ HTTP/2" 200 4257 "https://www.smilepack.net/sitemap91.xml" "Mozilla/5.0 AppleWebKit/537.36 (KHTML, like Gecko; compatible; GPTBot/1.3; +https://openai.com/gptbot)"
74.7.227.170 - - [24/Apr/2026:07:53:24 +0000] "GET /items/G44622183468/?fileloc=/home/smilepac/public_html/wp-comments-post.php&path=/home/smilepac/public_html HTTP/2" 200 3558 "https://www.smilepack.net/items/G44622183468/" "Mozilla/5.0 AppleWebKit/537.36 (KHTML, like Gecko; compatible; GPTBot/1.3; +https://openai.com/gptbot)"
74.7.227.170 - - [24/Apr/2026:07:53:25 +0000] "GET /items/K59524115993/?path=/home/smilepac/public_html/wp-includes HTTP/2" 200 11693 "https://www.smilepack.net/items/K59524115993/" "Mozilla/5.0 AppleWebKit/537.36 (KHTML, like Gecko; compatible; GPTBot/1.3; +https://openai.com/gptbot)"
74.7.227.170 - - [24/Apr/2026:07:53:26 +0000] "GET /items/I97950195500/?fileloc=/home/smilepac/public_html/wp-login.php&path=/home/smilepac/public_html HTTP/2" 200 2443 "https://www.smilepack.net/items/I97950195500/" "Mozilla/5.0 AppleWebKit/537.36 (KHTML, like Gecko; compatible; GPTBot/1.3; +https://openai.com/gptbot)"
74.7.227.170 - - [24/Apr/2026:07:53:26 +0000] "GET /items/T63173223129/?fileloc=/home/smilepac/public_html/wp-includes/http.php&path=/home/smilepac/public_html/wp-includes HTTP/2" 200 8028 "https://www.smilepack.net/items/T63173223129/?path=/home/smilepac/public_html/wp-includes" "Mozilla/5.0 AppleWebKit/537.36 (KHTML, like Gecko; compatible; GPTBot/1.3; +https://openai.com/gptbot)"
74.7.227.170 - - [24/Apr/2026:07:53:27 +0000] "GET /items/K59524200990/ HTTP/2" 200 4257 "https://www.smilepack.net/sitemap5.xml" "Mozilla/5.0 AppleWebKit/537.36 (KHTML, like Gecko; compatible; GPTBot/1.3; +https://openai.com/gptbot)"
74.7.227.170 - - [24/Apr/2026:07:53:27 +0000] "GET /items/J44547151942/ HTTP/2" 200 4255 "https://www.smilepack.net/sitemap573.xml" "Mozilla/5.0 AppleWebKit/537.36 (KHTML, like Gecko; compatible; GPTBot/1.3; +https://openai.com/gptbot)"
74.7.227.170 - - [24/Apr/2026:07:53:28 +0000] "GET /items/T63173128727/ HTTP/2" 200 4255 "https://www.smilepack.net/sitemap5.xml" "Mozilla/5.0 AppleWebKit/537.36 (KHTML, like Gecko; compatible; GPTBot/1.3; +https://openai.com/gptbot)"
69.30.240.242 - - [24/Apr/2026:07:53:24 +0000] "GET /wp-includes/pl6334c9/index.php HTTP/1.1" 500 0 "https://smilepack.net/wp-includes/pl6334c9/index.php" "Mozilla/5.0 (Windows NT 10.0; Win64; x64) AppleWebKit/537.36 (KHTML, like Gecko) Chrome/58.0.3029.110 Safari/537.3"
74.7.227.170 - - [24/Apr/2026:07:53:29 +0000] "GET /items/T63173162124/ HTTP/2" 200 4255 "https://www.smilepack.net/sitemap573.xml" "Mozilla/5.0 AppleWebKit/537.36 (KHTML, like Gecko; compatible; GPTBot/1.3; +https://openai.com/gptbot)"
74.7.227.170 - - [24/Apr/2026:07:53:29 +0000] "GET /items/J44547142331/ HTTP/2" 200 4255 "https://www.smilepack.net/sitemap573.xml" "Mozilla/5.0 AppleWebKit/537.36 (KHTML, like Gecko; compatible; GPTBot/1.3; +https://openai.com/gptbot)"
74.7.227.170 - - [24/Apr/2026:07:53:30 +0000] "GET /items/K59524247872/ HTTP/2" 200 4255 "https://www.smilepack.net/sitemap573.xml" "Mozilla/5.0 AppleWebKit/537.36 (KHTML, like Gecko; compatible; GPTBot/1.3; +https://openai.com/gptbot)"
74.7.227.170 - - [24/Apr/2026:07:53:31 +0000] "GET /items/D41759147427/ HTTP/2" 200 4259 "https://www.smilepack.net/sitemap91.xml" "Mozilla/5.0 AppleWebKit/537.36 (KHTML, like Gecko; compatible; GPTBot/1.3; +https://openai.com/gptbot)"
74.7.227.170 - - [24/Apr/2026:07:53:32 +0000] "GET /items/K59524248843/ HTTP/2" 200 4259 "https://www.smilepack.net/sitemap573.xml" "Mozilla/5.0 AppleWebKit/537.36 (KHTML, like Gecko; compatible; GPTBot/1.3; +https://openai.com/gptbot)"
74.7.227.170 - - [24/Apr/2026:07:53:33 +0000] "GET /items/K59524115993/?path=/home/smilepac/public_html/wp-includes/customize HTTP/2" 200 4032 "https://www.smilepack.net/items/K59524115993/?path=/home/smilepac/public_html/wp-includes" "Mozilla/5.0 AppleWebKit/537.36 (KHTML, like Gecko; compatible; GPTBot/1.3; +https://openai.com/gptbot)"
74.7.227.170 - - [24/Apr/2026:07:53:34 +0000] "GET /items/K59524115993/?fileloc=/home/smilepac/public_html/wp-includes/class-wp-customize-section.php&path=/home/smilepac/public_html/wp-includes HTTP/2" 200 5777 "https://www.smilepack.net/items/K59524115993/?path=/home/smilepac/public_html/wp-includes" "Mozilla/5.0 AppleWebKit/537.36 (KHTML, like Gecko; compatible; GPTBot/1.3; +https://openai.com/gptbot)"
74.7.227.170 - - [24/Apr/2026:07:53:34 +0000] "GET /items/K59524115993/?fileloc=/home/smilepac/public_html/wp-includes/theme-previews.php&path=/home/smilepac/public_html/wp-includes HTTP/2" 200 3643 "https://www.smilepack.net/items/K59524115993/?path=/home/smilepac/public_html/wp-includes" "Mozilla/5.0 AppleWebKit/537.36 (KHTML, like Gecko; compatible; GPTBot/1.3; +https://openai.com/gptbot)"
74.7.227.170 - - [24/Apr/2026:07:53:35 +0000] "GET /items/Z51063131431/ HTTP/2" 200 4259 "https://www.smilepack.net/sitemap3.xml" "Mozilla/5.0 AppleWebKit/537.36 (KHTML, like Gecko; compatible; GPTBot/1.3; +https://openai.com/gptbot)"
74.7.227.170 - - [24/Apr/2026:07:53:36 +0000] "GET /items/T63173150730/ HTTP/2" 200 4259 "https://www.smilepack.net/sitemap3.xml" "Mozilla/5.0 AppleWebKit/537.36 (KHTML, like Gecko; compatible; GPTBot/1.3; +https://openai.com/gptbot)"
74.7.227.170 - - [24/Apr/2026:07:53:37 +0000] "GET /items/K59524159288/ HTTP/2" 200 4259 "https://www.smilepack.net/sitemap573.xml" "Mozilla/5.0 AppleWebKit/537.36 (KHTML, like Gecko; compatible; GPTBot/1.3; +https://openai.com/gptbot)"
74.7.227.170 - - [24/Apr/2026:07:53:38 +0000] "GET /items/D41759195772/ HTTP/2" 200 4261 "https://www.smilepack.net/sitemap3.xml" "Mozilla/5.0 AppleWebKit/537.36 (KHTML, like Gecko; compatible; GPTBot/1.3; +https://openai.com/gptbot)"
74.7.227.170 - - [24/Apr/2026:07:53:38 +0000] "GET /items/J44547237475/ HTTP/2" 200 4259 "https://www.smilepack.net/sitemap91.xml" "Mozilla/5.0 AppleWebKit/537.36 (KHTML, like Gecko; compatible; GPTBot/1.3; +https://openai.com/gptbot)"
74.7.227.170 - - [24/Apr/2026:07:53:39 +0000] "GET /items/Z51063226361/ HTTP/2" 200 4261 "https://www.smilepack.net/sitemap573.xml" "Mozilla/5.0 AppleWebKit/537.36 (KHTML, like Gecko; compatible; GPTBot/1.3; +https://openai.com/gptbot)"
74.7.227.170 - - [24/Apr/2026:07:53:39 +0000] "GET /items/D41759212172/ HTTP/2" 200 4264 "https://www.smilepack.net/sitemap5.xml" "Mozilla/5.0 AppleWebKit/537.36 (KHTML, like Gecko; compatible; GPTBot/1.3; +https://openai.com/gptbot)"
74.7.227.170 - - [24/Apr/2026:07:53:40 +0000] "GET /items/K59524265539/ HTTP/2" 200 4259 "https://www.smilepack.net/sitemap3.xml" "Mozilla/5.0 AppleWebKit/537.36 (KHTML, like Gecko; compatible; GPTBot/1.3; +https://openai.com/gptbot)"
74.7.227.170 - - [24/Apr/2026:07:53:41 +0000] "GET /items/O39066129160/ HTTP/2" 200 4261 "https://www.smilepack.net/sitemap91.xml" "Mozilla/5.0 AppleWebKit/537.36 (KHTML, like Gecko; compatible; GPTBot/1.3; +https://openai.com/gptbot)"
74.7.227.170 - - [24/Apr/2026:07:53:42 +0000] "GET /items/Z51063153586/ HTTP/2" 200 4259 "https://www.smilepack.net/sitemap573.xml" "Mozilla/5.0 AppleWebKit/537.36 (KHTML, like Gecko; compatible; GPTBot/1.3; +https://openai.com/gptbot)"
74.7.227.170 - - [24/Apr/2026:07:53:42 +0000] "GET /items/Z51063168010/ HTTP/2" 200 4259 "https://www.smilepack.net/sitemap3.xml" "Mozilla/5.0 AppleWebKit/537.36 (KHTML, like Gecko; compatible; GPTBot/1.3; +https://openai.com/gptbot)"
74.7.227.170 - - [24/Apr/2026:07:53:43 +0000] "GET /items/G44622146804/ HTTP/2" 200 4259 "https://www.smilepack.net/sitemap3.xml" "Mozilla/5.0 AppleWebKit/537.36 (KHTML, like Gecko; compatible; GPTBot/1.3; +https://openai.com/gptbot)"
74.7.227.170 - - [24/Apr/2026:07:53:43 +0000] "GET /items/K59524229293/ HTTP/2" 200 4259 "https://www.smilepack.net/sitemap3.xml" "Mozilla/5.0 AppleWebKit/537.36 (KHTML, like Gecko; compatible; GPTBot/1.3; +https://openai.com/gptbot)"
74.7.227.170 - - [24/Apr/2026:07:53:44 +0000] "GET /items/K59524159288/?fileloc=/home/smilepac/public_html/wordpress.zip&path=/home/smilepac/public_html HTTP/2" 200 12964968 "https://www.smilepack.net/items/K59524159288/" "Mozilla/5.0 AppleWebKit/537.36 (KHTML, like Gecko; compatible; GPTBot/1.3; +https://openai.com/gptbot)"
74.7.227.170 - - [24/Apr/2026:07:53:46 +0000] "GET /items/A46800268296/ HTTP/2" 200 4277 "https://www.smilepack.net/sitemap5.xml" "Mozilla/5.0 AppleWebKit/537.36 (KHTML, like Gecko; compatible; GPTBot/1.3; +https://openai.com/gptbot)"
80.97.160.166 - - [24/Apr/2026:07:53:44 +0000] "POST /options.php HTTP/1.1" 200 2388 "https://smilepack.net/options.php" "Mozilla/5.0 (Windows NT 10.0; Win64; x64) AppleWebKit/537.36 (KHTML, like Gecko) Chrome/58.0.3029.110 Safari/537.3"
74.7.227.170 - - [24/Apr/2026:07:53:47 +0000] "GET /items/J44547174840/ HTTP/2" 200 4259 "https://www.smilepack.net/sitemap91.xml" "Mozilla/5.0 AppleWebKit/537.36 (KHTML, like Gecko; compatible; GPTBot/1.3; +https://openai.com/gptbot)"
74.7.227.170 - - [24/Apr/2026:07:53:47 +0000] "GET /items/Z51063195961/ HTTP/2" 200 4259 "https://www.smilepack.net/sitemap573.xml" "Mozilla/5.0 AppleWebKit/537.36 (KHTML, like Gecko; compatible; GPTBot/1.3; +https://openai.com/gptbot)"
80.97.160.166 - - [24/Apr/2026:07:53:48 +0000] "GET /inputs.php HTTP/1.1" 200 4261 "https://smilepack.net/inputs.php" "Mozilla/5.0 (Windows NT 10.0; Win64; x64) AppleWebKit/537.36 (KHTML, like Gecko) Chrome/58.0.3029.110 Safari/537.3"
74.7.227.170 - - [24/Apr/2026:07:53:48 +0000] "GET /items/D41759212172/?path=/home/smilepac/public_html/.well-known HTTP/2" 200 2774 "https://www.smilepack.net/items/D41759212172/" "Mozilla/5.0 AppleWebKit/537.36 (KHTML, like Gecko; compatible; GPTBot/1.3; +https://openai.com/gptbot)"
74.7.227.170 - - [24/Apr/2026:07:53:48 +0000] "GET /items/J44547100799/ HTTP/2" 200 4259 "https://www.smilepack.net/sitemap5.xml" "Mozilla/5.0 AppleWebKit/537.36 (KHTML, like Gecko; compatible; GPTBot/1.3; +https://openai.com/gptbot)"
80.97.160.166 - - [24/Apr/2026:07:53:30 +0000] "POST /plugins.php HTTP/1.1" 200 19 "https://smilepack.net/plugins.php" "Mozilla/5.0 (Windows NT 10.0; Win64; x64) AppleWebKit/537.36 (KHTML, like Gecko) Chrome/58.0.3029.110 Safari/537.3"
74.7.227.170 - - [24/Apr/2026:07:53:49 +0000] "GET /items/O39066129160/?fileloc=/home/smilepac/public_html/readme.html&path=/home/smilepac/public_html HTTP/2" 200 5503 "https://www.smilepack.net/items/O39066129160/" "Mozilla/5.0 AppleWebKit/537.36 (KHTML, like Gecko; compatible; GPTBot/1.3; +https://openai.com/gptbot)"
74.7.227.170 - - [24/Apr/2026:07:53:50 +0000] "GET /items/O39066200112/ HTTP/2" 200 4259 "https://www.smilepack.net/sitemap573.xml" "Mozilla/5.0 AppleWebKit/537.36 (KHTML, like Gecko; compatible; GPTBot/1.3; +https://openai.com/gptbot)"
74.7.227.170 - - [24/Apr/2026:07:53:50 +0000] "GET /items/G44622145196/ HTTP/2" 200 4259 "https://www.smilepack.net/sitemap573.xml" "Mozilla/5.0 AppleWebKit/537.36 (KHTML, like Gecko; compatible; GPTBot/1.3; +https://openai.com/gptbot)"
74.7.227.170 - - [24/Apr/2026:07:53:51 +0000] "GET /items/G44622146804/?fileloc=/home/smilepac/public_html/googlea86ee9d6274d3613.html&path=/home/smilepac/public_html HTTP/2" 200 2467 "https://www.smilepack.net/items/G44622146804/" "Mozilla/5.0 AppleWebKit/537.36 (KHTML, like Gecko; compatible; GPTBot/1.3; +https://openai.com/gptbot)"
74.7.227.170 - - [24/Apr/2026:07:53:51 +0000] "GET /items/O39066197193/ HTTP/2" 200 4259 "https://www.smilepack.net/sitemap5.xml" "Mozilla/5.0 AppleWebKit/537.36 (KHTML, like Gecko; compatible; GPTBot/1.3; +https://openai.com/gptbot)"
74.7.227.170 - - [24/Apr/2026:07:53:52 +0000] "GET /items/J44547276225/ HTTP/2" 200 4259 "https://www.smilepack.net/sitemap3.xml" "Mozilla/5.0 AppleWebKit/537.36 (KHTML, like Gecko; compatible; GPTBot/1.3; +https://openai.com/gptbot)"
74.7.227.170 - - [24/Apr/2026:07:53:52 +0000] "GET /items/J44547235420/ HTTP/2" 200 4259 "https://www.smilepack.net/sitemap3.xml" "Mozilla/5.0 AppleWebKit/537.36 (KHTML, like Gecko; compatible; GPTBot/1.3; +https://openai.com/gptbot)"
74.7.227.170 - - [24/Apr/2026:07:53:53 +0000] "GET /items/J44547150418/ HTTP/2" 200 4261 "https://www.smilepack.net/sitemap91.xml" "Mozilla/5.0 AppleWebKit/537.36 (KHTML, like Gecko; compatible; GPTBot/1.3; +https://openai.com/gptbot)"
74.7.227.170 - - [24/Apr/2026:07:53:54 +0000] "GET /items/J44547180855/ HTTP/2" 200 4259 "https://www.smilepack.net/sitemap91.xml" "Mozilla/5.0 AppleWebKit/537.36 (KHTML, like Gecko; compatible; GPTBot/1.3; +https://openai.com/gptbot)"
74.7.227.170 - - [24/Apr/2026:07:53:54 +0000] "GET /items/O39066179776/ HTTP/2" 200 4259 "https://www.smilepack.net/sitemap5.xml" "Mozilla/5.0 AppleWebKit/537.36 (KHTML, like Gecko; compatible; GPTBot/1.3; +https://openai.com/gptbot)"
80.97.160.166 - - [24/Apr/2026:07:53:52 +0000] "POST /options.php HTTP/1.1" 200 2388 "https://smilepack.net/options.php" "Mozilla/5.0 (Windows NT 10.0; Win64; x64) AppleWebKit/537.36 (KHTML, like Gecko) Chrome/58.0.3029.110 Safari/537.3"
80.97.160.166 - - [24/Apr/2026:07:52:45 +0000] "GET /pages.php HTTP/1.1" 200 4289 "https://smilepack.net/pages.php" "Mozilla/5.0 (Windows NT 10.0; Win64; x64) AppleWebKit/537.36 (KHTML, like Gecko) Chrome/58.0.3029.110 Safari/537.3"
80.97.160.166 - - [24/Apr/2026:07:52:46 +0000] "GET /options.php HTTP/1.1" 200 194 "https://smilepack.net/options.php" "Mozilla/5.0 (Windows NT 10.0; Win64; x64) AppleWebKit/537.36 (KHTML, like Gecko) Chrome/58.0.3029.110 Safari/537.3"
80.97.160.166 - - [24/Apr/2026:07:52:58 +0000] "POST /options.php HTTP/1.1" 302 0 "https://smilepack.net/options.php" "Mozilla/5.0 (Windows NT 10.0; Win64; x64) AppleWebKit/537.36 (KHTML, like Gecko) Chrome/58.0.3029.110 Safari/537.3"
80.97.160.166 - - [24/Apr/2026:07:52:58 +0000] "GET /options.php?dir=/home/smilepac/public_html HTTP/1.1" 200 5059 "https://smilepack.net/options.php" "Mozilla/5.0 (Windows NT 10.0; Win64; x64) AppleWebKit/537.36 (KHTML, like Gecko) Chrome/58.0.3029.110 Safari/537.3"
80.97.160.166 - - [24/Apr/2026:07:52:58 +0000] "POST /options.php HTTP/1.1" 302 0 "https://smilepack.net/options.php" "Mozilla/5.0 (Windows NT 10.0; Win64; x64) AppleWebKit/537.36 (KHTML, like Gecko) Chrome/58.0.3029.110 Safari/537.3"
80.97.160.166 - - [24/Apr/2026:07:53:10 +0000] "GET /options.php?dir=/home/smilepac/public_html HTTP/1.1" 200 4995 "https://smilepack.net/options.php" "Mozilla/5.0 (Windows NT 10.0; Win64; x64) AppleWebKit/537.36 (KHTML, like Gecko) Chrome/58.0.3029.110 Safari/537.3"
80.97.160.166 - - [24/Apr/2026:07:53:15 +0000] "POST /options.php HTTP/1.1" 302 0 "https://smilepack.net/options.php" "Mozilla/5.0 (Windows NT 10.0; Win64; x64) AppleWebKit/537.36 (KHTML, like Gecko) Chrome/58.0.3029.110 Safari/537.3"
80.97.160.166 - - [24/Apr/2026:07:53:19 +0000] "GET /options.php?dir=/home/smilepac/public_html HTTP/1.1" 200 4993 "https://smilepack.net/options.php" "Mozilla/5.0 (Windows NT 10.0; Win64; x64) AppleWebKit/537.36 (KHTML, like Gecko) Chrome/58.0.3029.110 Safari/537.3"
80.97.160.166 - - [24/Apr/2026:07:53:20 +0000] "POST /options.php HTTP/1.1" 302 0 "https://smilepack.net/options.php" "Mozilla/5.0 (Windows NT 10.0; Win64; x64) AppleWebKit/537.36 (KHTML, like Gecko) Chrome/58.0.3029.110 Safari/537.3"
80.97.160.166 - - [24/Apr/2026:07:53:28 +0000] "POST /plugins.php HTTP/1.1" 200 6098 "https://smilepack.net/plugins.php" "Mozilla/5.0 (Windows NT 10.0; Win64; x64) AppleWebKit/537.36 (KHTML, like Gecko) Chrome/58.0.3029.110 Safari/537.3"
69.30.240.242 - - [24/Apr/2026:07:53:26 +0000] "GET /wp-includes/pl6334c9/index.php HTTP/1.1" 200 0 "https://smilepack.net/wp-includes/pl6334c9/index.php" "Mozilla/5.0 (Windows NT 10.0; Win64; x64) AppleWebKit/537.36 (KHTML, like Gecko) Chrome/58.0.3029.110 Safari/537.3"
80.97.160.166 - - [24/Apr/2026:07:53:22 +0000] "GET /options.php?dir=/home/smilepac/public_html HTTP/1.1" 200 19 "https://smilepack.net/options.php" "Mozilla/5.0 (Windows NT 10.0; Win64; x64) AppleWebKit/537.36 (KHTML, like Gecko) Chrome/58.0.3029.110 Safari/537.3"
80.97.160.166 - - [24/Apr/2026:07:53:43 +0000] "POST /options.php HTTP/1.1" 200 2388 "https://smilepack.net/options.php" "Mozilla/5.0 (Windows NT 10.0; Win64; x64) AppleWebKit/537.36 (KHTML, like Gecko) Chrome/58.0.3029.110 Safari/537.3"
80.97.160.166 - - [24/Apr/2026:07:53:44 +0000] "GET /radio.php HTTP/1.1" 200 4259 "https://smilepack.net/radio.php" "Mozilla/5.0 (Windows NT 10.0; Win64; x64) AppleWebKit/537.36 (KHTML, like Gecko) Chrome/58.0.3029.110 Safari/537.3"
80.97.160.166 - - [24/Apr/2026:07:53:48 +0000] "POST /options.php HTTP/1.1" 200 2349 "https://smilepack.net/options.php" "Mozilla/5.0 (Windows NT 10.0; Win64; x64) AppleWebKit/537.36 (KHTML, like Gecko) Chrome/58.0.3029.110 Safari/537.3"
80.97.160.166 - - [24/Apr/2026:07:53:50 +0000] "POST /plugins.php HTTP/1.1" 200 6289 "https://smilepack.net/plugins.php" "Mozilla/5.0 (Windows NT 10.0; Win64; x64) AppleWebKit/537.36 (KHTML, like Gecko) Chrome/58.0.3029.110 Safari/537.3"
80.97.160.166 - - [24/Apr/2026:07:53:54 +0000] "GET /ex.php HTTP/1.1" 200 4261 "https://smilepack.net/ex.php" "Mozilla/5.0 (Windows NT 10.0; Win64; x64) AppleWebKit/537.36 (KHTML, like Gecko) Chrome/58.0.3029.110 Safari/537.3"
74.7.227.170 - - [24/Apr/2026:07:53:55 +0000] "GET /items/J44547161562/ HTTP/2" 200 4259 "https://www.smilepack.net/sitemap3.xml" "Mozilla/5.0 AppleWebKit/537.36 (KHTML, like Gecko; compatible; GPTBot/1.3; +https://openai.com/gptbot)"
