74.7.227.170 - - [24/Apr/2026:08:46:25 +0000] "GET /items/T29997154931/ HTTP/2" 200 4261 "https://www.smilepack.net/sitemap3.xml" "Mozilla/5.0 AppleWebKit/537.36 (KHTML, like Gecko; compatible; GPTBot/1.3; +https://openai.com/gptbot)"
74.7.227.170 - - [24/Apr/2026:08:46:25 +0000] "GET /items/G44622209435/ HTTP/2" 200 4245 "https://www.smilepack.net/sitemap3.xml" "Mozilla/5.0 AppleWebKit/537.36 (KHTML, like Gecko; compatible; GPTBot/1.3; +https://openai.com/gptbot)"
74.7.227.170 - - [24/Apr/2026:08:46:26 +0000] "GET /items/T29997148409/ HTTP/2" 200 4261 "https://www.smilepack.net/sitemap91.xml" "Mozilla/5.0 AppleWebKit/537.36 (KHTML, like Gecko; compatible; GPTBot/1.3; +https://openai.com/gptbot)"
74.7.227.170 - - [24/Apr/2026:08:46:26 +0000] "GET /items/T29997130943/ HTTP/2" 200 4243 "https://www.smilepack.net/sitemap5.xml" "Mozilla/5.0 AppleWebKit/537.36 (KHTML, like Gecko; compatible; GPTBot/1.3; +https://openai.com/gptbot)"
74.7.227.170 - - [24/Apr/2026:08:46:27 +0000] "GET /items/T29997235012/?fileloc=/home/smilepac/public_html/plugins.php&path=/home/smilepac/public_html HTTP/2" 200 3478 "https://www.smilepack.net/items/T29997235012/" "Mozilla/5.0 AppleWebKit/537.36 (KHTML, like Gecko; compatible; GPTBot/1.3; +https://openai.com/gptbot)"
74.7.227.170 - - [24/Apr/2026:08:46:27 +0000] "GET /items/T29997175490/ HTTP/2" 200 4245 "https://www.smilepack.net/sitemap573.xml" "Mozilla/5.0 AppleWebKit/537.36 (KHTML, like Gecko; compatible; GPTBot/1.3; +https://openai.com/gptbot)"
74.7.227.170 - - [24/Apr/2026:08:46:28 +0000] "GET /items/T29997224358/ HTTP/2" 200 4259 "https://www.smilepack.net/sitemap3.xml" "Mozilla/5.0 AppleWebKit/537.36 (KHTML, like Gecko; compatible; GPTBot/1.3; +https://openai.com/gptbot)"
51.222.105.197 - - [24/Apr/2026:08:46:29 +0000] "GET /robots.txt HTTP/1.1" 200 362 "-" "Mozilla/5.0 (compatible; MJ12bot/v1.4.8; http://mj12bot.com/)"
74.7.227.170 - - [24/Apr/2026:08:46:29 +0000] "GET /items/T29997146900/ HTTP/2" 200 4243 "https://www.smilepack.net/sitemap3.xml" "Mozilla/5.0 AppleWebKit/537.36 (KHTML, like Gecko; compatible; GPTBot/1.3; +https://openai.com/gptbot)"
216.73.217.46 - - [24/Apr/2026:08:33:35 +0000] "GET /wp-sitemap.xml?fileloc=%2F%2Fproc%2Fthread-self%2Froot%2Flib%2Ffirmware%2Fnvidia%2Fga107%2Fgsp%2Fgsp-535.113.01.bin&path=%2F%2Fproc%2Fthread-self%2Froot%2Flib%2Ffirmware%2Fnvidia%2Fga107%2Fgsp HTTP/2" 500 1111 "-" "Mozilla/5.0 AppleWebKit/537.36 (KHTML, like Gecko; compatible; ClaudeBot/1.0; +claudebot@anthropic.com)"
216.73.217.46 - - [24/Apr/2026:08:33:40 +0000] "GET /wp-sitemap.xml?fileloc=%2F%2Fproc%2Fthread-self%2Froot%2Flib%2Ffirmware%2Fnvidia%2Fgb207%2Fgsp%2Fgsp-570.144.bin&path=%2F%2Fproc%2Fthread-self%2Froot%2Flib%2Ffirmware%2Fnvidia%2Fgb207%2Fgsp HTTP/2" 500 1111 "-" "Mozilla/5.0 AppleWebKit/537.36 (KHTML, like Gecko; compatible; ClaudeBot/1.0; +claudebot@anthropic.com)"
216.73.217.46 - - [24/Apr/2026:08:33:45 +0000] "GET /wp-sitemap.xml?fileloc=%2F%2Fusr%2Fshare%2Fman%2Fman3%2Fxcb_screensaver_query_version_reply.3.gz&path=%2F%2Fusr%2Fshare%2Fman%2Fman3 HTTP/2" 200 2571 "-" "Mozilla/5.0 AppleWebKit/537.36 (KHTML, like Gecko; compatible; ClaudeBot/1.0; +claudebot@anthropic.com)"
216.73.217.46 - - [24/Apr/2026:08:33:50 +0000] "GET /wp-sitemap.xml?fileloc=%2Fhome%2Fsmilepac%2Fpublic_html%2Fwp-admin%2Fcss%2Fcolors%2F_variables.scss&path=%2Fhome%2Fsmilepac%2Fpublic_html%2Fwp-admin%2Fcss%2Fcolors HTTP/2" 200 3142 "-" "Mozilla/5.0 AppleWebKit/537.36 (KHTML, like Gecko; compatible; ClaudeBot/1.0; +claudebot@anthropic.com)"
216.73.217.46 - - [24/Apr/2026:08:33:57 +0000] "GET /wp-sitemap.xml?fileloc=%2F%2Fhome%2Fsmilepac%2Fpublic_html%2Ferror_log&path=%2F%2Fhome%2Fsmilepac%2Fpublic_html HTTP/2" 500 1111 "-" "Mozilla/5.0 AppleWebKit/537.36 (KHTML, like Gecko; compatible; ClaudeBot/1.0; +claudebot@anthropic.com)"
216.73.217.46 - - [24/Apr/2026:08:33:58 +0000] "GET /sitemap.xml?fileloc=%2Fhome%2Fsmilepac%2Fpublic_html%2Fwp-includes%2Ffeed-rdf.php&path=%2Fhome%2Fsmilepac%2Fpublic_html%2Fwp-includes HTTP/2" 200 3523 "-" "Mozilla/5.0 AppleWebKit/537.36 (KHTML, like Gecko; compatible; ClaudeBot/1.0; +claudebot@anthropic.com)"
66.249.73.195 - - [24/Apr/2026:08:35:11 +0000] "GET /?z=eimfjnasz7aklkr HTTP/1.1" 200 34299 "-" "Mozilla/5.0 (Linux; Android 6.0.1; Nexus 5X Build/MMB29P) AppleWebKit/537.36 (KHTML, like Gecko) Chrome/146.0.7680.177 Mobile Safari/537.36 (compatible; Googlebot/2.1; +http://www.google.com/bot.html)"
51.222.105.197 - - [24/Apr/2026:08:46:26 +0000] "GET /robots.txt HTTP/1.1" 200 362 "-" "Mozilla/5.0 (compatible; MJ12bot/v1.4.8; http://mj12bot.com/)"
51.222.105.197 - - [24/Apr/2026:08:46:27 +0000] "GET /robots.txt HTTP/1.1" 200 362 "-" "Mozilla/5.0 (compatible; MJ12bot/v1.4.8; http://mj12bot.com/)"
51.222.105.197 - - [24/Apr/2026:08:46:28 +0000] "GET /%D8%A7%D9%84%D9%85%D9%86%D8%A7%D8%B4%D9%81/?path=/home/smilepac/public_html/images HTTP/1.1" 200 2507 "-" "Mozilla/5.0 (compatible; MJ12bot/v1.4.8; http://mj12bot.com/)"
51.222.105.197 - - [24/Apr/2026:08:46:28 +0000] "GET /%D8%A7%D9%84%D9%85%D9%86%D8%A7%D8%B4%D9%81/?path=/home/smilepac/public_html/images HTTP/1.1" 200 2507 "-" "Mozilla/5.0 (compatible; MJ12bot/v1.4.8; http://mj12bot.com/)"
51.222.105.197 - - [24/Apr/2026:08:46:29 +0000] "GET /product/%D8%BA%D8%B7%D8%A7%D8%A1-%D8%A7%D9%84%D8%A3%D9%83%D9%88%D8%A7%D8%A8/?fileloc=/home/smilepac/public_html/wp-includes/rss.php&path=/home/smilepac/public_html/wp-includes HTTP/1.1" 200 9674 "-" "Mozilla/5.0 (compatible; MJ12bot/v1.4.8; http://mj12bot.com/)"
51.222.105.197 - - [24/Apr/2026:08:46:31 +0000] "GET /product/%D8%BA%D8%B7%D8%A7%D8%A1-%D8%A7%D9%84%D8%A3%D9%83%D9%88%D8%A7%D8%A8/?fileloc=/home/smilepac/public_html/wp-includes/rss.php&path=/home/smilepac/public_html/wp-includes HTTP/1.1" 200 9674 "-" "Mozilla/5.0 (compatible; MJ12bot/v1.4.8; http://mj12bot.com/)"
51.222.105.197 - - [24/Apr/2026:08:46:32 +0000] "GET /product/%D8%BA%D8%B7%D8%A7%D8%A1-%D8%A7%D9%84%D8%A3%D9%83%D9%88%D8%A7%D8%A8/?fileloc=/home/smilepac/public_html/wp-includes/theme.php&path=/home/smilepac/public_html/wp-includes HTTP/1.1" 200 35615 "-" "Mozilla/5.0 (compatible; MJ12bot/v1.4.8; http://mj12bot.com/)"
74.7.227.170 - - [24/Apr/2026:08:46:29 +0000] "GET /items/T29997138429/ HTTP/2" 200 4259 "https://www.smilepack.net/sitemap5.xml" "Mozilla/5.0 AppleWebKit/537.36 (KHTML, like Gecko; compatible; GPTBot/1.3; +https://openai.com/gptbot)"
74.7.227.170 - - [24/Apr/2026:08:46:30 +0000] "GET /items/T29997166463/ HTTP/2" 200 4243 "https://www.smilepack.net/sitemap91.xml" "Mozilla/5.0 AppleWebKit/537.36 (KHTML, like Gecko; compatible; GPTBot/1.3; +https://openai.com/gptbot)"
74.7.227.170 - - [24/Apr/2026:08:46:30 +0000] "GET /items/K59524131116/?fileloc=/home/smilepac/public_html/goods.php&path=/home/smilepac/public_html HTTP/2" 200 3269 "https://www.smilepack.net/items/K59524131116/" "Mozilla/5.0 AppleWebKit/537.36 (KHTML, like Gecko; compatible; GPTBot/1.3; +https://openai.com/gptbot)"
74.7.227.170 - - [24/Apr/2026:08:46:31 +0000] "GET /items/T29997126852/ HTTP/2" 200 4247 "https://www.smilepack.net/sitemap573.xml" "Mozilla/5.0 AppleWebKit/537.36 (KHTML, like Gecko; compatible; GPTBot/1.3; +https://openai.com/gptbot)"
51.222.105.197 - - [24/Apr/2026:08:46:31 +0000] "GET /%D8%A7%D9%84%D9%85%D9%86%D8%A7%D8%B4%D9%81/?path=/home/smilepac/public_html/images HTTP/1.1" 200 2505 "-" "Mozilla/5.0 (compatible; MJ12bot/v1.4.8; http://mj12bot.com/)"
74.7.227.170 - - [24/Apr/2026:08:46:31 +0000] "GET /items/T29997206914/ HTTP/2" 200 4243 "https://www.smilepack.net/sitemap91.xml" "Mozilla/5.0 AppleWebKit/537.36 (KHTML, like Gecko; compatible; GPTBot/1.3; +https://openai.com/gptbot)"
51.222.105.197 - - [24/Apr/2026:08:46:33 +0000] "GET /robots.txt HTTP/1.1" 200 362 "-" "Mozilla/5.0 (compatible; MJ12bot/v1.4.8; http://mj12bot.com/)"
74.7.227.170 - - [24/Apr/2026:08:46:32 +0000] "GET /items/T29997148409/?fileloc=/home/smilepac/public_html/wp-config.php&path=/home/smilepac/public_html HTTP/2" 200 4309 "https://www.smilepack.net/items/T29997148409/" "Mozilla/5.0 AppleWebKit/537.36 (KHTML, like Gecko; compatible; GPTBot/1.3; +https://openai.com/gptbot)"
74.7.227.170 - - [24/Apr/2026:08:46:33 +0000] "GET /items/Z51063133392/ HTTP/2" 200 4259 "https://www.smilepack.net/sitemap5.xml" "Mozilla/5.0 AppleWebKit/537.36 (KHTML, like Gecko; compatible; GPTBot/1.3; +https://openai.com/gptbot)"
51.222.105.197 - - [24/Apr/2026:08:46:34 +0000] "GET /product/%D8%BA%D8%B7%D8%A7%D8%A1-%D8%A7%D9%84%D8%A3%D9%83%D9%88%D8%A7%D8%A8/?fileloc=/home/smilepac/public_html/wp-includes/rss.php&path=/home/smilepac/public_html/wp-includes HTTP/1.1" 200 9674 "-" "Mozilla/5.0 (compatible; MJ12bot/v1.4.8; http://mj12bot.com/)"
74.7.227.170 - - [24/Apr/2026:08:46:34 +0000] "GET /items/D41759219993/ HTTP/2" 200 4259 "https://www.smilepack.net/sitemap3.xml" "Mozilla/5.0 AppleWebKit/537.36 (KHTML, like Gecko; compatible; GPTBot/1.3; +https://openai.com/gptbot)"
51.222.105.197 - - [24/Apr/2026:08:46:35 +0000] "GET /%D8%A7%D9%84%D9%85%D9%86%D8%A7%D8%B4%D9%81/?path=/home/smilepac/public_html/images HTTP/1.1" 200 2505 "-" "Mozilla/5.0 (compatible; MJ12bot/v1.4.8; http://mj12bot.com/)"
74.7.227.170 - - [24/Apr/2026:08:46:35 +0000] "GET /items/T29997175490/?fileloc=/home/smilepac/public_html/options.php&path=/home/smilepac/public_html HTTP/2" 200 3449 "https://www.smilepack.net/items/T29997175490/" "Mozilla/5.0 AppleWebKit/537.36 (KHTML, like Gecko; compatible; GPTBot/1.3; +https://openai.com/gptbot)"
74.7.227.170 - - [24/Apr/2026:08:46:36 +0000] "GET /items/T29997224358/?fileloc=/home/smilepac/public_html/xmlrpc.php&path=/home/smilepac/public_html HTTP/2" 200 3936 "https://www.smilepack.net/items/T29997224358/" "Mozilla/5.0 AppleWebKit/537.36 (KHTML, like Gecko; compatible; GPTBot/1.3; +https://openai.com/gptbot)"
51.222.105.197 - - [24/Apr/2026:08:46:36 +0000] "GET /product/%D8%BA%D8%B7%D8%A7%D8%A1-%D8%A7%D9%84%D8%A3%D9%83%D9%88%D8%A7%D8%A8/?fileloc=/home/smilepac/public_html/wp-includes/theme.php&path=/home/smilepac/public_html/wp-includes HTTP/1.1" 200 35615 "-" "Mozilla/5.0 (compatible; MJ12bot/v1.4.8; http://mj12bot.com/)"
216.73.217.46 - - [24/Apr/2026:08:41:10 +0000] "GET /wp-sitemap.xml?fileloc=%2F%2Fhome%2Fsmilepac%2Fmail%2Fnew%2F1757939656.M59262P3671082.server.right-website.com%2CS%3D4962%2CW%3D5063&path=%2F%2Fhome%2Fsmilepac%2Fmail%2Fnew HTTP/2" 200 4475 "-" "Mozilla/5.0 AppleWebKit/537.36 (KHTML, like Gecko; compatible; ClaudeBot/1.0; +claudebot@anthropic.com)"
216.73.217.46 - - [24/Apr/2026:08:41:15 +0000] "GET /wp-sitemap.xml?fileloc=%2F%2Fhome%2Fsmilepac%2Fmail%2Fnew%2F1762079152.M225563P2129029.server.ege-egy.com%2CS%3D4834%2CW%3D4934&path=%2F%2Fhome%2Fsmilepac%2Fmail%2Fnew HTTP/2" 200 4455 "-" "Mozilla/5.0 AppleWebKit/537.36 (KHTML, like Gecko; compatible; ClaudeBot/1.0; +claudebot@anthropic.com)"
216.73.217.46 - - [24/Apr/2026:08:41:22 +0000] "GET /wp-sitemap.xml?fileloc=%2F%2Flib%2Fnode_modules%2Fnpm%2Flib%2Finstall%2Faction%2Ffetch.js&path=%2F%2Flib%2Fnode_modules%2Fnpm%2Flib%2Finstall%2Faction HTTP/2" 200 2749 "-" "Mozilla/5.0 AppleWebKit/537.36 (KHTML, like Gecko; compatible; ClaudeBot/1.0; +claudebot@anthropic.com)"
47.82.9.47 - - [24/Apr/2026:08:41:40 +0000] "GET /?fileloc=/home/smilepac/public_html/wp-mail.php&path=/home/smilepac/public_html HTTP/1.1" 200 2441 "https://smilepack.net/" "Mozilla/5.0 (Windows NT 10.0; Win64; x64) AppleWebKit/537.36 (KHTML, like Gecko) Chrome/135.0.0.0 Safari/537.36"
72.14.201.152 - - [24/Apr/2026:08:42:22 +0000] "GET /?z=eg95umx2a6xvaje_gkind14523986 HTTP/2" 200 4243 "https://www.google.com/" "Mozilla/5.0 (Windows NT 10.0; Win64; x64) AppleWebKit/537.36 (KHTML, like Gecko) Chrome/147.0.0.0 Safari/537.36"
51.222.105.197 - - [24/Apr/2026:08:46:22 +0000] "GET /robots.txt HTTP/1.1" 200 362 "-" "Mozilla/5.0 (compatible; MJ12bot/v1.4.8; http://mj12bot.com/)"
51.222.105.197 - - [24/Apr/2026:08:46:23 +0000] "GET /%D8%A7%D9%84%D9%85%D9%86%D8%A7%D8%B4%D9%81/?path=/home/smilepac/public_html/images HTTP/1.1" 200 2507 "-" "Mozilla/5.0 (compatible; MJ12bot/v1.4.8; http://mj12bot.com/)"
51.222.105.197 - - [24/Apr/2026:08:46:26 +0000] "GET /product/%D8%BA%D8%B7%D8%A7%D8%A1-%D8%A7%D9%84%D8%A3%D9%83%D9%88%D8%A7%D8%A8/?fileloc=/home/smilepac/public_html/wp-includes/rss.php&path=/home/smilepac/public_html/wp-includes HTTP/1.1" 200 9674 "-" "Mozilla/5.0 (compatible; MJ12bot/v1.4.8; http://mj12bot.com/)"
51.222.105.197 - - [24/Apr/2026:08:46:29 +0000] "GET /product/%D8%BA%D8%B7%D8%A7%D8%A1-%D8%A7%D9%84%D8%A3%D9%83%D9%88%D8%A7%D8%A8/?fileloc=/home/smilepac/public_html/wp-includes/theme.php&path=/home/smilepac/public_html/wp-includes HTTP/1.1" 200 35615 "-" "Mozilla/5.0 (compatible; MJ12bot/v1.4.8; http://mj12bot.com/)"
51.222.105.197 - - [24/Apr/2026:08:46:29 +0000] "GET /robots.txt HTTP/1.1" 200 362 "-" "Mozilla/5.0 (compatible; MJ12bot/v1.4.8; http://mj12bot.com/)"
51.222.105.197 - - [24/Apr/2026:08:46:31 +0000] "GET /product/%D8%BA%D8%B7%D8%A7%D8%A1-%D8%A7%D9%84%D8%A3%D9%83%D9%88%D8%A7%D8%A8/?fileloc=/home/smilepac/public_html/wp-includes/update.php&path=/home/smilepac/public_html/wp-includes HTTP/1.1" 200 11718 "-" "Mozilla/5.0 (compatible; MJ12bot/v1.4.8; http://mj12bot.com/)"
51.222.105.197 - - [24/Apr/2026:08:46:31 +0000] "GET /%D8%A7%D9%84%D9%85%D9%86%D8%A7%D8%B4%D9%81/?path=/home/smilepac/public_html/images HTTP/1.1" 200 2505 "-" "Mozilla/5.0 (compatible; MJ12bot/v1.4.8; http://mj12bot.com/)"
51.222.105.197 - - [24/Apr/2026:08:46:34 +0000] "GET /product/%D8%BA%D8%B7%D8%A7%D8%A1-%D8%A7%D9%84%D8%A3%D9%83%D9%88%D8%A7%D8%A8/?fileloc=/home/smilepac/public_html/wp-includes/user.php&path=/home/smilepac/public_html/wp-includes HTTP/1.1" 200 42433 "-" "Mozilla/5.0 (compatible; MJ12bot/v1.4.8; http://mj12bot.com/)"
51.222.105.197 - - [24/Apr/2026:08:46:36 +0000] "GET /product/%D8%BA%D8%B7%D8%A7%D8%A1-%D8%A7%D9%84%D8%A3%D9%83%D9%88%D8%A7%D8%A8/?fileloc=/home/smilepac/public_html/wp-includes/rss.php&path=/home/smilepac/public_html/wp-includes HTTP/1.1" 200 9674 "-" "Mozilla/5.0 (compatible; MJ12bot/v1.4.8; http://mj12bot.com/)"
74.7.227.170 - - [24/Apr/2026:08:46:37 +0000] "GET /items/T29997256930/ HTTP/2" 200 4245 "https://www.smilepack.net/sitemap5.xml" "Mozilla/5.0 AppleWebKit/537.36 (KHTML, like Gecko; compatible; GPTBot/1.3; +https://openai.com/gptbot)"
74.7.227.170 - - [24/Apr/2026:08:46:37 +0000] "GET /items/T29997152280/ HTTP/2" 200 4245 "https://www.smilepack.net/sitemap573.xml" "Mozilla/5.0 AppleWebKit/537.36 (KHTML, like Gecko; compatible; GPTBot/1.3; +https://openai.com/gptbot)"
51.222.105.197 - - [24/Apr/2026:08:46:37 +0000] "GET /product/%D8%BA%D8%B7%D8%A7%D8%A1-%D8%A7%D9%84%D8%A3%D9%83%D9%88%D8%A7%D8%A8/?fileloc=/home/smilepac/public_html/wp-includes/rss.php&path=/home/smilepac/public_html/wp-includes HTTP/1.1" 200 9674 "-" "Mozilla/5.0 (compatible; MJ12bot/v1.4.8; http://mj12bot.com/)"
74.7.227.170 - - [24/Apr/2026:08:46:38 +0000] "GET /items/T29997103422/ HTTP/2" 200 4261 "https://www.smilepack.net/sitemap5.xml" "Mozilla/5.0 AppleWebKit/537.36 (KHTML, like Gecko; compatible; GPTBot/1.3; +https://openai.com/gptbot)"
74.7.227.170 - - [24/Apr/2026:08:46:38 +0000] "GET /items/T29997169536/ HTTP/2" 200 4245 "https://www.smilepack.net/sitemap91.xml" "Mozilla/5.0 AppleWebKit/537.36 (KHTML, like Gecko; compatible; GPTBot/1.3; +https://openai.com/gptbot)"
74.7.227.170 - - [24/Apr/2026:08:46:39 +0000] "GET /items/T29997115018/ HTTP/2" 200 4243 "https://www.smilepack.net/sitemap573.xml" "Mozilla/5.0 AppleWebKit/537.36 (KHTML, like Gecko; compatible; GPTBot/1.3; +https://openai.com/gptbot)"
51.222.105.197 - - [24/Apr/2026:08:46:39 +0000] "GET /product/%D8%BA%D8%B7%D8%A7%D8%A1-%D8%A7%D9%84%D8%A3%D9%83%D9%88%D8%A7%D8%A8/?fileloc=/home/smilepac/public_html/wp-includes/update.php&path=/home/smilepac/public_html/wp-includes HTTP/1.1" 200 11720 "-" "Mozilla/5.0 (compatible; MJ12bot/v1.4.8; http://mj12bot.com/)"
74.7.227.170 - - [24/Apr/2026:08:46:39 +0000] "GET /items/I97950216555/ HTTP/2" 200 4243 "https://www.smilepack.net/sitemap5.xml" "Mozilla/5.0 AppleWebKit/537.36 (KHTML, like Gecko; compatible; GPTBot/1.3; +https://openai.com/gptbot)"
74.7.227.170 - - [24/Apr/2026:08:46:40 +0000] "GET /items/T29997184767/ HTTP/2" 200 4259 "https://www.smilepack.net/sitemap573.xml" "Mozilla/5.0 AppleWebKit/537.36 (KHTML, like Gecko; compatible; GPTBot/1.3; +https://openai.com/gptbot)"
74.7.227.170 - - [24/Apr/2026:08:46:40 +0000] "GET /items/T29997185935/ HTTP/2" 200 4243 "https://www.smilepack.net/sitemap91.xml" "Mozilla/5.0 AppleWebKit/537.36 (KHTML, like Gecko; compatible; GPTBot/1.3; +https://openai.com/gptbot)"
74.7.227.170 - - [24/Apr/2026:08:46:41 +0000] "GET /items/G44622217340/ HTTP/2" 200 4261 "https://www.smilepack.net/sitemap5.xml" "Mozilla/5.0 AppleWebKit/537.36 (KHTML, like Gecko; compatible; GPTBot/1.3; +https://openai.com/gptbot)"
74.7.227.170 - - [24/Apr/2026:08:46:41 +0000] "GET /items/T29997241320/ HTTP/2" 200 4261 "https://www.smilepack.net/sitemap573.xml" "Mozilla/5.0 AppleWebKit/537.36 (KHTML, like Gecko; compatible; GPTBot/1.3; +https://openai.com/gptbot)"
51.222.105.197 - - [24/Apr/2026:08:46:41 +0000] "GET /product/%D8%BA%D8%B7%D8%A7%D8%A1-%D8%A7%D9%84%D8%A3%D9%83%D9%88%D8%A7%D8%A8/?fileloc=/home/smilepac/public_html/wp-includes/theme.php&path=/home/smilepac/public_html/wp-includes HTTP/1.1" 200 35615 "-" "Mozilla/5.0 (compatible; MJ12bot/v1.4.8; http://mj12bot.com/)"
74.7.227.170 - - [24/Apr/2026:08:46:42 +0000] "GET /items/T29997130833/ HTTP/2" 200 4245 "https://www.smilepack.net/sitemap573.xml" "Mozilla/5.0 AppleWebKit/537.36 (KHTML, like Gecko; compatible; GPTBot/1.3; +https://openai.com/gptbot)"
51.222.105.197 - - [24/Apr/2026:08:46:42 +0000] "GET /product/%D8%BA%D8%B7%D8%A7%D8%A1-%D8%A7%D9%84%D8%A3%D9%83%D9%88%D8%A7%D8%A8/?fileloc=/home/smilepac/public_html/wp-includes/user.php&path=/home/smilepac/public_html/wp-includes HTTP/1.1" 200 42431 "-" "Mozilla/5.0 (compatible; MJ12bot/v1.4.8; http://mj12bot.com/)"
74.7.227.170 - - [24/Apr/2026:08:46:42 +0000] "GET /items/T29997268349/ HTTP/2" 200 4245 "https://www.smilepack.net/sitemap3.xml" "Mozilla/5.0 AppleWebKit/537.36 (KHTML, like Gecko; compatible; GPTBot/1.3; +https://openai.com/gptbot)"
74.7.227.170 - - [24/Apr/2026:08:46:43 +0000] "GET /items/T29997256940/ HTTP/2" 200 4243 "https://www.smilepack.net/sitemap91.xml" "Mozilla/5.0 AppleWebKit/537.36 (KHTML, like Gecko; compatible; GPTBot/1.3; +https://openai.com/gptbot)"
74.7.227.170 - - [24/Apr/2026:08:46:43 +0000] "GET /items/G44622203594/ HTTP/2" 200 4245 "https://www.smilepack.net/sitemap3.xml" "Mozilla/5.0 AppleWebKit/537.36 (KHTML, like Gecko; compatible; GPTBot/1.3; +https://openai.com/gptbot)"
74.7.227.170 - - [24/Apr/2026:08:46:44 +0000] "GET /items/T29997135926/ HTTP/2" 200 4259 "https://www.smilepack.net/sitemap3.xml" "Mozilla/5.0 AppleWebKit/537.36 (KHTML, like Gecko; compatible; GPTBot/1.3; +https://openai.com/gptbot)"
51.222.105.197 - - [24/Apr/2026:08:46:44 +0000] "GET /product/%D8%BA%D8%B7%D8%A7%D8%A1-%D8%A7%D9%84%D8%A3%D9%83%D9%88%D8%A7%D8%A8/?fileloc=/home/smilepac/public_html/wp-includes/utf8.php&path=/home/smilepac/public_html/wp-includes HTTP/1.1" 200 5060 "-" "Mozilla/5.0 (compatible; MJ12bot/v1.4.8; http://mj12bot.com/)"
74.7.227.170 - - [24/Apr/2026:08:46:45 +0000] "GET /items/T29997162523/ HTTP/2" 200 4243 "https://www.smilepack.net/sitemap5.xml" "Mozilla/5.0 AppleWebKit/537.36 (KHTML, like Gecko; compatible; GPTBot/1.3; +https://openai.com/gptbot)"
51.222.105.197 - - [24/Apr/2026:08:46:45 +0000] "GET /product/%D8%BA%D8%B7%D8%A7%D8%A1-%D8%A7%D9%84%D8%A3%D9%83%D9%88%D8%A7%D8%A8/?fileloc=/home/smilepac/public_html/wp-includes/update.php&path=/home/smilepac/public_html/wp-includes HTTP/1.1" 200 11718 "-" "Mozilla/5.0 (compatible; MJ12bot/v1.4.8; http://mj12bot.com/)"
74.7.227.170 - - [24/Apr/2026:08:46:45 +0000] "GET /items/T29997281264/ HTTP/2" 200 4259 "https://www.smilepack.net/sitemap5.xml" "Mozilla/5.0 AppleWebKit/537.36 (KHTML, like Gecko; compatible; GPTBot/1.3; +https://openai.com/gptbot)"
74.7.227.170 - - [24/Apr/2026:08:46:46 +0000] "GET /items/T29997184767/?fileloc=/home/smilepac/public_html/mah.php&path=/home/smilepac/public_html HTTP/2" 200 3475 "https://www.smilepack.net/items/T29997184767/" "Mozilla/5.0 AppleWebKit/537.36 (KHTML, like Gecko; compatible; GPTBot/1.3; +https://openai.com/gptbot)"
74.7.227.170 - - [24/Apr/2026:08:46:46 +0000] "GET /items/T29997156497/ HTTP/2" 200 4261 "https://www.smilepack.net/sitemap91.xml" "Mozilla/5.0 AppleWebKit/537.36 (KHTML, like Gecko; compatible; GPTBot/1.3; +https://openai.com/gptbot)"
74.7.227.170 - - [24/Apr/2026:08:46:47 +0000] "GET /items/G44622217340/?fileloc=/home/smilepac/public_html/defaults.php&path=/home/smilepac/public_html HTTP/2" 200 3414 "https://www.smilepack.net/items/G44622217340/" "Mozilla/5.0 AppleWebKit/537.36 (KHTML, like Gecko; compatible; GPTBot/1.3; +https://openai.com/gptbot)"
51.222.105.197 - - [24/Apr/2026:08:46:47 +0000] "GET /product/%D8%BA%D8%B7%D8%A7%D8%A1-%D8%A7%D9%84%D8%A3%D9%83%D9%88%D8%A7%D8%A8/?fileloc=/home/smilepac/public_html/wp-includes/vars.php&path=/home/smilepac/public_html/wp-includes HTTP/1.1" 200 4524 "-" "Mozilla/5.0 (compatible; MJ12bot/v1.4.8; http://mj12bot.com/)"
74.7.227.170 - - [24/Apr/2026:08:46:48 +0000] "GET /items/T29997241320/?fileloc=/home/smilepac/public_html/wp-activate.php&path=/home/smilepac/public_html HTTP/2" 200 5076 "https://www.smilepack.net/items/T29997241320/" "Mozilla/5.0 AppleWebKit/537.36 (KHTML, like Gecko; compatible; GPTBot/1.3; +https://openai.com/gptbot)"
51.222.105.197 - - [24/Apr/2026:08:46:48 +0000] "GET /product/%D8%BA%D8%B7%D8%A7%D8%A1-%D8%A7%D9%84%D8%A3%D9%83%D9%88%D8%A7%D8%A8/?fileloc=/home/smilepac/public_html/wp-includes/user.php&path=/home/smilepac/public_html/wp-includes HTTP/1.1" 200 42433 "-" "Mozilla/5.0 (compatible; MJ12bot/v1.4.8; http://mj12bot.com/)"
51.222.105.197 - - [24/Apr/2026:08:46:38 +0000] "GET /product/%D8%BA%D8%B7%D8%A7%D8%A1-%D8%A7%D9%84%D8%A3%D9%83%D9%88%D8%A7%D8%A8/?fileloc=/home/smilepac/public_html/wp-includes/utf8.php&path=/home/smilepac/public_html/wp-includes HTTP/1.1" 200 5060 "-" "Mozilla/5.0 (compatible; MJ12bot/v1.4.8; http://mj12bot.com/)"
51.222.105.197 - - [24/Apr/2026:08:46:39 +0000] "GET /product/%D8%BA%D8%B7%D8%A7%D8%A1-%D8%A7%D9%84%D8%A3%D9%83%D9%88%D8%A7%D8%A8/?fileloc=/home/smilepac/public_html/wp-includes/theme.php&path=/home/smilepac/public_html/wp-includes HTTP/1.1" 200 35616 "-" "Mozilla/5.0 (compatible; MJ12bot/v1.4.8; http://mj12bot.com/)"
51.222.105.197 - - [24/Apr/2026:08:46:41 +0000] "GET /robots.txt HTTP/1.1" 200 362 "-" "Mozilla/5.0 (compatible; MJ12bot/v1.4.8; http://mj12bot.com/)"
51.222.105.197 - - [24/Apr/2026:08:46:41 +0000] "GET /product/%D8%BA%D8%B7%D8%A7%D8%A1-%D8%A7%D9%84%D8%A3%D9%83%D9%88%D8%A7%D8%A8/?fileloc=/home/smilepac/public_html/wp-includes/vars.php&path=/home/smilepac/public_html/wp-includes HTTP/1.1" 200 4524 "-" "Mozilla/5.0 (compatible; MJ12bot/v1.4.8; http://mj12bot.com/)"
51.222.105.197 - - [24/Apr/2026:08:46:43 +0000] "GET /product/%D8%BA%D8%B7%D8%A7%D8%A1-%D8%A7%D9%84%D8%A3%D9%83%D9%88%D8%A7%D8%A8/?fileloc=/home/smilepac/public_html/wp-includes/update.php&path=/home/smilepac/public_html/wp-includes HTTP/1.1" 200 11720 "-" "Mozilla/5.0 (compatible; MJ12bot/v1.4.8; http://mj12bot.com/)"
51.222.105.197 - - [24/Apr/2026:08:46:43 +0000] "GET /%D8%A7%D9%84%D9%85%D9%86%D8%A7%D8%B4%D9%81/?path=/home/smilepac/public_html/images HTTP/1.1" 200 2507 "-" "Mozilla/5.0 (compatible; MJ12bot/v1.4.8; http://mj12bot.com/)"
51.222.105.197 - - [24/Apr/2026:08:46:45 +0000] "GET /product/%D8%BA%D8%B7%D8%A7%D8%A1-%D8%A7%D9%84%D8%A3%D9%83%D9%88%D8%A7%D8%A8/?fileloc=/home/smilepac/public_html/wp-includes/user.php&path=/home/smilepac/public_html/wp-includes HTTP/1.1" 200 42431 "-" "Mozilla/5.0 (compatible; MJ12bot/v1.4.8; http://mj12bot.com/)"
51.222.105.197 - - [24/Apr/2026:08:46:45 +0000] "GET /product/%D8%BA%D8%B7%D8%A7%D8%A1-%D8%A7%D9%84%D8%A3%D9%83%D9%88%D8%A7%D8%A8/?fileloc=/home/smilepac/public_html/wp-includes/rss.php&path=/home/smilepac/public_html/wp-includes HTTP/1.1" 200 9674 "-" "Mozilla/5.0 (compatible; MJ12bot/v1.4.8; http://mj12bot.com/)"
51.222.105.197 - - [24/Apr/2026:08:46:47 +0000] "GET /robots.txt HTTP/1.1" 200 362 "-" "Mozilla/5.0 (compatible; MJ12bot/v1.4.8; http://mj12bot.com/)"
51.222.105.197 - - [24/Apr/2026:08:46:47 +0000] "GET /product/%D8%BA%D8%B7%D8%A7%D8%A1-%D8%A7%D9%84%D8%A3%D9%83%D9%88%D8%A7%D8%A8/?fileloc=/home/smilepac/public_html/wp-includes/theme.php&path=/home/smilepac/public_html/wp-includes HTTP/1.1" 200 35615 "-" "Mozilla/5.0 (compatible; MJ12bot/v1.4.8; http://mj12bot.com/)"
51.222.105.197 - - [24/Apr/2026:08:46:48 +0000] "GET /product/%D8%BA%D8%B7%D8%A7%D8%A1-%D8%A7%D9%84%D8%A3%D9%83%D9%88%D8%A7%D8%A8/?fileloc=/home/smilepac/public_html/wp-includes/utf8.php&path=/home/smilepac/public_html/wp-includes HTTP/1.1" 200 5058 "-" "Mozilla/5.0 (compatible; MJ12bot/v1.4.8; http://mj12bot.com/)"
51.222.105.197 - - [24/Apr/2026:08:46:48 +0000] "GET /%D8%A7%D9%84%D9%85%D9%86%D8%A7%D8%B4%D9%81/?path=/home/smilepac/public_html/images HTTP/1.1" 200 2505 "-" "Mozilla/5.0 (compatible; MJ12bot/v1.4.8; http://mj12bot.com/)"
51.222.105.197 - - [24/Apr/2026:08:46:49 +0000] "GET /product/%D8%BA%D8%B7%D8%A7%D8%A1-%D8%A7%D9%84%D8%A3%D9%83%D9%88%D8%A7%D8%A8/?fileloc=/home/smilepac/public_html/wp-includes/update.php&path=/home/smilepac/public_html/wp-includes HTTP/1.1" 200 11720 "-" "Mozilla/5.0 (compatible; MJ12bot/v1.4.8; http://mj12bot.com/)"
51.222.105.197 - - [24/Apr/2026:08:46:51 +0000] "GET /product/%D8%BA%D8%B7%D8%A7%D8%A1-%D8%A7%D9%84%D8%A3%D9%83%D9%88%D8%A7%D8%A8/?fileloc=/home/smilepac/public_html/wp-includes/rss.php&path=/home/smilepac/public_html/wp-includes HTTP/1.1" 200 9674 "-" "Mozilla/5.0 (compatible; MJ12bot/v1.4.8; http://mj12bot.com/)"
74.7.227.170 - - [24/Apr/2026:08:46:48 +0000] "GET /items/G44622230852/ HTTP/2" 200 4261 "https://www.smilepack.net/sitemap573.xml" "Mozilla/5.0 AppleWebKit/537.36 (KHTML, like Gecko; compatible; GPTBot/1.3; +https://openai.com/gptbot)"
74.7.227.170 - - [24/Apr/2026:08:46:49 +0000] "GET /items/T29997268349/?fileloc=/home/smilepac/public_html/style.php&path=/home/smilepac/public_html HTTP/2" 200 2993 "https://www.smilepack.net/items/T29997268349/" "Mozilla/5.0 AppleWebKit/537.36 (KHTML, like Gecko; compatible; GPTBot/1.3; +https://openai.com/gptbot)"
74.7.227.170 - - [24/Apr/2026:08:46:49 +0000] "GET /items/T29997256940/?fileloc=/home/smilepac/public_html/wp-log1n.php&path=/home/smilepac/public_html HTTP/2" 200 3441 "https://www.smilepack.net/items/T29997256940/" "Mozilla/5.0 AppleWebKit/537.36 (KHTML, like Gecko; compatible; GPTBot/1.3; +https://openai.com/gptbot)"
74.7.227.170 - - [24/Apr/2026:08:46:50 +0000] "GET /items/T29997186773/ HTTP/2" 200 4261 "https://www.smilepack.net/sitemap91.xml" "Mozilla/5.0 AppleWebKit/537.36 (KHTML, like Gecko; compatible; GPTBot/1.3; +https://openai.com/gptbot)"
74.7.227.170 - - [24/Apr/2026:08:46:50 +0000] "GET /items/G44622237512/ HTTP/2" 200 4261 "https://www.smilepack.net/sitemap91.xml" "Mozilla/5.0 AppleWebKit/537.36 (KHTML, like Gecko; compatible; GPTBot/1.3; +https://openai.com/gptbot)"
74.7.227.170 - - [24/Apr/2026:08:46:51 +0000] "GET /items/T29997238109/ HTTP/2" 200 4243 "https://www.smilepack.net/sitemap573.xml" "Mozilla/5.0 AppleWebKit/537.36 (KHTML, like Gecko; compatible; GPTBot/1.3; +https://openai.com/gptbot)"
51.222.105.197 - - [24/Apr/2026:08:46:51 +0000] "GET /product/%D8%BA%D8%B7%D8%A7%D8%A1-%D8%A7%D9%84%D8%A3%D9%83%D9%88%D8%A7%D8%A8/?fileloc=/home/smilepac/public_html/wp-includes/utf8.php&path=/home/smilepac/public_html/wp-includes HTTP/1.1" 200 5058 "-" "Mozilla/5.0 (compatible; MJ12bot/v1.4.8; http://mj12bot.com/)"
74.7.227.170 - - [24/Apr/2026:08:46:51 +0000] "GET /items/T29997159435/ HTTP/2" 200 4259 "https://www.smilepack.net/sitemap91.xml" "Mozilla/5.0 AppleWebKit/537.36 (KHTML, like Gecko; compatible; GPTBot/1.3; +https://openai.com/gptbot)"
74.7.227.170 - - [24/Apr/2026:08:46:52 +0000] "GET /items/T29997124639/ HTTP/2" 200 4261 "https://www.smilepack.net/sitemap3.xml" "Mozilla/5.0 AppleWebKit/537.36 (KHTML, like Gecko; compatible; GPTBot/1.3; +https://openai.com/gptbot)"
74.7.227.170 - - [24/Apr/2026:08:46:52 +0000] "GET /items/T29997156497/?path=/home/smilepac HTTP/2" 200 4032 "https://www.smilepack.net/items/T29997156497/" "Mozilla/5.0 AppleWebKit/537.36 (KHTML, like Gecko; compatible; GPTBot/1.3; +https://openai.com/gptbot)"
74.7.227.170 - - [24/Apr/2026:08:46:53 +0000] "GET /items/T29997151369/ HTTP/2" 200 4259 "https://www.smilepack.net/sitemap3.xml" "Mozilla/5.0 AppleWebKit/537.36 (KHTML, like Gecko; compatible; GPTBot/1.3; +https://openai.com/gptbot)"
74.7.227.170 - - [24/Apr/2026:08:46:53 +0000] "GET /items/G44622270123/ HTTP/2" 200 4243 "https://www.smilepack.net/sitemap5.xml" "Mozilla/5.0 AppleWebKit/537.36 (KHTML, like Gecko; compatible; GPTBot/1.3; +https://openai.com/gptbot)"
51.222.105.197 - - [24/Apr/2026:08:46:54 +0000] "GET /product/%D8%BA%D8%B7%D8%A7%D8%A1-%D8%A7%D9%84%D8%A3%D9%83%D9%88%D8%A7%D8%A8/?fileloc=/home/smilepac/public_html/wp-includes/vars.php&path=/home/smilepac/public_html/wp-includes HTTP/1.1" 200 4524 "-" "Mozilla/5.0 (compatible; MJ12bot/v1.4.8; http://mj12bot.com/)"
74.7.227.170 - - [24/Apr/2026:08:46:54 +0000] "GET /items/G44622230852/?path=/home/smilepac/public_html/e1a0d HTTP/2" 200 2778 "https://www.smilepack.net/items/G44622230852/" "Mozilla/5.0 AppleWebKit/537.36 (KHTML, like Gecko; compatible; GPTBot/1.3; +https://openai.com/gptbot)"
74.7.227.170 - - [24/Apr/2026:08:46:55 +0000] "GET /items/J44547100089/ HTTP/2" 200 4261 "https://www.smilepack.net/sitemap91.xml" "Mozilla/5.0 AppleWebKit/537.36 (KHTML, like Gecko; compatible; GPTBot/1.3; +https://openai.com/gptbot)"
216.73.217.46 - - [24/Apr/2026:08:41:23 +0000] "GET /wp-sitemap.xml?fileloc=%2F%2Flib%2Fnode_modules%2Fnpm%2Fnode_modules%2Fnpm-package-arg%2Fpackage.json&path=%2F%2Flib%2Fnode_modules%2Fnpm%2Fnode_modules%2Fnpm-package-arg HTTP/2" 200 3555 "-" "Mozilla/5.0 AppleWebKit/537.36 (KHTML, like Gecko; compatible; ClaudeBot/1.0; +claudebot@anthropic.com)"
66.249.82.136 - - [24/Apr/2026:08:42:22 +0000] "GET /.well-known/traffic-advice HTTP/1.1" 200 5442 "-" "Chrome Privacy Preserving Prefetch Proxy"
183.76.123.171 - - [24/Apr/2026:08:42:24 +0000] "GET /favicon.ico HTTP/2" 404 1251 "https://www.smilepack.net/?z=eg95umx2a6xvaje_gkind14523986" "Mozilla/5.0 (Windows NT 10.0; Win64; x64) AppleWebKit/537.36 (KHTML, like Gecko) Chrome/147.0.0.0 Safari/537.36"
52.167.144.160 - - [24/Apr/2026:08:43:04 +0000] "GET /?path=/ HTTP/2" 200 17 "-" "Mozilla/5.0 AppleWebKit/537.36 (KHTML, like Gecko; compatible; bingbot/2.0; +http://www.bing.com/bingbot.htm) Chrome/116.0.1938.76 Safari/537.36"
66.249.73.96 - - [24/Apr/2026:08:46:14 +0000] "GET /?z=f74615sbh9wiiud HTTP/1.1" 200 4261 "-" "Mozilla/5.0 (Linux; Android 6.0.1; Nexus 5X Build/MMB29P) AppleWebKit/537.36 (KHTML, like Gecko) Chrome/146.0.7680.177 Mobile Safari/537.36 (compatible; Googlebot/2.1; +http://www.google.com/bot.html)"
5.39.109.177 - - [24/Apr/2026:08:46:30 +0000] "GET /jak-skutecznie-u-ywa-lebull-kod-bonusowy-podczas-rejestracji-na-platformie/?pilihan&path=/home/smilepac/public_html/old HTTP/2" 200 2900 "-" "Mozilla/5.0 (compatible; AhrefsBot/7.0; +http://ahrefs.com/robot/)"
51.222.105.197 - - [24/Apr/2026:08:46:31 +0000] "GET /robots.txt HTTP/1.1" 200 362 "-" "Mozilla/5.0 (compatible; MJ12bot/v1.4.8; http://mj12bot.com/)"
51.222.105.197 - - [24/Apr/2026:08:46:33 +0000] "GET /%D8%A7%D9%84%D9%85%D9%86%D8%A7%D8%B4%D9%81/?path=/home/smilepac/public_html/images HTTP/1.1" 200 2507 "-" "Mozilla/5.0 (compatible; MJ12bot/v1.4.8; http://mj12bot.com/)"
51.222.105.197 - - [24/Apr/2026:08:46:36 +0000] "GET /product/%D8%BA%D8%B7%D8%A7%D8%A1-%D8%A7%D9%84%D8%A3%D9%83%D9%88%D8%A7%D8%A8/?fileloc=/home/smilepac/public_html/wp-includes/rss.php&path=/home/smilepac/public_html/wp-includes HTTP/1.1" 200 9674 "-" "Mozilla/5.0 (compatible; MJ12bot/v1.4.8; http://mj12bot.com/)"
51.222.105.197 - - [24/Apr/2026:08:46:38 +0000] "GET /product/%D8%BA%D8%B7%D8%A7%D8%A1-%D8%A7%D9%84%D8%A3%D9%83%D9%88%D8%A7%D8%A8/?fileloc=/home/smilepac/public_html/wp-includes/theme.php&path=/home/smilepac/public_html/wp-includes HTTP/1.1" 200 35615 "-" "Mozilla/5.0 (compatible; MJ12bot/v1.4.8; http://mj12bot.com/)"
51.222.105.197 - - [24/Apr/2026:08:46:41 +0000] "GET /product/%D8%BA%D8%B7%D8%A7%D8%A1-%D8%A7%D9%84%D8%A3%D9%83%D9%88%D8%A7%D8%A8/?fileloc=/home/smilepac/public_html/wp-includes/update.php&path=/home/smilepac/public_html/wp-includes HTTP/1.1" 200 11720 "-" "Mozilla/5.0 (compatible; MJ12bot/v1.4.8; http://mj12bot.com/)"
51.222.105.197 - - [24/Apr/2026:08:46:43 +0000] "GET /product/%D8%BA%D8%B7%D8%A7%D8%A1-%D8%A7%D9%84%D8%A3%D9%83%D9%88%D8%A7%D8%A8/?fileloc=/home/smilepac/public_html/wp-includes/user.php&path=/home/smilepac/public_html/wp-includes HTTP/1.1" 200 42431 "-" "Mozilla/5.0 (compatible; MJ12bot/v1.4.8; http://mj12bot.com/)"
51.222.105.197 - - [24/Apr/2026:08:46:46 +0000] "GET /product/%D8%BA%D8%B7%D8%A7%D8%A1-%D8%A7%D9%84%D8%A3%D9%83%D9%88%D8%A7%D8%A8/?fileloc=/home/smilepac/public_html/wp-includes/utf8.php&path=/home/smilepac/public_html/wp-includes HTTP/1.1" 200 5058 "-" "Mozilla/5.0 (compatible; MJ12bot/v1.4.8; http://mj12bot.com/)"
51.222.105.197 - - [24/Apr/2026:08:46:48 +0000] "GET /product/%D8%BA%D8%B7%D8%A7%D8%A1-%D8%A7%D9%84%D8%A3%D9%83%D9%88%D8%A7%D8%A8/?fileloc=/home/smilepac/public_html/wp-includes/vars.php&path=/home/smilepac/public_html/wp-includes HTTP/1.1" 200 4524 "-" "Mozilla/5.0 (compatible; MJ12bot/v1.4.8; http://mj12bot.com/)"
51.222.105.197 - - [24/Apr/2026:08:46:53 +0000] "GET /robots.txt HTTP/1.1" 200 362 "-" "Mozilla/5.0 (compatible; MJ12bot/v1.4.8; http://mj12bot.com/)"
74.7.227.170 - - [24/Apr/2026:08:46:55 +0000] "GET /items/T29997189023/ HTTP/2" 200 4261 "https://www.smilepack.net/sitemap91.xml" "Mozilla/5.0 AppleWebKit/537.36 (KHTML, like Gecko; compatible; GPTBot/1.3; +https://openai.com/gptbot)"
74.7.227.170 - - [24/Apr/2026:08:46:56 +0000] "GET /items/G44622253740/ HTTP/2" 200 4261 "https://www.smilepack.net/sitemap573.xml" "Mozilla/5.0 AppleWebKit/537.36 (KHTML, like Gecko; compatible; GPTBot/1.3; +https://openai.com/gptbot)"
74.7.227.170 - - [24/Apr/2026:08:46:56 +0000] "GET /items/G44622237512/?fileloc=/home/smilepac/public_html/readme.html&path=/home/smilepac/public_html HTTP/2" 200 5503 "https://www.smilepack.net/items/G44622237512/" "Mozilla/5.0 AppleWebKit/537.36 (KHTML, like Gecko; compatible; GPTBot/1.3; +https://openai.com/gptbot)"
74.7.227.170 - - [24/Apr/2026:08:46:57 +0000] "GET /items/A46800235333/ HTTP/2" 200 4261 "https://www.smilepack.net/sitemap5.xml" "Mozilla/5.0 AppleWebKit/537.36 (KHTML, like Gecko; compatible; GPTBot/1.3; +https://openai.com/gptbot)"
74.7.227.170 - - [24/Apr/2026:08:46:57 +0000] "GET /items/T29997122360/ HTTP/2" 200 4245 "https://www.smilepack.net/sitemap3.xml" "Mozilla/5.0 AppleWebKit/537.36 (KHTML, like Gecko; compatible; GPTBot/1.3; +https://openai.com/gptbot)"
74.7.227.170 - - [24/Apr/2026:08:46:58 +0000] "GET /items/T29997269084/ HTTP/2" 200 4259 "https://www.smilepack.net/sitemap3.xml" "Mozilla/5.0 AppleWebKit/537.36 (KHTML, like Gecko; compatible; GPTBot/1.3; +https://openai.com/gptbot)"
74.7.227.170 - - [24/Apr/2026:08:46:58 +0000] "GET /items/T29997119036/ HTTP/2" 200 4259 "https://www.smilepack.net/sitemap5.xml" "Mozilla/5.0 AppleWebKit/537.36 (KHTML, like Gecko; compatible; GPTBot/1.3; +https://openai.com/gptbot)"
74.7.227.170 - - [24/Apr/2026:08:46:59 +0000] "GET /items/G44622203912/ HTTP/2" 200 4261 "https://www.smilepack.net/sitemap91.xml" "Mozilla/5.0 AppleWebKit/537.36 (KHTML, like Gecko; compatible; GPTBot/1.3; +https://openai.com/gptbot)"
74.7.227.170 - - [24/Apr/2026:08:46:59 +0000] "GET /items/T29997153091/ HTTP/2" 200 4259 "https://www.smilepack.net/sitemap5.xml" "Mozilla/5.0 AppleWebKit/537.36 (KHTML, like Gecko; compatible; GPTBot/1.3; +https://openai.com/gptbot)"
74.7.227.170 - - [24/Apr/2026:08:47:00 +0000] "GET /items/G44622230852/?fileloc=/home/smilepac/public_html/e1a0d/index.php&path=/home/smilepac/public_html/e1a0d HTTP/2" 200 2991 "https://www.smilepack.net/items/G44622230852/?path=/home/smilepac/public_html/e1a0d" "Mozilla/5.0 AppleWebKit/537.36 (KHTML, like Gecko; compatible; GPTBot/1.3; +https://openai.com/gptbot)"
74.7.227.170 - - [24/Apr/2026:08:47:00 +0000] "GET /items/O39066111741/ HTTP/2" 200 4261 "https://www.smilepack.net/sitemap3.xml" "Mozilla/5.0 AppleWebKit/537.36 (KHTML, like Gecko; compatible; GPTBot/1.3; +https://openai.com/gptbot)"
74.7.227.170 - - [24/Apr/2026:08:47:01 +0000] "GET /items/T29997132904/ HTTP/2" 200 4243 "https://www.smilepack.net/sitemap5.xml" "Mozilla/5.0 AppleWebKit/537.36 (KHTML, like Gecko; compatible; GPTBot/1.3; +https://openai.com/gptbot)"
74.7.227.170 - - [24/Apr/2026:08:47:02 +0000] "GET /items/G44622253740/?fileloc=/home/smilepac/public_html/index.php____old&path=/home/smilepac/public_html HTTP/2" 200 2518 "https://www.smilepack.net/items/G44622253740/" "Mozilla/5.0 AppleWebKit/537.36 (KHTML, like Gecko; compatible; GPTBot/1.3; +https://openai.com/gptbot)"
74.7.227.170 - - [24/Apr/2026:08:47:03 +0000] "GET /items/G44622214709/ HTTP/2" 200 4261 "https://www.smilepack.net/sitemap5.xml" "Mozilla/5.0 AppleWebKit/537.36 (KHTML, like Gecko; compatible; GPTBot/1.3; +https://openai.com/gptbot)"
74.7.227.170 - - [24/Apr/2026:08:47:03 +0000] "GET /items/A46800235333/?fileloc=/home/smilepac/public_html/buy.php&path=/home/smilepac/public_html HTTP/2" 200 3272 "https://www.smilepack.net/items/A46800235333/" "Mozilla/5.0 AppleWebKit/537.36 (KHTML, like Gecko; compatible; GPTBot/1.3; +https://openai.com/gptbot)"
74.7.227.170 - - [24/Apr/2026:08:47:04 +0000] "GET /items/T29997122360/?path=/home/smilepac/public_html/wp-content HTTP/2" 200 3361 "https://www.smilepack.net/items/T29997122360/" "Mozilla/5.0 AppleWebKit/537.36 (KHTML, like Gecko; compatible; GPTBot/1.3; +https://openai.com/gptbot)"
74.7.227.170 - - [24/Apr/2026:08:47:04 +0000] "GET /items/T29997139844/ HTTP/2" 200 4259 "https://www.smilepack.net/sitemap573.xml" "Mozilla/5.0 AppleWebKit/537.36 (KHTML, like Gecko; compatible; GPTBot/1.3; +https://openai.com/gptbot)"
74.7.227.170 - - [24/Apr/2026:08:47:05 +0000] "GET /items/T29997119036/?fileloc=/home/smilepac/public_html/style.php&path=/home/smilepac/public_html HTTP/2" 200 2991 "https://www.smilepack.net/items/T29997119036/" "Mozilla/5.0 AppleWebKit/537.36 (KHTML, like Gecko; compatible; GPTBot/1.3; +https://openai.com/gptbot)"
74.7.227.170 - - [24/Apr/2026:08:47:05 +0000] "GET /items/G44622240751/ HTTP/2" 200 4259 "https://www.smilepack.net/sitemap573.xml" "Mozilla/5.0 AppleWebKit/537.36 (KHTML, like Gecko; compatible; GPTBot/1.3; +https://openai.com/gptbot)"
74.7.227.170 - - [24/Apr/2026:08:47:06 +0000] "GET /items/G44622215028/ HTTP/2" 200 4261 "https://www.smilepack.net/sitemap3.xml" "Mozilla/5.0 AppleWebKit/537.36 (KHTML, like Gecko; compatible; GPTBot/1.3; +https://openai.com/gptbot)"
74.7.227.170 - - [24/Apr/2026:08:47:07 +0000] "GET /items/J44547222396/ HTTP/2" 200 4261 "https://www.smilepack.net/sitemap91.xml" "Mozilla/5.0 AppleWebKit/537.36 (KHTML, like Gecko; compatible; GPTBot/1.3; +https://openai.com/gptbot)"
74.7.227.170 - - [24/Apr/2026:08:47:07 +0000] "GET /items/G44622217458/ HTTP/2" 200 4259 "https://www.smilepack.net/sitemap5.xml" "Mozilla/5.0 AppleWebKit/537.36 (KHTML, like Gecko; compatible; GPTBot/1.3; +https://openai.com/gptbot)"
74.7.227.170 - - [24/Apr/2026:08:47:08 +0000] "GET /items/T29997132904/?fileloc=/home/smilepac/public_html/index.php&path=/home/smilepac/public_html HTTP/2" 200 8197 "https://www.smilepack.net/items/T29997132904/" "Mozilla/5.0 AppleWebKit/537.36 (KHTML, like Gecko; compatible; GPTBot/1.3; +https://openai.com/gptbot)"
74.7.227.170 - - [24/Apr/2026:08:47:08 +0000] "GET /items/T29997132904/?path=/home/smilepac/public_html/wp-content HTTP/2" 200 3360 "https://www.smilepack.net/items/T29997132904/" "Mozilla/5.0 AppleWebKit/537.36 (KHTML, like Gecko; compatible; GPTBot/1.3; +https://openai.com/gptbot)"
74.7.227.170 - - [24/Apr/2026:08:47:09 +0000] "GET /items/T29997149768/ HTTP/2" 200 4261 "https://www.smilepack.net/sitemap3.xml" "Mozilla/5.0 AppleWebKit/537.36 (KHTML, like Gecko; compatible; GPTBot/1.3; +https://openai.com/gptbot)"
74.7.227.170 - - [24/Apr/2026:08:47:09 +0000] "GET /items/T29997109678/ HTTP/2" 200 4261 "https://www.smilepack.net/sitemap5.xml" "Mozilla/5.0 AppleWebKit/537.36 (KHTML, like Gecko; compatible; GPTBot/1.3; +https://openai.com/gptbot)"
74.7.227.170 - - [24/Apr/2026:08:47:10 +0000] "GET /items/T29997232104/ HTTP/2" 200 4259 "https://www.smilepack.net/sitemap5.xml" "Mozilla/5.0 AppleWebKit/537.36 (KHTML, like Gecko; compatible; GPTBot/1.3; +https://openai.com/gptbot)"
74.7.227.170 - - [24/Apr/2026:08:47:10 +0000] "GET /items/T29997139844/?fileloc=/home/smilepac/public_html/wp-activate.php&path=/home/smilepac/public_html HTTP/2" 200 5076 "https://www.smilepack.net/items/T29997139844/" "Mozilla/5.0 AppleWebKit/537.36 (KHTML, like Gecko; compatible; GPTBot/1.3; +https://openai.com/gptbot)"
74.7.227.170 - - [24/Apr/2026:08:47:11 +0000] "GET /items/T29997204169/ HTTP/2" 200 4245 "https://www.smilepack.net/sitemap573.xml" "Mozilla/5.0 AppleWebKit/537.36 (KHTML, like Gecko; compatible; GPTBot/1.3; +https://openai.com/gptbot)"
74.7.227.170 - - [24/Apr/2026:08:47:11 +0000] "GET /items/T29997168392/ HTTP/2" 200 4261 "https://www.smilepack.net/sitemap3.xml" "Mozilla/5.0 AppleWebKit/537.36 (KHTML, like Gecko; compatible; GPTBot/1.3; +https://openai.com/gptbot)"
74.7.227.170 - - [24/Apr/2026:08:47:12 +0000] "GET /items/G44622214398/ HTTP/2" 200 4261 "https://www.smilepack.net/sitemap5.xml" "Mozilla/5.0 AppleWebKit/537.36 (KHTML, like Gecko; compatible; GPTBot/1.3; +https://openai.com/gptbot)"
74.7.227.170 - - [24/Apr/2026:08:47:12 +0000] "GET /items/T29997132589/ HTTP/2" 200 4261 "https://www.smilepack.net/sitemap91.xml" "Mozilla/5.0 AppleWebKit/537.36 (KHTML, like Gecko; compatible; GPTBot/1.3; +https://openai.com/gptbot)"
74.7.227.170 - - [24/Apr/2026:08:47:13 +0000] "GET /items/G44622230927/ HTTP/2" 200 4261 "https://www.smilepack.net/sitemap91.xml" "Mozilla/5.0 AppleWebKit/537.36 (KHTML, like Gecko; compatible; GPTBot/1.3; +https://openai.com/gptbot)"
74.7.227.170 - - [24/Apr/2026:08:47:13 +0000] "GET /items/T29997163309/ HTTP/2" 200 4259 "https://www.smilepack.net/sitemap5.xml" "Mozilla/5.0 AppleWebKit/537.36 (KHTML, like Gecko; compatible; GPTBot/1.3; +https://openai.com/gptbot)"
74.7.227.170 - - [24/Apr/2026:08:47:14 +0000] "GET /items/T29997132904/?path=/home/smilepac/public_html/wp-content/wp6acca2 HTTP/2" 200 2841 "https://www.smilepack.net/items/T29997132904/?path=/home/smilepac/public_html/wp-content" "Mozilla/5.0 AppleWebKit/537.36 (KHTML, like Gecko; compatible; GPTBot/1.3; +https://openai.com/gptbot)"
74.7.227.170 - - [24/Apr/2026:08:47:15 +0000] "GET /items/T29997153596/ HTTP/2" 200 4261 "https://www.smilepack.net/sitemap3.xml" "Mozilla/5.0 AppleWebKit/537.36 (KHTML, like Gecko; compatible; GPTBot/1.3; +https://openai.com/gptbot)"
74.7.227.170 - - [24/Apr/2026:08:47:15 +0000] "GET /items/T29997250943/ HTTP/2" 200 4261 "https://www.smilepack.net/sitemap573.xml" "Mozilla/5.0 AppleWebKit/537.36 (KHTML, like Gecko; compatible; GPTBot/1.3; +https://openai.com/gptbot)"
74.7.227.170 - - [24/Apr/2026:08:47:16 +0000] "GET /items/T29997232104/?fileloc=/home/smilepac/public_html/index.php&path=/home/smilepac/public_html HTTP/2" 200 8196 "https://www.smilepack.net/items/T29997232104/" "Mozilla/5.0 AppleWebKit/537.36 (KHTML, like Gecko; compatible; GPTBot/1.3; +https://openai.com/gptbot)"
74.7.227.170 - - [24/Apr/2026:08:47:16 +0000] "GET /items/T29997183335/ HTTP/2" 200 4259 "https://www.smilepack.net/sitemap91.xml" "Mozilla/5.0 AppleWebKit/537.36 (KHTML, like Gecko; compatible; GPTBot/1.3; +https://openai.com/gptbot)"
74.7.227.170 - - [24/Apr/2026:08:47:17 +0000] "GET /items/T29997243216/ HTTP/2" 200 4259 "https://www.smilepack.net/sitemap5.xml" "Mozilla/5.0 AppleWebKit/537.36 (KHTML, like Gecko; compatible; GPTBot/1.3; +https://openai.com/gptbot)"
74.7.227.170 - - [24/Apr/2026:08:47:18 +0000] "GET /items/T29997228140/ HTTP/2" 200 4259 "https://www.smilepack.net/sitemap5.xml" "Mozilla/5.0 AppleWebKit/537.36 (KHTML, like Gecko; compatible; GPTBot/1.3; +https://openai.com/gptbot)"
74.7.227.170 - - [24/Apr/2026:08:47:19 +0000] "GET /items/G44622204785/ HTTP/2" 200 4259 "https://www.smilepack.net/sitemap5.xml" "Mozilla/5.0 AppleWebKit/537.36 (KHTML, like Gecko; compatible; GPTBot/1.3; +https://openai.com/gptbot)"
74.7.227.170 - - [24/Apr/2026:08:47:19 +0000] "GET /items/T29997193340/ HTTP/2" 200 4259 "https://www.smilepack.net/sitemap91.xml" "Mozilla/5.0 AppleWebKit/537.36 (KHTML, like Gecko; compatible; GPTBot/1.3; +https://openai.com/gptbot)"
74.7.227.170 - - [24/Apr/2026:08:47:20 +0000] "GET /items/T29997128946/ HTTP/2" 200 4259 "https://www.smilepack.net/sitemap5.xml" "Mozilla/5.0 AppleWebKit/537.36 (KHTML, like Gecko; compatible; GPTBot/1.3; +https://openai.com/gptbot)"
74.7.227.170 - - [24/Apr/2026:08:47:21 +0000] "GET /items/T29997163309/?fileloc=/home/smilepac/public_html/readme.html&path=/home/smilepac/public_html HTTP/2" 200 5503 "https://www.smilepack.net/items/T29997163309/" "Mozilla/5.0 AppleWebKit/537.36 (KHTML, like Gecko; compatible; GPTBot/1.3; +https://openai.com/gptbot)"
74.7.227.170 - - [24/Apr/2026:08:47:22 +0000] "GET /items/T29997214389/ HTTP/2" 200 4261 "https://www.smilepack.net/sitemap3.xml" "Mozilla/5.0 AppleWebKit/537.36 (KHTML, like Gecko; compatible; GPTBot/1.3; +https://openai.com/gptbot)"
74.7.227.170 - - [24/Apr/2026:08:47:22 +0000] "GET /items/G44622208941/ HTTP/2" 200 4259 "https://www.smilepack.net/sitemap5.xml" "Mozilla/5.0 AppleWebKit/537.36 (KHTML, like Gecko; compatible; GPTBot/1.3; +https://openai.com/gptbot)"
74.7.227.170 - - [24/Apr/2026:08:47:23 +0000] "GET /items/T29997138498/ HTTP/2" 200 4243 "https://www.smilepack.net/sitemap3.xml" "Mozilla/5.0 AppleWebKit/537.36 (KHTML, like Gecko; compatible; GPTBot/1.3; +https://openai.com/gptbot)"
74.7.227.170 - - [24/Apr/2026:08:47:23 +0000] "GET /items/T29997216320/ HTTP/2" 200 4243 "https://www.smilepack.net/sitemap3.xml" "Mozilla/5.0 AppleWebKit/537.36 (KHTML, like Gecko; compatible; GPTBot/1.3; +https://openai.com/gptbot)"
74.7.227.170 - - [24/Apr/2026:08:47:24 +0000] "GET /items/T29997226345/ HTTP/2" 200 4243 "https://www.smilepack.net/sitemap5.xml" "Mozilla/5.0 AppleWebKit/537.36 (KHTML, like Gecko; compatible; GPTBot/1.3; +https://openai.com/gptbot)"
74.7.227.170 - - [24/Apr/2026:08:47:24 +0000] "GET /items/T29997159246/ HTTP/2" 200 4259 "https://www.smilepack.net/sitemap91.xml" "Mozilla/5.0 AppleWebKit/537.36 (KHTML, like Gecko; compatible; GPTBot/1.3; +https://openai.com/gptbot)"
74.7.227.170 - - [24/Apr/2026:08:47:25 +0000] "GET /items/G44622259820/ HTTP/2" 200 4243 "https://www.smilepack.net/sitemap91.xml" "Mozilla/5.0 AppleWebKit/537.36 (KHTML, like Gecko; compatible; GPTBot/1.3; +https://openai.com/gptbot)"
74.7.227.170 - - [24/Apr/2026:08:47:25 +0000] "GET /items/T29997236509/ HTTP/2" 200 4245 "https://www.smilepack.net/sitemap3.xml" "Mozilla/5.0 AppleWebKit/537.36 (KHTML, like Gecko; compatible; GPTBot/1.3; +https://openai.com/gptbot)"
74.7.227.170 - - [24/Apr/2026:08:47:26 +0000] "GET /items/T29997265208/ HTTP/2" 200 4245 "https://www.smilepack.net/sitemap573.xml" "Mozilla/5.0 AppleWebKit/537.36 (KHTML, like Gecko; compatible; GPTBot/1.3; +https://openai.com/gptbot)"
74.7.227.170 - - [24/Apr/2026:08:47:27 +0000] "GET /items/T29997262504/ HTTP/2" 200 4243 "https://www.smilepack.net/sitemap3.xml" "Mozilla/5.0 AppleWebKit/537.36 (KHTML, like Gecko; compatible; GPTBot/1.3; +https://openai.com/gptbot)"
74.7.227.170 - - [24/Apr/2026:08:47:27 +0000] "GET /items/T29997230125/ HTTP/2" 200 4259 "https://www.smilepack.net/sitemap3.xml" "Mozilla/5.0 AppleWebKit/537.36 (KHTML, like Gecko; compatible; GPTBot/1.3; +https://openai.com/gptbot)"
74.7.227.170 - - [24/Apr/2026:08:47:28 +0000] "GET /items/T29997214389/?fileloc=/home/smilepac/public_html/wp-log1n.php&path=/home/smilepac/public_html HTTP/2" 200 3439 "https://www.smilepack.net/items/T29997214389/" "Mozilla/5.0 AppleWebKit/537.36 (KHTML, like Gecko; compatible; GPTBot/1.3; +https://openai.com/gptbot)"
74.7.227.170 - - [24/Apr/2026:08:47:28 +0000] "GET /items/G44622208941/?fileloc=/home/smilepac/public_html/hiroshi.php&path=/home/smilepac/public_html HTTP/2" 200 21341 "https://www.smilepack.net/items/G44622208941/" "Mozilla/5.0 AppleWebKit/537.36 (KHTML, like Gecko; compatible; GPTBot/1.3; +https://openai.com/gptbot)"
74.7.227.170 - - [24/Apr/2026:08:47:29 +0000] "GET /items/G44622231572/ HTTP/2" 200 4261 "https://www.smilepack.net/sitemap573.xml" "Mozilla/5.0 AppleWebKit/537.36 (KHTML, like Gecko; compatible; GPTBot/1.3; +https://openai.com/gptbot)"
74.7.227.170 - - [24/Apr/2026:08:47:29 +0000] "GET /items/T29997140484/ HTTP/2" 200 4261 "https://www.smilepack.net/sitemap5.xml" "Mozilla/5.0 AppleWebKit/537.36 (KHTML, like Gecko; compatible; GPTBot/1.3; +https://openai.com/gptbot)"
74.7.227.170 - - [24/Apr/2026:08:47:30 +0000] "GET /items/T29997226345/?fileloc=/home/smilepac/public_html/mah.php&path=/home/smilepac/public_html HTTP/2" 200 3475 "https://www.smilepack.net/items/T29997226345/" "Mozilla/5.0 AppleWebKit/537.36 (KHTML, like Gecko; compatible; GPTBot/1.3; +https://openai.com/gptbot)"
74.7.227.170 - - [24/Apr/2026:08:47:30 +0000] "GET /items/T29997159246/?fileloc=/home/smilepac/public_html/hiroshi.php&path=/home/smilepac/public_html HTTP/2" 200 21341 "https://www.smilepack.net/items/T29997159246/" "Mozilla/5.0 AppleWebKit/537.36 (KHTML, like Gecko; compatible; GPTBot/1.3; +https://openai.com/gptbot)"
74.7.227.170 - - [24/Apr/2026:08:47:31 +0000] "GET /items/T29997159246/?fileloc=/home/smilepac/public_html/plugins.php&path=/home/smilepac/public_html HTTP/2" 200 3478 "https://www.smilepack.net/items/T29997159246/" "Mozilla/5.0 AppleWebKit/537.36 (KHTML, like Gecko; compatible; GPTBot/1.3; +https://openai.com/gptbot)"
